[INFO] fetching crate hacky-types 0.1.0...
[INFO] testing hacky-types-0.1.0 against 1.69.0 for beta-1.70-1
[INFO] extracting crate hacky-types 0.1.0 into /workspace/builds/worker-5-tc1/source
[INFO] validating manifest of crates.io crate hacky-types 0.1.0 on toolchain 1.69.0
[INFO] running `Command { std: CARGO_HOME="/workspace/cargo-home" RUSTUP_HOME="/workspace/rustup-home" "/workspace/cargo-home/bin/cargo" "+1.69.0" "metadata" "--manifest-path" "Cargo.toml" "--no-deps", kill_on_drop: false }`
[INFO] started tweaking crates.io crate hacky-types 0.1.0
[INFO] finished tweaking crates.io crate hacky-types 0.1.0
[INFO] tweaked toml for crates.io crate hacky-types 0.1.0 written to /workspace/builds/worker-5-tc1/source/Cargo.toml
[INFO] running `Command { std: CARGO_HOME="/workspace/cargo-home" RUSTUP_HOME="/workspace/rustup-home" __CARGO_TEST_CHANNEL_OVERRIDE_DO_NOT_USE_THIS="nightly" "/workspace/cargo-home/bin/cargo" "+1.69.0" "generate-lockfile" "--manifest-path" "Cargo.toml" "-Zno-index-update", kill_on_drop: false }`
[INFO] running `Command { std: CARGO_HOME="/workspace/cargo-home" RUSTUP_HOME="/workspace/rustup-home" "/workspace/cargo-home/bin/cargo" "+1.69.0" "fetch" "--manifest-path" "Cargo.toml", kill_on_drop: false }`
[INFO] [stderr]     Blocking waiting for file lock on package cache
[INFO] running `Command { std: "docker" "create" "-v" "/var/lib/crater-agent-workspace/builds/worker-5-tc1/target:/opt/rustwide/target:rw,Z" "-v" "/var/lib/crater-agent-workspace/builds/worker-5-tc1/source:/opt/rustwide/workdir:ro,Z" "-v" "/var/lib/crater-agent-workspace/cargo-home:/opt/rustwide/cargo-home:ro,Z" "-v" "/var/lib/crater-agent-workspace/rustup-home:/opt/rustwide/rustup-home:ro,Z" "-e" "SOURCE_DIR=/opt/rustwide/workdir" "-e" "CARGO_TARGET_DIR=/opt/rustwide/target" "-e" "CARGO_HOME=/opt/rustwide/cargo-home" "-e" "RUSTUP_HOME=/opt/rustwide/rustup-home" "-w" "/opt/rustwide/workdir" "-m" "1610612736" "--user" "0:0" "--network" "none" "ghcr.io/rust-lang/crates-build-env/linux@sha256:5ff2268d62e97bff2cde7d5815dd6ed5b47097566f13b8d0ca110b04b60e07ed" "/opt/rustwide/cargo-home/bin/cargo" "+1.69.0" "metadata" "--no-deps" "--format-version=1", kill_on_drop: false }`
[INFO] [stdout] ba0252cd6b7e21731ef637463e38f6a61035ab579707d6fd72d902bafc4b488c
[INFO] running `Command { std: "docker" "start" "-a" "ba0252cd6b7e21731ef637463e38f6a61035ab579707d6fd72d902bafc4b488c", kill_on_drop: false }`
[INFO] running `Command { std: "docker" "inspect" "ba0252cd6b7e21731ef637463e38f6a61035ab579707d6fd72d902bafc4b488c", kill_on_drop: false }`
[INFO] running `Command { std: "docker" "rm" "-f" "ba0252cd6b7e21731ef637463e38f6a61035ab579707d6fd72d902bafc4b488c", kill_on_drop: false }`
[INFO] [stdout] ba0252cd6b7e21731ef637463e38f6a61035ab579707d6fd72d902bafc4b488c
[INFO] running `Command { std: "docker" "create" "-v" "/var/lib/crater-agent-workspace/builds/worker-5-tc1/target:/opt/rustwide/target:rw,Z" "-v" "/var/lib/crater-agent-workspace/builds/worker-5-tc1/source:/opt/rustwide/workdir:ro,Z" "-v" "/var/lib/crater-agent-workspace/cargo-home:/opt/rustwide/cargo-home:ro,Z" "-v" "/var/lib/crater-agent-workspace/rustup-home:/opt/rustwide/rustup-home:ro,Z" "-e" "SOURCE_DIR=/opt/rustwide/workdir" "-e" "CARGO_TARGET_DIR=/opt/rustwide/target" "-e" "CARGO_INCREMENTAL=0" "-e" "RUST_BACKTRACE=full" "-e" "RUSTFLAGS=--cap-lints=warn" "-e" "RUSTDOCFLAGS=--cap-lints=warn" "-e" "CARGO_HOME=/opt/rustwide/cargo-home" "-e" "RUSTUP_HOME=/opt/rustwide/rustup-home" "-w" "/opt/rustwide/workdir" "-m" "1610612736" "--user" "0:0" "--network" "none" "ghcr.io/rust-lang/crates-build-env/linux@sha256:5ff2268d62e97bff2cde7d5815dd6ed5b47097566f13b8d0ca110b04b60e07ed" "/opt/rustwide/cargo-home/bin/cargo" "+1.69.0" "build" "--frozen" "--message-format=json", kill_on_drop: false }`
[INFO] [stdout] 096612bac1952f1a93d723f75a26a3d5df3faac7ba881cbe8057864729eb80f7
[INFO] running `Command { std: "docker" "start" "-a" "096612bac1952f1a93d723f75a26a3d5df3faac7ba881cbe8057864729eb80f7", kill_on_drop: false }`
[INFO] [stderr]    Compiling proc-macro2 v1.0.56
[INFO] [stderr]    Compiling syn v1.0.109
[INFO] [stderr]    Compiling quote v1.0.26
[INFO] [stderr]    Compiling hacky-types v0.1.0 (/opt/rustwide/workdir)
[INFO] [stderr]     Finished dev [unoptimized + debuginfo] target(s) in 7.45s
[INFO] running `Command { std: "docker" "inspect" "096612bac1952f1a93d723f75a26a3d5df3faac7ba881cbe8057864729eb80f7", kill_on_drop: false }`
[INFO] running `Command { std: "docker" "rm" "-f" "096612bac1952f1a93d723f75a26a3d5df3faac7ba881cbe8057864729eb80f7", kill_on_drop: false }`
[INFO] [stdout] 096612bac1952f1a93d723f75a26a3d5df3faac7ba881cbe8057864729eb80f7
[INFO] running `Command { std: "docker" "create" "-v" "/var/lib/crater-agent-workspace/builds/worker-5-tc1/target:/opt/rustwide/target:rw,Z" "-v" "/var/lib/crater-agent-workspace/builds/worker-5-tc1/source:/opt/rustwide/workdir:ro,Z" "-v" "/var/lib/crater-agent-workspace/cargo-home:/opt/rustwide/cargo-home:ro,Z" "-v" "/var/lib/crater-agent-workspace/rustup-home:/opt/rustwide/rustup-home:ro,Z" "-e" "SOURCE_DIR=/opt/rustwide/workdir" "-e" "CARGO_TARGET_DIR=/opt/rustwide/target" "-e" "CARGO_INCREMENTAL=0" "-e" "RUST_BACKTRACE=full" "-e" "RUSTFLAGS=--cap-lints=warn" "-e" "RUSTDOCFLAGS=--cap-lints=warn" "-e" "CARGO_HOME=/opt/rustwide/cargo-home" "-e" "RUSTUP_HOME=/opt/rustwide/rustup-home" "-w" "/opt/rustwide/workdir" "-m" "1610612736" "--user" "0:0" "--network" "none" "ghcr.io/rust-lang/crates-build-env/linux@sha256:5ff2268d62e97bff2cde7d5815dd6ed5b47097566f13b8d0ca110b04b60e07ed" "/opt/rustwide/cargo-home/bin/cargo" "+1.69.0" "test" "--frozen" "--no-run" "--message-format=json", kill_on_drop: false }`
[INFO] [stdout] 87c4a317fa301130eff8a9d7902af6e9729c50f2748ef3ba8a521a8f44de3cf3
[INFO] running `Command { std: "docker" "start" "-a" "87c4a317fa301130eff8a9d7902af6e9729c50f2748ef3ba8a521a8f44de3cf3", kill_on_drop: false }`
[INFO] [stderr]    Compiling hacky-types v0.1.0 (/opt/rustwide/workdir)
[INFO] [stderr]     Finished test [unoptimized + debuginfo] target(s) in 1.33s
[INFO] running `Command { std: "docker" "inspect" "87c4a317fa301130eff8a9d7902af6e9729c50f2748ef3ba8a521a8f44de3cf3", kill_on_drop: false }`
[INFO] running `Command { std: "docker" "rm" "-f" "87c4a317fa301130eff8a9d7902af6e9729c50f2748ef3ba8a521a8f44de3cf3", kill_on_drop: false }`
[INFO] [stdout] 87c4a317fa301130eff8a9d7902af6e9729c50f2748ef3ba8a521a8f44de3cf3
[INFO] running `Command { std: "docker" "create" "-v" "/var/lib/crater-agent-workspace/builds/worker-5-tc1/target:/opt/rustwide/target:rw,Z" "-v" "/var/lib/crater-agent-workspace/builds/worker-5-tc1/source:/opt/rustwide/workdir:ro,Z" "-v" "/var/lib/crater-agent-workspace/cargo-home:/opt/rustwide/cargo-home:ro,Z" "-v" "/var/lib/crater-agent-workspace/rustup-home:/opt/rustwide/rustup-home:ro,Z" "-e" "SOURCE_DIR=/opt/rustwide/workdir" "-e" "CARGO_TARGET_DIR=/opt/rustwide/target" "-e" "CARGO_INCREMENTAL=0" "-e" "RUST_BACKTRACE=full" "-e" "RUSTFLAGS=--cap-lints=warn" "-e" "RUSTDOCFLAGS=--cap-lints=warn" "-e" "CARGO_HOME=/opt/rustwide/cargo-home" "-e" "RUSTUP_HOME=/opt/rustwide/rustup-home" "-w" "/opt/rustwide/workdir" "-m" "1610612736" "--user" "0:0" "--network" "none" "ghcr.io/rust-lang/crates-build-env/linux@sha256:5ff2268d62e97bff2cde7d5815dd6ed5b47097566f13b8d0ca110b04b60e07ed" "/opt/rustwide/cargo-home/bin/cargo" "+1.69.0" "test" "--frozen", kill_on_drop: false }`
[INFO] [stdout] 506d87e1a40ab4be74f3bf9a35804d355db9605d52d8288975944ead2a41ea28
[INFO] running `Command { std: "docker" "start" "-a" "506d87e1a40ab4be74f3bf9a35804d355db9605d52d8288975944ead2a41ea28", kill_on_drop: false }`
[INFO] [stderr]     Finished test [unoptimized + debuginfo] target(s) in 0.02s
[INFO] [stderr]      Running unittests src/lib.rs (/opt/rustwide/target/debug/deps/hacky_types-49f00a9761b2530c)
[INFO] [stdout] 
[INFO] [stdout] running 0 tests
[INFO] [stdout] 
[INFO] [stdout] test result: ok. 0 passed; 0 failed; 0 ignored; 0 measured; 0 filtered out; finished in 0.00s
[INFO] [stdout] 
[INFO] [stderr]    Doc-tests hacky-types
[INFO] [stdout] 
[INFO] [stdout] running 1 test
[INFO] [stdout] test src/lib.rs - extension_method (line 17) - compile ... FAILED
[INFO] [stderr] error: doctest failed, to rerun pass `--doc`
[INFO] [stdout] 
[INFO] [stdout] failures:
[INFO] [stdout] 
[INFO] [stdout] ---- src/lib.rs - extension_method (line 17) stdout ----
[INFO] [stdout] error: cannot find attribute `extension_method` in this scope
[INFO] [stdout]  --> src/lib.rs:20:3
[INFO] [stdout]   |
[INFO] [stdout] 5 | #[extension_method(trait_name = "Double", remove_fn = true)]
[INFO] [stdout]   |   ^^^^^^^^^^^^^^^^
[INFO] [stdout]   |
[INFO] [stdout]   = help: consider importing this attribute macro:
[INFO] [stdout]           hacky_types::extension_method
[INFO] [stdout] 
[INFO] [stdout] error[E0599]: no method named `double` found for type `{integer}` in the current scope
[INFO] [stdout]   --> src/lib.rs:26:14
[INFO] [stdout]    |
[INFO] [stdout] 11 | assert_eq!(a.double(), 4);
[INFO] [stdout]    |              ^^^^^^ method not found in `{integer}`
[INFO] [stdout] 
[INFO] [stdout] error: aborting due to 2 previous errors
[INFO] [stdout] 
[INFO] [stdout] For more information about this error, try `rustc --explain E0599`.
[INFO] [stdout] Couldn't compile the test.
[INFO] [stdout] 
[INFO] [stdout] failures:
[INFO] [stdout]     src/lib.rs - extension_method (line 17)
[INFO] [stdout] 
[INFO] [stdout] test result: FAILED. 0 passed; 1 failed; 0 ignored; 0 measured; 0 filtered out; finished in 0.09s
[INFO] [stdout] 
[INFO] running `Command { std: "docker" "inspect" "506d87e1a40ab4be74f3bf9a35804d355db9605d52d8288975944ead2a41ea28", kill_on_drop: false }`
[INFO] running `Command { std: "docker" "rm" "-f" "506d87e1a40ab4be74f3bf9a35804d355db9605d52d8288975944ead2a41ea28", kill_on_drop: false }`
[INFO] [stdout] 506d87e1a40ab4be74f3bf9a35804d355db9605d52d8288975944ead2a41ea28
