[INFO] fetching crate gtk-sys 0.17.0...
[INFO] testing gtk-sys-0.17.0 against 1.69.0 for beta-1.70-1
[INFO] extracting crate gtk-sys 0.17.0 into /workspace/builds/worker-5-tc1/source
[INFO] validating manifest of crates.io crate gtk-sys 0.17.0 on toolchain 1.69.0
[INFO] running `Command { std: CARGO_HOME="/workspace/cargo-home" RUSTUP_HOME="/workspace/rustup-home" "/workspace/cargo-home/bin/cargo" "+1.69.0" "metadata" "--manifest-path" "Cargo.toml" "--no-deps", kill_on_drop: false }`
[INFO] started tweaking crates.io crate gtk-sys 0.17.0
[INFO] finished tweaking crates.io crate gtk-sys 0.17.0
[INFO] tweaked toml for crates.io crate gtk-sys 0.17.0 written to /workspace/builds/worker-5-tc1/source/Cargo.toml
[INFO] running `Command { std: CARGO_HOME="/workspace/cargo-home" RUSTUP_HOME="/workspace/rustup-home" __CARGO_TEST_CHANNEL_OVERRIDE_DO_NOT_USE_THIS="nightly" "/workspace/cargo-home/bin/cargo" "+1.69.0" "generate-lockfile" "--manifest-path" "Cargo.toml" "-Zno-index-update", kill_on_drop: false }`
[INFO] running `Command { std: CARGO_HOME="/workspace/cargo-home" RUSTUP_HOME="/workspace/rustup-home" "/workspace/cargo-home/bin/cargo" "+1.69.0" "fetch" "--manifest-path" "Cargo.toml", kill_on_drop: false }`
[INFO] [stderr]  Downloading crates ...
[INFO] [stderr]   Downloaded atk-sys v0.17.0
[INFO] [stderr]   Downloaded gdk-sys v0.17.0
[INFO] running `Command { std: "docker" "create" "-v" "/var/lib/crater-agent-workspace/builds/worker-5-tc1/target:/opt/rustwide/target:rw,Z" "-v" "/var/lib/crater-agent-workspace/builds/worker-5-tc1/source:/opt/rustwide/workdir:ro,Z" "-v" "/var/lib/crater-agent-workspace/cargo-home:/opt/rustwide/cargo-home:ro,Z" "-v" "/var/lib/crater-agent-workspace/rustup-home:/opt/rustwide/rustup-home:ro,Z" "-e" "SOURCE_DIR=/opt/rustwide/workdir" "-e" "CARGO_TARGET_DIR=/opt/rustwide/target" "-e" "CARGO_HOME=/opt/rustwide/cargo-home" "-e" "RUSTUP_HOME=/opt/rustwide/rustup-home" "-w" "/opt/rustwide/workdir" "-m" "1610612736" "--user" "0:0" "--network" "none" "ghcr.io/rust-lang/crates-build-env/linux@sha256:5ff2268d62e97bff2cde7d5815dd6ed5b47097566f13b8d0ca110b04b60e07ed" "/opt/rustwide/cargo-home/bin/cargo" "+1.69.0" "metadata" "--no-deps" "--format-version=1", kill_on_drop: false }`
[INFO] [stdout] 7df5901da757521e381c27812d61e74647d09e9431587e06db22b0448ff1d833
[INFO] running `Command { std: "docker" "start" "-a" "7df5901da757521e381c27812d61e74647d09e9431587e06db22b0448ff1d833", kill_on_drop: false }`
[INFO] running `Command { std: "docker" "inspect" "7df5901da757521e381c27812d61e74647d09e9431587e06db22b0448ff1d833", kill_on_drop: false }`
[INFO] running `Command { std: "docker" "rm" "-f" "7df5901da757521e381c27812d61e74647d09e9431587e06db22b0448ff1d833", kill_on_drop: false }`
[INFO] [stdout] 7df5901da757521e381c27812d61e74647d09e9431587e06db22b0448ff1d833
[INFO] running `Command { std: "docker" "create" "-v" "/var/lib/crater-agent-workspace/builds/worker-5-tc1/target:/opt/rustwide/target:rw,Z" "-v" "/var/lib/crater-agent-workspace/builds/worker-5-tc1/source:/opt/rustwide/workdir:ro,Z" "-v" "/var/lib/crater-agent-workspace/cargo-home:/opt/rustwide/cargo-home:ro,Z" "-v" "/var/lib/crater-agent-workspace/rustup-home:/opt/rustwide/rustup-home:ro,Z" "-e" "SOURCE_DIR=/opt/rustwide/workdir" "-e" "CARGO_TARGET_DIR=/opt/rustwide/target" "-e" "CARGO_INCREMENTAL=0" "-e" "RUST_BACKTRACE=full" "-e" "RUSTFLAGS=--cap-lints=warn" "-e" "RUSTDOCFLAGS=--cap-lints=warn" "-e" "CARGO_HOME=/opt/rustwide/cargo-home" "-e" "RUSTUP_HOME=/opt/rustwide/rustup-home" "-w" "/opt/rustwide/workdir" "-m" "1610612736" "--user" "0:0" "--network" "none" "ghcr.io/rust-lang/crates-build-env/linux@sha256:5ff2268d62e97bff2cde7d5815dd6ed5b47097566f13b8d0ca110b04b60e07ed" "/opt/rustwide/cargo-home/bin/cargo" "+1.69.0" "build" "--frozen" "--message-format=json", kill_on_drop: false }`
[INFO] [stdout] 50c805c3ee2420d5e934c0e1cdec25608f6568178e45e4293c550714ba27a689
[INFO] running `Command { std: "docker" "start" "-a" "50c805c3ee2420d5e934c0e1cdec25608f6568178e45e4293c550714ba27a689", kill_on_drop: false }`
[INFO] [stderr]    Compiling serde v1.0.160
[INFO] [stderr]    Compiling hashbrown v0.12.3
[INFO] [stderr]    Compiling target-lexicon v0.12.7
[INFO] [stderr]    Compiling winnow v0.4.4
[INFO] [stderr]    Compiling smallvec v1.10.0
[INFO] [stderr]    Compiling heck v0.4.1
[INFO] [stderr]    Compiling pkg-config v0.3.26
[INFO] [stderr]    Compiling version-compare v0.1.1
[INFO] [stderr]    Compiling indexmap v1.9.3
[INFO] [stderr]    Compiling cfg-expr v0.15.1
[INFO] [stderr]    Compiling serde_spanned v0.6.1
[INFO] [stderr]    Compiling toml_datetime v0.6.1
[INFO] [stderr]    Compiling toml_edit v0.19.8
[INFO] [stderr]    Compiling toml v0.7.3
[INFO] [stderr]    Compiling system-deps v6.0.5
[INFO] [stderr]    Compiling glib-sys v0.17.4
[INFO] [stderr]    Compiling gobject-sys v0.17.4
[INFO] [stderr]    Compiling gio-sys v0.17.4
[INFO] [stderr]    Compiling gdk-pixbuf-sys v0.17.0
[INFO] [stderr]    Compiling gdk-sys v0.17.0
[INFO] [stderr]    Compiling atk-sys v0.17.0
[INFO] [stderr]    Compiling pango-sys v0.17.0
[INFO] [stderr]    Compiling cairo-sys-rs v0.17.0
[INFO] [stderr]    Compiling gtk-sys v0.17.0 (/opt/rustwide/workdir)
[INFO] [stderr]     Finished dev [unoptimized + debuginfo] target(s) in 10.11s
[INFO] running `Command { std: "docker" "inspect" "50c805c3ee2420d5e934c0e1cdec25608f6568178e45e4293c550714ba27a689", kill_on_drop: false }`
[INFO] running `Command { std: "docker" "rm" "-f" "50c805c3ee2420d5e934c0e1cdec25608f6568178e45e4293c550714ba27a689", kill_on_drop: false }`
[INFO] [stdout] 50c805c3ee2420d5e934c0e1cdec25608f6568178e45e4293c550714ba27a689
[INFO] running `Command { std: "docker" "create" "-v" "/var/lib/crater-agent-workspace/builds/worker-5-tc1/target:/opt/rustwide/target:rw,Z" "-v" "/var/lib/crater-agent-workspace/builds/worker-5-tc1/source:/opt/rustwide/workdir:ro,Z" "-v" "/var/lib/crater-agent-workspace/cargo-home:/opt/rustwide/cargo-home:ro,Z" "-v" "/var/lib/crater-agent-workspace/rustup-home:/opt/rustwide/rustup-home:ro,Z" "-e" "SOURCE_DIR=/opt/rustwide/workdir" "-e" "CARGO_TARGET_DIR=/opt/rustwide/target" "-e" "CARGO_INCREMENTAL=0" "-e" "RUST_BACKTRACE=full" "-e" "RUSTFLAGS=--cap-lints=warn" "-e" "RUSTDOCFLAGS=--cap-lints=warn" "-e" "CARGO_HOME=/opt/rustwide/cargo-home" "-e" "RUSTUP_HOME=/opt/rustwide/rustup-home" "-w" "/opt/rustwide/workdir" "-m" "1610612736" "--user" "0:0" "--network" "none" "ghcr.io/rust-lang/crates-build-env/linux@sha256:5ff2268d62e97bff2cde7d5815dd6ed5b47097566f13b8d0ca110b04b60e07ed" "/opt/rustwide/cargo-home/bin/cargo" "+1.69.0" "test" "--frozen" "--no-run" "--message-format=json", kill_on_drop: false }`
[INFO] [stdout] dadbaf30b11e4006538ce9c895ff8265adb3249a73c5aec699fb64e794833f67
[INFO] running `Command { std: "docker" "start" "-a" "dadbaf30b11e4006538ce9c895ff8265adb3249a73c5aec699fb64e794833f67", kill_on_drop: false }`
[INFO] [stderr]    Compiling shell-words v1.1.0
[INFO] [stderr]    Compiling gtk-sys v0.17.0 (/opt/rustwide/workdir)
[INFO] [stderr]     Finished test [unoptimized + debuginfo] target(s) in 1.71s
[INFO] running `Command { std: "docker" "inspect" "dadbaf30b11e4006538ce9c895ff8265adb3249a73c5aec699fb64e794833f67", kill_on_drop: false }`
[INFO] running `Command { std: "docker" "rm" "-f" "dadbaf30b11e4006538ce9c895ff8265adb3249a73c5aec699fb64e794833f67", kill_on_drop: false }`
[INFO] [stdout] dadbaf30b11e4006538ce9c895ff8265adb3249a73c5aec699fb64e794833f67
[INFO] running `Command { std: "docker" "create" "-v" "/var/lib/crater-agent-workspace/builds/worker-5-tc1/target:/opt/rustwide/target:rw,Z" "-v" "/var/lib/crater-agent-workspace/builds/worker-5-tc1/source:/opt/rustwide/workdir:ro,Z" "-v" "/var/lib/crater-agent-workspace/cargo-home:/opt/rustwide/cargo-home:ro,Z" "-v" "/var/lib/crater-agent-workspace/rustup-home:/opt/rustwide/rustup-home:ro,Z" "-e" "SOURCE_DIR=/opt/rustwide/workdir" "-e" "CARGO_TARGET_DIR=/opt/rustwide/target" "-e" "CARGO_INCREMENTAL=0" "-e" "RUST_BACKTRACE=full" "-e" "RUSTFLAGS=--cap-lints=warn" "-e" "RUSTDOCFLAGS=--cap-lints=warn" "-e" "CARGO_HOME=/opt/rustwide/cargo-home" "-e" "RUSTUP_HOME=/opt/rustwide/rustup-home" "-w" "/opt/rustwide/workdir" "-m" "1610612736" "--user" "0:0" "--network" "none" "ghcr.io/rust-lang/crates-build-env/linux@sha256:5ff2268d62e97bff2cde7d5815dd6ed5b47097566f13b8d0ca110b04b60e07ed" "/opt/rustwide/cargo-home/bin/cargo" "+1.69.0" "test" "--frozen", kill_on_drop: false }`
[INFO] [stdout] 3087383a4f6050aa6d153f9ce514c04dca7cba6f52a2ce7a43a05d9c4321fd67
[INFO] running `Command { std: "docker" "start" "-a" "3087383a4f6050aa6d153f9ce514c04dca7cba6f52a2ce7a43a05d9c4321fd67", kill_on_drop: false }`
[INFO] [stderr]     Finished test [unoptimized + debuginfo] target(s) in 0.06s
[INFO] [stderr]      Running unittests src/lib.rs (/opt/rustwide/target/debug/deps/gtk_sys-1a187dc19b40dd22)
[INFO] [stdout] 
[INFO] [stdout] running 0 tests
[INFO] [stdout] 
[INFO] [stdout] test result: ok. 0 passed; 0 failed; 0 ignored; 0 measured; 0 filtered out; finished in 0.00s
[INFO] [stdout] 
[INFO] [stderr]      Running tests/abi.rs (/opt/rustwide/target/debug/deps/abi-d58e982d40710dbf)
[INFO] [stdout] 
[INFO] [stdout] running 2 tests
[INFO] [stderr] tests/layout.c: In function 'main':
[INFO] [stderr] tests/layout.c:193:69: error: 'GtkFileChooserWidgetAccessible' undeclared (first use in this function); did you mean 'GtkFileChooserWidgetClass'?
[INFO] [stderr]   193 |     printf("%s;%zu;%zu\n", "GtkFileChooserWidgetAccessible", sizeof(GtkFileChooserWidgetAccessible), alignof(GtkFileChooserWidgetAccessible));
[INFO] [stderr]       |                                                                     ^~~~~~~~~~~~~~~~~~~~~~~~~~~~~~
[INFO] [stderr]       |                                                                     GtkFileChooserWidgetClass
[INFO] [stderr] tests/layout.c:193:69: note: each undeclared identifier is reported only once for each function it appears in
[INFO] [stderr] tests/layout.c:194:74: error: 'GtkFileChooserWidgetAccessibleClass' undeclared (first use in this function); did you mean 'GtkFileChooserWidgetClass'?
[INFO] [stderr]   194 |     printf("%s;%zu;%zu\n", "GtkFileChooserWidgetAccessibleClass", sizeof(GtkFileChooserWidgetAccessibleClass), alignof(GtkFileChooserWidgetAccessibleClass));
[INFO] [stderr]       |                                                                          ^~~~~~~~~~~~~~~~~~~~~~~~~~~~~~~~~~~
[INFO] [stderr]       |                                                                          GtkFileChooserWidgetClass
[INFO] [stderr] tests/layout.c:246:61: error: 'GtkHeaderBarAccessible' undeclared (first use in this function); did you mean 'GtkLevelBarAccessible'?
[INFO] [stderr]   246 |     printf("%s;%zu;%zu\n", "GtkHeaderBarAccessible", sizeof(GtkHeaderBarAccessible), alignof(GtkHeaderBarAccessible));
[INFO] [stderr]       |                                                             ^~~~~~~~~~~~~~~~~~~~~~
[INFO] [stderr]       |                                                             GtkLevelBarAccessible
[INFO] [stderr] tests/layout.c:247:66: error: 'GtkHeaderBarAccessibleClass' undeclared (first use in this function); did you mean 'GtkLevelBarAccessibleClass'?
[INFO] [stderr]   247 |     printf("%s;%zu;%zu\n", "GtkHeaderBarAccessibleClass", sizeof(GtkHeaderBarAccessibleClass), alignof(GtkHeaderBarAccessibleClass));
[INFO] [stderr]       |                                                                  ^~~~~~~~~~~~~~~~~~~~~~~~~~~
[INFO] [stderr]       |                                                                  GtkLevelBarAccessibleClass
[INFO] [stderr] tests/layout.c:379:46: error: 'GtkPlug' undeclared (first use in this function); did you mean 'AtkPlug'?
[INFO] [stderr]   379 |     printf("%s;%zu;%zu\n", "GtkPlug", sizeof(GtkPlug), alignof(GtkPlug));
[INFO] [stderr]       |                                              ^~~~~~~
[INFO] [stderr]       |                                              AtkPlug
[INFO] [stderr] tests/layout.c:382:51: error: 'GtkPlugClass' undeclared (first use in this function); did you mean 'AtkPlugClass'?
[INFO] [stderr]   382 |     printf("%s;%zu;%zu\n", "GtkPlugClass", sizeof(GtkPlugClass), alignof(GtkPlugClass));
[INFO] [stderr]       |                                                   ^~~~~~~~~~~~
[INFO] [stderr]       |                                                   AtkPlugClass
[INFO] [stderr] tests/layout.c:497:48: error: 'GtkSocket' undeclared (first use in this function); did you mean 'AtkSocket'?
[INFO] [stderr]   497 |     printf("%s;%zu;%zu\n", "GtkSocket", sizeof(GtkSocket), alignof(GtkSocket));
[INFO] [stderr]       |                                                ^~~~~~~~~
[INFO] [stderr]       |                                                AtkSocket
[INFO] [stderr] tests/layout.c:500:53: error: 'GtkSocketClass' undeclared (first use in this function); did you mean 'AtkSocketClass'?
[INFO] [stderr]   500 |     printf("%s;%zu;%zu\n", "GtkSocketClass", sizeof(GtkSocketClass), alignof(GtkSocketClass));
[INFO] [stderr]       |                                                     ^~~~~~~~~~~~~~
[INFO] [stderr]       |                                                     AtkSocketClass
[INFO] [stdout] test cross_validate_constants_with_c ... ok
[INFO] [stdout] test cross_validate_layout_with_c ... FAILED
[INFO] [stdout] 
[INFO] [stdout] failures:
[INFO] [stdout] 
[INFO] [stdout] ---- cross_validate_layout_with_c stdout ----
[INFO] [stdout] thread 'cross_validate_layout_with_c' panicked at 'called `Result::unwrap()` on an `Err` value: "compilation command \"cc\" \"-Wno-deprecated-declarations\" \"-std=c11\" \"-D__USE_MINGW_ANSI_STDIO\" \"-pthread\" \"-I/usr/include/gtk-3.0\" \"-I/usr/include/at-spi2-atk/2.0\" \"-I/usr/include/at-spi-2.0\" \"-I/usr/include/dbus-1.0\" \"-I/usr/lib/x86_64-linux-gnu/dbus-1.0/include\" \"-I/usr/include/gtk-3.0\" \"-I/usr/include/gio-unix-2.0\" \"-I/usr/include/cairo\" \"-I/usr/include/pango-1.0\" \"-I/usr/include/harfbuzz\" \"-I/usr/include/pango-1.0\" \"-I/usr/include/fribidi\" \"-I/usr/include/harfbuzz\" \"-I/usr/include/atk-1.0\" \"-I/usr/include/cairo\" \"-I/usr/include/pixman-1\" \"-I/usr/include/uuid\" \"-I/usr/include/freetype2\" \"-I/usr/include/gdk-pixbuf-2.0\" \"-I/usr/include/libpng16\" \"-I/usr/include/x86_64-linux-gnu\" \"-I/usr/include/libmount\" \"-I/usr/include/blkid\" \"-I/usr/include/glib-2.0\" \"-I/usr/lib/x86_64-linux-gnu/glib-2.0/include\" \"tests/layout.c\" \"-o\" \"/tmp/abi7iLMso/layout\" failed, exit status: 1"', tests/abi.rs:152:37
[INFO] [stdout] stack backtrace:
[INFO] [stdout]    0:     0x56260c89f35a - std::backtrace_rs::backtrace::libunwind::trace::ha9053a9a07ca49cb
[INFO] [stdout]                                at /rustc/84c898d65adf2f39a5a98507f1fe0ce10a2b8dbc/library/std/src/../../backtrace/src/backtrace/libunwind.rs:93:5
[INFO] [stdout]    1:     0x56260c89f35a - std::backtrace_rs::backtrace::trace_unsynchronized::h9c2852a457ad564e
[INFO] [stdout]                                at /rustc/84c898d65adf2f39a5a98507f1fe0ce10a2b8dbc/library/std/src/../../backtrace/src/backtrace/mod.rs:66:5
[INFO] [stdout]    2:     0x56260c89f35a - std::sys_common::backtrace::_print_fmt::h457936fbfaa0070f
[INFO] [stdout]                                at /rustc/84c898d65adf2f39a5a98507f1fe0ce10a2b8dbc/library/std/src/sys_common/backtrace.rs:65:5
[INFO] [stdout]    3:     0x56260c89f35a - <std::sys_common::backtrace::_print::DisplayBacktrace as core::fmt::Display>::fmt::h5779d7bf7f70cb0c
[INFO] [stdout]                                at /rustc/84c898d65adf2f39a5a98507f1fe0ce10a2b8dbc/library/std/src/sys_common/backtrace.rs:44:22
[INFO] [stdout]    4:     0x56260c8c441e - core::fmt::write::h5a4baaff1bcd3eb5
[INFO] [stdout]                                at /rustc/84c898d65adf2f39a5a98507f1fe0ce10a2b8dbc/library/core/src/fmt/mod.rs:1232:17
[INFO] [stdout]    5:     0x56260c89c0a5 - std::io::Write::write_fmt::h478f79c628ef31d1
[INFO] [stdout]                                at /rustc/84c898d65adf2f39a5a98507f1fe0ce10a2b8dbc/library/std/src/io/mod.rs:1684:15
[INFO] [stdout]    6:     0x56260c89f125 - std::sys_common::backtrace::_print::h5fcdc36060f177e8
[INFO] [stdout]                                at /rustc/84c898d65adf2f39a5a98507f1fe0ce10a2b8dbc/library/std/src/sys_common/backtrace.rs:47:5
[INFO] [stdout]    7:     0x56260c89f125 - std::sys_common::backtrace::print::h54ca9458b876c8bf
[INFO] [stdout]                                at /rustc/84c898d65adf2f39a5a98507f1fe0ce10a2b8dbc/library/std/src/sys_common/backtrace.rs:34:9
[INFO] [stdout]    8:     0x56260c8a0f6f - std::panicking::default_hook::{{closure}}::hbe471161c7664ed6
[INFO] [stdout]                                at /rustc/84c898d65adf2f39a5a98507f1fe0ce10a2b8dbc/library/std/src/panicking.rs:271:22
[INFO] [stdout]    9:     0x56260c8a0c2f - std::panicking::default_hook::ha3500da57aa4ac4f
[INFO] [stdout]                                at /rustc/84c898d65adf2f39a5a98507f1fe0ce10a2b8dbc/library/std/src/panicking.rs:287:9
[INFO] [stdout]   10:     0x56260c869217 - <alloc::boxed::Box<F,A> as core::ops::function::Fn<Args>>::call::hdf1b89dd137ece34
[INFO] [stdout]                                at /rustc/84c898d65adf2f39a5a98507f1fe0ce10a2b8dbc/library/alloc/src/boxed.rs:2001:9
[INFO] [stdout]   11:     0x56260c869217 - test::test_main::{{closure}}::h9081a79f20e75698
[INFO] [stdout]                                at /rustc/84c898d65adf2f39a5a98507f1fe0ce10a2b8dbc/library/test/src/lib.rs:135:21
[INFO] [stdout]   12:     0x56260c8a169d - <alloc::boxed::Box<F,A> as core::ops::function::Fn<Args>>::call::h6507bddc3eebb4a5
[INFO] [stdout]                                at /rustc/84c898d65adf2f39a5a98507f1fe0ce10a2b8dbc/library/alloc/src/boxed.rs:2001:9
[INFO] [stdout]   13:     0x56260c8a169d - std::panicking::rust_panic_with_hook::h50c09d000dc561d2
[INFO] [stdout]                                at /rustc/84c898d65adf2f39a5a98507f1fe0ce10a2b8dbc/library/std/src/panicking.rs:696:13
[INFO] [stdout]   14:     0x56260c8a1419 - std::panicking::begin_panic_handler::{{closure}}::h9e2b2176e00e0d9c
[INFO] [stdout]                                at /rustc/84c898d65adf2f39a5a98507f1fe0ce10a2b8dbc/library/std/src/panicking.rs:583:13
[INFO] [stdout]   15:     0x56260c89f7c6 - std::sys_common::backtrace::__rust_end_short_backtrace::h5739b8e512c09d02
[INFO] [stdout]                                at /rustc/84c898d65adf2f39a5a98507f1fe0ce10a2b8dbc/library/std/src/sys_common/backtrace.rs:150:18
[INFO] [stdout]   16:     0x56260c8a1122 - rust_begin_unwind
[INFO] [stdout]                                at /rustc/84c898d65adf2f39a5a98507f1fe0ce10a2b8dbc/library/std/src/panicking.rs:579:5
[INFO] [stdout]   17:     0x56260c824f33 - core::panicking::panic_fmt::hf33a1475b4dc5c3e
[INFO] [stdout]                                at /rustc/84c898d65adf2f39a5a98507f1fe0ce10a2b8dbc/library/core/src/panicking.rs:64:14
[INFO] [stdout]   18:     0x56260c825383 - core::result::unwrap_failed::hdff5465d74574b44
[INFO] [stdout]                                at /rustc/84c898d65adf2f39a5a98507f1fe0ce10a2b8dbc/library/core/src/result.rs:1750:5
[INFO] [stdout]   19:     0x56260c8287e6 - core::result::Result<T,E>::unwrap::hce702d19cc5b3de0
[INFO] [stdout]                                at /rustc/84c898d65adf2f39a5a98507f1fe0ce10a2b8dbc/library/core/src/result.rs:1090:23
[INFO] [stdout]   20:     0x56260c830a23 - abi::cross_validate_layout_with_c::h5e7b262bfabf3ed1
[INFO] [stdout]                                at /opt/rustwide/workdir/tests/abi.rs:152:14
[INFO] [stdout]   21:     0x56260c830997 - abi::cross_validate_layout_with_c::{{closure}}::h5f9618f5e8c44980
[INFO] [stdout]                                at /opt/rustwide/workdir/tests/abi.rs:149:35
[INFO] [stdout]   22:     0x56260c831de5 - core::ops::function::FnOnce::call_once::hc1675ffb04cc9239
[INFO] [stdout]                                at /rustc/84c898d65adf2f39a5a98507f1fe0ce10a2b8dbc/library/core/src/ops/function.rs:250:5
[INFO] [stdout]   23:     0x56260c86e5ff - core::ops::function::FnOnce::call_once::h7d969581be7d0075
[INFO] [stdout]                                at /rustc/84c898d65adf2f39a5a98507f1fe0ce10a2b8dbc/library/core/src/ops/function.rs:250:5
[INFO] [stdout]   24:     0x56260c86e5ff - test::__rust_begin_short_backtrace::hca25a52684e56655
[INFO] [stdout]                                at /rustc/84c898d65adf2f39a5a98507f1fe0ce10a2b8dbc/library/test/src/lib.rs:656:18
[INFO] [stdout]   25:     0x56260c83fc1c - test::run_test::{{closure}}::ha8ac744c4af1a4bb
[INFO] [stdout]                                at /rustc/84c898d65adf2f39a5a98507f1fe0ce10a2b8dbc/library/test/src/lib.rs:647:30
[INFO] [stdout]   26:     0x56260c83fc1c - core::ops::function::FnOnce::call_once{{vtable.shim}}::h7b411a9ed45bdecf
[INFO] [stdout]                                at /rustc/84c898d65adf2f39a5a98507f1fe0ce10a2b8dbc/library/core/src/ops/function.rs:250:5
[INFO] [stdout]   27:     0x56260c86d5c6 - <alloc::boxed::Box<F,A> as core::ops::function::FnOnce<Args>>::call_once::hd05328869a8ed200
[INFO] [stdout]                                at /rustc/84c898d65adf2f39a5a98507f1fe0ce10a2b8dbc/library/alloc/src/boxed.rs:1987:9
[INFO] [stdout]   28:     0x56260c86d5c6 - <core::panic::unwind_safe::AssertUnwindSafe<F> as core::ops::function::FnOnce<()>>::call_once::h0c601ce20bd5b2be
[INFO] [stdout]                                at /rustc/84c898d65adf2f39a5a98507f1fe0ce10a2b8dbc/library/core/src/panic/unwind_safe.rs:271:9
[INFO] [stdout]   29:     0x56260c86d5c6 - std::panicking::try::do_call::ha4be5c164fe30854
[INFO] [stdout]                                at /rustc/84c898d65adf2f39a5a98507f1fe0ce10a2b8dbc/library/std/src/panicking.rs:487:40
[INFO] [stdout]   30:     0x56260c86d5c6 - std::panicking::try::h604546f3609af05f
[INFO] [stdout]                                at /rustc/84c898d65adf2f39a5a98507f1fe0ce10a2b8dbc/library/std/src/panicking.rs:451:19
[INFO] [stdout]   31:     0x56260c86d5c6 - std::panic::catch_unwind::h5bfa8afe44c9c2f9
[INFO] [stdout]                                at /rustc/84c898d65adf2f39a5a98507f1fe0ce10a2b8dbc/library/std/src/panic.rs:140:14
[INFO] [stdout]   32:     0x56260c86d5c6 - test::run_test_in_process::hd50dee55dd63e6aa
[INFO] [stdout]                                at /rustc/84c898d65adf2f39a5a98507f1fe0ce10a2b8dbc/library/test/src/lib.rs:679:27
[INFO] [stdout]   33:     0x56260c86d5c6 - test::run_test::run_test_inner::{{closure}}::h4aa0f433aa85cea8
[INFO] [stdout]                                at /rustc/84c898d65adf2f39a5a98507f1fe0ce10a2b8dbc/library/test/src/lib.rs:573:39
[INFO] [stdout]   34:     0x56260c83a291 - test::run_test::run_test_inner::{{closure}}::had56431adf24b4d6
[INFO] [stdout]                                at /rustc/84c898d65adf2f39a5a98507f1fe0ce10a2b8dbc/library/test/src/lib.rs:600:37
[INFO] [stdout]   35:     0x56260c83a291 - std::sys_common::backtrace::__rust_begin_short_backtrace::ha8d9890e0c73bf13
[INFO] [stdout]                                at /rustc/84c898d65adf2f39a5a98507f1fe0ce10a2b8dbc/library/std/src/sys_common/backtrace.rs:134:18
[INFO] [stdout]   36:     0x56260c83fcab - std::thread::Builder::spawn_unchecked_::{{closure}}::{{closure}}::h251832bcb4a95327
[INFO] [stdout]                                at /rustc/84c898d65adf2f39a5a98507f1fe0ce10a2b8dbc/library/std/src/thread/mod.rs:560:17
[INFO] [stdout]   37:     0x56260c83fcab - <core::panic::unwind_safe::AssertUnwindSafe<F> as core::ops::function::FnOnce<()>>::call_once::h8fdff598fa414831
[INFO] [stdout]                                at /rustc/84c898d65adf2f39a5a98507f1fe0ce10a2b8dbc/library/core/src/panic/unwind_safe.rs:271:9
[INFO] [stdout]   38:     0x56260c83fcab - std::panicking::try::do_call::h455dd2f7764a950f
[INFO] [stdout]                                at /rustc/84c898d65adf2f39a5a98507f1fe0ce10a2b8dbc/library/std/src/panicking.rs:487:40
[INFO] [stdout]   39:     0x56260c83fcab - std::panicking::try::had6f23b7b73ae72a
[INFO] [stdout]                                at /rustc/84c898d65adf2f39a5a98507f1fe0ce10a2b8dbc/library/std/src/panicking.rs:451:19
[INFO] [stdout]   40:     0x56260c83fcab - std::panic::catch_unwind::ha6a5ca3915b4dad0
[INFO] [stdout]                                at /rustc/84c898d65adf2f39a5a98507f1fe0ce10a2b8dbc/library/std/src/panic.rs:140:14
[INFO] [stdout]   41:     0x56260c83fcab - std::thread::Builder::spawn_unchecked_::{{closure}}::h883b72ef75da6231
[INFO] [stdout]                                at /rustc/84c898d65adf2f39a5a98507f1fe0ce10a2b8dbc/library/std/src/thread/mod.rs:559:30
[INFO] [stdout]   42:     0x56260c83fcab - core::ops::function::FnOnce::call_once{{vtable.shim}}::hb7dff73dc8bd2ccb
[INFO] [stdout]                                at /rustc/84c898d65adf2f39a5a98507f1fe0ce10a2b8dbc/library/core/src/ops/function.rs:250:5
[INFO] [stdout]   43:     0x56260c8a6a23 - <alloc::boxed::Box<F,A> as core::ops::function::FnOnce<Args>>::call_once::h39990b24eedef2ab
[INFO] [stdout]                                at /rustc/84c898d65adf2f39a5a98507f1fe0ce10a2b8dbc/library/alloc/src/boxed.rs:1987:9
[INFO] [stdout]   44:     0x56260c8a6a23 - <alloc::boxed::Box<F,A> as core::ops::function::FnOnce<Args>>::call_once::h01a027258444143b
[INFO] [stdout]                                at /rustc/84c898d65adf2f39a5a98507f1fe0ce10a2b8dbc/library/alloc/src/boxed.rs:1987:9
[INFO] [stdout]   45:     0x56260c8a6a23 - std::sys::unix::thread::Thread::new::thread_start::ha4f1cdd9c25884ba
[INFO] [stdout]                                at /rustc/84c898d65adf2f39a5a98507f1fe0ce10a2b8dbc/library/std/src/sys/unix/thread.rs:108:17
[INFO] [stdout]   46:     0x7f05bf268b43 - <unknown>
[INFO] [stdout]   47:     0x7f05bf2f9bb4 - __clone
[INFO] [stdout]   48:                0x0 - <unknown>
[INFO] [stdout] 
[INFO] [stdout] 
[INFO] [stdout] failures:
[INFO] [stdout]     cross_validate_layout_with_c
[INFO] [stdout] 
[INFO] [stdout] test result: FAILED. 1 passed; 1 failed; 0 ignored; 0 measured; 0 filtered out; finished in 0.88s
[INFO] [stdout] 
[INFO] [stderr] error: test failed, to rerun pass `--test abi`
[INFO] running `Command { std: "docker" "inspect" "3087383a4f6050aa6d153f9ce514c04dca7cba6f52a2ce7a43a05d9c4321fd67", kill_on_drop: false }`
[INFO] running `Command { std: "docker" "rm" "-f" "3087383a4f6050aa6d153f9ce514c04dca7cba6f52a2ce7a43a05d9c4321fd67", kill_on_drop: false }`
[INFO] [stdout] 3087383a4f6050aa6d153f9ce514c04dca7cba6f52a2ce7a43a05d9c4321fd67
