[INFO] fetching crate gsettings-desktop-schemas-sys 0.3.0...
[INFO] testing gsettings-desktop-schemas-sys-0.3.0 against 1.69.0 for beta-1.70-1
[INFO] extracting crate gsettings-desktop-schemas-sys 0.3.0 into /workspace/builds/worker-0-tc1/source
[INFO] validating manifest of crates.io crate gsettings-desktop-schemas-sys 0.3.0 on toolchain 1.69.0
[INFO] running `Command { std: CARGO_HOME="/workspace/cargo-home" RUSTUP_HOME="/workspace/rustup-home" "/workspace/cargo-home/bin/cargo" "+1.69.0" "metadata" "--manifest-path" "Cargo.toml" "--no-deps", kill_on_drop: false }`
[INFO] started tweaking crates.io crate gsettings-desktop-schemas-sys 0.3.0
[INFO] finished tweaking crates.io crate gsettings-desktop-schemas-sys 0.3.0
[INFO] tweaked toml for crates.io crate gsettings-desktop-schemas-sys 0.3.0 written to /workspace/builds/worker-0-tc1/source/Cargo.toml
[INFO] running `Command { std: CARGO_HOME="/workspace/cargo-home" RUSTUP_HOME="/workspace/rustup-home" __CARGO_TEST_CHANNEL_OVERRIDE_DO_NOT_USE_THIS="nightly" "/workspace/cargo-home/bin/cargo" "+1.69.0" "generate-lockfile" "--manifest-path" "Cargo.toml" "-Zno-index-update", kill_on_drop: false }`
[INFO] running `Command { std: CARGO_HOME="/workspace/cargo-home" RUSTUP_HOME="/workspace/rustup-home" "/workspace/cargo-home/bin/cargo" "+1.69.0" "fetch" "--manifest-path" "Cargo.toml", kill_on_drop: false }`
[INFO] [stderr]  Downloading crates ...
[INFO] [stderr]   Downloaded glib-sys v0.16.3
[INFO] running `Command { std: "docker" "create" "-v" "/var/lib/crater-agent-workspace/builds/worker-0-tc1/target:/opt/rustwide/target:rw,Z" "-v" "/var/lib/crater-agent-workspace/builds/worker-0-tc1/source:/opt/rustwide/workdir:ro,Z" "-v" "/var/lib/crater-agent-workspace/cargo-home:/opt/rustwide/cargo-home:ro,Z" "-v" "/var/lib/crater-agent-workspace/rustup-home:/opt/rustwide/rustup-home:ro,Z" "-e" "SOURCE_DIR=/opt/rustwide/workdir" "-e" "CARGO_TARGET_DIR=/opt/rustwide/target" "-e" "CARGO_HOME=/opt/rustwide/cargo-home" "-e" "RUSTUP_HOME=/opt/rustwide/rustup-home" "-w" "/opt/rustwide/workdir" "-m" "1610612736" "--user" "0:0" "--network" "none" "ghcr.io/rust-lang/crates-build-env/linux@sha256:5ff2268d62e97bff2cde7d5815dd6ed5b47097566f13b8d0ca110b04b60e07ed" "/opt/rustwide/cargo-home/bin/cargo" "+1.69.0" "metadata" "--no-deps" "--format-version=1", kill_on_drop: false }`
[INFO] [stdout] c599e608521b56174b26938f059389bf1292fbbfaff519ddaa3c9e7061c927cd
[INFO] running `Command { std: "docker" "start" "-a" "c599e608521b56174b26938f059389bf1292fbbfaff519ddaa3c9e7061c927cd", kill_on_drop: false }`
[INFO] running `Command { std: "docker" "inspect" "c599e608521b56174b26938f059389bf1292fbbfaff519ddaa3c9e7061c927cd", kill_on_drop: false }`
[INFO] running `Command { std: "docker" "rm" "-f" "c599e608521b56174b26938f059389bf1292fbbfaff519ddaa3c9e7061c927cd", kill_on_drop: false }`
[INFO] [stdout] c599e608521b56174b26938f059389bf1292fbbfaff519ddaa3c9e7061c927cd
[INFO] running `Command { std: "docker" "create" "-v" "/var/lib/crater-agent-workspace/builds/worker-0-tc1/target:/opt/rustwide/target:rw,Z" "-v" "/var/lib/crater-agent-workspace/builds/worker-0-tc1/source:/opt/rustwide/workdir:ro,Z" "-v" "/var/lib/crater-agent-workspace/cargo-home:/opt/rustwide/cargo-home:ro,Z" "-v" "/var/lib/crater-agent-workspace/rustup-home:/opt/rustwide/rustup-home:ro,Z" "-e" "SOURCE_DIR=/opt/rustwide/workdir" "-e" "CARGO_TARGET_DIR=/opt/rustwide/target" "-e" "CARGO_INCREMENTAL=0" "-e" "RUST_BACKTRACE=full" "-e" "RUSTFLAGS=--cap-lints=warn" "-e" "RUSTDOCFLAGS=--cap-lints=warn" "-e" "CARGO_HOME=/opt/rustwide/cargo-home" "-e" "RUSTUP_HOME=/opt/rustwide/rustup-home" "-w" "/opt/rustwide/workdir" "-m" "1610612736" "--user" "0:0" "--network" "none" "ghcr.io/rust-lang/crates-build-env/linux@sha256:5ff2268d62e97bff2cde7d5815dd6ed5b47097566f13b8d0ca110b04b60e07ed" "/opt/rustwide/cargo-home/bin/cargo" "+1.69.0" "build" "--frozen" "--message-format=json", kill_on_drop: false }`
[INFO] [stdout] f03b56bb66ac9119742e9ffc1fd49af0fa59847def9f8236abf07772917ab244
[INFO] running `Command { std: "docker" "start" "-a" "f03b56bb66ac9119742e9ffc1fd49af0fa59847def9f8236abf07772917ab244", kill_on_drop: false }`
[INFO] [stderr]     Blocking waiting for file lock on package cache
[INFO] [stderr]    Compiling serde v1.0.160
[INFO] [stderr]    Compiling target-lexicon v0.12.7
[INFO] [stderr]    Compiling smallvec v1.10.0
[INFO] [stderr]    Compiling heck v0.4.1
[INFO] [stderr]    Compiling version-compare v0.1.1
[INFO] [stderr]    Compiling cfg-expr v0.15.1
[INFO] [stderr]    Compiling serde_spanned v0.6.1
[INFO] [stderr]    Compiling toml_datetime v0.6.1
[INFO] [stderr]    Compiling toml_edit v0.19.8
[INFO] [stderr]    Compiling toml v0.7.3
[INFO] [stderr]    Compiling system-deps v6.0.5
[INFO] [stderr]    Compiling glib-sys v0.16.3
[INFO] [stderr]    Compiling gsettings-desktop-schemas-sys v0.3.0 (/opt/rustwide/workdir)
[INFO] [stderr]     Finished dev [unoptimized + debuginfo] target(s) in 12.38s
[INFO] running `Command { std: "docker" "inspect" "f03b56bb66ac9119742e9ffc1fd49af0fa59847def9f8236abf07772917ab244", kill_on_drop: false }`
[INFO] running `Command { std: "docker" "rm" "-f" "f03b56bb66ac9119742e9ffc1fd49af0fa59847def9f8236abf07772917ab244", kill_on_drop: false }`
[INFO] [stdout] f03b56bb66ac9119742e9ffc1fd49af0fa59847def9f8236abf07772917ab244
[INFO] running `Command { std: "docker" "create" "-v" "/var/lib/crater-agent-workspace/builds/worker-0-tc1/target:/opt/rustwide/target:rw,Z" "-v" "/var/lib/crater-agent-workspace/builds/worker-0-tc1/source:/opt/rustwide/workdir:ro,Z" "-v" "/var/lib/crater-agent-workspace/cargo-home:/opt/rustwide/cargo-home:ro,Z" "-v" "/var/lib/crater-agent-workspace/rustup-home:/opt/rustwide/rustup-home:ro,Z" "-e" "SOURCE_DIR=/opt/rustwide/workdir" "-e" "CARGO_TARGET_DIR=/opt/rustwide/target" "-e" "CARGO_INCREMENTAL=0" "-e" "RUST_BACKTRACE=full" "-e" "RUSTFLAGS=--cap-lints=warn" "-e" "RUSTDOCFLAGS=--cap-lints=warn" "-e" "CARGO_HOME=/opt/rustwide/cargo-home" "-e" "RUSTUP_HOME=/opt/rustwide/rustup-home" "-w" "/opt/rustwide/workdir" "-m" "1610612736" "--user" "0:0" "--network" "none" "ghcr.io/rust-lang/crates-build-env/linux@sha256:5ff2268d62e97bff2cde7d5815dd6ed5b47097566f13b8d0ca110b04b60e07ed" "/opt/rustwide/cargo-home/bin/cargo" "+1.69.0" "test" "--frozen" "--no-run" "--message-format=json", kill_on_drop: false }`
[INFO] [stdout] 59ebcd900bf35f82f69dcd0080341ae7e2bd6a004642e6b807b920f06c457ddd
[INFO] running `Command { std: "docker" "start" "-a" "59ebcd900bf35f82f69dcd0080341ae7e2bd6a004642e6b807b920f06c457ddd", kill_on_drop: false }`
[INFO] [stderr]    Compiling rustix v0.37.18
[INFO] [stderr]    Compiling shell-words v1.1.0
[INFO] [stderr]    Compiling tempfile v3.5.0
[INFO] [stderr]    Compiling gsettings-desktop-schemas-sys v0.3.0 (/opt/rustwide/workdir)
[INFO] [stderr]     Finished test [unoptimized + debuginfo] target(s) in 5.51s
[INFO] running `Command { std: "docker" "inspect" "59ebcd900bf35f82f69dcd0080341ae7e2bd6a004642e6b807b920f06c457ddd", kill_on_drop: false }`
[INFO] running `Command { std: "docker" "rm" "-f" "59ebcd900bf35f82f69dcd0080341ae7e2bd6a004642e6b807b920f06c457ddd", kill_on_drop: false }`
[INFO] [stdout] 59ebcd900bf35f82f69dcd0080341ae7e2bd6a004642e6b807b920f06c457ddd
[INFO] running `Command { std: "docker" "create" "-v" "/var/lib/crater-agent-workspace/builds/worker-0-tc1/target:/opt/rustwide/target:rw,Z" "-v" "/var/lib/crater-agent-workspace/builds/worker-0-tc1/source:/opt/rustwide/workdir:ro,Z" "-v" "/var/lib/crater-agent-workspace/cargo-home:/opt/rustwide/cargo-home:ro,Z" "-v" "/var/lib/crater-agent-workspace/rustup-home:/opt/rustwide/rustup-home:ro,Z" "-e" "SOURCE_DIR=/opt/rustwide/workdir" "-e" "CARGO_TARGET_DIR=/opt/rustwide/target" "-e" "CARGO_INCREMENTAL=0" "-e" "RUST_BACKTRACE=full" "-e" "RUSTFLAGS=--cap-lints=warn" "-e" "RUSTDOCFLAGS=--cap-lints=warn" "-e" "CARGO_HOME=/opt/rustwide/cargo-home" "-e" "RUSTUP_HOME=/opt/rustwide/rustup-home" "-w" "/opt/rustwide/workdir" "-m" "1610612736" "--user" "0:0" "--network" "none" "ghcr.io/rust-lang/crates-build-env/linux@sha256:5ff2268d62e97bff2cde7d5815dd6ed5b47097566f13b8d0ca110b04b60e07ed" "/opt/rustwide/cargo-home/bin/cargo" "+1.69.0" "test" "--frozen", kill_on_drop: false }`
[INFO] [stdout] 93f10a427bcac050c156e6585be3c14ab4bbbb954f5f1998ef9be44d748032da
[INFO] running `Command { std: "docker" "start" "-a" "93f10a427bcac050c156e6585be3c14ab4bbbb954f5f1998ef9be44d748032da", kill_on_drop: false }`
[INFO] [stderr]     Blocking waiting for file lock on package cache
[INFO] [stderr]     Finished test [unoptimized + debuginfo] target(s) in 1.22s
[INFO] [stderr]      Running unittests src/lib.rs (/opt/rustwide/target/debug/deps/gsettings_desktop_schemas_sys-ec1aa3b6614c7b07)
[INFO] [stdout] 
[INFO] [stdout] running 0 tests
[INFO] [stdout] 
[INFO] [stdout] test result: ok. 0 passed; 0 failed; 0 ignored; 0 measured; 0 filtered out; finished in 0.00s
[INFO] [stdout] 
[INFO] [stderr]      Running tests/abi.rs (/opt/rustwide/target/debug/deps/abi-8c094d905803a4ad)
[INFO] [stdout] 
[INFO] [stdout] running 2 tests
[INFO] [stderr] tests/layout.c: In function 'main':
[INFO] [stderr] tests/layout.c:11:64: error: 'GDesktopBackgroundShading' undeclared (first use in this function)
[INFO] [stderr]    11 |     printf("%s;%zu;%zu\n", "GDesktopBackgroundShading", sizeof(GDesktopBackgroundShading), alignof(GDesktopBackgroundShading));
[INFO] [stderr]       |                                                                ^~~~~~~~~~~~~~~~~~~~~~~~~
[INFO] [stderr] tests/layout.c:11:64: note: each undeclared identifier is reported only once for each function it appears in
[INFO] [stderr] tests/layout.c:12:62: error: 'GDesktopBackgroundStyle' undeclared (first use in this function)
[INFO] [stderr]    12 |     printf("%s;%zu;%zu\n", "GDesktopBackgroundStyle", sizeof(GDesktopBackgroundStyle), alignof(GDesktopBackgroundStyle));
[INFO] [stderr]       |                                                              ^~~~~~~~~~~~~~~~~~~~~~~
[INFO] [stderr] tests/layout.c:13:58: error: 'GDesktopClockFormat' undeclared (first use in this function)
[INFO] [stderr]    13 |     printf("%s;%zu;%zu\n", "GDesktopClockFormat", sizeof(GDesktopClockFormat), alignof(GDesktopClockFormat));
[INFO] [stderr]       |                                                          ^~~~~~~~~~~~~~~~~~~
[INFO] [stderr] tests/layout.c:14:58: error: 'GDesktopColorScheme' undeclared (first use in this function)
[INFO] [stderr]    14 |     printf("%s;%zu;%zu\n", "GDesktopColorScheme", sizeof(GDesktopColorScheme), alignof(GDesktopColorScheme));
[INFO] [stderr]       |                                                          ^~~~~~~~~~~~~~~~~~~
[INFO] [stderr] tests/layout.c:15:63: error: 'GDesktopDeviceSendEvents' undeclared (first use in this function)
[INFO] [stderr]    15 |     printf("%s;%zu;%zu\n", "GDesktopDeviceSendEvents", sizeof(GDesktopDeviceSendEvents), alignof(GDesktopDeviceSendEvents));
[INFO] [stderr]       |                                                               ^~~~~~~~~~~~~~~~~~~~~~~~
[INFO] [stderr] tests/layout.c:16:56: error: 'GDesktopFocusMode' undeclared (first use in this function)
[INFO] [stderr]    16 |     printf("%s;%zu;%zu\n", "GDesktopFocusMode", sizeof(GDesktopFocusMode), alignof(GDesktopFocusMode));
[INFO] [stderr]       |                                                        ^~~~~~~~~~~~~~~~~
[INFO] [stderr] tests/layout.c:17:62: error: 'GDesktopFocusNewWindows' undeclared (first use in this function)
[INFO] [stderr]    17 |     printf("%s;%zu;%zu\n", "GDesktopFocusNewWindows", sizeof(GDesktopFocusNewWindows), alignof(GDesktopFocusNewWindows));
[INFO] [stderr]       |                                                              ^~~~~~~~~~~~~~~~~~~~~~~
[INFO] [stderr] tests/layout.c:18:67: error: 'GDesktopFontAntialiasingMode' undeclared (first use in this function)
[INFO] [stderr]    18 |     printf("%s;%zu;%zu\n", "GDesktopFontAntialiasingMode", sizeof(GDesktopFontAntialiasingMode), alignof(GDesktopFontAntialiasingMode));
[INFO] [stderr]       |                                                                   ^~~~~~~~~~~~~~~~~~~~~~~~~~~~
[INFO] [stderr] tests/layout.c:19:58: error: 'GDesktopFontHinting' undeclared (first use in this function)
[INFO] [stderr]    19 |     printf("%s;%zu;%zu\n", "GDesktopFontHinting", sizeof(GDesktopFontHinting), alignof(GDesktopFontHinting));
[INFO] [stderr]       |                                                          ^~~~~~~~~~~~~~~~~~~
[INFO] [stderr] tests/layout.c:20:60: error: 'GDesktopFontRgbaOrder' undeclared (first use in this function)
[INFO] [stderr]    20 |     printf("%s;%zu;%zu\n", "GDesktopFontRgbaOrder", sizeof(GDesktopFontRgbaOrder), alignof(GDesktopFontRgbaOrder));
[INFO] [stderr]       |                                                            ^~~~~~~~~~~~~~~~~~~~~
[INFO] [stderr] tests/layout.c:21:68: error: 'GDesktopLocationAccuracyLevel' undeclared (first use in this function)
[INFO] [stderr]    21 |     printf("%s;%zu;%zu\n", "GDesktopLocationAccuracyLevel", sizeof(GDesktopLocationAccuracyLevel), alignof(GDesktopLocationAccuracyLevel));
[INFO] [stderr]       |                                                                    ^~~~~~~~~~~~~~~~~~~~~~~~~~~~~
[INFO] [stderr] tests/layout.c:22:73: error: 'GDesktopMagnifierCaretTrackingMode' undeclared (first use in this function)
[INFO] [stderr]    22 |     printf("%s;%zu;%zu\n", "GDesktopMagnifierCaretTrackingMode", sizeof(GDesktopMagnifierCaretTrackingMode), alignof(GDesktopMagnifierCaretTrackingMode));
[INFO] [stderr]       |                                                                         ^~~~~~~~~~~~~~~~~~~~~~~~~~~~~~~~~~
[INFO] [stderr] tests/layout.c:23:73: error: 'GDesktopMagnifierFocusTrackingMode' undeclared (first use in this function)
[INFO] [stderr]    23 |     printf("%s;%zu;%zu\n", "GDesktopMagnifierFocusTrackingMode", sizeof(GDesktopMagnifierFocusTrackingMode), alignof(GDesktopMagnifierFocusTrackingMode));
[INFO] [stderr]       |                                                                         ^~~~~~~~~~~~~~~~~~~~~~~~~~~~~~~~~~
[INFO] [stderr] tests/layout.c:24:73: error: 'GDesktopMagnifierMouseTrackingMode' undeclared (first use in this function)
[INFO] [stderr]    24 |     printf("%s;%zu;%zu\n", "GDesktopMagnifierMouseTrackingMode", sizeof(GDesktopMagnifierMouseTrackingMode), alignof(GDesktopMagnifierMouseTrackingMode));
[INFO] [stderr]       |                                                                         ^~~~~~~~~~~~~~~~~~~~~~~~~~~~~~~~~~
[INFO] [stderr] tests/layout.c:25:70: error: 'GDesktopMagnifierScreenPosition' undeclared (first use in this function)
[INFO] [stderr]    25 |     printf("%s;%zu;%zu\n", "GDesktopMagnifierScreenPosition", sizeof(GDesktopMagnifierScreenPosition), alignof(GDesktopMagnifierScreenPosition));
[INFO] [stderr]       |                                                                      ^~~~~~~~~~~~~~~~~~~~~~~~~~~~~~~
[INFO] [stderr] tests/layout.c:26:66: error: 'GDesktopMouseDwellDirection' undeclared (first use in this function)
[INFO] [stderr]    26 |     printf("%s;%zu;%zu\n", "GDesktopMouseDwellDirection", sizeof(GDesktopMouseDwellDirection), alignof(GDesktopMouseDwellDirection));
[INFO] [stderr]       |                                                                  ^~~~~~~~~~~~~~~~~~~~~~~~~~~
[INFO] [stderr] tests/layout.c:27:61: error: 'GDesktopMouseDwellMode' undeclared (first use in this function)
[INFO] [stderr]    27 |     printf("%s;%zu;%zu\n", "GDesktopMouseDwellMode", sizeof(GDesktopMouseDwellMode), alignof(GDesktopMouseDwellMode));
[INFO] [stderr]       |                                                             ^~~~~~~~~~~~~~~~~~~~~~
[INFO] [stderr] tests/layout.c:28:62: error: 'GDesktopPadButtonAction' undeclared (first use in this function)
[INFO] [stderr]    28 |     printf("%s;%zu;%zu\n", "GDesktopPadButtonAction", sizeof(GDesktopPadButtonAction), alignof(GDesktopPadButtonAction));
[INFO] [stderr]       |                                                              ^~~~~~~~~~~~~~~~~~~~~~~
[INFO] [stderr] tests/layout.c:29:66: error: 'GDesktopPointerAccelProfile' undeclared (first use in this function)
[INFO] [stderr]    29 |     printf("%s;%zu;%zu\n", "GDesktopPointerAccelProfile", sizeof(GDesktopPointerAccelProfile), alignof(GDesktopPointerAccelProfile));
[INFO] [stderr]       |                                                                  ^~~~~~~~~~~~~~~~~~~~~~~~~~~
[INFO] [stderr] tests/layout.c:30:72: error: 'GDesktopPointingStickScrollMethod' undeclared (first use in this function)
[INFO] [stderr]    30 |     printf("%s;%zu;%zu\n", "GDesktopPointingStickScrollMethod", sizeof(GDesktopPointingStickScrollMethod), alignof(GDesktopPointingStickScrollMethod));
[INFO] [stderr]       |                                                                        ^~~~~~~~~~~~~~~~~~~~~~~~~~~~~~~~~
[INFO] [stderr] tests/layout.c:31:56: error: 'GDesktopProxyMode' undeclared (first use in this function)
[INFO] [stderr]    31 |     printf("%s;%zu;%zu\n", "GDesktopProxyMode", sizeof(GDesktopProxyMode), alignof(GDesktopProxyMode));
[INFO] [stderr]       |                                                        ^~~~~~~~~~~~~~~~~
[INFO] [stderr] tests/layout.c:32:62: error: 'GDesktopScreensaverMode' undeclared (first use in this function)
[INFO] [stderr]    32 |     printf("%s;%zu;%zu\n", "GDesktopScreensaverMode", sizeof(GDesktopScreensaverMode), alignof(GDesktopScreensaverMode));
[INFO] [stderr]       |                                                              ^~~~~~~~~~~~~~~~~~~~~~~
[INFO] [stderr] tests/layout.c:33:65: error: 'GDesktopStylusButtonAction' undeclared (first use in this function)
[INFO] [stderr]    33 |     printf("%s;%zu;%zu\n", "GDesktopStylusButtonAction", sizeof(GDesktopStylusButtonAction), alignof(GDesktopStylusButtonAction));
[INFO] [stderr]       |                                                                 ^~~~~~~~~~~~~~~~~~~~~~~~~~
[INFO] [stderr] tests/layout.c:34:60: error: 'GDesktopTabletMapping' undeclared (first use in this function)
[INFO] [stderr]    34 |     printf("%s;%zu;%zu\n", "GDesktopTabletMapping", sizeof(GDesktopTabletMapping), alignof(GDesktopTabletMapping));
[INFO] [stderr]       |                                                            ^~~~~~~~~~~~~~~~~~~~~
[INFO] [stderr] tests/layout.c:35:61: error: 'GDesktopTitlebarAction' undeclared (first use in this function)
[INFO] [stderr]    35 |     printf("%s;%zu;%zu\n", "GDesktopTitlebarAction", sizeof(GDesktopTitlebarAction), alignof(GDesktopTitlebarAction));
[INFO] [stderr]       |                                                             ^~~~~~~~~~~~~~~~~~~~~~
[INFO] [stderr] tests/layout.c:36:62: error: 'GDesktopToolbarIconSize' undeclared (first use in this function)
[INFO] [stderr]    36 |     printf("%s;%zu;%zu\n", "GDesktopToolbarIconSize", sizeof(GDesktopToolbarIconSize), alignof(GDesktopToolbarIconSize));
[INFO] [stderr]       |                                                              ^~~~~~~~~~~~~~~~~~~~~~~
[INFO] [stderr] tests/layout.c:37:59: error: 'GDesktopToolbarStyle' undeclared (first use in this function)
[INFO] [stderr]    37 |     printf("%s;%zu;%zu\n", "GDesktopToolbarStyle", sizeof(GDesktopToolbarStyle), alignof(GDesktopToolbarStyle));
[INFO] [stderr]       |                                                           ^~~~~~~~~~~~~~~~~~~~
[INFO] [stderr] tests/layout.c:38:66: error: 'GDesktopTouchpadClickMethod' undeclared (first use in this function)
[INFO] [stderr]    38 |     printf("%s;%zu;%zu\n", "GDesktopTouchpadClickMethod", sizeof(GDesktopTouchpadClickMethod), alignof(GDesktopTouchpadClickMethod));
[INFO] [stderr]       |                                                                  ^~~~~~~~~~~~~~~~~~~~~~~~~~~
[INFO] [stderr] tests/layout.c:39:65: error: 'GDesktopTouchpadHandedness' undeclared (first use in this function)
[INFO] [stderr]    39 |     printf("%s;%zu;%zu\n", "GDesktopTouchpadHandedness", sizeof(GDesktopTouchpadHandedness), alignof(GDesktopTouchpadHandedness));
[INFO] [stderr]       |                                                                 ^~~~~~~~~~~~~~~~~~~~~~~~~~
[INFO] [stderr] tests/layout.c:40:67: error: 'GDesktopTouchpadTapButtonMap' undeclared (first use in this function)
[INFO] [stderr]    40 |     printf("%s;%zu;%zu\n", "GDesktopTouchpadTapButtonMap", sizeof(GDesktopTouchpadTapButtonMap), alignof(GDesktopTouchpadTapButtonMap));
[INFO] [stderr]       |                                                                   ^~~~~~~~~~~~~~~~~~~~~~~~~~~~
[INFO] [stderr] tests/layout.c:41:60: error: 'GDesktopUsbProtection' undeclared (first use in this function)
[INFO] [stderr]    41 |     printf("%s;%zu;%zu\n", "GDesktopUsbProtection", sizeof(GDesktopUsbProtection), alignof(GDesktopUsbProtection));
[INFO] [stderr]       |                                                            ^~~~~~~~~~~~~~~~~~~~~
[INFO] [stderr] tests/layout.c:42:61: error: 'GDesktopVisualBellType' undeclared (first use in this function)
[INFO] [stderr]    42 |     printf("%s;%zu;%zu\n", "GDesktopVisualBellType", sizeof(GDesktopVisualBellType), alignof(GDesktopVisualBellType));
[INFO] [stderr]       |                                                             ^~~~~~~~~~~~~~~~~~~~~~
[INFO] [stderr] tests/constant.c: In function 'main':
[INFO] [stderr] tests/constant.c:32:21: error: 'gint' undeclared (first use in this function); did you mean 'int'?
[INFO] [stderr]    32 |     PRINT_CONSTANT((gint) G_DESKTOP_BACKGROUND_SHADING_HORIZONTAL);
[INFO] [stderr]       |                     ^~~~
[INFO] [stderr] tests/constant.c:11:22: note: in definition of macro 'PRINT_CONSTANT'
[INFO] [stderr]    11 |     printf(_Generic((CONSTANT_NAME), \
[INFO] [stderr]       |                      ^~~~~~~~~~~~~
[INFO] [stderr] tests/constant.c:32:21: note: each undeclared identifier is reported only once for each function it appears in
[INFO] [stderr]    32 |     PRINT_CONSTANT((gint) G_DESKTOP_BACKGROUND_SHADING_HORIZONTAL);
[INFO] [stderr]       |                     ^~~~
[INFO] [stderr] tests/constant.c:11:22: note: in definition of macro 'PRINT_CONSTANT'
[INFO] [stderr]    11 |     printf(_Generic((CONSTANT_NAME), \
[INFO] [stderr]       |                      ^~~~~~~~~~~~~
[INFO] [stderr] tests/constant.c:32:27: error: expected ')' before 'G_DESKTOP_BACKGROUND_SHADING_HORIZONTAL'
[INFO] [stderr]    32 |     PRINT_CONSTANT((gint) G_DESKTOP_BACKGROUND_SHADING_HORIZONTAL);
[INFO] [stderr]       |                           ^~~~~~~~~~~~~~~~~~~~~~~~~~~~~~~~~~~~~~~
[INFO] [stderr] tests/constant.c:11:22: note: in definition of macro 'PRINT_CONSTANT'
[INFO] [stderr]    11 |     printf(_Generic((CONSTANT_NAME), \
[INFO] [stderr]       |                      ^~~~~~~~~~~~~
[INFO] [stderr] tests/constant.c:11:21: note: to match this '('
[INFO] [stderr]    11 |     printf(_Generic((CONSTANT_NAME), \
[INFO] [stderr]       |                     ^
[INFO] [stderr] tests/constant.c:32:5: note: in expansion of macro 'PRINT_CONSTANT'
[INFO] [stderr]    32 |     PRINT_CONSTANT((gint) G_DESKTOP_BACKGROUND_SHADING_HORIZONTAL);
[INFO] [stderr]       |     ^~~~~~~~~~~~~~
[INFO] [stderr] tests/constant.c:32:27: error: expected ')' before 'G_DESKTOP_BACKGROUND_SHADING_HORIZONTAL'
[INFO] [stderr]    32 |     PRINT_CONSTANT((gint) G_DESKTOP_BACKGROUND_SHADING_HORIZONTAL);
[INFO] [stderr]       |                           ^~~~~~~~~~~~~~~~~~~~~~~~~~~~~~~~~~~~~~~
[INFO] [stderr] tests/constant.c:28:12: note: in definition of macro 'PRINT_CONSTANT'
[INFO] [stderr]    28 |            CONSTANT_NAME); \
[INFO] [stderr]       |            ^~~~~~~~~~~~~
[INFO] [stderr] tests/constant.c:11:11: note: to match this '('
[INFO] [stderr]    11 |     printf(_Generic((CONSTANT_NAME), \
[INFO] [stderr]       |           ^
[INFO] [stderr] tests/constant.c:32:5: note: in expansion of macro 'PRINT_CONSTANT'
[INFO] [stderr]    32 |     PRINT_CONSTANT((gint) G_DESKTOP_BACKGROUND_SHADING_HORIZONTAL);
[INFO] [stderr]       |     ^~~~~~~~~~~~~~
[INFO] [stderr] tests/constant.c:33:27: error: expected ')' before 'G_DESKTOP_BACKGROUND_SHADING_SOLID'
[INFO] [stderr]    33 |     PRINT_CONSTANT((gint) G_DESKTOP_BACKGROUND_SHADING_SOLID);
[INFO] [stderr]       |                           ^~~~~~~~~~~~~~~~~~~~~~~~~~~~~~~~~~
[INFO] [stderr] tests/constant.c:11:22: note: in definition of macro 'PRINT_CONSTANT'
[INFO] [stderr]    11 |     printf(_Generic((CONSTANT_NAME), \
[INFO] [stderr]       |                      ^~~~~~~~~~~~~
[INFO] [stderr] tests/constant.c:11:21: note: to match this '('
[INFO] [stderr]    11 |     printf(_Generic((CONSTANT_NAME), \
[INFO] [stderr]       |                     ^
[INFO] [stderr] tests/constant.c:33:5: note: in expansion of macro 'PRINT_CONSTANT'
[INFO] [stderr]    33 |     PRINT_CONSTANT((gint) G_DESKTOP_BACKGROUND_SHADING_SOLID);
[INFO] [stderr]       |     ^~~~~~~~~~~~~~
[INFO] [stderr] tests/constant.c:33:27: error: expected ')' before 'G_DESKTOP_BACKGROUND_SHADING_SOLID'
[INFO] [stderr]    33 |     PRINT_CONSTANT((gint) G_DESKTOP_BACKGROUND_SHADING_SOLID);
[INFO] [stderr]       |                           ^~~~~~~~~~~~~~~~~~~~~~~~~~~~~~~~~~
[INFO] [stderr] tests/constant.c:28:12: note: in definition of macro 'PRINT_CONSTANT'
[INFO] [stderr]    28 |            CONSTANT_NAME); \
[INFO] [stderr]       |            ^~~~~~~~~~~~~
[INFO] [stderr] tests/constant.c:11:11: note: to match this '('
[INFO] [stderr]    11 |     printf(_Generic((CONSTANT_NAME), \
[INFO] [stderr]       |           ^
[INFO] [stderr] tests/constant.c:33:5: note: in expansion of macro 'PRINT_CONSTANT'
[INFO] [stderr]    33 |     PRINT_CONSTANT((gint) G_DESKTOP_BACKGROUND_SHADING_SOLID);
[INFO] [stderr]       |     ^~~~~~~~~~~~~~
[INFO] [stderr] tests/constant.c:34:27: error: expected ')' before 'G_DESKTOP_BACKGROUND_SHADING_VERTICAL'
[INFO] [stderr]    34 |     PRINT_CONSTANT((gint) G_DESKTOP_BACKGROUND_SHADING_VERTICAL);
[INFO] [stderr]       |                           ^~~~~~~~~~~~~~~~~~~~~~~~~~~~~~~~~~~~~
[INFO] [stderr] tests/constant.c:11:22: note: in definition of macro 'PRINT_CONSTANT'
[INFO] [stderr]    11 |     printf(_Generic((CONSTANT_NAME), \
[INFO] [stderr]       |                      ^~~~~~~~~~~~~
[INFO] [stderr] tests/constant.c:11:21: note: to match this '('
[INFO] [stderr]    11 |     printf(_Generic((CONSTANT_NAME), \
[INFO] [stderr]       |                     ^
[INFO] [stderr] tests/constant.c:34:5: note: in expansion of macro 'PRINT_CONSTANT'
[INFO] [stderr]    34 |     PRINT_CONSTANT((gint) G_DESKTOP_BACKGROUND_SHADING_VERTICAL);
[INFO] [stderr]       |     ^~~~~~~~~~~~~~
[INFO] [stderr] tests/constant.c:34:27: error: expected ')' before 'G_DESKTOP_BACKGROUND_SHADING_VERTICAL'
[INFO] [stderr]    34 |     PRINT_CONSTANT((gint) G_DESKTOP_BACKGROUND_SHADING_VERTICAL);
[INFO] [stderr]       |                           ^~~~~~~~~~~~~~~~~~~~~~~~~~~~~~~~~~~~~
[INFO] [stderr] tests/constant.c:28:12: note: in definition of macro 'PRINT_CONSTANT'
[INFO] [stderr]    28 |            CONSTANT_NAME); \
[INFO] [stderr]       |            ^~~~~~~~~~~~~
[INFO] [stderr] tests/constant.c:11:11: note: to match this '('
[INFO] [stderr]    11 |     printf(_Generic((CONSTANT_NAME), \
[INFO] [stderr]       |           ^
[INFO] [stderr] tests/constant.c:34:5: note: in expansion of macro 'PRINT_CONSTANT'
[INFO] [stderr]    34 |     PRINT_CONSTANT((gint) G_DESKTOP_BACKGROUND_SHADING_VERTICAL);
[INFO] [stderr]       |     ^~~~~~~~~~~~~~
[INFO] [stderr] tests/constant.c:35:27: error: expected ')' before 'G_DESKTOP_BACKGROUND_STYLE_CENTERED'
[INFO] [stderr]    35 |     PRINT_CONSTANT((gint) G_DESKTOP_BACKGROUND_STYLE_CENTERED);
[INFO] [stderr]       |                           ^~~~~~~~~~~~~~~~~~~~~~~~~~~~~~~~~~~
[INFO] [stderr] tests/constant.c:11:22: note: in definition of macro 'PRINT_CONSTANT'
[INFO] [stderr]    11 |     printf(_Generic((CONSTANT_NAME), \
[INFO] [stderr]       |                      ^~~~~~~~~~~~~
[INFO] [stderr] tests/constant.c:11:21: note: to match this '('
[INFO] [stderr]    11 |     printf(_Generic((CONSTANT_NAME), \
[INFO] [stderr]       |                     ^
[INFO] [stderr] tests/constant.c:35:5: note: in expansion of macro 'PRINT_CONSTANT'
[INFO] [stderr]    35 |     PRINT_CONSTANT((gint) G_DESKTOP_BACKGROUND_STYLE_CENTERED);
[INFO] [stderr]       |     ^~~~~~~~~~~~~~
[INFO] [stderr] tests/constant.c:35:27: error: expected ')' before 'G_DESKTOP_BACKGROUND_STYLE_CENTERED'
[INFO] [stderr]    35 |     PRINT_CONSTANT((gint) G_DESKTOP_BACKGROUND_STYLE_CENTERED);
[INFO] [stderr]       |                           ^~~~~~~~~~~~~~~~~~~~~~~~~~~~~~~~~~~
[INFO] [stderr] tests/constant.c:28:12: note: in definition of macro 'PRINT_CONSTANT'
[INFO] [stderr]    28 |            CONSTANT_NAME); \
[INFO] [stderr]       |            ^~~~~~~~~~~~~
[INFO] [stderr] tests/constant.c:11:11: note: to match this '('
[INFO] [stderr]    11 |     printf(_Generic((CONSTANT_NAME), \
[INFO] [stderr]       |           ^
[INFO] [stderr] tests/constant.c:35:5: note: in expansion of macro 'PRINT_CONSTANT'
[INFO] [stderr]    35 |     PRINT_CONSTANT((gint) G_DESKTOP_BACKGROUND_STYLE_CENTERED);
[INFO] [stderr]       |     ^~~~~~~~~~~~~~
[INFO] [stderr] tests/constant.c:36:27: error: expected ')' before 'G_DESKTOP_BACKGROUND_STYLE_NONE'
[INFO] [stderr]    36 |     PRINT_CONSTANT((gint) G_DESKTOP_BACKGROUND_STYLE_NONE);
[INFO] [stderr]       |                           ^~~~~~~~~~~~~~~~~~~~~~~~~~~~~~~
[INFO] [stderr] tests/constant.c:11:22: note: in definition of macro 'PRINT_CONSTANT'
[INFO] [stderr]    11 |     printf(_Generic((CONSTANT_NAME), \
[INFO] [stderr]       |                      ^~~~~~~~~~~~~
[INFO] [stderr] tests/constant.c:11:21: note: to match this '('
[INFO] [stderr]    11 |     printf(_Generic((CONSTANT_NAME), \
[INFO] [stderr]       |                     ^
[INFO] [stderr] tests/constant.c:36:5: note: in expansion of macro 'PRINT_CONSTANT'
[INFO] [stderr]    36 |     PRINT_CONSTANT((gint) G_DESKTOP_BACKGROUND_STYLE_NONE);
[INFO] [stderr]       |     ^~~~~~~~~~~~~~
[INFO] [stderr] tests/constant.c:36:27: error: expected ')' before 'G_DESKTOP_BACKGROUND_STYLE_NONE'
[INFO] [stderr]    36 |     PRINT_CONSTANT((gint) G_DESKTOP_BACKGROUND_STYLE_NONE);
[INFO] [stderr]       |                           ^~~~~~~~~~~~~~~~~~~~~~~~~~~~~~~
[INFO] [stderr] tests/constant.c:28:12: note: in definition of macro 'PRINT_CONSTANT'
[INFO] [stderr]    28 |            CONSTANT_NAME); \
[INFO] [stderr]       |            ^~~~~~~~~~~~~
[INFO] [stderr] tests/constant.c:11:11: note: to match this '('
[INFO] [stderr]    11 |     printf(_Generic((CONSTANT_NAME), \
[INFO] [stderr]       |           ^
[INFO] [stderr] tests/constant.c:36:5: note: in expansion of macro 'PRINT_CONSTANT'
[INFO] [stderr]    36 |     PRINT_CONSTANT((gint) G_DESKTOP_BACKGROUND_STYLE_NONE);
[INFO] [stderr]       |     ^~~~~~~~~~~~~~
[INFO] [stderr] tests/constant.c:37:27: error: expected ')' before 'G_DESKTOP_BACKGROUND_STYLE_SCALED'
[INFO] [stderr]    37 |     PRINT_CONSTANT((gint) G_DESKTOP_BACKGROUND_STYLE_SCALED);
[INFO] [stderr]       |                           ^~~~~~~~~~~~~~~~~~~~~~~~~~~~~~~~~
[INFO] [stderr] tests/constant.c:11:22: note: in definition of macro 'PRINT_CONSTANT'
[INFO] [stderr]    11 |     printf(_Generic((CONSTANT_NAME), \
[INFO] [stderr]       |                      ^~~~~~~~~~~~~
[INFO] [stderr] tests/constant.c:11:21: note: to match this '('
[INFO] [stderr]    11 |     printf(_Generic((CONSTANT_NAME), \
[INFO] [stderr]       |                     ^
[INFO] [stderr] tests/constant.c:37:5: note: in expansion of macro 'PRINT_CONSTANT'
[INFO] [stderr]    37 |     PRINT_CONSTANT((gint) G_DESKTOP_BACKGROUND_STYLE_SCALED);
[INFO] [stderr]       |     ^~~~~~~~~~~~~~
[INFO] [stderr] tests/constant.c:37:27: error: expected ')' before 'G_DESKTOP_BACKGROUND_STYLE_SCALED'
[INFO] [stderr]    37 |     PRINT_CONSTANT((gint) G_DESKTOP_BACKGROUND_STYLE_SCALED);
[INFO] [stderr]       |                           ^~~~~~~~~~~~~~~~~~~~~~~~~~~~~~~~~
[INFO] [stderr] tests/constant.c:28:12: note: in definition of macro 'PRINT_CONSTANT'
[INFO] [stderr]    28 |            CONSTANT_NAME); \
[INFO] [stderr]       |            ^~~~~~~~~~~~~
[INFO] [stderr] tests/constant.c:11:11: note: to match this '('
[INFO] [stderr]    11 |     printf(_Generic((CONSTANT_NAME), \
[INFO] [stderr]       |           ^
[INFO] [stderr] tests/constant.c:37:5: note: in expansion of macro 'PRINT_CONSTANT'
[INFO] [stderr]    37 |     PRINT_CONSTANT((gint) G_DESKTOP_BACKGROUND_STYLE_SCALED);
[INFO] [stderr]       |     ^~~~~~~~~~~~~~
[INFO] [stderr] tests/constant.c:38:27: error: expected ')' before 'G_DESKTOP_BACKGROUND_STYLE_SPANNED'
[INFO] [stderr]    38 |     PRINT_CONSTANT((gint) G_DESKTOP_BACKGROUND_STYLE_SPANNED);
[INFO] [stderr]       |                           ^~~~~~~~~~~~~~~~~~~~~~~~~~~~~~~~~~
[INFO] [stderr] tests/constant.c:11:22: note: in definition of macro 'PRINT_CONSTANT'
[INFO] [stderr]    11 |     printf(_Generic((CONSTANT_NAME), \
[INFO] [stderr]       |                      ^~~~~~~~~~~~~
[INFO] [stderr] tests/constant.c:11:21: note: to match this '('
[INFO] [stderr]    11 |     printf(_Generic((CONSTANT_NAME), \
[INFO] [stderr]       |                     ^
[INFO] [stderr] tests/constant.c:38:5: note: in expansion of macro 'PRINT_CONSTANT'
[INFO] [stderr]    38 |     PRINT_CONSTANT((gint) G_DESKTOP_BACKGROUND_STYLE_SPANNED);
[INFO] [stderr]       |     ^~~~~~~~~~~~~~
[INFO] [stderr] tests/constant.c:38:27: error: expected ')' before 'G_DESKTOP_BACKGROUND_STYLE_SPANNED'
[INFO] [stderr]    38 |     PRINT_CONSTANT((gint) G_DESKTOP_BACKGROUND_STYLE_SPANNED);
[INFO] [stderr]       |                           ^~~~~~~~~~~~~~~~~~~~~~~~~~~~~~~~~~
[INFO] [stderr] tests/constant.c:28:12: note: in definition of macro 'PRINT_CONSTANT'
[INFO] [stderr]    28 |            CONSTANT_NAME); \
[INFO] [stderr]       |            ^~~~~~~~~~~~~
[INFO] [stderr] tests/constant.c:11:11: note: to match this '('
[INFO] [stderr]    11 |     printf(_Generic((CONSTANT_NAME), \
[INFO] [stderr]       |           ^
[INFO] [stderr] tests/constant.c:38:5: note: in expansion of macro 'PRINT_CONSTANT'
[INFO] [stderr]    38 |     PRINT_CONSTANT((gint) G_DESKTOP_BACKGROUND_STYLE_SPANNED);
[INFO] [stderr]       |     ^~~~~~~~~~~~~~
[INFO] [stderr] tests/constant.c:39:27: error: expected ')' before 'G_DESKTOP_BACKGROUND_STYLE_STRETCHED'
[INFO] [stderr]    39 |     PRINT_CONSTANT((gint) G_DESKTOP_BACKGROUND_STYLE_STRETCHED);
[INFO] [stderr]       |                           ^~~~~~~~~~~~~~~~~~~~~~~~~~~~~~~~~~~~
[INFO] [stderr] tests/constant.c:11:22: note: in definition of macro 'PRINT_CONSTANT'
[INFO] [stderr]    11 |     printf(_Generic((CONSTANT_NAME), \
[INFO] [stderr]       |                      ^~~~~~~~~~~~~
[INFO] [stderr] tests/constant.c:11:21: note: to match this '('
[INFO] [stderr]    11 |     printf(_Generic((CONSTANT_NAME), \
[INFO] [stderr]       |                     ^
[INFO] [stderr] tests/constant.c:39:5: note: in expansion of macro 'PRINT_CONSTANT'
[INFO] [stderr]    39 |     PRINT_CONSTANT((gint) G_DESKTOP_BACKGROUND_STYLE_STRETCHED);
[INFO] [stderr]       |     ^~~~~~~~~~~~~~
[INFO] [stderr] tests/constant.c:39:27: error: expected ')' before 'G_DESKTOP_BACKGROUND_STYLE_STRETCHED'
[INFO] [stderr]    39 |     PRINT_CONSTANT((gint) G_DESKTOP_BACKGROUND_STYLE_STRETCHED);
[INFO] [stderr]       |                           ^~~~~~~~~~~~~~~~~~~~~~~~~~~~~~~~~~~~
[INFO] [stderr] tests/constant.c:28:12: note: in definition of macro 'PRINT_CONSTANT'
[INFO] [stderr]    28 |            CONSTANT_NAME); \
[INFO] [stderr]       |            ^~~~~~~~~~~~~
[INFO] [stderr] tests/constant.c:11:11: note: to match this '('
[INFO] [stderr]    11 |     printf(_Generic((CONSTANT_NAME), \
[INFO] [stderr]       |           ^
[INFO] [stderr] tests/constant.c:39:5: note: in expansion of macro 'PRINT_CONSTANT'
[INFO] [stderr]    39 |     PRINT_CONSTANT((gint) G_DESKTOP_BACKGROUND_STYLE_STRETCHED);
[INFO] [stderr]       |     ^~~~~~~~~~~~~~
[INFO] [stderr] tests/constant.c:40:27: error: expected ')' before 'G_DESKTOP_BACKGROUND_STYLE_WALLPAPER'
[INFO] [stderr]    40 |     PRINT_CONSTANT((gint) G_DESKTOP_BACKGROUND_STYLE_WALLPAPER);
[INFO] [stderr]       |                           ^~~~~~~~~~~~~~~~~~~~~~~~~~~~~~~~~~~~
[INFO] [stderr] tests/constant.c:11:22: note: in definition of macro 'PRINT_CONSTANT'
[INFO] [stderr]    11 |     printf(_Generic((CONSTANT_NAME), \
[INFO] [stderr]       |                      ^~~~~~~~~~~~~
[INFO] [stderr] tests/constant.c:11:21: note: to match this '('
[INFO] [stderr]    11 |     printf(_Generic((CONSTANT_NAME), \
[INFO] [stderr]       |                     ^
[INFO] [stderr] tests/constant.c:40:5: note: in expansion of macro 'PRINT_CONSTANT'
[INFO] [stderr]    40 |     PRINT_CONSTANT((gint) G_DESKTOP_BACKGROUND_STYLE_WALLPAPER);
[INFO] [stderr]       |     ^~~~~~~~~~~~~~
[INFO] [stderr] tests/constant.c:40:27: error: expected ')' before 'G_DESKTOP_BACKGROUND_STYLE_WALLPAPER'
[INFO] [stderr]    40 |     PRINT_CONSTANT((gint) G_DESKTOP_BACKGROUND_STYLE_WALLPAPER);
[INFO] [stderr]       |                           ^~~~~~~~~~~~~~~~~~~~~~~~~~~~~~~~~~~~
[INFO] [stderr] tests/constant.c:28:12: note: in definition of macro 'PRINT_CONSTANT'
[INFO] [stderr]    28 |            CONSTANT_NAME); \
[INFO] [stderr]       |            ^~~~~~~~~~~~~
[INFO] [stderr] tests/constant.c:11:11: note: to match this '('
[INFO] [stderr]    11 |     printf(_Generic((CONSTANT_NAME), \
[INFO] [stderr]       |           ^
[INFO] [stderr] tests/constant.c:40:5: note: in expansion of macro 'PRINT_CONSTANT'
[INFO] [stderr]    40 |     PRINT_CONSTANT((gint) G_DESKTOP_BACKGROUND_STYLE_WALLPAPER);
[INFO] [stderr]       |     ^~~~~~~~~~~~~~
[INFO] [stderr] tests/constant.c:41:27: error: expected ')' before 'G_DESKTOP_BACKGROUND_STYLE_ZOOM'
[INFO] [stderr]    41 |     PRINT_CONSTANT((gint) G_DESKTOP_BACKGROUND_STYLE_ZOOM);
[INFO] [stderr]       |                           ^~~~~~~~~~~~~~~~~~~~~~~~~~~~~~~
[INFO] [stderr] tests/constant.c:11:22: note: in definition of macro 'PRINT_CONSTANT'
[INFO] [stderr]    11 |     printf(_Generic((CONSTANT_NAME), \
[INFO] [stderr]       |                      ^~~~~~~~~~~~~
[INFO] [stderr] tests/constant.c:11:21: note: to match this '('
[INFO] [stderr]    11 |     printf(_Generic((CONSTANT_NAME), \
[INFO] [stderr]       |                     ^
[INFO] [stderr] tests/constant.c:41:5: note: in expansion of macro 'PRINT_CONSTANT'
[INFO] [stderr]    41 |     PRINT_CONSTANT((gint) G_DESKTOP_BACKGROUND_STYLE_ZOOM);
[INFO] [stderr]       |     ^~~~~~~~~~~~~~
[INFO] [stderr] tests/constant.c:41:27: error: expected ')' before 'G_DESKTOP_BACKGROUND_STYLE_ZOOM'
[INFO] [stderr]    41 |     PRINT_CONSTANT((gint) G_DESKTOP_BACKGROUND_STYLE_ZOOM);
[INFO] [stderr]       |                           ^~~~~~~~~~~~~~~~~~~~~~~~~~~~~~~
[INFO] [stderr] tests/constant.c:28:12: note: in definition of macro 'PRINT_CONSTANT'
[INFO] [stderr]    28 |            CONSTANT_NAME); \
[INFO] [stderr]       |            ^~~~~~~~~~~~~
[INFO] [stderr] tests/constant.c:11:11: note: to match this '('
[INFO] [stderr]    11 |     printf(_Generic((CONSTANT_NAME), \
[INFO] [stderr]       |           ^
[INFO] [stderr] tests/constant.c:41:5: note: in expansion of macro 'PRINT_CONSTANT'
[INFO] [stderr]    41 |     PRINT_CONSTANT((gint) G_DESKTOP_BACKGROUND_STYLE_ZOOM);
[INFO] [stderr]       |     ^~~~~~~~~~~~~~
[INFO] [stderr] tests/constant.c:42:27: error: expected ')' before 'G_DESKTOP_CLOCK_FORMAT_12H'
[INFO] [stderr]    42 |     PRINT_CONSTANT((gint) G_DESKTOP_CLOCK_FORMAT_12H);
[INFO] [stderr]       |                           ^~~~~~~~~~~~~~~~~~~~~~~~~~
[INFO] [stderr] tests/constant.c:11:22: note: in definition of macro 'PRINT_CONSTANT'
[INFO] [stderr]    11 |     printf(_Generic((CONSTANT_NAME), \
[INFO] [stderr]       |                      ^~~~~~~~~~~~~
[INFO] [stderr] tests/constant.c:11:21: note: to match this '('
[INFO] [stderr]    11 |     printf(_Generic((CONSTANT_NAME), \
[INFO] [stderr]       |                     ^
[INFO] [stderr] tests/constant.c:42:5: note: in expansion of macro 'PRINT_CONSTANT'
[INFO] [stderr]    42 |     PRINT_CONSTANT((gint) G_DESKTOP_CLOCK_FORMAT_12H);
[INFO] [stderr]       |     ^~~~~~~~~~~~~~
[INFO] [stderr] tests/constant.c:42:27: error: expected ')' before 'G_DESKTOP_CLOCK_FORMAT_12H'
[INFO] [stderr]    42 |     PRINT_CONSTANT((gint) G_DESKTOP_CLOCK_FORMAT_12H);
[INFO] [stderr]       |                           ^~~~~~~~~~~~~~~~~~~~~~~~~~
[INFO] [stderr] tests/constant.c:28:12: note: in definition of macro 'PRINT_CONSTANT'
[INFO] [stderr]    28 |            CONSTANT_NAME); \
[INFO] [stderr]       |            ^~~~~~~~~~~~~
[INFO] [stderr] tests/constant.c:11:11: note: to match this '('
[INFO] [stderr]    11 |     printf(_Generic((CONSTANT_NAME), \
[INFO] [stderr]       |           ^
[INFO] [stderr] tests/constant.c:42:5: note: in expansion of macro 'PRINT_CONSTANT'
[INFO] [stderr]    42 |     PRINT_CONSTANT((gint) G_DESKTOP_CLOCK_FORMAT_12H);
[INFO] [stderr]       |     ^~~~~~~~~~~~~~
[INFO] [stderr] tests/constant.c:43:27: error: expected ')' before 'G_DESKTOP_CLOCK_FORMAT_24H'
[INFO] [stderr]    43 |     PRINT_CONSTANT((gint) G_DESKTOP_CLOCK_FORMAT_24H);
[INFO] [stderr]       |                           ^~~~~~~~~~~~~~~~~~~~~~~~~~
[INFO] [stderr] tests/constant.c:11:22: note: in definition of macro 'PRINT_CONSTANT'
[INFO] [stderr]    11 |     printf(_Generic((CONSTANT_NAME), \
[INFO] [stderr]       |                      ^~~~~~~~~~~~~
[INFO] [stderr] tests/constant.c:11:21: note: to match this '('
[INFO] [stderr]    11 |     printf(_Generic((CONSTANT_NAME), \
[INFO] [stderr]       |                     ^
[INFO] [stderr] tests/constant.c:43:5: note: in expansion of macro 'PRINT_CONSTANT'
[INFO] [stderr]    43 |     PRINT_CONSTANT((gint) G_DESKTOP_CLOCK_FORMAT_24H);
[INFO] [stderr]       |     ^~~~~~~~~~~~~~
[INFO] [stderr] tests/constant.c:43:27: error: expected ')' before 'G_DESKTOP_CLOCK_FORMAT_24H'
[INFO] [stderr]    43 |     PRINT_CONSTANT((gint) G_DESKTOP_CLOCK_FORMAT_24H);
[INFO] [stderr]       |                           ^~~~~~~~~~~~~~~~~~~~~~~~~~
[INFO] [stderr] tests/constant.c:28:12: note: in definition of macro 'PRINT_CONSTANT'
[INFO] [stderr]    28 |            CONSTANT_NAME); \
[INFO] [stderr]       |            ^~~~~~~~~~~~~
[INFO] [stderr] tests/constant.c:11:11: note: to match this '('
[INFO] [stderr]    11 |     printf(_Generic((CONSTANT_NAME), \
[INFO] [stderr]       |           ^
[INFO] [stderr] tests/constant.c:43:5: note: in expansion of macro 'PRINT_CONSTANT'
[INFO] [stderr]    43 |     PRINT_CONSTANT((gint) G_DESKTOP_CLOCK_FORMAT_24H);
[INFO] [stderr]       |     ^~~~~~~~~~~~~~
[INFO] [stderr] tests/constant.c:44:27: error: expected ')' before 'G_DESKTOP_COLOR_SCHEME_DEFAULT'
[INFO] [stderr]    44 |     PRINT_CONSTANT((gint) G_DESKTOP_COLOR_SCHEME_DEFAULT);
[INFO] [stderr]       |                           ^~~~~~~~~~~~~~~~~~~~~~~~~~~~~~
[INFO] [stderr] tests/constant.c:11:22: note: in definition of macro 'PRINT_CONSTANT'
[INFO] [stderr]    11 |     printf(_Generic((CONSTANT_NAME), \
[INFO] [stderr]       |                      ^~~~~~~~~~~~~
[INFO] [stderr] tests/constant.c:11:21: note: to match this '('
[INFO] [stderr]    11 |     printf(_Generic((CONSTANT_NAME), \
[INFO] [stderr]       |                     ^
[INFO] [stderr] tests/constant.c:44:5: note: in expansion of macro 'PRINT_CONSTANT'
[INFO] [stderr]    44 |     PRINT_CONSTANT((gint) G_DESKTOP_COLOR_SCHEME_DEFAULT);
[INFO] [stderr]       |     ^~~~~~~~~~~~~~
[INFO] [stderr] tests/constant.c:44:27: error: expected ')' before 'G_DESKTOP_COLOR_SCHEME_DEFAULT'
[INFO] [stderr]    44 |     PRINT_CONSTANT((gint) G_DESKTOP_COLOR_SCHEME_DEFAULT);
[INFO] [stderr]       |                           ^~~~~~~~~~~~~~~~~~~~~~~~~~~~~~
[INFO] [stderr] tests/constant.c:28:12: note: in definition of macro 'PRINT_CONSTANT'
[INFO] [stderr]    28 |            CONSTANT_NAME); \
[INFO] [stderr]       |            ^~~~~~~~~~~~~
[INFO] [stderr] tests/constant.c:11:11: note: to match this '('
[INFO] [stderr]    11 |     printf(_Generic((CONSTANT_NAME), \
[INFO] [stderr]       |           ^
[INFO] [stderr] tests/constant.c:44:5: note: in expansion of macro 'PRINT_CONSTANT'
[INFO] [stderr]    44 |     PRINT_CONSTANT((gint) G_DESKTOP_COLOR_SCHEME_DEFAULT);
[INFO] [stderr]       |     ^~~~~~~~~~~~~~
[INFO] [stderr] tests/constant.c:45:27: error: expected ')' before 'G_DESKTOP_COLOR_SCHEME_PREFER_DARK'
[INFO] [stderr]    45 |     PRINT_CONSTANT((gint) G_DESKTOP_COLOR_SCHEME_PREFER_DARK);
[INFO] [stderr]       |                           ^~~~~~~~~~~~~~~~~~~~~~~~~~~~~~~~~~
[INFO] [stderr] tests/constant.c:11:22: note: in definition of macro 'PRINT_CONSTANT'
[INFO] [stderr]    11 |     printf(_Generic((CONSTANT_NAME), \
[INFO] [stderr]       |                      ^~~~~~~~~~~~~
[INFO] [stderr] tests/constant.c:11:21: note: to match this '('
[INFO] [stderr]    11 |     printf(_Generic((CONSTANT_NAME), \
[INFO] [stderr]       |                     ^
[INFO] [stderr] tests/constant.c:45:5: note: in expansion of macro 'PRINT_CONSTANT'
[INFO] [stderr]    45 |     PRINT_CONSTANT((gint) G_DESKTOP_COLOR_SCHEME_PREFER_DARK);
[INFO] [stderr]       |     ^~~~~~~~~~~~~~
[INFO] [stderr] tests/constant.c:45:27: error: expected ')' before 'G_DESKTOP_COLOR_SCHEME_PREFER_DARK'
[INFO] [stderr]    45 |     PRINT_CONSTANT((gint) G_DESKTOP_COLOR_SCHEME_PREFER_DARK);
[INFO] [stderr]       |                           ^~~~~~~~~~~~~~~~~~~~~~~~~~~~~~~~~~
[INFO] [stderr] tests/constant.c:28:12: note: in definition of macro 'PRINT_CONSTANT'
[INFO] [stderr]    28 |            CONSTANT_NAME); \
[INFO] [stderr]       |            ^~~~~~~~~~~~~
[INFO] [stderr] tests/constant.c:11:11: note: to match this '('
[INFO] [stderr]    11 |     printf(_Generic((CONSTANT_NAME), \
[INFO] [stderr]       |           ^
[INFO] [stderr] tests/constant.c:45:5: note: in expansion of macro 'PRINT_CONSTANT'
[INFO] [stderr]    45 |     PRINT_CONSTANT((gint) G_DESKTOP_COLOR_SCHEME_PREFER_DARK);
[INFO] [stderr]       |     ^~~~~~~~~~~~~~
[INFO] [stderr] tests/constant.c:46:27: error: expected ')' before 'G_DESKTOP_COLOR_SCHEME_PREFER_LIGHT'
[INFO] [stderr]    46 |     PRINT_CONSTANT((gint) G_DESKTOP_COLOR_SCHEME_PREFER_LIGHT);
[INFO] [stderr]       |                           ^~~~~~~~~~~~~~~~~~~~~~~~~~~~~~~~~~~
[INFO] [stderr] tests/constant.c:11:22: note: in definition of macro 'PRINT_CONSTANT'
[INFO] [stderr]    11 |     printf(_Generic((CONSTANT_NAME), \
[INFO] [stderr]       |                      ^~~~~~~~~~~~~
[INFO] [stderr] tests/constant.c:11:21: note: to match this '('
[INFO] [stderr]    11 |     printf(_Generic((CONSTANT_NAME), \
[INFO] [stderr]       |                     ^
[INFO] [stderr] tests/constant.c:46:5: note: in expansion of macro 'PRINT_CONSTANT'
[INFO] [stderr]    46 |     PRINT_CONSTANT((gint) G_DESKTOP_COLOR_SCHEME_PREFER_LIGHT);
[INFO] [stderr]       |     ^~~~~~~~~~~~~~
[INFO] [stderr] tests/constant.c:46:27: error: expected ')' before 'G_DESKTOP_COLOR_SCHEME_PREFER_LIGHT'
[INFO] [stderr]    46 |     PRINT_CONSTANT((gint) G_DESKTOP_COLOR_SCHEME_PREFER_LIGHT);
[INFO] [stderr]       |                           ^~~~~~~~~~~~~~~~~~~~~~~~~~~~~~~~~~~
[INFO] [stderr] tests/constant.c:28:12: note: in definition of macro 'PRINT_CONSTANT'
[INFO] [stderr]    28 |            CONSTANT_NAME); \
[INFO] [stderr]       |            ^~~~~~~~~~~~~
[INFO] [stderr] tests/constant.c:11:11: note: to match this '('
[INFO] [stderr]    11 |     printf(_Generic((CONSTANT_NAME), \
[INFO] [stderr]       |           ^
[INFO] [stderr] tests/constant.c:46:5: note: in expansion of macro 'PRINT_CONSTANT'
[INFO] [stderr]    46 |     PRINT_CONSTANT((gint) G_DESKTOP_COLOR_SCHEME_PREFER_LIGHT);
[INFO] [stderr]       |     ^~~~~~~~~~~~~~
[INFO] [stderr] tests/constant.c:47:27: error: expected ')' before 'G_DESKTOP_DEVICE_SEND_EVENTS_DISABLED'
[INFO] [stderr]    47 |     PRINT_CONSTANT((gint) G_DESKTOP_DEVICE_SEND_EVENTS_DISABLED);
[INFO] [stderr]       |                           ^~~~~~~~~~~~~~~~~~~~~~~~~~~~~~~~~~~~~
[INFO] [stderr] tests/constant.c:11:22: note: in definition of macro 'PRINT_CONSTANT'
[INFO] [stderr]    11 |     printf(_Generic((CONSTANT_NAME), \
[INFO] [stderr]       |                      ^~~~~~~~~~~~~
[INFO] [stderr] tests/constant.c:11:21: note: to match this '('
[INFO] [stderr]    11 |     printf(_Generic((CONSTANT_NAME), \
[INFO] [stderr]       |                     ^
[INFO] [stderr] tests/constant.c:47:5: note: in expansion of macro 'PRINT_CONSTANT'
[INFO] [stderr]    47 |     PRINT_CONSTANT((gint) G_DESKTOP_DEVICE_SEND_EVENTS_DISABLED);
[INFO] [stderr]       |     ^~~~~~~~~~~~~~
[INFO] [stderr] tests/constant.c:47:27: error: expected ')' before 'G_DESKTOP_DEVICE_SEND_EVENTS_DISABLED'
[INFO] [stderr]    47 |     PRINT_CONSTANT((gint) G_DESKTOP_DEVICE_SEND_EVENTS_DISABLED);
[INFO] [stderr]       |                           ^~~~~~~~~~~~~~~~~~~~~~~~~~~~~~~~~~~~~
[INFO] [stderr] tests/constant.c:28:12: note: in definition of macro 'PRINT_CONSTANT'
[INFO] [stderr]    28 |            CONSTANT_NAME); \
[INFO] [stderr]       |            ^~~~~~~~~~~~~
[INFO] [stderr] tests/constant.c:11:11: note: to match this '('
[INFO] [stderr]    11 |     printf(_Generic((CONSTANT_NAME), \
[INFO] [stderr]       |           ^
[INFO] [stderr] tests/constant.c:47:5: note: in expansion of macro 'PRINT_CONSTANT'
[INFO] [stderr]    47 |     PRINT_CONSTANT((gint) G_DESKTOP_DEVICE_SEND_EVENTS_DISABLED);
[INFO] [stderr]       |     ^~~~~~~~~~~~~~
[INFO] [stderr] tests/constant.c:48:27: error: expected ')' before 'G_DESKTOP_DEVICE_SEND_EVENTS_DISABLED_ON_EXTERNAL_MOUSE'
[INFO] [stderr]    48 |     PRINT_CONSTANT((gint) G_DESKTOP_DEVICE_SEND_EVENTS_DISABLED_ON_EXTERNAL_MOUSE);
[INFO] [stderr]       |                           ^~~~~~~~~~~~~~~~~~~~~~~~~~~~~~~~~~~~~~~~~~~~~~~~~~~~~~~
[INFO] [stderr] tests/constant.c:11:22: note: in definition of macro 'PRINT_CONSTANT'
[INFO] [stderr]    11 |     printf(_Generic((CONSTANT_NAME), \
[INFO] [stderr]       |                      ^~~~~~~~~~~~~
[INFO] [stderr] tests/constant.c:11:21: note: to match this '('
[INFO] [stderr]    11 |     printf(_Generic((CONSTANT_NAME), \
[INFO] [stderr]       |                     ^
[INFO] [stderr] tests/constant.c:48:5: note: in expansion of macro 'PRINT_CONSTANT'
[INFO] [stderr]    48 |     PRINT_CONSTANT((gint) G_DESKTOP_DEVICE_SEND_EVENTS_DISABLED_ON_EXTERNAL_MOUSE);
[INFO] [stderr]       |     ^~~~~~~~~~~~~~
[INFO] [stderr] tests/constant.c:48:27: error: expected ')' before 'G_DESKTOP_DEVICE_SEND_EVENTS_DISABLED_ON_EXTERNAL_MOUSE'
[INFO] [stderr]    48 |     PRINT_CONSTANT((gint) G_DESKTOP_DEVICE_SEND_EVENTS_DISABLED_ON_EXTERNAL_MOUSE);
[INFO] [stderr]       |                           ^~~~~~~~~~~~~~~~~~~~~~~~~~~~~~~~~~~~~~~~~~~~~~~~~~~~~~~
[INFO] [stderr] tests/constant.c:28:12: note: in definition of macro 'PRINT_CONSTANT'
[INFO] [stderr]    28 |            CONSTANT_NAME); \
[INFO] [stderr]       |            ^~~~~~~~~~~~~
[INFO] [stderr] tests/constant.c:11:11: note: to match this '('
[INFO] [stderr]    11 |     printf(_Generic((CONSTANT_NAME), \
[INFO] [stderr]       |           ^
[INFO] [stderr] tests/constant.c:48:5: note: in expansion of macro 'PRINT_CONSTANT'
[INFO] [stderr]    48 |     PRINT_CONSTANT((gint) G_DESKTOP_DEVICE_SEND_EVENTS_DISABLED_ON_EXTERNAL_MOUSE);
[INFO] [stderr]       |     ^~~~~~~~~~~~~~
[INFO] [stderr] tests/constant.c:49:27: error: expected ')' before 'G_DESKTOP_DEVICE_SEND_EVENTS_ENABLED'
[INFO] [stderr]    49 |     PRINT_CONSTANT((gint) G_DESKTOP_DEVICE_SEND_EVENTS_ENABLED);
[INFO] [stderr]       |                           ^~~~~~~~~~~~~~~~~~~~~~~~~~~~~~~~~~~~
[INFO] [stderr] tests/constant.c:11:22: note: in definition of macro 'PRINT_CONSTANT'
[INFO] [stderr]    11 |     printf(_Generic((CONSTANT_NAME), \
[INFO] [stderr]       |                      ^~~~~~~~~~~~~
[INFO] [stderr] tests/constant.c:11:21: note: to match this '('
[INFO] [stderr]    11 |     printf(_Generic((CONSTANT_NAME), \
[INFO] [stderr]       |                     ^
[INFO] [stderr] tests/constant.c:49:5: note: in expansion of macro 'PRINT_CONSTANT'
[INFO] [stderr]    49 |     PRINT_CONSTANT((gint) G_DESKTOP_DEVICE_SEND_EVENTS_ENABLED);
[INFO] [stderr]       |     ^~~~~~~~~~~~~~
[INFO] [stderr] tests/constant.c:49:27: error: expected ')' before 'G_DESKTOP_DEVICE_SEND_EVENTS_ENABLED'
[INFO] [stderr]    49 |     PRINT_CONSTANT((gint) G_DESKTOP_DEVICE_SEND_EVENTS_ENABLED);
[INFO] [stderr]       |                           ^~~~~~~~~~~~~~~~~~~~~~~~~~~~~~~~~~~~
[INFO] [stderr] tests/constant.c:28:12: note: in definition of macro 'PRINT_CONSTANT'
[INFO] [stderr]    28 |            CONSTANT_NAME); \
[INFO] [stderr]       |            ^~~~~~~~~~~~~
[INFO] [stderr] tests/constant.c:11:11: note: to match this '('
[INFO] [stderr]    11 |     printf(_Generic((CONSTANT_NAME), \
[INFO] [stderr]       |           ^
[INFO] [stderr] tests/constant.c:49:5: note: in expansion of macro 'PRINT_CONSTANT'
[INFO] [stderr]    49 |     PRINT_CONSTANT((gint) G_DESKTOP_DEVICE_SEND_EVENTS_ENABLED);
[INFO] [stderr]       |     ^~~~~~~~~~~~~~
[INFO] [stderr] tests/constant.c:50:27: error: expected ')' before 'G_DESKTOP_FOCUS_MODE_CLICK'
[INFO] [stderr]    50 |     PRINT_CONSTANT((gint) G_DESKTOP_FOCUS_MODE_CLICK);
[INFO] [stderr]       |                           ^~~~~~~~~~~~~~~~~~~~~~~~~~
[INFO] [stderr] tests/constant.c:11:22: note: in definition of macro 'PRINT_CONSTANT'
[INFO] [stderr]    11 |     printf(_Generic((CONSTANT_NAME), \
[INFO] [stderr]       |                      ^~~~~~~~~~~~~
[INFO] [stderr] tests/constant.c:11:21: note: to match this '('
[INFO] [stderr]    11 |     printf(_Generic((CONSTANT_NAME), \
[INFO] [stderr]       |                     ^
[INFO] [stderr] tests/constant.c:50:5: note: in expansion of macro 'PRINT_CONSTANT'
[INFO] [stderr]    50 |     PRINT_CONSTANT((gint) G_DESKTOP_FOCUS_MODE_CLICK);
[INFO] [stderr]       |     ^~~~~~~~~~~~~~
[INFO] [stderr] tests/constant.c:50:27: error: expected ')' before 'G_DESKTOP_FOCUS_MODE_CLICK'
[INFO] [stderr]    50 |     PRINT_CONSTANT((gint) G_DESKTOP_FOCUS_MODE_CLICK);
[INFO] [stderr]       |                           ^~~~~~~~~~~~~~~~~~~~~~~~~~
[INFO] [stderr] tests/constant.c:28:12: note: in definition of macro 'PRINT_CONSTANT'
[INFO] [stderr]    28 |            CONSTANT_NAME); \
[INFO] [stderr]       |            ^~~~~~~~~~~~~
[INFO] [stderr] tests/constant.c:11:11: note: to match this '('
[INFO] [stderr]    11 |     printf(_Generic((CONSTANT_NAME), \
[INFO] [stderr]       |           ^
[INFO] [stderr] tests/constant.c:50:5: note: in expansion of macro 'PRINT_CONSTANT'
[INFO] [stderr]    50 |     PRINT_CONSTANT((gint) G_DESKTOP_FOCUS_MODE_CLICK);
[INFO] [stderr]       |     ^~~~~~~~~~~~~~
[INFO] [stderr] tests/constant.c:51:27: error: expected ')' before 'G_DESKTOP_FOCUS_MODE_MOUSE'
[INFO] [stderr]    51 |     PRINT_CONSTANT((gint) G_DESKTOP_FOCUS_MODE_MOUSE);
[INFO] [stderr]       |                           ^~~~~~~~~~~~~~~~~~~~~~~~~~
[INFO] [stderr] tests/constant.c:11:22: note: in definition of macro 'PRINT_CONSTANT'
[INFO] [stderr]    11 |     printf(_Generic((CONSTANT_NAME), \
[INFO] [stderr]       |                      ^~~~~~~~~~~~~
[INFO] [stderr] tests/constant.c:11:21: note: to match this '('
[INFO] [stderr]    11 |     printf(_Generic((CONSTANT_NAME), \
[INFO] [stderr]       |                     ^
[INFO] [stderr] tests/constant.c:51:5: note: in expansion of macro 'PRINT_CONSTANT'
[INFO] [stderr]    51 |     PRINT_CONSTANT((gint) G_DESKTOP_FOCUS_MODE_MOUSE);
[INFO] [stderr]       |     ^~~~~~~~~~~~~~
[INFO] [stderr] tests/constant.c:51:27: error: expected ')' before 'G_DESKTOP_FOCUS_MODE_MOUSE'
[INFO] [stderr]    51 |     PRINT_CONSTANT((gint) G_DESKTOP_FOCUS_MODE_MOUSE);
[INFO] [stderr]       |                           ^~~~~~~~~~~~~~~~~~~~~~~~~~
[INFO] [stderr] tests/constant.c:28:12: note: in definition of macro 'PRINT_CONSTANT'
[INFO] [stderr]    28 |            CONSTANT_NAME); \
[INFO] [stderr]       |            ^~~~~~~~~~~~~
[INFO] [stderr] tests/constant.c:11:11: note: to match this '('
[INFO] [stderr]    11 |     printf(_Generic((CONSTANT_NAME), \
[INFO] [stderr]       |           ^
[INFO] [stderr] tests/constant.c:51:5: note: in expansion of macro 'PRINT_CONSTANT'
[INFO] [stderr]    51 |     PRINT_CONSTANT((gint) G_DESKTOP_FOCUS_MODE_MOUSE);
[INFO] [stderr]       |     ^~~~~~~~~~~~~~
[INFO] [stderr] tests/constant.c:52:27: error: expected ')' before 'G_DESKTOP_FOCUS_MODE_SLOPPY'
[INFO] [stderr]    52 |     PRINT_CONSTANT((gint) G_DESKTOP_FOCUS_MODE_SLOPPY);
[INFO] [stderr]       |                           ^~~~~~~~~~~~~~~~~~~~~~~~~~~
[INFO] [stderr] tests/constant.c:11:22: note: in definition of macro 'PRINT_CONSTANT'
[INFO] [stderr]    11 |     printf(_Generic((CONSTANT_NAME), \
[INFO] [stderr]       |                      ^~~~~~~~~~~~~
[INFO] [stderr] tests/constant.c:11:21: note: to match this '('
[INFO] [stderr]    11 |     printf(_Generic((CONSTANT_NAME), \
[INFO] [stderr]       |                     ^
[INFO] [stderr] tests/constant.c:52:5: note: in expansion of macro 'PRINT_CONSTANT'
[INFO] [stderr]    52 |     PRINT_CONSTANT((gint) G_DESKTOP_FOCUS_MODE_SLOPPY);
[INFO] [stderr]       |     ^~~~~~~~~~~~~~
[INFO] [stderr] tests/constant.c:52:27: error: expected ')' before 'G_DESKTOP_FOCUS_MODE_SLOPPY'
[INFO] [stderr]    52 |     PRINT_CONSTANT((gint) G_DESKTOP_FOCUS_MODE_SLOPPY);
[INFO] [stderr]       |                           ^~~~~~~~~~~~~~~~~~~~~~~~~~~
[INFO] [stderr] tests/constant.c:28:12: note: in definition of macro 'PRINT_CONSTANT'
[INFO] [stderr]    28 |            CONSTANT_NAME); \
[INFO] [stderr]       |            ^~~~~~~~~~~~~
[INFO] [stderr] tests/constant.c:11:11: note: to match this '('
[INFO] [stderr]    11 |     printf(_Generic((CONSTANT_NAME), \
[INFO] [stderr]       |           ^
[INFO] [stderr] tests/constant.c:52:5: note: in expansion of macro 'PRINT_CONSTANT'
[INFO] [stderr]    52 |     PRINT_CONSTANT((gint) G_DESKTOP_FOCUS_MODE_SLOPPY);
[INFO] [stderr]       |     ^~~~~~~~~~~~~~
[INFO] [stderr] tests/constant.c:53:27: error: expected ')' before 'G_DESKTOP_FOCUS_NEW_WINDOWS_SMART'
[INFO] [stderr]    53 |     PRINT_CONSTANT((gint) G_DESKTOP_FOCUS_NEW_WINDOWS_SMART);
[INFO] [stderr]       |                           ^~~~~~~~~~~~~~~~~~~~~~~~~~~~~~~~~
[INFO] [stderr] tests/constant.c:11:22: note: in definition of macro 'PRINT_CONSTANT'
[INFO] [stderr]    11 |     printf(_Generic((CONSTANT_NAME), \
[INFO] [stderr]       |                      ^~~~~~~~~~~~~
[INFO] [stderr] tests/constant.c:11:21: note: to match this '('
[INFO] [stderr]    11 |     printf(_Generic((CONSTANT_NAME), \
[INFO] [stderr]       |                     ^
[INFO] [stderr] tests/constant.c:53:5: note: in expansion of macro 'PRINT_CONSTANT'
[INFO] [stderr]    53 |     PRINT_CONSTANT((gint) G_DESKTOP_FOCUS_NEW_WINDOWS_SMART);
[INFO] [stderr]       |     ^~~~~~~~~~~~~~
[INFO] [stderr] tests/constant.c:53:27: error: expected ')' before 'G_DESKTOP_FOCUS_NEW_WINDOWS_SMART'
[INFO] [stderr]    53 |     PRINT_CONSTANT((gint) G_DESKTOP_FOCUS_NEW_WINDOWS_SMART);
[INFO] [stderr]       |                           ^~~~~~~~~~~~~~~~~~~~~~~~~~~~~~~~~
[INFO] [stderr] tests/constant.c:28:12: note: in definition of macro 'PRINT_CONSTANT'
[INFO] [stderr]    28 |            CONSTANT_NAME); \
[INFO] [stderr]       |            ^~~~~~~~~~~~~
[INFO] [stderr] tests/constant.c:11:11: note: to match this '('
[INFO] [stderr]    11 |     printf(_Generic((CONSTANT_NAME), \
[INFO] [stderr]       |           ^
[INFO] [stderr] tests/constant.c:53:5: note: in expansion of macro 'PRINT_CONSTANT'
[INFO] [stderr]    53 |     PRINT_CONSTANT((gint) G_DESKTOP_FOCUS_NEW_WINDOWS_SMART);
[INFO] [stderr]       |     ^~~~~~~~~~~~~~
[INFO] [stderr] tests/constant.c:54:27: error: expected ')' before 'G_DESKTOP_FOCUS_NEW_WINDOWS_STRICT'
[INFO] [stderr]    54 |     PRINT_CONSTANT((gint) G_DESKTOP_FOCUS_NEW_WINDOWS_STRICT);
[INFO] [stderr]       |                           ^~~~~~~~~~~~~~~~~~~~~~~~~~~~~~~~~~
[INFO] [stderr] tests/constant.c:11:22: note: in definition of macro 'PRINT_CONSTANT'
[INFO] [stderr]    11 |     printf(_Generic((CONSTANT_NAME), \
[INFO] [stderr]       |                      ^~~~~~~~~~~~~
[INFO] [stdout] test cross_validate_layout_with_c ... FAILED
[INFO] [stderr] tests/constant.c:11:21: note: to match this '('
[INFO] [stderr]    11 |     printf(_Generic((CONSTANT_NAME), \
[INFO] [stderr]       |                     ^
[INFO] [stderr] tests/constant.c:54:5: note: in expansion of macro 'PRINT_CONSTANT'
[INFO] [stderr]    54 |     PRINT_CONSTANT((gint) G_DESKTOP_FOCUS_NEW_WINDOWS_STRICT);
[INFO] [stderr]       |     ^~~~~~~~~~~~~~
[INFO] [stderr] tests/constant.c:54:27: error: expected ')' before 'G_DESKTOP_FOCUS_NEW_WINDOWS_STRICT'
[INFO] [stderr]    54 |     PRINT_CONSTANT((gint) G_DESKTOP_FOCUS_NEW_WINDOWS_STRICT);
[INFO] [stderr]       |                           ^~~~~~~~~~~~~~~~~~~~~~~~~~~~~~~~~~
[INFO] [stderr] tests/constant.c:28:12: note: in definition of macro 'PRINT_CONSTANT'
[INFO] [stderr]    28 |            CONSTANT_NAME); \
[INFO] [stderr]       |            ^~~~~~~~~~~~~
[INFO] [stderr] tests/constant.c:11:11: note: to match this '('
[INFO] [stderr]    11 |     printf(_Generic((CONSTANT_NAME), \
[INFO] [stderr]       |           ^
[INFO] [stderr] tests/constant.c:54:5: note: in expansion of macro 'PRINT_CONSTANT'
[INFO] [stderr]    54 |     PRINT_CONSTANT((gint) G_DESKTOP_FOCUS_NEW_WINDOWS_STRICT);
[INFO] [stderr]       |     ^~~~~~~~~~~~~~
[INFO] [stderr] tests/constant.c:55:27: error: expected ')' before 'G_DESKTOP_FONT_ANTIALIASING_MODE_GRAYSCALE'
[INFO] [stderr]    55 |     PRINT_CONSTANT((gint) G_DESKTOP_FONT_ANTIALIASING_MODE_GRAYSCALE);
[INFO] [stderr]       |                           ^~~~~~~~~~~~~~~~~~~~~~~~~~~~~~~~~~~~~~~~~~
[INFO] [stderr] tests/constant.c:11:22: note: in definition of macro 'PRINT_CONSTANT'
[INFO] [stderr]    11 |     printf(_Generic((CONSTANT_NAME), \
[INFO] [stderr]       |                      ^~~~~~~~~~~~~
[INFO] [stderr] tests/constant.c:11:21: note: to match this '('
[INFO] [stderr]    11 |     printf(_Generic((CONSTANT_NAME), \
[INFO] [stderr]       |                     ^
[INFO] [stderr] tests/constant.c:55:5: note: in expansion of macro 'PRINT_CONSTANT'
[INFO] [stderr]    55 |     PRINT_CONSTANT((gint) G_DESKTOP_FONT_ANTIALIASING_MODE_GRAYSCALE);
[INFO] [stderr]       |     ^~~~~~~~~~~~~~
[INFO] [stderr] tests/constant.c:55:27: error: expected ')' before 'G_DESKTOP_FONT_ANTIALIASING_MODE_GRAYSCALE'
[INFO] [stderr]    55 |     PRINT_CONSTANT((gint) G_DESKTOP_FONT_ANTIALIASING_MODE_GRAYSCALE);
[INFO] [stderr]       |                           ^~~~~~~~~~~~~~~~~~~~~~~~~~~~~~~~~~~~~~~~~~
[INFO] [stderr] tests/constant.c:28:12: note: in definition of macro 'PRINT_CONSTANT'
[INFO] [stderr]    28 |            CONSTANT_NAME); \
[INFO] [stderr]       |            ^~~~~~~~~~~~~
[INFO] [stderr] tests/constant.c:11:11: note: to match this '('
[INFO] [stderr]    11 |     printf(_Generic((CONSTANT_NAME), \
[INFO] [stderr]       |           ^
[INFO] [stderr] tests/constant.c:55:5: note: in expansion of macro 'PRINT_CONSTANT'
[INFO] [stderr]    55 |     PRINT_CONSTANT((gint) G_DESKTOP_FONT_ANTIALIASING_MODE_GRAYSCALE);
[INFO] [stderr]       |     ^~~~~~~~~~~~~~
[INFO] [stderr] tests/constant.c:56:27: error: expected ')' before 'G_DESKTOP_FONT_ANTIALIASING_MODE_NONE'
[INFO] [stderr]    56 |     PRINT_CONSTANT((gint) G_DESKTOP_FONT_ANTIALIASING_MODE_NONE);
[INFO] [stderr]       |                           ^~~~~~~~~~~~~~~~~~~~~~~~~~~~~~~~~~~~~
[INFO] [stderr] tests/constant.c:11:22: note: in definition of macro 'PRINT_CONSTANT'
[INFO] [stderr]    11 |     printf(_Generic((CONSTANT_NAME), \
[INFO] [stderr]       |                      ^~~~~~~~~~~~~
[INFO] [stderr] tests/constant.c:11:21: note: to match this '('
[INFO] [stderr]    11 |     printf(_Generic((CONSTANT_NAME), \
[INFO] [stderr]       |                     ^
[INFO] [stderr] tests/constant.c:56:5: note: in expansion of macro 'PRINT_CONSTANT'
[INFO] [stderr]    56 |     PRINT_CONSTANT((gint) G_DESKTOP_FONT_ANTIALIASING_MODE_NONE);
[INFO] [stderr]       |     ^~~~~~~~~~~~~~
[INFO] [stderr] tests/constant.c:56:27: error: expected ')' before 'G_DESKTOP_FONT_ANTIALIASING_MODE_NONE'
[INFO] [stderr]    56 |     PRINT_CONSTANT((gint) G_DESKTOP_FONT_ANTIALIASING_MODE_NONE);
[INFO] [stderr]       |                           ^~~~~~~~~~~~~~~~~~~~~~~~~~~~~~~~~~~~~
[INFO] [stderr] tests/constant.c:28:12: note: in definition of macro 'PRINT_CONSTANT'
[INFO] [stderr]    28 |            CONSTANT_NAME); \
[INFO] [stderr]       |            ^~~~~~~~~~~~~
[INFO] [stderr] tests/constant.c:11:11: note: to match this '('
[INFO] [stderr]    11 |     printf(_Generic((CONSTANT_NAME), \
[INFO] [stderr]       |           ^
[INFO] [stderr] tests/constant.c:56:5: note: in expansion of macro 'PRINT_CONSTANT'
[INFO] [stderr]    56 |     PRINT_CONSTANT((gint) G_DESKTOP_FONT_ANTIALIASING_MODE_NONE);
[INFO] [stderr]       |     ^~~~~~~~~~~~~~
[INFO] [stderr] tests/constant.c:57:27: error: expected ')' before 'G_DESKTOP_FONT_ANTIALIASING_MODE_RGBA'
[INFO] [stderr]    57 |     PRINT_CONSTANT((gint) G_DESKTOP_FONT_ANTIALIASING_MODE_RGBA);
[INFO] [stderr]       |                           ^~~~~~~~~~~~~~~~~~~~~~~~~~~~~~~~~~~~~
[INFO] [stderr] tests/constant.c:11:22: note: in definition of macro 'PRINT_CONSTANT'
[INFO] [stderr]    11 |     printf(_Generic((CONSTANT_NAME), \
[INFO] [stderr]       |                      ^~~~~~~~~~~~~
[INFO] [stderr] tests/constant.c:11:21: note: to match this '('
[INFO] [stderr]    11 |     printf(_Generic((CONSTANT_NAME), \
[INFO] [stderr]       |                     ^
[INFO] [stderr] tests/constant.c:57:5: note: in expansion of macro 'PRINT_CONSTANT'
[INFO] [stderr]    57 |     PRINT_CONSTANT((gint) G_DESKTOP_FONT_ANTIALIASING_MODE_RGBA);
[INFO] [stderr]       |     ^~~~~~~~~~~~~~
[INFO] [stderr] tests/constant.c:57:27: error: expected ')' before 'G_DESKTOP_FONT_ANTIALIASING_MODE_RGBA'
[INFO] [stderr]    57 |     PRINT_CONSTANT((gint) G_DESKTOP_FONT_ANTIALIASING_MODE_RGBA);
[INFO] [stderr]       |                           ^~~~~~~~~~~~~~~~~~~~~~~~~~~~~~~~~~~~~
[INFO] [stderr] tests/constant.c:28:12: note: in definition of macro 'PRINT_CONSTANT'
[INFO] [stderr]    28 |            CONSTANT_NAME); \
[INFO] [stderr]       |            ^~~~~~~~~~~~~
[INFO] [stderr] tests/constant.c:11:11: note: to match this '('
[INFO] [stderr]    11 |     printf(_Generic((CONSTANT_NAME), \
[INFO] [stderr]       |           ^
[INFO] [stderr] tests/constant.c:57:5: note: in expansion of macro 'PRINT_CONSTANT'
[INFO] [stderr]    57 |     PRINT_CONSTANT((gint) G_DESKTOP_FONT_ANTIALIASING_MODE_RGBA);
[INFO] [stderr]       |     ^~~~~~~~~~~~~~
[INFO] [stderr] tests/constant.c:58:27: error: expected ')' before 'G_DESKTOP_FONT_HINTING_FULL'
[INFO] [stderr]    58 |     PRINT_CONSTANT((gint) G_DESKTOP_FONT_HINTING_FULL);
[INFO] [stderr]       |                           ^~~~~~~~~~~~~~~~~~~~~~~~~~~
[INFO] [stderr] tests/constant.c:11:22: note: in definition of macro 'PRINT_CONSTANT'
[INFO] [stderr]    11 |     printf(_Generic((CONSTANT_NAME), \
[INFO] [stderr]       |                      ^~~~~~~~~~~~~
[INFO] [stderr] tests/constant.c:11:21: note: to match this '('
[INFO] [stderr]    11 |     printf(_Generic((CONSTANT_NAME), \
[INFO] [stderr]       |                     ^
[INFO] [stderr] tests/constant.c:58:5: note: in expansion of macro 'PRINT_CONSTANT'
[INFO] [stderr]    58 |     PRINT_CONSTANT((gint) G_DESKTOP_FONT_HINTING_FULL);
[INFO] [stderr]       |     ^~~~~~~~~~~~~~
[INFO] [stderr] tests/constant.c:58:27: error: expected ')' before 'G_DESKTOP_FONT_HINTING_FULL'
[INFO] [stderr]    58 |     PRINT_CONSTANT((gint) G_DESKTOP_FONT_HINTING_FULL);
[INFO] [stderr]       |                           ^~~~~~~~~~~~~~~~~~~~~~~~~~~
[INFO] [stderr] tests/constant.c:28:12: note: in definition of macro 'PRINT_CONSTANT'
[INFO] [stderr]    28 |            CONSTANT_NAME); \
[INFO] [stderr]       |            ^~~~~~~~~~~~~
[INFO] [stderr] tests/constant.c:11:11: note: to match this '('
[INFO] [stderr]    11 |     printf(_Generic((CONSTANT_NAME), \
[INFO] [stderr]       |           ^
[INFO] [stderr] tests/constant.c:58:5: note: in expansion of macro 'PRINT_CONSTANT'
[INFO] [stderr]    58 |     PRINT_CONSTANT((gint) G_DESKTOP_FONT_HINTING_FULL);
[INFO] [stderr]       |     ^~~~~~~~~~~~~~
[INFO] [stderr] tests/constant.c:59:27: error: expected ')' before 'G_DESKTOP_FONT_HINTING_MEDIUM'
[INFO] [stderr]    59 |     PRINT_CONSTANT((gint) G_DESKTOP_FONT_HINTING_MEDIUM);
[INFO] [stderr]       |                           ^~~~~~~~~~~~~~~~~~~~~~~~~~~~~
[INFO] [stderr] tests/constant.c:11:22: note: in definition of macro 'PRINT_CONSTANT'
[INFO] [stderr]    11 |     printf(_Generic((CONSTANT_NAME), \
[INFO] [stderr]       |                      ^~~~~~~~~~~~~
[INFO] [stderr] tests/constant.c:11:21: note: to match this '('
[INFO] [stderr]    11 |     printf(_Generic((CONSTANT_NAME), \
[INFO] [stderr]       |                     ^
[INFO] [stderr] tests/constant.c:59:5: note: in expansion of macro 'PRINT_CONSTANT'
[INFO] [stderr]    59 |     PRINT_CONSTANT((gint) G_DESKTOP_FONT_HINTING_MEDIUM);
[INFO] [stderr]       |     ^~~~~~~~~~~~~~
[INFO] [stderr] tests/constant.c:59:27: error: expected ')' before 'G_DESKTOP_FONT_HINTING_MEDIUM'
[INFO] [stderr]    59 |     PRINT_CONSTANT((gint) G_DESKTOP_FONT_HINTING_MEDIUM);
[INFO] [stderr]       |                           ^~~~~~~~~~~~~~~~~~~~~~~~~~~~~
[INFO] [stderr] tests/constant.c:28:12: note: in definition of macro 'PRINT_CONSTANT'
[INFO] [stderr]    28 |            CONSTANT_NAME); \
[INFO] [stderr]       |            ^~~~~~~~~~~~~
[INFO] [stderr] tests/constant.c:11:11: note: to match this '('
[INFO] [stderr]    11 |     printf(_Generic((CONSTANT_NAME), \
[INFO] [stderr]       |           ^
[INFO] [stderr] tests/constant.c:59:5: note: in expansion of macro 'PRINT_CONSTANT'
[INFO] [stderr]    59 |     PRINT_CONSTANT((gint) G_DESKTOP_FONT_HINTING_MEDIUM);
[INFO] [stderr]       |     ^~~~~~~~~~~~~~
[INFO] [stderr] tests/constant.c:60:27: error: expected ')' before 'G_DESKTOP_FONT_HINTING_NONE'
[INFO] [stderr]    60 |     PRINT_CONSTANT((gint) G_DESKTOP_FONT_HINTING_NONE);
[INFO] [stderr]       |                           ^~~~~~~~~~~~~~~~~~~~~~~~~~~
[INFO] [stderr] tests/constant.c:11:22: note: in definition of macro 'PRINT_CONSTANT'
[INFO] [stderr]    11 |     printf(_Generic((CONSTANT_NAME), \
[INFO] [stderr]       |                      ^~~~~~~~~~~~~
[INFO] [stderr] tests/constant.c:11:21: note: to match this '('
[INFO] [stderr]    11 |     printf(_Generic((CONSTANT_NAME), \
[INFO] [stderr]       |                     ^
[INFO] [stderr] tests/constant.c:60:5: note: in expansion of macro 'PRINT_CONSTANT'
[INFO] [stderr]    60 |     PRINT_CONSTANT((gint) G_DESKTOP_FONT_HINTING_NONE);
[INFO] [stderr]       |     ^~~~~~~~~~~~~~
[INFO] [stderr] tests/constant.c:60:27: error: expected ')' before 'G_DESKTOP_FONT_HINTING_NONE'
[INFO] [stderr]    60 |     PRINT_CONSTANT((gint) G_DESKTOP_FONT_HINTING_NONE);
[INFO] [stderr]       |                           ^~~~~~~~~~~~~~~~~~~~~~~~~~~
[INFO] [stderr] tests/constant.c:28:12: note: in definition of macro 'PRINT_CONSTANT'
[INFO] [stderr]    28 |            CONSTANT_NAME); \
[INFO] [stderr]       |            ^~~~~~~~~~~~~
[INFO] [stderr] tests/constant.c:11:11: note: to match this '('
[INFO] [stderr]    11 |     printf(_Generic((CONSTANT_NAME), \
[INFO] [stderr]       |           ^
[INFO] [stderr] tests/constant.c:60:5: note: in expansion of macro 'PRINT_CONSTANT'
[INFO] [stderr]    60 |     PRINT_CONSTANT((gint) G_DESKTOP_FONT_HINTING_NONE);
[INFO] [stderr]       |     ^~~~~~~~~~~~~~
[INFO] [stderr] tests/constant.c:61:27: error: expected ')' before 'G_DESKTOP_FONT_HINTING_SLIGHT'
[INFO] [stderr]    61 |     PRINT_CONSTANT((gint) G_DESKTOP_FONT_HINTING_SLIGHT);
[INFO] [stderr]       |                           ^~~~~~~~~~~~~~~~~~~~~~~~~~~~~
[INFO] [stderr] tests/constant.c:11:22: note: in definition of macro 'PRINT_CONSTANT'
[INFO] [stderr]    11 |     printf(_Generic((CONSTANT_NAME), \
[INFO] [stderr]       |                      ^~~~~~~~~~~~~
[INFO] [stderr] tests/constant.c:11:21: note: to match this '('
[INFO] [stderr]    11 |     printf(_Generic((CONSTANT_NAME), \
[INFO] [stderr]       |                     ^
[INFO] [stderr] tests/constant.c:61:5: note: in expansion of macro 'PRINT_CONSTANT'
[INFO] [stderr]    61 |     PRINT_CONSTANT((gint) G_DESKTOP_FONT_HINTING_SLIGHT);
[INFO] [stderr]       |     ^~~~~~~~~~~~~~
[INFO] [stderr] tests/constant.c:61:27: error: expected ')' before 'G_DESKTOP_FONT_HINTING_SLIGHT'
[INFO] [stderr]    61 |     PRINT_CONSTANT((gint) G_DESKTOP_FONT_HINTING_SLIGHT);
[INFO] [stderr]       |                           ^~~~~~~~~~~~~~~~~~~~~~~~~~~~~
[INFO] [stderr] tests/constant.c:28:12: note: in definition of macro 'PRINT_CONSTANT'
[INFO] [stderr]    28 |            CONSTANT_NAME); \
[INFO] [stderr]       |            ^~~~~~~~~~~~~
[INFO] [stderr] tests/constant.c:11:11: note: to match this '('
[INFO] [stderr]    11 |     printf(_Generic((CONSTANT_NAME), \
[INFO] [stderr]       |           ^
[INFO] [stderr] tests/constant.c:61:5: note: in expansion of macro 'PRINT_CONSTANT'
[INFO] [stderr]    61 |     PRINT_CONSTANT((gint) G_DESKTOP_FONT_HINTING_SLIGHT);
[INFO] [stderr]       |     ^~~~~~~~~~~~~~
[INFO] [stderr] tests/constant.c:62:27: error: expected ')' before 'G_DESKTOP_FONT_RGBA_ORDER_BGR'
[INFO] [stderr]    62 |     PRINT_CONSTANT((gint) G_DESKTOP_FONT_RGBA_ORDER_BGR);
[INFO] [stderr]       |                           ^~~~~~~~~~~~~~~~~~~~~~~~~~~~~
[INFO] [stderr] tests/constant.c:11:22: note: in definition of macro 'PRINT_CONSTANT'
[INFO] [stderr]    11 |     printf(_Generic((CONSTANT_NAME), \
[INFO] [stderr]       |                      ^~~~~~~~~~~~~
[INFO] [stderr] tests/constant.c:11:21: note: to match this '('
[INFO] [stderr]    11 |     printf(_Generic((CONSTANT_NAME), \
[INFO] [stderr]       |                     ^
[INFO] [stderr] tests/constant.c:62:5: note: in expansion of macro 'PRINT_CONSTANT'
[INFO] [stderr]    62 |     PRINT_CONSTANT((gint) G_DESKTOP_FONT_RGBA_ORDER_BGR);
[INFO] [stderr]       |     ^~~~~~~~~~~~~~
[INFO] [stderr] tests/constant.c:62:27: error: expected ')' before 'G_DESKTOP_FONT_RGBA_ORDER_BGR'
[INFO] [stderr]    62 |     PRINT_CONSTANT((gint) G_DESKTOP_FONT_RGBA_ORDER_BGR);
[INFO] [stderr]       |                           ^~~~~~~~~~~~~~~~~~~~~~~~~~~~~
[INFO] [stderr] tests/constant.c:28:12: note: in definition of macro 'PRINT_CONSTANT'
[INFO] [stderr]    28 |            CONSTANT_NAME); \
[INFO] [stderr]       |            ^~~~~~~~~~~~~
[INFO] [stderr] tests/constant.c:11:11: note: to match this '('
[INFO] [stderr]    11 |     printf(_Generic((CONSTANT_NAME), \
[INFO] [stderr]       |           ^
[INFO] [stderr] tests/constant.c:62:5: note: in expansion of macro 'PRINT_CONSTANT'
[INFO] [stderr]    62 |     PRINT_CONSTANT((gint) G_DESKTOP_FONT_RGBA_ORDER_BGR);
[INFO] [stderr]       |     ^~~~~~~~~~~~~~
[INFO] [stderr] tests/constant.c:63:27: error: expected ')' before 'G_DESKTOP_FONT_RGBA_ORDER_RGB'
[INFO] [stderr]    63 |     PRINT_CONSTANT((gint) G_DESKTOP_FONT_RGBA_ORDER_RGB);
[INFO] [stderr]       |                           ^~~~~~~~~~~~~~~~~~~~~~~~~~~~~
[INFO] [stderr] tests/constant.c:11:22: note: in definition of macro 'PRINT_CONSTANT'
[INFO] [stderr]    11 |     printf(_Generic((CONSTANT_NAME), \
[INFO] [stderr]       |                      ^~~~~~~~~~~~~
[INFO] [stderr] tests/constant.c:11:21: note: to match this '('
[INFO] [stderr]    11 |     printf(_Generic((CONSTANT_NAME), \
[INFO] [stderr]       |                     ^
[INFO] [stderr] tests/constant.c:63:5: note: in expansion of macro 'PRINT_CONSTANT'
[INFO] [stderr]    63 |     PRINT_CONSTANT((gint) G_DESKTOP_FONT_RGBA_ORDER_RGB);
[INFO] [stderr]       |     ^~~~~~~~~~~~~~
[INFO] [stderr] tests/constant.c:63:27: error: expected ')' before 'G_DESKTOP_FONT_RGBA_ORDER_RGB'
[INFO] [stderr]    63 |     PRINT_CONSTANT((gint) G_DESKTOP_FONT_RGBA_ORDER_RGB);
[INFO] [stderr]       |                           ^~~~~~~~~~~~~~~~~~~~~~~~~~~~~
[INFO] [stderr] tests/constant.c:28:12: note: in definition of macro 'PRINT_CONSTANT'
[INFO] [stderr]    28 |            CONSTANT_NAME); \
[INFO] [stderr]       |            ^~~~~~~~~~~~~
[INFO] [stderr] tests/constant.c:11:11: note: to match this '('
[INFO] [stderr]    11 |     printf(_Generic((CONSTANT_NAME), \
[INFO] [stderr]       |           ^
[INFO] [stderr] tests/constant.c:63:5: note: in expansion of macro 'PRINT_CONSTANT'
[INFO] [stderr]    63 |     PRINT_CONSTANT((gint) G_DESKTOP_FONT_RGBA_ORDER_RGB);
[INFO] [stderr]       |     ^~~~~~~~~~~~~~
[INFO] [stderr] tests/constant.c:64:27: error: expected ')' before 'G_DESKTOP_FONT_RGBA_ORDER_RGBA'
[INFO] [stderr]    64 |     PRINT_CONSTANT((gint) G_DESKTOP_FONT_RGBA_ORDER_RGBA);
[INFO] [stderr]       |                           ^~~~~~~~~~~~~~~~~~~~~~~~~~~~~~
[INFO] [stderr] tests/constant.c:11:22: note: in definition of macro 'PRINT_CONSTANT'
[INFO] [stderr]    11 |     printf(_Generic((CONSTANT_NAME), \
[INFO] [stderr]       |                      ^~~~~~~~~~~~~
[INFO] [stderr] tests/constant.c:11:21: note: to match this '('
[INFO] [stderr]    11 |     printf(_Generic((CONSTANT_NAME), \
[INFO] [stderr]       |                     ^
[INFO] [stderr] tests/constant.c:64:5: note: in expansion of macro 'PRINT_CONSTANT'
[INFO] [stderr]    64 |     PRINT_CONSTANT((gint) G_DESKTOP_FONT_RGBA_ORDER_RGBA);
[INFO] [stderr]       |     ^~~~~~~~~~~~~~
[INFO] [stderr] tests/constant.c:64:27: error: expected ')' before 'G_DESKTOP_FONT_RGBA_ORDER_RGBA'
[INFO] [stderr]    64 |     PRINT_CONSTANT((gint) G_DESKTOP_FONT_RGBA_ORDER_RGBA);
[INFO] [stderr]       |                           ^~~~~~~~~~~~~~~~~~~~~~~~~~~~~~
[INFO] [stderr] tests/constant.c:28:12: note: in definition of macro 'PRINT_CONSTANT'
[INFO] [stderr]    28 |            CONSTANT_NAME); \
[INFO] [stderr]       |            ^~~~~~~~~~~~~
[INFO] [stderr] tests/constant.c:11:11: note: to match this '('
[INFO] [stderr]    11 |     printf(_Generic((CONSTANT_NAME), \
[INFO] [stderr]       |           ^
[INFO] [stderr] tests/constant.c:64:5: note: in expansion of macro 'PRINT_CONSTANT'
[INFO] [stderr]    64 |     PRINT_CONSTANT((gint) G_DESKTOP_FONT_RGBA_ORDER_RGBA);
[INFO] [stderr]       |     ^~~~~~~~~~~~~~
[INFO] [stderr] tests/constant.c:65:27: error: expected ')' before 'G_DESKTOP_FONT_RGBA_ORDER_VBGR'
[INFO] [stderr]    65 |     PRINT_CONSTANT((gint) G_DESKTOP_FONT_RGBA_ORDER_VBGR);
[INFO] [stderr]       |                           ^~~~~~~~~~~~~~~~~~~~~~~~~~~~~~
[INFO] [stderr] tests/constant.c:11:22: note: in definition of macro 'PRINT_CONSTANT'
[INFO] [stderr]    11 |     printf(_Generic((CONSTANT_NAME), \
[INFO] [stderr]       |                      ^~~~~~~~~~~~~
[INFO] [stderr] tests/constant.c:11:21: note: to match this '('
[INFO] [stderr]    11 |     printf(_Generic((CONSTANT_NAME), \
[INFO] [stderr]       |                     ^
[INFO] [stderr] tests/constant.c:65:5: note: in expansion of macro 'PRINT_CONSTANT'
[INFO] [stderr]    65 |     PRINT_CONSTANT((gint) G_DESKTOP_FONT_RGBA_ORDER_VBGR);
[INFO] [stderr]       |     ^~~~~~~~~~~~~~
[INFO] [stderr] tests/constant.c:65:27: error: expected ')' before 'G_DESKTOP_FONT_RGBA_ORDER_VBGR'
[INFO] [stderr]    65 |     PRINT_CONSTANT((gint) G_DESKTOP_FONT_RGBA_ORDER_VBGR);
[INFO] [stderr]       |                           ^~~~~~~~~~~~~~~~~~~~~~~~~~~~~~
[INFO] [stderr] tests/constant.c:28:12: note: in definition of macro 'PRINT_CONSTANT'
[INFO] [stderr]    28 |            CONSTANT_NAME); \
[INFO] [stderr]       |            ^~~~~~~~~~~~~
[INFO] [stderr] tests/constant.c:11:11: note: to match this '('
[INFO] [stderr]    11 |     printf(_Generic((CONSTANT_NAME), \
[INFO] [stderr]       |           ^
[INFO] [stderr] tests/constant.c:65:5: note: in expansion of macro 'PRINT_CONSTANT'
[INFO] [stderr]    65 |     PRINT_CONSTANT((gint) G_DESKTOP_FONT_RGBA_ORDER_VBGR);
[INFO] [stderr]       |     ^~~~~~~~~~~~~~
[INFO] [stderr] tests/constant.c:66:27: error: expected ')' before 'G_DESKTOP_FONT_RGBA_ORDER_VRGB'
[INFO] [stderr]    66 |     PRINT_CONSTANT((gint) G_DESKTOP_FONT_RGBA_ORDER_VRGB);
[INFO] [stderr]       |                           ^~~~~~~~~~~~~~~~~~~~~~~~~~~~~~
[INFO] [stderr] tests/constant.c:11:22: note: in definition of macro 'PRINT_CONSTANT'
[INFO] [stderr]    11 |     printf(_Generic((CONSTANT_NAME), \
[INFO] [stderr]       |                      ^~~~~~~~~~~~~
[INFO] [stderr] tests/constant.c:11:21: note: to match this '('
[INFO] [stderr]    11 |     printf(_Generic((CONSTANT_NAME), \
[INFO] [stderr]       |                     ^
[INFO] [stderr] tests/constant.c:66:5: note: in expansion of macro 'PRINT_CONSTANT'
[INFO] [stderr]    66 |     PRINT_CONSTANT((gint) G_DESKTOP_FONT_RGBA_ORDER_VRGB);
[INFO] [stderr]       |     ^~~~~~~~~~~~~~
[INFO] [stderr] tests/constant.c:66:27: error: expected ')' before 'G_DESKTOP_FONT_RGBA_ORDER_VRGB'
[INFO] [stderr]    66 |     PRINT_CONSTANT((gint) G_DESKTOP_FONT_RGBA_ORDER_VRGB);
[INFO] [stderr]       |                           ^~~~~~~~~~~~~~~~~~~~~~~~~~~~~~
[INFO] [stderr] tests/constant.c:28:12: note: in definition of macro 'PRINT_CONSTANT'
[INFO] [stderr]    28 |            CONSTANT_NAME); \
[INFO] [stderr]       |            ^~~~~~~~~~~~~
[INFO] [stderr] tests/constant.c:11:11: note: to match this '('
[INFO] [stderr]    11 |     printf(_Generic((CONSTANT_NAME), \
[INFO] [stderr]       |           ^
[INFO] [stderr] tests/constant.c:66:5: note: in expansion of macro 'PRINT_CONSTANT'
[INFO] [stderr]    66 |     PRINT_CONSTANT((gint) G_DESKTOP_FONT_RGBA_ORDER_VRGB);
[INFO] [stderr]       |     ^~~~~~~~~~~~~~
[INFO] [stderr] tests/constant.c:67:27: error: expected ')' before 'G_DESKTOP_LOCATION_ACCURACY_LEVEL_CITY'
[INFO] [stderr]    67 |     PRINT_CONSTANT((gint) G_DESKTOP_LOCATION_ACCURACY_LEVEL_CITY);
[INFO] [stderr]       |                           ^~~~~~~~~~~~~~~~~~~~~~~~~~~~~~~~~~~~~~
[INFO] [stderr] tests/constant.c:11:22: note: in definition of macro 'PRINT_CONSTANT'
[INFO] [stderr]    11 |     printf(_Generic((CONSTANT_NAME), \
[INFO] [stderr]       |                      ^~~~~~~~~~~~~
[INFO] [stderr] tests/constant.c:11:21: note: to match this '('
[INFO] [stderr]    11 |     printf(_Generic((CONSTANT_NAME), \
[INFO] [stderr]       |                     ^
[INFO] [stderr] tests/constant.c:67:5: note: in expansion of macro 'PRINT_CONSTANT'
[INFO] [stderr]    67 |     PRINT_CONSTANT((gint) G_DESKTOP_LOCATION_ACCURACY_LEVEL_CITY);
[INFO] [stderr]       |     ^~~~~~~~~~~~~~
[INFO] [stderr] tests/constant.c:67:27: error: expected ')' before 'G_DESKTOP_LOCATION_ACCURACY_LEVEL_CITY'
[INFO] [stderr]    67 |     PRINT_CONSTANT((gint) G_DESKTOP_LOCATION_ACCURACY_LEVEL_CITY);
[INFO] [stderr]       |                           ^~~~~~~~~~~~~~~~~~~~~~~~~~~~~~~~~~~~~~
[INFO] [stderr] tests/constant.c:28:12: note: in definition of macro 'PRINT_CONSTANT'
[INFO] [stderr]    28 |            CONSTANT_NAME); \
[INFO] [stderr]       |            ^~~~~~~~~~~~~
[INFO] [stderr] tests/constant.c:11:11: note: to match this '('
[INFO] [stderr]    11 |     printf(_Generic((CONSTANT_NAME), \
[INFO] [stderr]       |           ^
[INFO] [stderr] tests/constant.c:67:5: note: in expansion of macro 'PRINT_CONSTANT'
[INFO] [stderr]    67 |     PRINT_CONSTANT((gint) G_DESKTOP_LOCATION_ACCURACY_LEVEL_CITY);
[INFO] [stderr]       |     ^~~~~~~~~~~~~~
[INFO] [stderr] tests/constant.c:68:27: error: expected ')' before 'G_DESKTOP_LOCATION_ACCURACY_LEVEL_COUNTRY'
[INFO] [stderr]    68 |     PRINT_CONSTANT((gint) G_DESKTOP_LOCATION_ACCURACY_LEVEL_COUNTRY);
[INFO] [stderr]       |                           ^~~~~~~~~~~~~~~~~~~~~~~~~~~~~~~~~~~~~~~~~
[INFO] [stderr] tests/constant.c:11:22: note: in definition of macro 'PRINT_CONSTANT'
[INFO] [stderr]    11 |     printf(_Generic((CONSTANT_NAME), \
[INFO] [stderr]       |                      ^~~~~~~~~~~~~
[INFO] [stderr] tests/constant.c:11:21: note: to match this '('
[INFO] [stderr]    11 |     printf(_Generic((CONSTANT_NAME), \
[INFO] [stderr]       |                     ^
[INFO] [stderr] tests/constant.c:68:5: note: in expansion of macro 'PRINT_CONSTANT'
[INFO] [stderr]    68 |     PRINT_CONSTANT((gint) G_DESKTOP_LOCATION_ACCURACY_LEVEL_COUNTRY);
[INFO] [stderr]       |     ^~~~~~~~~~~~~~
[INFO] [stderr] tests/constant.c:68:27: error: expected ')' before 'G_DESKTOP_LOCATION_ACCURACY_LEVEL_COUNTRY'
[INFO] [stderr]    68 |     PRINT_CONSTANT((gint) G_DESKTOP_LOCATION_ACCURACY_LEVEL_COUNTRY);
[INFO] [stderr]       |                           ^~~~~~~~~~~~~~~~~~~~~~~~~~~~~~~~~~~~~~~~~
[INFO] [stderr] tests/constant.c:28:12: note: in definition of macro 'PRINT_CONSTANT'
[INFO] [stderr]    28 |            CONSTANT_NAME); \
[INFO] [stderr]       |            ^~~~~~~~~~~~~
[INFO] [stderr] tests/constant.c:11:11: note: to match this '('
[INFO] [stderr]    11 |     printf(_Generic((CONSTANT_NAME), \
[INFO] [stderr]       |           ^
[INFO] [stderr] tests/constant.c:68:5: note: in expansion of macro 'PRINT_CONSTANT'
[INFO] [stderr]    68 |     PRINT_CONSTANT((gint) G_DESKTOP_LOCATION_ACCURACY_LEVEL_COUNTRY);
[INFO] [stderr]       |     ^~~~~~~~~~~~~~
[INFO] [stderr] tests/constant.c:69:27: error: expected ')' before 'G_DESKTOP_LOCATION_ACCURACY_LEVEL_EXACT'
[INFO] [stderr]    69 |     PRINT_CONSTANT((gint) G_DESKTOP_LOCATION_ACCURACY_LEVEL_EXACT);
[INFO] [stderr]       |                           ^~~~~~~~~~~~~~~~~~~~~~~~~~~~~~~~~~~~~~~
[INFO] [stderr] tests/constant.c:11:22: note: in definition of macro 'PRINT_CONSTANT'
[INFO] [stderr]    11 |     printf(_Generic((CONSTANT_NAME), \
[INFO] [stderr]       |                      ^~~~~~~~~~~~~
[INFO] [stderr] tests/constant.c:11:21: note: to match this '('
[INFO] [stderr]    11 |     printf(_Generic((CONSTANT_NAME), \
[INFO] [stderr]       |                     ^
[INFO] [stderr] tests/constant.c:69:5: note: in expansion of macro 'PRINT_CONSTANT'
[INFO] [stderr]    69 |     PRINT_CONSTANT((gint) G_DESKTOP_LOCATION_ACCURACY_LEVEL_EXACT);
[INFO] [stderr]       |     ^~~~~~~~~~~~~~
[INFO] [stderr] tests/constant.c:69:27: error: expected ')' before 'G_DESKTOP_LOCATION_ACCURACY_LEVEL_EXACT'
[INFO] [stderr]    69 |     PRINT_CONSTANT((gint) G_DESKTOP_LOCATION_ACCURACY_LEVEL_EXACT);
[INFO] [stderr]       |                           ^~~~~~~~~~~~~~~~~~~~~~~~~~~~~~~~~~~~~~~
[INFO] [stderr] tests/constant.c:28:12: note: in definition of macro 'PRINT_CONSTANT'
[INFO] [stderr]    28 |            CONSTANT_NAME); \
[INFO] [stderr]       |            ^~~~~~~~~~~~~
[INFO] [stderr] tests/constant.c:11:11: note: to match this '('
[INFO] [stderr]    11 |     printf(_Generic((CONSTANT_NAME), \
[INFO] [stderr]       |           ^
[INFO] [stderr] tests/constant.c:69:5: note: in expansion of macro 'PRINT_CONSTANT'
[INFO] [stderr]    69 |     PRINT_CONSTANT((gint) G_DESKTOP_LOCATION_ACCURACY_LEVEL_EXACT);
[INFO] [stderr]       |     ^~~~~~~~~~~~~~
[INFO] [stderr] tests/constant.c:70:27: error: expected ')' before 'G_DESKTOP_LOCATION_ACCURACY_LEVEL_NEIGHBORHOOD'
[INFO] [stderr]    70 |     PRINT_CONSTANT((gint) G_DESKTOP_LOCATION_ACCURACY_LEVEL_NEIGHBORHOOD);
[INFO] [stderr]       |                           ^~~~~~~~~~~~~~~~~~~~~~~~~~~~~~~~~~~~~~~~~~~~~~
[INFO] [stderr] tests/constant.c:11:22: note: in definition of macro 'PRINT_CONSTANT'
[INFO] [stderr]    11 |     printf(_Generic((CONSTANT_NAME), \
[INFO] [stderr]       |                      ^~~~~~~~~~~~~
[INFO] [stderr] tests/constant.c:11:21: note: to match this '('
[INFO] [stderr]    11 |     printf(_Generic((CONSTANT_NAME), \
[INFO] [stderr]       |                     ^
[INFO] [stderr] tests/constant.c:70:5: note: in expansion of macro 'PRINT_CONSTANT'
[INFO] [stderr]    70 |     PRINT_CONSTANT((gint) G_DESKTOP_LOCATION_ACCURACY_LEVEL_NEIGHBORHOOD);
[INFO] [stderr]       |     ^~~~~~~~~~~~~~
[INFO] [stderr] tests/constant.c:70:27: error: expected ')' before 'G_DESKTOP_LOCATION_ACCURACY_LEVEL_NEIGHBORHOOD'
[INFO] [stderr]    70 |     PRINT_CONSTANT((gint) G_DESKTOP_LOCATION_ACCURACY_LEVEL_NEIGHBORHOOD);
[INFO] [stderr]       |                           ^~~~~~~~~~~~~~~~~~~~~~~~~~~~~~~~~~~~~~~~~~~~~~
[INFO] [stderr] tests/constant.c:28:12: note: in definition of macro 'PRINT_CONSTANT'
[INFO] [stderr]    28 |            CONSTANT_NAME); \
[INFO] [stderr]       |            ^~~~~~~~~~~~~
[INFO] [stderr] tests/constant.c:11:11: note: to match this '('
[INFO] [stderr]    11 |     printf(_Generic((CONSTANT_NAME), \
[INFO] [stderr]       |           ^
[INFO] [stderr] tests/constant.c:70:5: note: in expansion of macro 'PRINT_CONSTANT'
[INFO] [stderr]    70 |     PRINT_CONSTANT((gint) G_DESKTOP_LOCATION_ACCURACY_LEVEL_NEIGHBORHOOD);
[INFO] [stderr]       |     ^~~~~~~~~~~~~~
[INFO] [stderr] tests/constant.c:71:27: error: expected ')' before 'G_DESKTOP_LOCATION_ACCURACY_LEVEL_STREET'
[INFO] [stderr]    71 |     PRINT_CONSTANT((gint) G_DESKTOP_LOCATION_ACCURACY_LEVEL_STREET);
[INFO] [stderr]       |                           ^~~~~~~~~~~~~~~~~~~~~~~~~~~~~~~~~~~~~~~~
[INFO] [stderr] tests/constant.c:11:22: note: in definition of macro 'PRINT_CONSTANT'
[INFO] [stderr]    11 |     printf(_Generic((CONSTANT_NAME), \
[INFO] [stderr]       |                      ^~~~~~~~~~~~~
[INFO] [stderr] tests/constant.c:11:21: note: to match this '('
[INFO] [stderr]    11 |     printf(_Generic((CONSTANT_NAME), \
[INFO] [stderr]       |                     ^
[INFO] [stderr] tests/constant.c:71:5: note: in expansion of macro 'PRINT_CONSTANT'
[INFO] [stderr]    71 |     PRINT_CONSTANT((gint) G_DESKTOP_LOCATION_ACCURACY_LEVEL_STREET);
[INFO] [stderr]       |     ^~~~~~~~~~~~~~
[INFO] [stderr] tests/constant.c:71:27: error: expected ')' before 'G_DESKTOP_LOCATION_ACCURACY_LEVEL_STREET'
[INFO] [stderr]    71 |     PRINT_CONSTANT((gint) G_DESKTOP_LOCATION_ACCURACY_LEVEL_STREET);
[INFO] [stderr]       |                           ^~~~~~~~~~~~~~~~~~~~~~~~~~~~~~~~~~~~~~~~
[INFO] [stderr] tests/constant.c:28:12: note: in definition of macro 'PRINT_CONSTANT'
[INFO] [stderr]    28 |            CONSTANT_NAME); \
[INFO] [stderr]       |            ^~~~~~~~~~~~~
[INFO] [stderr] tests/constant.c:11:11: note: to match this '('
[INFO] [stderr]    11 |     printf(_Generic((CONSTANT_NAME), \
[INFO] [stderr]       |           ^
[INFO] [stderr] tests/constant.c:71:5: note: in expansion of macro 'PRINT_CONSTANT'
[INFO] [stderr]    71 |     PRINT_CONSTANT((gint) G_DESKTOP_LOCATION_ACCURACY_LEVEL_STREET);
[INFO] [stderr]       |     ^~~~~~~~~~~~~~
[INFO] [stderr] tests/constant.c:72:27: error: expected ')' before 'G_DESKTOP_MAGNIFIER_CARET_TRACKING_MODE_CENTERED'
[INFO] [stderr]    72 |     PRINT_CONSTANT((gint) G_DESKTOP_MAGNIFIER_CARET_TRACKING_MODE_CENTERED);
[INFO] [stderr]       |                           ^~~~~~~~~~~~~~~~~~~~~~~~~~~~~~~~~~~~~~~~~~~~~~~~
[INFO] [stderr] tests/constant.c:11:22: note: in definition of macro 'PRINT_CONSTANT'
[INFO] [stderr]    11 |     printf(_Generic((CONSTANT_NAME), \
[INFO] [stderr]       |                      ^~~~~~~~~~~~~
[INFO] [stderr] tests/constant.c:11:21: note: to match this '('
[INFO] [stderr]    11 |     printf(_Generic((CONSTANT_NAME), \
[INFO] [stderr]       |                     ^
[INFO] [stderr] tests/constant.c:72:5: note: in expansion of macro 'PRINT_CONSTANT'
[INFO] [stderr]    72 |     PRINT_CONSTANT((gint) G_DESKTOP_MAGNIFIER_CARET_TRACKING_MODE_CENTERED);
[INFO] [stderr]       |     ^~~~~~~~~~~~~~
[INFO] [stderr] tests/constant.c:72:27: error: expected ')' before 'G_DESKTOP_MAGNIFIER_CARET_TRACKING_MODE_CENTERED'
[INFO] [stderr]    72 |     PRINT_CONSTANT((gint) G_DESKTOP_MAGNIFIER_CARET_TRACKING_MODE_CENTERED);
[INFO] [stderr]       |                           ^~~~~~~~~~~~~~~~~~~~~~~~~~~~~~~~~~~~~~~~~~~~~~~~
[INFO] [stderr] tests/constant.c:28:12: note: in definition of macro 'PRINT_CONSTANT'
[INFO] [stderr]    28 |            CONSTANT_NAME); \
[INFO] [stderr]       |            ^~~~~~~~~~~~~
[INFO] [stderr] tests/constant.c:11:11: note: to match this '('
[INFO] [stderr]    11 |     printf(_Generic((CONSTANT_NAME), \
[INFO] [stderr]       |           ^
[INFO] [stderr] tests/constant.c:72:5: note: in expansion of macro 'PRINT_CONSTANT'
[INFO] [stderr]    72 |     PRINT_CONSTANT((gint) G_DESKTOP_MAGNIFIER_CARET_TRACKING_MODE_CENTERED);
[INFO] [stderr]       |     ^~~~~~~~~~~~~~
[INFO] [stderr] tests/constant.c:73:27: error: expected ')' before 'G_DESKTOP_MAGNIFIER_CARET_TRACKING_MODE_NONE'
[INFO] [stderr]    73 |     PRINT_CONSTANT((gint) G_DESKTOP_MAGNIFIER_CARET_TRACKING_MODE_NONE);
[INFO] [stderr]       |                           ^~~~~~~~~~~~~~~~~~~~~~~~~~~~~~~~~~~~~~~~~~~~
[INFO] [stderr] tests/constant.c:11:22: note: in definition of macro 'PRINT_CONSTANT'
[INFO] [stderr]    11 |     printf(_Generic((CONSTANT_NAME), \
[INFO] [stderr]       |                      ^~~~~~~~~~~~~
[INFO] [stderr] tests/constant.c:11:21: note: to match this '('
[INFO] [stderr]    11 |     printf(_Generic((CONSTANT_NAME), \
[INFO] [stderr]       |                     ^
[INFO] [stderr] tests/constant.c:73:5: note: in expansion of macro 'PRINT_CONSTANT'
[INFO] [stderr]    73 |     PRINT_CONSTANT((gint) G_DESKTOP_MAGNIFIER_CARET_TRACKING_MODE_NONE);
[INFO] [stderr]       |     ^~~~~~~~~~~~~~
[INFO] [stderr] tests/constant.c:73:27: error: expected ')' before 'G_DESKTOP_MAGNIFIER_CARET_TRACKING_MODE_NONE'
[INFO] [stderr]    73 |     PRINT_CONSTANT((gint) G_DESKTOP_MAGNIFIER_CARET_TRACKING_MODE_NONE);
[INFO] [stderr]       |                           ^~~~~~~~~~~~~~~~~~~~~~~~~~~~~~~~~~~~~~~~~~~~
[INFO] [stderr] tests/constant.c:28:12: note: in definition of macro 'PRINT_CONSTANT'
[INFO] [stderr]    28 |            CONSTANT_NAME); \
[INFO] [stderr]       |            ^~~~~~~~~~~~~
[INFO] [stderr] tests/constant.c:11:11: note: to match this '('
[INFO] [stderr]    11 |     printf(_Generic((CONSTANT_NAME), \
[INFO] [stderr]       |           ^
[INFO] [stderr] tests/constant.c:73:5: note: in expansion of macro 'PRINT_CONSTANT'
[INFO] [stderr]    73 |     PRINT_CONSTANT((gint) G_DESKTOP_MAGNIFIER_CARET_TRACKING_MODE_NONE);
[INFO] [stderr]       |     ^~~~~~~~~~~~~~
[INFO] [stderr] tests/constant.c:74:27: error: expected ')' before 'G_DESKTOP_MAGNIFIER_CARET_TRACKING_MODE_PROPORTIONAL'
[INFO] [stderr]    74 |     PRINT_CONSTANT((gint) G_DESKTOP_MAGNIFIER_CARET_TRACKING_MODE_PROPORTIONAL);
[INFO] [stderr]       |                           ^~~~~~~~~~~~~~~~~~~~~~~~~~~~~~~~~~~~~~~~~~~~~~~~~~~~
[INFO] [stderr] tests/constant.c:11:22: note: in definition of macro 'PRINT_CONSTANT'
[INFO] [stderr]    11 |     printf(_Generic((CONSTANT_NAME), \
[INFO] [stderr]       |                      ^~~~~~~~~~~~~
[INFO] [stderr] tests/constant.c:11:21: note: to match this '('
[INFO] [stderr]    11 |     printf(_Generic((CONSTANT_NAME), \
[INFO] [stderr]       |                     ^
[INFO] [stderr] tests/constant.c:74:5: note: in expansion of macro 'PRINT_CONSTANT'
[INFO] [stderr]    74 |     PRINT_CONSTANT((gint) G_DESKTOP_MAGNIFIER_CARET_TRACKING_MODE_PROPORTIONAL);
[INFO] [stderr]       |     ^~~~~~~~~~~~~~
[INFO] [stderr] tests/constant.c:74:27: error: expected ')' before 'G_DESKTOP_MAGNIFIER_CARET_TRACKING_MODE_PROPORTIONAL'
[INFO] [stderr]    74 |     PRINT_CONSTANT((gint) G_DESKTOP_MAGNIFIER_CARET_TRACKING_MODE_PROPORTIONAL);
[INFO] [stderr]       |                           ^~~~~~~~~~~~~~~~~~~~~~~~~~~~~~~~~~~~~~~~~~~~~~~~~~~~
[INFO] [stderr] tests/constant.c:28:12: note: in definition of macro 'PRINT_CONSTANT'
[INFO] [stderr]    28 |            CONSTANT_NAME); \
[INFO] [stderr]       |            ^~~~~~~~~~~~~
[INFO] [stderr] tests/constant.c:11:11: note: to match this '('
[INFO] [stderr]    11 |     printf(_Generic((CONSTANT_NAME), \
[INFO] [stderr]       |           ^
[INFO] [stderr] tests/constant.c:74:5: note: in expansion of macro 'PRINT_CONSTANT'
[INFO] [stderr]    74 |     PRINT_CONSTANT((gint) G_DESKTOP_MAGNIFIER_CARET_TRACKING_MODE_PROPORTIONAL);
[INFO] [stderr]       |     ^~~~~~~~~~~~~~
[INFO] [stderr] tests/constant.c:75:27: error: expected ')' before 'G_DESKTOP_MAGNIFIER_CARET_TRACKING_MODE_PUSH'
[INFO] [stderr]    75 |     PRINT_CONSTANT((gint) G_DESKTOP_MAGNIFIER_CARET_TRACKING_MODE_PUSH);
[INFO] [stderr]       |                           ^~~~~~~~~~~~~~~~~~~~~~~~~~~~~~~~~~~~~~~~~~~~
[INFO] [stderr] tests/constant.c:11:22: note: in definition of macro 'PRINT_CONSTANT'
[INFO] [stderr]    11 |     printf(_Generic((CONSTANT_NAME), \
[INFO] [stderr]       |                      ^~~~~~~~~~~~~
[INFO] [stderr] tests/constant.c:11:21: note: to match this '('
[INFO] [stderr]    11 |     printf(_Generic((CONSTANT_NAME), \
[INFO] [stderr]       |                     ^
[INFO] [stderr] tests/constant.c:75:5: note: in expansion of macro 'PRINT_CONSTANT'
[INFO] [stderr]    75 |     PRINT_CONSTANT((gint) G_DESKTOP_MAGNIFIER_CARET_TRACKING_MODE_PUSH);
[INFO] [stderr]       |     ^~~~~~~~~~~~~~
[INFO] [stderr] tests/constant.c:75:27: error: expected ')' before 'G_DESKTOP_MAGNIFIER_CARET_TRACKING_MODE_PUSH'
[INFO] [stderr]    75 |     PRINT_CONSTANT((gint) G_DESKTOP_MAGNIFIER_CARET_TRACKING_MODE_PUSH);
[INFO] [stderr]       |                           ^~~~~~~~~~~~~~~~~~~~~~~~~~~~~~~~~~~~~~~~~~~~
[INFO] [stderr] tests/constant.c:28:12: note: in definition of macro 'PRINT_CONSTANT'
[INFO] [stderr]    28 |            CONSTANT_NAME); \
[INFO] [stderr]       |            ^~~~~~~~~~~~~
[INFO] [stderr] tests/constant.c:11:11: note: to match this '('
[INFO] [stderr]    11 |     printf(_Generic((CONSTANT_NAME), \
[INFO] [stderr]       |           ^
[INFO] [stderr] tests/constant.c:75:5: note: in expansion of macro 'PRINT_CONSTANT'
[INFO] [stderr]    75 |     PRINT_CONSTANT((gint) G_DESKTOP_MAGNIFIER_CARET_TRACKING_MODE_PUSH);
[INFO] [stderr]       |     ^~~~~~~~~~~~~~
[INFO] [stderr] tests/constant.c:76:27: error: expected ')' before 'G_DESKTOP_MAGNIFIER_FOCUS_TRACKING_MODE_CENTERED'
[INFO] [stderr]    76 |     PRINT_CONSTANT((gint) G_DESKTOP_MAGNIFIER_FOCUS_TRACKING_MODE_CENTERED);
[INFO] [stderr]       |                           ^~~~~~~~~~~~~~~~~~~~~~~~~~~~~~~~~~~~~~~~~~~~~~~~
[INFO] [stderr] tests/constant.c:11:22: note: in definition of macro 'PRINT_CONSTANT'
[INFO] [stderr]    11 |     printf(_Generic((CONSTANT_NAME), \
[INFO] [stderr]       |                      ^~~~~~~~~~~~~
[INFO] [stderr] tests/constant.c:11:21: note: to match this '('
[INFO] [stderr]    11 |     printf(_Generic((CONSTANT_NAME), \
[INFO] [stderr]       |                     ^
[INFO] [stderr] tests/constant.c:76:5: note: in expansion of macro 'PRINT_CONSTANT'
[INFO] [stderr]    76 |     PRINT_CONSTANT((gint) G_DESKTOP_MAGNIFIER_FOCUS_TRACKING_MODE_CENTERED);
[INFO] [stderr]       |     ^~~~~~~~~~~~~~
[INFO] [stderr] tests/constant.c:76:27: error: expected ')' before 'G_DESKTOP_MAGNIFIER_FOCUS_TRACKING_MODE_CENTERED'
[INFO] [stderr]    76 |     PRINT_CONSTANT((gint) G_DESKTOP_MAGNIFIER_FOCUS_TRACKING_MODE_CENTERED);
[INFO] [stderr]       |                           ^~~~~~~~~~~~~~~~~~~~~~~~~~~~~~~~~~~~~~~~~~~~~~~~
[INFO] [stderr] tests/constant.c:28:12: note: in definition of macro 'PRINT_CONSTANT'
[INFO] [stderr]    28 |            CONSTANT_NAME); \
[INFO] [stderr]       |            ^~~~~~~~~~~~~
[INFO] [stderr] tests/constant.c:11:11: note: to match this '('
[INFO] [stderr]    11 |     printf(_Generic((CONSTANT_NAME), \
[INFO] [stderr]       |           ^
[INFO] [stderr] tests/constant.c:76:5: note: in expansion of macro 'PRINT_CONSTANT'
[INFO] [stderr]    76 |     PRINT_CONSTANT((gint) G_DESKTOP_MAGNIFIER_FOCUS_TRACKING_MODE_CENTERED);
[INFO] [stderr]       |     ^~~~~~~~~~~~~~
[INFO] [stderr] tests/constant.c:77:27: error: expected ')' before 'G_DESKTOP_MAGNIFIER_FOCUS_TRACKING_MODE_NONE'
[INFO] [stderr]    77 |     PRINT_CONSTANT((gint) G_DESKTOP_MAGNIFIER_FOCUS_TRACKING_MODE_NONE);
[INFO] [stderr]       |                           ^~~~~~~~~~~~~~~~~~~~~~~~~~~~~~~~~~~~~~~~~~~~
[INFO] [stderr] tests/constant.c:11:22: note: in definition of macro 'PRINT_CONSTANT'
[INFO] [stderr]    11 |     printf(_Generic((CONSTANT_NAME), \
[INFO] [stderr]       |                      ^~~~~~~~~~~~~
[INFO] [stderr] tests/constant.c:11:21: note: to match this '('
[INFO] [stderr]    11 |     printf(_Generic((CONSTANT_NAME), \
[INFO] [stderr]       |                     ^
[INFO] [stderr] tests/constant.c:77:5: note: in expansion of macro 'PRINT_CONSTANT'
[INFO] [stderr]    77 |     PRINT_CONSTANT((gint) G_DESKTOP_MAGNIFIER_FOCUS_TRACKING_MODE_NONE);
[INFO] [stderr]       |     ^~~~~~~~~~~~~~
[INFO] [stderr] tests/constant.c:77:27: error: expected ')' before 'G_DESKTOP_MAGNIFIER_FOCUS_TRACKING_MODE_NONE'
[INFO] [stderr]    77 |     PRINT_CONSTANT((gint) G_DESKTOP_MAGNIFIER_FOCUS_TRACKING_MODE_NONE);
[INFO] [stderr]       |                           ^~~~~~~~~~~~~~~~~~~~~~~~~~~~~~~~~~~~~~~~~~~~
[INFO] [stderr] tests/constant.c:28:12: note: in definition of macro 'PRINT_CONSTANT'
[INFO] [stderr]    28 |            CONSTANT_NAME); \
[INFO] [stderr]       |            ^~~~~~~~~~~~~
[INFO] [stderr] tests/constant.c:11:11: note: to match this '('
[INFO] [stderr]    11 |     printf(_Generic((CONSTANT_NAME), \
[INFO] [stderr]       |           ^
[INFO] [stderr] tests/constant.c:77:5: note: in expansion of macro 'PRINT_CONSTANT'
[INFO] [stderr]    77 |     PRINT_CONSTANT((gint) G_DESKTOP_MAGNIFIER_FOCUS_TRACKING_MODE_NONE);
[INFO] [stderr]       |     ^~~~~~~~~~~~~~
[INFO] [stderr] tests/constant.c:78:27: error: expected ')' before 'G_DESKTOP_MAGNIFIER_FOCUS_TRACKING_MODE_PROPORTIONAL'
[INFO] [stderr]    78 |     PRINT_CONSTANT((gint) G_DESKTOP_MAGNIFIER_FOCUS_TRACKING_MODE_PROPORTIONAL);
[INFO] [stderr]       |                           ^~~~~~~~~~~~~~~~~~~~~~~~~~~~~~~~~~~~~~~~~~~~~~~~~~~~
[INFO] [stderr] tests/constant.c:11:22: note: in definition of macro 'PRINT_CONSTANT'
[INFO] [stderr]    11 |     printf(_Generic((CONSTANT_NAME), \
[INFO] [stderr]       |                      ^~~~~~~~~~~~~
[INFO] [stderr] tests/constant.c:11:21: note: to match this '('
[INFO] [stderr]    11 |     printf(_Generic((CONSTANT_NAME), \
[INFO] [stderr]       |                     ^
[INFO] [stderr] tests/constant.c:78:5: note: in expansion of macro 'PRINT_CONSTANT'
[INFO] [stderr]    78 |     PRINT_CONSTANT((gint) G_DESKTOP_MAGNIFIER_FOCUS_TRACKING_MODE_PROPORTIONAL);
[INFO] [stderr]       |     ^~~~~~~~~~~~~~
[INFO] [stderr] tests/constant.c:78:27: error: expected ')' before 'G_DESKTOP_MAGNIFIER_FOCUS_TRACKING_MODE_PROPORTIONAL'
[INFO] [stderr]    78 |     PRINT_CONSTANT((gint) G_DESKTOP_MAGNIFIER_FOCUS_TRACKING_MODE_PROPORTIONAL);
[INFO] [stderr]       |                           ^~~~~~~~~~~~~~~~~~~~~~~~~~~~~~~~~~~~~~~~~~~~~~~~~~~~
[INFO] [stderr] tests/constant.c:28:12: note: in definition of macro 'PRINT_CONSTANT'
[INFO] [stderr]    28 |            CONSTANT_NAME); \
[INFO] [stderr]       |            ^~~~~~~~~~~~~
[INFO] [stderr] tests/constant.c:11:11: note: to match this '('
[INFO] [stderr]    11 |     printf(_Generic((CONSTANT_NAME), \
[INFO] [stderr]       |           ^
[INFO] [stderr] tests/constant.c:78:5: note: in expansion of macro 'PRINT_CONSTANT'
[INFO] [stderr]    78 |     PRINT_CONSTANT((gint) G_DESKTOP_MAGNIFIER_FOCUS_TRACKING_MODE_PROPORTIONAL);
[INFO] [stderr]       |     ^~~~~~~~~~~~~~
[INFO] [stderr] tests/constant.c:79:27: error: expected ')' before 'G_DESKTOP_MAGNIFIER_FOCUS_TRACKING_MODE_PUSH'
[INFO] [stderr]    79 |     PRINT_CONSTANT((gint) G_DESKTOP_MAGNIFIER_FOCUS_TRACKING_MODE_PUSH);
[INFO] [stderr]       |                           ^~~~~~~~~~~~~~~~~~~~~~~~~~~~~~~~~~~~~~~~~~~~
[INFO] [stderr] tests/constant.c:11:22: note: in definition of macro 'PRINT_CONSTANT'
[INFO] [stderr]    11 |     printf(_Generic((CONSTANT_NAME), \
[INFO] [stderr]       |                      ^~~~~~~~~~~~~
[INFO] [stderr] tests/constant.c:11:21: note: to match this '('
[INFO] [stderr]    11 |     printf(_Generic((CONSTANT_NAME), \
[INFO] [stderr]       |                     ^
[INFO] [stderr] tests/constant.c:79:5: note: in expansion of macro 'PRINT_CONSTANT'
[INFO] [stderr]    79 |     PRINT_CONSTANT((gint) G_DESKTOP_MAGNIFIER_FOCUS_TRACKING_MODE_PUSH);
[INFO] [stderr]       |     ^~~~~~~~~~~~~~
[INFO] [stderr] tests/constant.c:79:27: error: expected ')' before 'G_DESKTOP_MAGNIFIER_FOCUS_TRACKING_MODE_PUSH'
[INFO] [stderr]    79 |     PRINT_CONSTANT((gint) G_DESKTOP_MAGNIFIER_FOCUS_TRACKING_MODE_PUSH);
[INFO] [stderr]       |                           ^~~~~~~~~~~~~~~~~~~~~~~~~~~~~~~~~~~~~~~~~~~~
[INFO] [stderr] tests/constant.c:28:12: note: in definition of macro 'PRINT_CONSTANT'
[INFO] [stderr]    28 |            CONSTANT_NAME); \
[INFO] [stderr]       |            ^~~~~~~~~~~~~
[INFO] [stderr] tests/constant.c:11:11: note: to match this '('
[INFO] [stderr]    11 |     printf(_Generic((CONSTANT_NAME), \
[INFO] [stderr]       |           ^
[INFO] [stderr] tests/constant.c:79:5: note: in expansion of macro 'PRINT_CONSTANT'
[INFO] [stderr]    79 |     PRINT_CONSTANT((gint) G_DESKTOP_MAGNIFIER_FOCUS_TRACKING_MODE_PUSH);
[INFO] [stderr]       |     ^~~~~~~~~~~~~~
[INFO] [stderr] tests/constant.c:80:27: error: expected ')' before 'G_DESKTOP_MAGNIFIER_MOUSE_TRACKING_MODE_CENTERED'
[INFO] [stderr]    80 |     PRINT_CONSTANT((gint) G_DESKTOP_MAGNIFIER_MOUSE_TRACKING_MODE_CENTERED);
[INFO] [stderr]       |                           ^~~~~~~~~~~~~~~~~~~~~~~~~~~~~~~~~~~~~~~~~~~~~~~~
[INFO] [stderr] tests/constant.c:11:22: note: in definition of macro 'PRINT_CONSTANT'
[INFO] [stderr]    11 |     printf(_Generic((CONSTANT_NAME), \
[INFO] [stderr]       |                      ^~~~~~~~~~~~~
[INFO] [stderr] tests/constant.c:11:21: note: to match this '('
[INFO] [stderr]    11 |     printf(_Generic((CONSTANT_NAME), \
[INFO] [stderr]       |                     ^
[INFO] [stderr] tests/constant.c:80:5: note: in expansion of macro 'PRINT_CONSTANT'
[INFO] [stderr]    80 |     PRINT_CONSTANT((gint) G_DESKTOP_MAGNIFIER_MOUSE_TRACKING_MODE_CENTERED);
[INFO] [stderr]       |     ^~~~~~~~~~~~~~
[INFO] [stderr] tests/constant.c:80:27: error: expected ')' before 'G_DESKTOP_MAGNIFIER_MOUSE_TRACKING_MODE_CENTERED'
[INFO] [stderr]    80 |     PRINT_CONSTANT((gint) G_DESKTOP_MAGNIFIER_MOUSE_TRACKING_MODE_CENTERED);
[INFO] [stderr]       |                           ^~~~~~~~~~~~~~~~~~~~~~~~~~~~~~~~~~~~~~~~~~~~~~~~
[INFO] [stderr] tests/constant.c:28:12: note: in definition of macro 'PRINT_CONSTANT'
[INFO] [stderr]    28 |            CONSTANT_NAME); \
[INFO] [stderr]       |            ^~~~~~~~~~~~~
[INFO] [stderr] tests/constant.c:11:11: note: to match this '('
[INFO] [stderr]    11 |     printf(_Generic((CONSTANT_NAME), \
[INFO] [stderr]       |           ^
[INFO] [stderr] tests/constant.c:80:5: note: in expansion of macro 'PRINT_CONSTANT'
[INFO] [stderr]    80 |     PRINT_CONSTANT((gint) G_DESKTOP_MAGNIFIER_MOUSE_TRACKING_MODE_CENTERED);
[INFO] [stderr]       |     ^~~~~~~~~~~~~~
[INFO] [stderr] tests/constant.c:81:27: error: expected ')' before 'G_DESKTOP_MAGNIFIER_MOUSE_TRACKING_MODE_NONE'
[INFO] [stderr]    81 |     PRINT_CONSTANT((gint) G_DESKTOP_MAGNIFIER_MOUSE_TRACKING_MODE_NONE);
[INFO] [stderr]       |                           ^~~~~~~~~~~~~~~~~~~~~~~~~~~~~~~~~~~~~~~~~~~~
[INFO] [stderr] tests/constant.c:11:22: note: in definition of macro 'PRINT_CONSTANT'
[INFO] [stderr]    11 |     printf(_Generic((CONSTANT_NAME), \
[INFO] [stderr]       |                      ^~~~~~~~~~~~~
[INFO] [stderr] tests/constant.c:11:21: note: to match this '('
[INFO] [stderr]    11 |     printf(_Generic((CONSTANT_NAME), \
[INFO] [stderr]       |                     ^
[INFO] [stderr] tests/constant.c:81:5: note: in expansion of macro 'PRINT_CONSTANT'
[INFO] [stderr]    81 |     PRINT_CONSTANT((gint) G_DESKTOP_MAGNIFIER_MOUSE_TRACKING_MODE_NONE);
[INFO] [stderr]       |     ^~~~~~~~~~~~~~
[INFO] [stderr] tests/constant.c:81:27: error: expected ')' before 'G_DESKTOP_MAGNIFIER_MOUSE_TRACKING_MODE_NONE'
[INFO] [stderr]    81 |     PRINT_CONSTANT((gint) G_DESKTOP_MAGNIFIER_MOUSE_TRACKING_MODE_NONE);
[INFO] [stderr]       |                           ^~~~~~~~~~~~~~~~~~~~~~~~~~~~~~~~~~~~~~~~~~~~
[INFO] [stderr] tests/constant.c:28:12: note: in definition of macro 'PRINT_CONSTANT'
[INFO] [stderr]    28 |            CONSTANT_NAME); \
[INFO] [stderr]       |            ^~~~~~~~~~~~~
[INFO] [stderr] tests/constant.c:11:11: note: to match this '('
[INFO] [stderr]    11 |     printf(_Generic((CONSTANT_NAME), \
[INFO] [stderr]       |           ^
[INFO] [stderr] tests/constant.c:81:5: note: in expansion of macro 'PRINT_CONSTANT'
[INFO] [stderr]    81 |     PRINT_CONSTANT((gint) G_DESKTOP_MAGNIFIER_MOUSE_TRACKING_MODE_NONE);
[INFO] [stderr]       |     ^~~~~~~~~~~~~~
[INFO] [stderr] tests/constant.c:82:27: error: expected ')' before 'G_DESKTOP_MAGNIFIER_MOUSE_TRACKING_MODE_PROPORTIONAL'
[INFO] [stderr]    82 |     PRINT_CONSTANT((gint) G_DESKTOP_MAGNIFIER_MOUSE_TRACKING_MODE_PROPORTIONAL);
[INFO] [stderr]       |                           ^~~~~~~~~~~~~~~~~~~~~~~~~~~~~~~~~~~~~~~~~~~~~~~~~~~~
[INFO] [stderr] tests/constant.c:11:22: note: in definition of macro 'PRINT_CONSTANT'
[INFO] [stderr]    11 |     printf(_Generic((CONSTANT_NAME), \
[INFO] [stderr]       |                      ^~~~~~~~~~~~~
[INFO] [stderr] tests/constant.c:11:21: note: to match this '('
[INFO] [stderr]    11 |     printf(_Generic((CONSTANT_NAME), \
[INFO] [stderr]       |                     ^
[INFO] [stderr] tests/constant.c:82:5: note: in expansion of macro 'PRINT_CONSTANT'
[INFO] [stderr]    82 |     PRINT_CONSTANT((gint) G_DESKTOP_MAGNIFIER_MOUSE_TRACKING_MODE_PROPORTIONAL);
[INFO] [stderr]       |     ^~~~~~~~~~~~~~
[INFO] [stderr] tests/constant.c:82:27: error: expected ')' before 'G_DESKTOP_MAGNIFIER_MOUSE_TRACKING_MODE_PROPORTIONAL'
[INFO] [stderr]    82 |     PRINT_CONSTANT((gint) G_DESKTOP_MAGNIFIER_MOUSE_TRACKING_MODE_PROPORTIONAL);
[INFO] [stderr]       |                           ^~~~~~~~~~~~~~~~~~~~~~~~~~~~~~~~~~~~~~~~~~~~~~~~~~~~
[INFO] [stderr] tests/constant.c:28:12: note: in definition of macro 'PRINT_CONSTANT'
[INFO] [stderr]    28 |            CONSTANT_NAME); \
[INFO] [stderr]       |            ^~~~~~~~~~~~~
[INFO] [stderr] tests/constant.c:11:11: note: to match this '('
[INFO] [stderr]    11 |     printf(_Generic((CONSTANT_NAME), \
[INFO] [stderr]       |           ^
[INFO] [stderr] tests/constant.c:82:5: note: in expansion of macro 'PRINT_CONSTANT'
[INFO] [stderr]    82 |     PRINT_CONSTANT((gint) G_DESKTOP_MAGNIFIER_MOUSE_TRACKING_MODE_PROPORTIONAL);
[INFO] [stderr]       |     ^~~~~~~~~~~~~~
[INFO] [stderr] tests/constant.c:83:27: error: expected ')' before 'G_DESKTOP_MAGNIFIER_MOUSE_TRACKING_MODE_PUSH'
[INFO] [stderr]    83 |     PRINT_CONSTANT((gint) G_DESKTOP_MAGNIFIER_MOUSE_TRACKING_MODE_PUSH);
[INFO] [stderr]       |                           ^~~~~~~~~~~~~~~~~~~~~~~~~~~~~~~~~~~~~~~~~~~~
[INFO] [stderr] tests/constant.c:11:22: note: in definition of macro 'PRINT_CONSTANT'
[INFO] [stderr]    11 |     printf(_Generic((CONSTANT_NAME), \
[INFO] [stderr]       |                      ^~~~~~~~~~~~~
[INFO] [stderr] tests/constant.c:11:21: note: to match this '('
[INFO] [stderr]    11 |     printf(_Generic((CONSTANT_NAME), \
[INFO] [stderr]       |                     ^
[INFO] [stderr] tests/constant.c:83:5: note: in expansion of macro 'PRINT_CONSTANT'
[INFO] [stderr]    83 |     PRINT_CONSTANT((gint) G_DESKTOP_MAGNIFIER_MOUSE_TRACKING_MODE_PUSH);
[INFO] [stderr]       |     ^~~~~~~~~~~~~~
[INFO] [stderr] tests/constant.c:83:27: error: expected ')' before 'G_DESKTOP_MAGNIFIER_MOUSE_TRACKING_MODE_PUSH'
[INFO] [stderr]    83 |     PRINT_CONSTANT((gint) G_DESKTOP_MAGNIFIER_MOUSE_TRACKING_MODE_PUSH);
[INFO] [stderr]       |                           ^~~~~~~~~~~~~~~~~~~~~~~~~~~~~~~~~~~~~~~~~~~~
[INFO] [stderr] tests/constant.c:28:12: note: in definition of macro 'PRINT_CONSTANT'
[INFO] [stderr]    28 |            CONSTANT_NAME); \
[INFO] [stderr]       |            ^~~~~~~~~~~~~
[INFO] [stderr] tests/constant.c:11:11: note: to match this '('
[INFO] [stderr]    11 |     printf(_Generic((CONSTANT_NAME), \
[INFO] [stderr]       |           ^
[INFO] [stderr] tests/constant.c:83:5: note: in expansion of macro 'PRINT_CONSTANT'
[INFO] [stderr]    83 |     PRINT_CONSTANT((gint) G_DESKTOP_MAGNIFIER_MOUSE_TRACKING_MODE_PUSH);
[INFO] [stderr]       |     ^~~~~~~~~~~~~~
[INFO] [stderr] tests/constant.c:84:27: error: expected ')' before 'G_DESKTOP_MAGNIFIER_SCREEN_POSITION_BOTTOM_HALF'
[INFO] [stderr]    84 |     PRINT_CONSTANT((gint) G_DESKTOP_MAGNIFIER_SCREEN_POSITION_BOTTOM_HALF);
[INFO] [stderr]       |                           ^~~~~~~~~~~~~~~~~~~~~~~~~~~~~~~~~~~~~~~~~~~~~~~
[INFO] [stderr] tests/constant.c:11:22: note: in definition of macro 'PRINT_CONSTANT'
[INFO] [stderr]    11 |     printf(_Generic((CONSTANT_NAME), \
[INFO] [stderr]       |                      ^~~~~~~~~~~~~
[INFO] [stderr] tests/constant.c:11:21: note: to match this '('
[INFO] [stderr]    11 |     printf(_Generic((CONSTANT_NAME), \
[INFO] [stderr]       |                     ^
[INFO] [stderr] tests/constant.c:84:5: note: in expansion of macro 'PRINT_CONSTANT'
[INFO] [stderr]    84 |     PRINT_CONSTANT((gint) G_DESKTOP_MAGNIFIER_SCREEN_POSITION_BOTTOM_HALF);
[INFO] [stderr]       |     ^~~~~~~~~~~~~~
[INFO] [stderr] tests/constant.c:84:27: error: expected ')' before 'G_DESKTOP_MAGNIFIER_SCREEN_POSITION_BOTTOM_HALF'
[INFO] [stderr]    84 |     PRINT_CONSTANT((gint) G_DESKTOP_MAGNIFIER_SCREEN_POSITION_BOTTOM_HALF);
[INFO] [stderr]       |                           ^~~~~~~~~~~~~~~~~~~~~~~~~~~~~~~~~~~~~~~~~~~~~~~
[INFO] [stderr] tests/constant.c:28:12: note: in definition of macro 'PRINT_CONSTANT'
[INFO] [stderr]    28 |            CONSTANT_NAME); \
[INFO] [stderr]       |            ^~~~~~~~~~~~~
[INFO] [stderr] tests/constant.c:11:11: note: to match this '('
[INFO] [stderr]    11 |     printf(_Generic((CONSTANT_NAME), \
[INFO] [stderr]       |           ^
[INFO] [stderr] tests/constant.c:84:5: note: in expansion of macro 'PRINT_CONSTANT'
[INFO] [stderr]    84 |     PRINT_CONSTANT((gint) G_DESKTOP_MAGNIFIER_SCREEN_POSITION_BOTTOM_HALF);
[INFO] [stderr]       |     ^~~~~~~~~~~~~~
[INFO] [stderr] tests/constant.c:85:27: error: expected ')' before 'G_DESKTOP_MAGNIFIER_SCREEN_POSITION_FULL_SCREEN'
[INFO] [stderr]    85 |     PRINT_CONSTANT((gint) G_DESKTOP_MAGNIFIER_SCREEN_POSITION_FULL_SCREEN);
[INFO] [stderr]       |                           ^~~~~~~~~~~~~~~~~~~~~~~~~~~~~~~~~~~~~~~~~~~~~~~
[INFO] [stderr] tests/constant.c:11:22: note: in definition of macro 'PRINT_CONSTANT'
[INFO] [stderr]    11 |     printf(_Generic((CONSTANT_NAME), \
[INFO] [stderr]       |                      ^~~~~~~~~~~~~
[INFO] [stderr] tests/constant.c:11:21: note: to match this '('
[INFO] [stderr]    11 |     printf(_Generic((CONSTANT_NAME), \
[INFO] [stderr]       |                     ^
[INFO] [stderr] tests/constant.c:85:5: note: in expansion of macro 'PRINT_CONSTANT'
[INFO] [stderr]    85 |     PRINT_CONSTANT((gint) G_DESKTOP_MAGNIFIER_SCREEN_POSITION_FULL_SCREEN);
[INFO] [stderr]       |     ^~~~~~~~~~~~~~
[INFO] [stderr] tests/constant.c:85:27: error: expected ')' before 'G_DESKTOP_MAGNIFIER_SCREEN_POSITION_FULL_SCREEN'
[INFO] [stderr]    85 |     PRINT_CONSTANT((gint) G_DESKTOP_MAGNIFIER_SCREEN_POSITION_FULL_SCREEN);
[INFO] [stderr]       |                           ^~~~~~~~~~~~~~~~~~~~~~~~~~~~~~~~~~~~~~~~~~~~~~~
[INFO] [stderr] tests/constant.c:28:12: note: in definition of macro 'PRINT_CONSTANT'
[INFO] [stderr]    28 |            CONSTANT_NAME); \
[INFO] [stderr]       |            ^~~~~~~~~~~~~
[INFO] [stderr] tests/constant.c:11:11: note: to match this '('
[INFO] [stderr]    11 |     printf(_Generic((CONSTANT_NAME), \
[INFO] [stderr]       |           ^
[INFO] [stderr] tests/constant.c:85:5: note: in expansion of macro 'PRINT_CONSTANT'
[INFO] [stderr]    85 |     PRINT_CONSTANT((gint) G_DESKTOP_MAGNIFIER_SCREEN_POSITION_FULL_SCREEN);
[INFO] [stderr]       |     ^~~~~~~~~~~~~~
[INFO] [stderr] tests/constant.c:86:27: error: expected ')' before 'G_DESKTOP_MAGNIFIER_SCREEN_POSITION_LEFT_HALF'
[INFO] [stderr]    86 |     PRINT_CONSTANT((gint) G_DESKTOP_MAGNIFIER_SCREEN_POSITION_LEFT_HALF);
[INFO] [stderr]       |                           ^~~~~~~~~~~~~~~~~~~~~~~~~~~~~~~~~~~~~~~~~~~~~
[INFO] [stderr] tests/constant.c:11:22: note: in definition of macro 'PRINT_CONSTANT'
[INFO] [stderr]    11 |     printf(_Generic((CONSTANT_NAME), \
[INFO] [stderr]       |                      ^~~~~~~~~~~~~
[INFO] [stderr] tests/constant.c:11:21: note: to match this '('
[INFO] [stderr]    11 |     printf(_Generic((CONSTANT_NAME), \
[INFO] [stderr]       |                     ^
[INFO] [stderr] tests/constant.c:86:5: note: in expansion of macro 'PRINT_CONSTANT'
[INFO] [stderr]    86 |     PRINT_CONSTANT((gint) G_DESKTOP_MAGNIFIER_SCREEN_POSITION_LEFT_HALF);
[INFO] [stderr]       |     ^~~~~~~~~~~~~~
[INFO] [stderr] tests/constant.c:86:27: error: expected ')' before 'G_DESKTOP_MAGNIFIER_SCREEN_POSITION_LEFT_HALF'
[INFO] [stderr]    86 |     PRINT_CONSTANT((gint) G_DESKTOP_MAGNIFIER_SCREEN_POSITION_LEFT_HALF);
[INFO] [stderr]       |                           ^~~~~~~~~~~~~~~~~~~~~~~~~~~~~~~~~~~~~~~~~~~~~
[INFO] [stderr] tests/constant.c:28:12: note: in definition of macro 'PRINT_CONSTANT'
[INFO] [stderr]    28 |            CONSTANT_NAME); \
[INFO] [stderr]       |            ^~~~~~~~~~~~~
[INFO] [stderr] tests/constant.c:11:11: note: to match this '('
[INFO] [stderr]    11 |     printf(_Generic((CONSTANT_NAME), \
[INFO] [stderr]       |           ^
[INFO] [stderr] tests/constant.c:86:5: note: in expansion of macro 'PRINT_CONSTANT'
[INFO] [stderr]    86 |     PRINT_CONSTANT((gint) G_DESKTOP_MAGNIFIER_SCREEN_POSITION_LEFT_HALF);
[INFO] [stderr]       |     ^~~~~~~~~~~~~~
[INFO] [stderr] tests/constant.c:87:27: error: expected ')' before 'G_DESKTOP_MAGNIFIER_SCREEN_POSITION_NONE'
[INFO] [stderr]    87 |     PRINT_CONSTANT((gint) G_DESKTOP_MAGNIFIER_SCREEN_POSITION_NONE);
[INFO] [stderr]       |                           ^~~~~~~~~~~~~~~~~~~~~~~~~~~~~~~~~~~~~~~~
[INFO] [stderr] tests/constant.c:11:22: note: in definition of macro 'PRINT_CONSTANT'
[INFO] [stderr]    11 |     printf(_Generic((CONSTANT_NAME), \
[INFO] [stderr]       |                      ^~~~~~~~~~~~~
[INFO] [stderr] tests/constant.c:11:21: note: to match this '('
[INFO] [stderr]    11 |     printf(_Generic((CONSTANT_NAME), \
[INFO] [stderr]       |                     ^
[INFO] [stderr] tests/constant.c:87:5: note: in expansion of macro 'PRINT_CONSTANT'
[INFO] [stderr]    87 |     PRINT_CONSTANT((gint) G_DESKTOP_MAGNIFIER_SCREEN_POSITION_NONE);
[INFO] [stderr]       |     ^~~~~~~~~~~~~~
[INFO] [stderr] tests/constant.c:87:27: error: expected ')' before 'G_DESKTOP_MAGNIFIER_SCREEN_POSITION_NONE'
[INFO] [stderr]    87 |     PRINT_CONSTANT((gint) G_DESKTOP_MAGNIFIER_SCREEN_POSITION_NONE);
[INFO] [stderr]       |                           ^~~~~~~~~~~~~~~~~~~~~~~~~~~~~~~~~~~~~~~~
[INFO] [stderr] tests/constant.c:28:12: note: in definition of macro 'PRINT_CONSTANT'
[INFO] [stderr]    28 |            CONSTANT_NAME); \
[INFO] [stderr]       |            ^~~~~~~~~~~~~
[INFO] [stderr] tests/constant.c:11:11: note: to match this '('
[INFO] [stderr]    11 |     printf(_Generic((CONSTANT_NAME), \
[INFO] [stderr]       |           ^
[INFO] [stderr] tests/constant.c:87:5: note: in expansion of macro 'PRINT_CONSTANT'
[INFO] [stderr]    87 |     PRINT_CONSTANT((gint) G_DESKTOP_MAGNIFIER_SCREEN_POSITION_NONE);
[INFO] [stderr]       |     ^~~~~~~~~~~~~~
[INFO] [stderr] tests/constant.c:88:27: error: expected ')' before 'G_DESKTOP_MAGNIFIER_SCREEN_POSITION_RIGHT_HALF'
[INFO] [stderr]    88 |     PRINT_CONSTANT((gint) G_DESKTOP_MAGNIFIER_SCREEN_POSITION_RIGHT_HALF);
[INFO] [stderr]       |                           ^~~~~~~~~~~~~~~~~~~~~~~~~~~~~~~~~~~~~~~~~~~~~~
[INFO] [stderr] tests/constant.c:11:22: note: in definition of macro 'PRINT_CONSTANT'
[INFO] [stderr]    11 |     printf(_Generic((CONSTANT_NAME), \
[INFO] [stderr]       |                      ^~~~~~~~~~~~~
[INFO] [stderr] tests/constant.c:11:21: note: to match this '('
[INFO] [stderr]    11 |     printf(_Generic((CONSTANT_NAME), \
[INFO] [stderr]       |                     ^
[INFO] [stderr] tests/constant.c:88:5: note: in expansion of macro 'PRINT_CONSTANT'
[INFO] [stderr]    88 |     PRINT_CONSTANT((gint) G_DESKTOP_MAGNIFIER_SCREEN_POSITION_RIGHT_HALF);
[INFO] [stderr]       |     ^~~~~~~~~~~~~~
[INFO] [stderr] tests/constant.c:88:27: error: expected ')' before 'G_DESKTOP_MAGNIFIER_SCREEN_POSITION_RIGHT_HALF'
[INFO] [stderr]    88 |     PRINT_CONSTANT((gint) G_DESKTOP_MAGNIFIER_SCREEN_POSITION_RIGHT_HALF);
[INFO] [stderr]       |                           ^~~~~~~~~~~~~~~~~~~~~~~~~~~~~~~~~~~~~~~~~~~~~~
[INFO] [stderr] tests/constant.c:28:12: note: in definition of macro 'PRINT_CONSTANT'
[INFO] [stderr]    28 |            CONSTANT_NAME); \
[INFO] [stderr]       |            ^~~~~~~~~~~~~
[INFO] [stderr] tests/constant.c:11:11: note: to match this '('
[INFO] [stderr]    11 |     printf(_Generic((CONSTANT_NAME), \
[INFO] [stderr]       |           ^
[INFO] [stderr] tests/constant.c:88:5: note: in expansion of macro 'PRINT_CONSTANT'
[INFO] [stderr]    88 |     PRINT_CONSTANT((gint) G_DESKTOP_MAGNIFIER_SCREEN_POSITION_RIGHT_HALF);
[INFO] [stderr]       |     ^~~~~~~~~~~~~~
[INFO] [stderr] tests/constant.c:89:27: error: expected ')' before 'G_DESKTOP_MAGNIFIER_SCREEN_POSITION_TOP_HALF'
[INFO] [stderr]    89 |     PRINT_CONSTANT((gint) G_DESKTOP_MAGNIFIER_SCREEN_POSITION_TOP_HALF);
[INFO] [stderr]       |                           ^~~~~~~~~~~~~~~~~~~~~~~~~~~~~~~~~~~~~~~~~~~~
[INFO] [stderr] tests/constant.c:11:22: note: in definition of macro 'PRINT_CONSTANT'
[INFO] [stderr]    11 |     printf(_Generic((CONSTANT_NAME), \
[INFO] [stderr]       |                      ^~~~~~~~~~~~~
[INFO] [stderr] tests/constant.c:11:21: note: to match this '('
[INFO] [stderr]    11 |     printf(_Generic((CONSTANT_NAME), \
[INFO] [stderr]       |                     ^
[INFO] [stderr] tests/constant.c:89:5: note: in expansion of macro 'PRINT_CONSTANT'
[INFO] [stderr]    89 |     PRINT_CONSTANT((gint) G_DESKTOP_MAGNIFIER_SCREEN_POSITION_TOP_HALF);
[INFO] [stderr]       |     ^~~~~~~~~~~~~~
[INFO] [stderr] tests/constant.c:89:27: error: expected ')' before 'G_DESKTOP_MAGNIFIER_SCREEN_POSITION_TOP_HALF'
[INFO] [stderr]    89 |     PRINT_CONSTANT((gint) G_DESKTOP_MAGNIFIER_SCREEN_POSITION_TOP_HALF);
[INFO] [stderr]       |                           ^~~~~~~~~~~~~~~~~~~~~~~~~~~~~~~~~~~~~~~~~~~~
[INFO] [stderr] tests/constant.c:28:12: note: in definition of macro 'PRINT_CONSTANT'
[INFO] [stderr]    28 |            CONSTANT_NAME); \
[INFO] [stderr]       |            ^~~~~~~~~~~~~
[INFO] [stderr] tests/constant.c:11:11: note: to match this '('
[INFO] [stderr]    11 |     printf(_Generic((CONSTANT_NAME), \
[INFO] [stderr]       |           ^
[INFO] [stderr] tests/constant.c:89:5: note: in expansion of macro 'PRINT_CONSTANT'
[INFO] [stderr]    89 |     PRINT_CONSTANT((gint) G_DESKTOP_MAGNIFIER_SCREEN_POSITION_TOP_HALF);
[INFO] [stderr]       |     ^~~~~~~~~~~~~~
[INFO] [stderr] tests/constant.c:90:27: error: expected ')' before 'G_DESKTOP_MOUSE_DWELL_DIRECTION_DOWN'
[INFO] [stderr]    90 |     PRINT_CONSTANT((gint) G_DESKTOP_MOUSE_DWELL_DIRECTION_DOWN);
[INFO] [stderr]       |                           ^~~~~~~~~~~~~~~~~~~~~~~~~~~~~~~~~~~~
[INFO] [stderr] tests/constant.c:11:22: note: in definition of macro 'PRINT_CONSTANT'
[INFO] [stderr]    11 |     printf(_Generic((CONSTANT_NAME), \
[INFO] [stderr]       |                      ^~~~~~~~~~~~~
[INFO] [stderr] tests/constant.c:11:21: note: to match this '('
[INFO] [stderr]    11 |     printf(_Generic((CONSTANT_NAME), \
[INFO] [stderr]       |                     ^
[INFO] [stderr] tests/constant.c:90:5: note: in expansion of macro 'PRINT_CONSTANT'
[INFO] [stderr]    90 |     PRINT_CONSTANT((gint) G_DESKTOP_MOUSE_DWELL_DIRECTION_DOWN);
[INFO] [stderr]       |     ^~~~~~~~~~~~~~
[INFO] [stderr] tests/constant.c:90:27: error: expected ')' before 'G_DESKTOP_MOUSE_DWELL_DIRECTION_DOWN'
[INFO] [stderr]    90 |     PRINT_CONSTANT((gint) G_DESKTOP_MOUSE_DWELL_DIRECTION_DOWN);
[INFO] [stderr]       |                           ^~~~~~~~~~~~~~~~~~~~~~~~~~~~~~~~~~~~
[INFO] [stderr] tests/constant.c:28:12: note: in definition of macro 'PRINT_CONSTANT'
[INFO] [stderr]    28 |            CONSTANT_NAME); \
[INFO] [stderr]       |            ^~~~~~~~~~~~~
[INFO] [stderr] tests/constant.c:11:11: note: to match this '('
[INFO] [stderr]    11 |     printf(_Generic((CONSTANT_NAME), \
[INFO] [stderr]       |           ^
[INFO] [stderr] tests/constant.c:90:5: note: in expansion of macro 'PRINT_CONSTANT'
[INFO] [stderr]    90 |     PRINT_CONSTANT((gint) G_DESKTOP_MOUSE_DWELL_DIRECTION_DOWN);
[INFO] [stderr]       |     ^~~~~~~~~~~~~~
[INFO] [stderr] tests/constant.c:91:27: error: expected ')' before 'G_DESKTOP_MOUSE_DWELL_DIRECTION_LEFT'
[INFO] [stderr]    91 |     PRINT_CONSTANT((gint) G_DESKTOP_MOUSE_DWELL_DIRECTION_LEFT);
[INFO] [stderr]       |                           ^~~~~~~~~~~~~~~~~~~~~~~~~~~~~~~~~~~~
[INFO] [stderr] tests/constant.c:11:22: note: in definition of macro 'PRINT_CONSTANT'
[INFO] [stderr]    11 |     printf(_Generic((CONSTANT_NAME), \
[INFO] [stderr]       |                      ^~~~~~~~~~~~~
[INFO] [stderr] tests/constant.c:11:21: note: to match this '('
[INFO] [stderr]    11 |     printf(_Generic((CONSTANT_NAME), \
[INFO] [stderr]       |                     ^
[INFO] [stderr] tests/constant.c:91:5: note: in expansion of macro 'PRINT_CONSTANT'
[INFO] [stderr]    91 |     PRINT_CONSTANT((gint) G_DESKTOP_MOUSE_DWELL_DIRECTION_LEFT);
[INFO] [stderr]       |     ^~~~~~~~~~~~~~
[INFO] [stderr] tests/constant.c:91:27: error: expected ')' before 'G_DESKTOP_MOUSE_DWELL_DIRECTION_LEFT'
[INFO] [stderr]    91 |     PRINT_CONSTANT((gint) G_DESKTOP_MOUSE_DWELL_DIRECTION_LEFT);
[INFO] [stderr]       |                           ^~~~~~~~~~~~~~~~~~~~~~~~~~~~~~~~~~~~
[INFO] [stderr] tests/constant.c:28:12: note: in definition of macro 'PRINT_CONSTANT'
[INFO] [stderr]    28 |            CONSTANT_NAME); \
[INFO] [stderr]       |            ^~~~~~~~~~~~~
[INFO] [stderr] tests/constant.c:11:11: note: to match this '('
[INFO] [stderr]    11 |     printf(_Generic((CONSTANT_NAME), \
[INFO] [stderr]       |           ^
[INFO] [stderr] tests/constant.c:91:5: note: in expansion of macro 'PRINT_CONSTANT'
[INFO] [stderr]    91 |     PRINT_CONSTANT((gint) G_DESKTOP_MOUSE_DWELL_DIRECTION_LEFT);
[INFO] [stderr]       |     ^~~~~~~~~~~~~~
[INFO] [stderr] tests/constant.c:92:27: error: expected ')' before 'G_DESKTOP_MOUSE_DWELL_DIRECTION_RIGHT'
[INFO] [stderr]    92 |     PRINT_CONSTANT((gint) G_DESKTOP_MOUSE_DWELL_DIRECTION_RIGHT);
[INFO] [stderr]       |                           ^~~~~~~~~~~~~~~~~~~~~~~~~~~~~~~~~~~~~
[INFO] [stderr] tests/constant.c:11:22: note: in definition of macro 'PRINT_CONSTANT'
[INFO] [stderr]    11 |     printf(_Generic((CONSTANT_NAME), \
[INFO] [stderr]       |                      ^~~~~~~~~~~~~
[INFO] [stderr] tests/constant.c:11:21: note: to match this '('
[INFO] [stderr]    11 |     printf(_Generic((CONSTANT_NAME), \
[INFO] [stderr]       |                     ^
[INFO] [stderr] tests/constant.c:92:5: note: in expansion of macro 'PRINT_CONSTANT'
[INFO] [stderr]    92 |     PRINT_CONSTANT((gint) G_DESKTOP_MOUSE_DWELL_DIRECTION_RIGHT);
[INFO] [stderr]       |     ^~~~~~~~~~~~~~
[INFO] [stderr] tests/constant.c:92:27: error: expected ')' before 'G_DESKTOP_MOUSE_DWELL_DIRECTION_RIGHT'
[INFO] [stderr]    92 |     PRINT_CONSTANT((gint) G_DESKTOP_MOUSE_DWELL_DIRECTION_RIGHT);
[INFO] [stderr]       |                           ^~~~~~~~~~~~~~~~~~~~~~~~~~~~~~~~~~~~~
[INFO] [stderr] tests/constant.c:28:12: note: in definition of macro 'PRINT_CONSTANT'
[INFO] [stderr]    28 |            CONSTANT_NAME); \
[INFO] [stderr]       |            ^~~~~~~~~~~~~
[INFO] [stderr] tests/constant.c:11:11: note: to match this '('
[INFO] [stderr]    11 |     printf(_Generic((CONSTANT_NAME), \
[INFO] [stderr]       |           ^
[INFO] [stderr] tests/constant.c:92:5: note: in expansion of macro 'PRINT_CONSTANT'
[INFO] [stderr]    92 |     PRINT_CONSTANT((gint) G_DESKTOP_MOUSE_DWELL_DIRECTION_RIGHT);
[INFO] [stderr]       |     ^~~~~~~~~~~~~~
[INFO] [stderr] tests/constant.c:93:27: error: expected ')' before 'G_DESKTOP_MOUSE_DWELL_DIRECTION_UP'
[INFO] [stderr]    93 |     PRINT_CONSTANT((gint) G_DESKTOP_MOUSE_DWELL_DIRECTION_UP);
[INFO] [stderr]       |                           ^~~~~~~~~~~~~~~~~~~~~~~~~~~~~~~~~~
[INFO] [stderr] tests/constant.c:11:22: note: in definition of macro 'PRINT_CONSTANT'
[INFO] [stderr]    11 |     printf(_Generic((CONSTANT_NAME), \
[INFO] [stderr]       |                      ^~~~~~~~~~~~~
[INFO] [stderr] tests/constant.c:11:21: note: to match this '('
[INFO] [stderr]    11 |     printf(_Generic((CONSTANT_NAME), \
[INFO] [stderr]       |                     ^
[INFO] [stderr] tests/constant.c:93:5: note: in expansion of macro 'PRINT_CONSTANT'
[INFO] [stderr]    93 |     PRINT_CONSTANT((gint) G_DESKTOP_MOUSE_DWELL_DIRECTION_UP);
[INFO] [stderr]       |     ^~~~~~~~~~~~~~
[INFO] [stderr] tests/constant.c:93:27: error: expected ')' before 'G_DESKTOP_MOUSE_DWELL_DIRECTION_UP'
[INFO] [stderr]    93 |     PRINT_CONSTANT((gint) G_DESKTOP_MOUSE_DWELL_DIRECTION_UP);
[INFO] [stderr]       |                           ^~~~~~~~~~~~~~~~~~~~~~~~~~~~~~~~~~
[INFO] [stderr] tests/constant.c:28:12: note: in definition of macro 'PRINT_CONSTANT'
[INFO] [stderr]    28 |            CONSTANT_NAME); \
[INFO] [stderr]       |            ^~~~~~~~~~~~~
[INFO] [stderr] tests/constant.c:11:11: note: to match this '('
[INFO] [stderr]    11 |     printf(_Generic((CONSTANT_NAME), \
[INFO] [stderr]       |           ^
[INFO] [stderr] tests/constant.c:93:5: note: in expansion of macro 'PRINT_CONSTANT'
[INFO] [stderr]    93 |     PRINT_CONSTANT((gint) G_DESKTOP_MOUSE_DWELL_DIRECTION_UP);
[INFO] [stderr]       |     ^~~~~~~~~~~~~~
[INFO] [stderr] tests/constant.c:94:27: error: expected ')' before 'G_DESKTOP_MOUSE_DWELL_MODE_GESTURE'
[INFO] [stderr]    94 |     PRINT_CONSTANT((gint) G_DESKTOP_MOUSE_DWELL_MODE_GESTURE);
[INFO] [stderr]       |                           ^~~~~~~~~~~~~~~~~~~~~~~~~~~~~~~~~~
[INFO] [stderr] tests/constant.c:11:22: note: in definition of macro 'PRINT_CONSTANT'
[INFO] [stderr]    11 |     printf(_Generic((CONSTANT_NAME), \
[INFO] [stderr]       |                      ^~~~~~~~~~~~~
[INFO] [stderr] tests/constant.c:11:21: note: to match this '('
[INFO] [stderr]    11 |     printf(_Generic((CONSTANT_NAME), \
[INFO] [stderr]       |                     ^
[INFO] [stderr] tests/constant.c:94:5: note: in expansion of macro 'PRINT_CONSTANT'
[INFO] [stderr]    94 |     PRINT_CONSTANT((gint) G_DESKTOP_MOUSE_DWELL_MODE_GESTURE);
[INFO] [stderr]       |     ^~~~~~~~~~~~~~
[INFO] [stderr] tests/constant.c:94:27: error: expected ')' before 'G_DESKTOP_MOUSE_DWELL_MODE_GESTURE'
[INFO] [stderr]    94 |     PRINT_CONSTANT((gint) G_DESKTOP_MOUSE_DWELL_MODE_GESTURE);
[INFO] [stderr]       |                           ^~~~~~~~~~~~~~~~~~~~~~~~~~~~~~~~~~
[INFO] [stderr] tests/constant.c:28:12: note: in definition of macro 'PRINT_CONSTANT'
[INFO] [stderr]    28 |            CONSTANT_NAME); \
[INFO] [stderr]       |            ^~~~~~~~~~~~~
[INFO] [stderr] tests/constant.c:11:11: note: to match this '('
[INFO] [stderr]    11 |     printf(_Generic((CONSTANT_NAME), \
[INFO] [stderr]       |           ^
[INFO] [stderr] tests/constant.c:94:5: note: in expansion of macro 'PRINT_CONSTANT'
[INFO] [stderr]    94 |     PRINT_CONSTANT((gint) G_DESKTOP_MOUSE_DWELL_MODE_GESTURE);
[INFO] [stderr]       |     ^~~~~~~~~~~~~~
[INFO] [stderr] tests/constant.c:95:27: error: expected ')' before 'G_DESKTOP_MOUSE_DWELL_MODE_WINDOW'
[INFO] [stderr]    95 |     PRINT_CONSTANT((gint) G_DESKTOP_MOUSE_DWELL_MODE_WINDOW);
[INFO] [stderr]       |                           ^~~~~~~~~~~~~~~~~~~~~~~~~~~~~~~~~
[INFO] [stderr] tests/constant.c:11:22: note: in definition of macro 'PRINT_CONSTANT'
[INFO] [stderr]    11 |     printf(_Generic((CONSTANT_NAME), \
[INFO] [stderr]       |                      ^~~~~~~~~~~~~
[INFO] [stderr] tests/constant.c:11:21: note: to match this '('
[INFO] [stderr]    11 |     printf(_Generic((CONSTANT_NAME), \
[INFO] [stderr]       |                     ^
[INFO] [stderr] tests/constant.c:95:5: note: in expansion of macro 'PRINT_CONSTANT'
[INFO] [stderr]    95 |     PRINT_CONSTANT((gint) G_DESKTOP_MOUSE_DWELL_MODE_WINDOW);
[INFO] [stderr]       |     ^~~~~~~~~~~~~~
[INFO] [stderr] tests/constant.c:95:27: error: expected ')' before 'G_DESKTOP_MOUSE_DWELL_MODE_WINDOW'
[INFO] [stderr]    95 |     PRINT_CONSTANT((gint) G_DESKTOP_MOUSE_DWELL_MODE_WINDOW);
[INFO] [stderr]       |                           ^~~~~~~~~~~~~~~~~~~~~~~~~~~~~~~~~
[INFO] [stderr] tests/constant.c:28:12: note: in definition of macro 'PRINT_CONSTANT'
[INFO] [stderr]    28 |            CONSTANT_NAME); \
[INFO] [stderr]       |            ^~~~~~~~~~~~~
[INFO] [stderr] tests/constant.c:11:11: note: to match this '('
[INFO] [stderr]    11 |     printf(_Generic((CONSTANT_NAME), \
[INFO] [stderr]       |           ^
[INFO] [stderr] tests/constant.c:95:5: note: in expansion of macro 'PRINT_CONSTANT'
[INFO] [stderr]    95 |     PRINT_CONSTANT((gint) G_DESKTOP_MOUSE_DWELL_MODE_WINDOW);
[INFO] [stderr]       |     ^~~~~~~~~~~~~~
[INFO] [stderr] tests/constant.c:96:27: error: expected ')' before 'G_DESKTOP_PAD_BUTTON_ACTION_HELP'
[INFO] [stderr]    96 |     PRINT_CONSTANT((gint) G_DESKTOP_PAD_BUTTON_ACTION_HELP);
[INFO] [stderr]       |                           ^~~~~~~~~~~~~~~~~~~~~~~~~~~~~~~~
[INFO] [stderr] tests/constant.c:11:22: note: in definition of macro 'PRINT_CONSTANT'
[INFO] [stderr]    11 |     printf(_Generic((CONSTANT_NAME), \
[INFO] [stderr]       |                      ^~~~~~~~~~~~~
[INFO] [stderr] tests/constant.c:11:21: note: to match this '('
[INFO] [stderr]    11 |     printf(_Generic((CONSTANT_NAME), \
[INFO] [stderr]       |                     ^
[INFO] [stderr] tests/constant.c:96:5: note: in expansion of macro 'PRINT_CONSTANT'
[INFO] [stderr]    96 |     PRINT_CONSTANT((gint) G_DESKTOP_PAD_BUTTON_ACTION_HELP);
[INFO] [stderr]       |     ^~~~~~~~~~~~~~
[INFO] [stderr] tests/constant.c:96:27: error: expected ')' before 'G_DESKTOP_PAD_BUTTON_ACTION_HELP'
[INFO] [stderr]    96 |     PRINT_CONSTANT((gint) G_DESKTOP_PAD_BUTTON_ACTION_HELP);
[INFO] [stderr]       |                           ^~~~~~~~~~~~~~~~~~~~~~~~~~~~~~~~
[INFO] [stderr] tests/constant.c:28:12: note: in definition of macro 'PRINT_CONSTANT'
[INFO] [stderr]    28 |            CONSTANT_NAME); \
[INFO] [stderr]       |            ^~~~~~~~~~~~~
[INFO] [stderr] tests/constant.c:11:11: note: to match this '('
[INFO] [stderr]    11 |     printf(_Generic((CONSTANT_NAME), \
[INFO] [stderr]       |           ^
[INFO] [stderr] tests/constant.c:96:5: note: in expansion of macro 'PRINT_CONSTANT'
[INFO] [stderr]    96 |     PRINT_CONSTANT((gint) G_DESKTOP_PAD_BUTTON_ACTION_HELP);
[INFO] [stderr]       |     ^~~~~~~~~~~~~~
[INFO] [stderr] tests/constant.c:97:27: error: expected ')' before 'G_DESKTOP_PAD_BUTTON_ACTION_KEYBINDING'
[INFO] [stderr]    97 |     PRINT_CONSTANT((gint) G_DESKTOP_PAD_BUTTON_ACTION_KEYBINDING);
[INFO] [stderr]       |                           ^~~~~~~~~~~~~~~~~~~~~~~~~~~~~~~~~~~~~~
[INFO] [stderr] tests/constant.c:11:22: note: in definition of macro 'PRINT_CONSTANT'
[INFO] [stderr]    11 |     printf(_Generic((CONSTANT_NAME), \
[INFO] [stderr]       |                      ^~~~~~~~~~~~~
[INFO] [stderr] tests/constant.c:11:21: note: to match this '('
[INFO] [stderr]    11 |     printf(_Generic((CONSTANT_NAME), \
[INFO] [stderr]       |                     ^
[INFO] [stderr] tests/constant.c:97:5: note: in expansion of macro 'PRINT_CONSTANT'
[INFO] [stderr]    97 |     PRINT_CONSTANT((gint) G_DESKTOP_PAD_BUTTON_ACTION_KEYBINDING);
[INFO] [stderr]       |     ^~~~~~~~~~~~~~
[INFO] [stderr] tests/constant.c:97:27: error: expected ')' before 'G_DESKTOP_PAD_BUTTON_ACTION_KEYBINDING'
[INFO] [stderr]    97 |     PRINT_CONSTANT((gint) G_DESKTOP_PAD_BUTTON_ACTION_KEYBINDING);
[INFO] [stderr]       |                           ^~~~~~~~~~~~~~~~~~~~~~~~~~~~~~~~~~~~~~
[INFO] [stderr] tests/constant.c:28:12: note: in definition of macro 'PRINT_CONSTANT'
[INFO] [stderr]    28 |            CONSTANT_NAME); \
[INFO] [stderr]       |            ^~~~~~~~~~~~~
[INFO] [stderr] tests/constant.c:11:11: note: to match this '('
[INFO] [stderr]    11 |     printf(_Generic((CONSTANT_NAME), \
[INFO] [stderr]       |           ^
[INFO] [stderr] tests/constant.c:97:5: note: in expansion of macro 'PRINT_CONSTANT'
[INFO] [stderr]    97 |     PRINT_CONSTANT((gint) G_DESKTOP_PAD_BUTTON_ACTION_KEYBINDING);
[INFO] [stderr]       |     ^~~~~~~~~~~~~~
[INFO] [stderr] tests/constant.c:98:27: error: expected ')' before 'G_DESKTOP_PAD_BUTTON_ACTION_NONE'
[INFO] [stderr]    98 |     PRINT_CONSTANT((gint) G_DESKTOP_PAD_BUTTON_ACTION_NONE);
[INFO] [stderr]       |                           ^~~~~~~~~~~~~~~~~~~~~~~~~~~~~~~~
[INFO] [stderr] tests/constant.c:11:22: note: in definition of macro 'PRINT_CONSTANT'
[INFO] [stderr]    11 |     printf(_Generic((CONSTANT_NAME), \
[INFO] [stderr]       |                      ^~~~~~~~~~~~~
[INFO] [stderr] tests/constant.c:11:21: note: to match this '('
[INFO] [stderr]    11 |     printf(_Generic((CONSTANT_NAME), \
[INFO] [stderr]       |                     ^
[INFO] [stderr] tests/constant.c:98:5: note: in expansion of macro 'PRINT_CONSTANT'
[INFO] [stderr]    98 |     PRINT_CONSTANT((gint) G_DESKTOP_PAD_BUTTON_ACTION_NONE);
[INFO] [stderr]       |     ^~~~~~~~~~~~~~
[INFO] [stderr] tests/constant.c:98:27: error: expected ')' before 'G_DESKTOP_PAD_BUTTON_ACTION_NONE'
[INFO] [stderr]    98 |     PRINT_CONSTANT((gint) G_DESKTOP_PAD_BUTTON_ACTION_NONE);
[INFO] [stderr]       |                           ^~~~~~~~~~~~~~~~~~~~~~~~~~~~~~~~
[INFO] [stderr] tests/constant.c:28:12: note: in definition of macro 'PRINT_CONSTANT'
[INFO] [stderr]    28 |            CONSTANT_NAME); \
[INFO] [stderr]       |            ^~~~~~~~~~~~~
[INFO] [stderr] tests/constant.c:11:11: note: to match this '('
[INFO] [stderr]    11 |     printf(_Generic((CONSTANT_NAME), \
[INFO] [stderr]       |           ^
[INFO] [stderr] tests/constant.c:98:5: note: in expansion of macro 'PRINT_CONSTANT'
[INFO] [stderr]    98 |     PRINT_CONSTANT((gint) G_DESKTOP_PAD_BUTTON_ACTION_NONE);
[INFO] [stderr]       |     ^~~~~~~~~~~~~~
[INFO] [stderr] tests/constant.c:99:27: error: expected ')' before 'G_DESKTOP_PAD_BUTTON_ACTION_SWITCH_MONITOR'
[INFO] [stderr]    99 |     PRINT_CONSTANT((gint) G_DESKTOP_PAD_BUTTON_ACTION_SWITCH_MONITOR);
[INFO] [stderr]       |                           ^~~~~~~~~~~~~~~~~~~~~~~~~~~~~~~~~~~~~~~~~~
[INFO] [stderr] tests/constant.c:11:22: note: in definition of macro 'PRINT_CONSTANT'
[INFO] [stderr]    11 |     printf(_Generic((CONSTANT_NAME), \
[INFO] [stderr]       |                      ^~~~~~~~~~~~~
[INFO] [stderr] tests/constant.c:11:21: note: to match this '('
[INFO] [stderr]    11 |     printf(_Generic((CONSTANT_NAME), \
[INFO] [stderr]       |                     ^
[INFO] [stderr] tests/constant.c:99:5: note: in expansion of macro 'PRINT_CONSTANT'
[INFO] [stderr]    99 |     PRINT_CONSTANT((gint) G_DESKTOP_PAD_BUTTON_ACTION_SWITCH_MONITOR);
[INFO] [stderr]       |     ^~~~~~~~~~~~~~
[INFO] [stderr] tests/constant.c:99:27: error: expected ')' before 'G_DESKTOP_PAD_BUTTON_ACTION_SWITCH_MONITOR'
[INFO] [stderr]    99 |     PRINT_CONSTANT((gint) G_DESKTOP_PAD_BUTTON_ACTION_SWITCH_MONITOR);
[INFO] [stderr]       |                           ^~~~~~~~~~~~~~~~~~~~~~~~~~~~~~~~~~~~~~~~~~
[INFO] [stderr] tests/constant.c:28:12: note: in definition of macro 'PRINT_CONSTANT'
[INFO] [stderr]    28 |            CONSTANT_NAME); \
[INFO] [stderr]       |            ^~~~~~~~~~~~~
[INFO] [stderr] tests/constant.c:11:11: note: to match this '('
[INFO] [stderr]    11 |     printf(_Generic((CONSTANT_NAME), \
[INFO] [stderr]       |           ^
[INFO] [stderr] tests/constant.c:99:5: note: in expansion of macro 'PRINT_CONSTANT'
[INFO] [stderr]    99 |     PRINT_CONSTANT((gint) G_DESKTOP_PAD_BUTTON_ACTION_SWITCH_MONITOR);
[INFO] [stderr]       |     ^~~~~~~~~~~~~~
[INFO] [stderr] tests/constant.c:100:27: error: expected ')' before 'G_DESKTOP_POINTER_ACCEL_PROFILE_ADAPTIVE'
[INFO] [stderr]   100 |     PRINT_CONSTANT((gint) G_DESKTOP_POINTER_ACCEL_PROFILE_ADAPTIVE);
[INFO] [stderr]       |                           ^~~~~~~~~~~~~~~~~~~~~~~~~~~~~~~~~~~~~~~~
[INFO] [stderr] tests/constant.c:11:22: note: in definition of macro 'PRINT_CONSTANT'
[INFO] [stderr]    11 |     printf(_Generic((CONSTANT_NAME), \
[INFO] [stderr]       |                      ^~~~~~~~~~~~~
[INFO] [stderr] tests/constant.c:11:21: note: to match this '('
[INFO] [stderr]    11 |     printf(_Generic((CONSTANT_NAME), \
[INFO] [stderr]       |                     ^
[INFO] [stderr] tests/constant.c:100:5: note: in expansion of macro 'PRINT_CONSTANT'
[INFO] [stderr]   100 |     PRINT_CONSTANT((gint) G_DESKTOP_POINTER_ACCEL_PROFILE_ADAPTIVE);
[INFO] [stderr]       |     ^~~~~~~~~~~~~~
[INFO] [stderr] tests/constant.c:100:27: error: expected ')' before 'G_DESKTOP_POINTER_ACCEL_PROFILE_ADAPTIVE'
[INFO] [stderr]   100 |     PRINT_CONSTANT((gint) G_DESKTOP_POINTER_ACCEL_PROFILE_ADAPTIVE);
[INFO] [stderr]       |                           ^~~~~~~~~~~~~~~~~~~~~~~~~~~~~~~~~~~~~~~~
[INFO] [stderr] tests/constant.c:28:12: note: in definition of macro 'PRINT_CONSTANT'
[INFO] [stderr]    28 |            CONSTANT_NAME); \
[INFO] [stderr]       |            ^~~~~~~~~~~~~
[INFO] [stderr] tests/constant.c:11:11: note: to match this '('
[INFO] [stderr]    11 |     printf(_Generic((CONSTANT_NAME), \
[INFO] [stderr]       |           ^
[INFO] [stderr] tests/constant.c:100:5: note: in expansion of macro 'PRINT_CONSTANT'
[INFO] [stderr]   100 |     PRINT_CONSTANT((gint) G_DESKTOP_POINTER_ACCEL_PROFILE_ADAPTIVE);
[INFO] [stderr]       |     ^~~~~~~~~~~~~~
[INFO] [stderr] tests/constant.c:101:27: error: expected ')' before 'G_DESKTOP_POINTER_ACCEL_PROFILE_DEFAULT'
[INFO] [stderr]   101 |     PRINT_CONSTANT((gint) G_DESKTOP_POINTER_ACCEL_PROFILE_DEFAULT);
[INFO] [stderr]       |                           ^~~~~~~~~~~~~~~~~~~~~~~~~~~~~~~~~~~~~~~
[INFO] [stderr] tests/constant.c:11:22: note: in definition of macro 'PRINT_CONSTANT'
[INFO] [stderr]    11 |     printf(_Generic((CONSTANT_NAME), \
[INFO] [stderr]       |                      ^~~~~~~~~~~~~
[INFO] [stderr] tests/constant.c:11:21: note: to match this '('
[INFO] [stderr]    11 |     printf(_Generic((CONSTANT_NAME), \
[INFO] [stderr]       |                     ^
[INFO] [stderr] tests/constant.c:101:5: note: in expansion of macro 'PRINT_CONSTANT'
[INFO] [stderr]   101 |     PRINT_CONSTANT((gint) G_DESKTOP_POINTER_ACCEL_PROFILE_DEFAULT);
[INFO] [stderr]       |     ^~~~~~~~~~~~~~
[INFO] [stderr] tests/constant.c:101:27: error: expected ')' before 'G_DESKTOP_POINTER_ACCEL_PROFILE_DEFAULT'
[INFO] [stderr]   101 |     PRINT_CONSTANT((gint) G_DESKTOP_POINTER_ACCEL_PROFILE_DEFAULT);
[INFO] [stderr]       |                           ^~~~~~~~~~~~~~~~~~~~~~~~~~~~~~~~~~~~~~~
[INFO] [stderr] tests/constant.c:28:12: note: in definition of macro 'PRINT_CONSTANT'
[INFO] [stderr]    28 |            CONSTANT_NAME); \
[INFO] [stderr]       |            ^~~~~~~~~~~~~
[INFO] [stderr] tests/constant.c:11:11: note: to match this '('
[INFO] [stderr]    11 |     printf(_Generic((CONSTANT_NAME), \
[INFO] [stderr]       |           ^
[INFO] [stderr] tests/constant.c:101:5: note: in expansion of macro 'PRINT_CONSTANT'
[INFO] [stderr]   101 |     PRINT_CONSTANT((gint) G_DESKTOP_POINTER_ACCEL_PROFILE_DEFAULT);
[INFO] [stderr]       |     ^~~~~~~~~~~~~~
[INFO] [stderr] tests/constant.c:102:27: error: expected ')' before 'G_DESKTOP_POINTER_ACCEL_PROFILE_FLAT'
[INFO] [stderr]   102 |     PRINT_CONSTANT((gint) G_DESKTOP_POINTER_ACCEL_PROFILE_FLAT);
[INFO] [stderr]       |                           ^~~~~~~~~~~~~~~~~~~~~~~~~~~~~~~~~~~~
[INFO] [stderr] tests/constant.c:11:22: note: in definition of macro 'PRINT_CONSTANT'
[INFO] [stderr]    11 |     printf(_Generic((CONSTANT_NAME), \
[INFO] [stderr]       |                      ^~~~~~~~~~~~~
[INFO] [stderr] tests/constant.c:11:21: note: to match this '('
[INFO] [stderr]    11 |     printf(_Generic((CONSTANT_NAME), \
[INFO] [stderr]       |                     ^
[INFO] [stderr] tests/constant.c:102:5: note: in expansion of macro 'PRINT_CONSTANT'
[INFO] [stderr]   102 |     PRINT_CONSTANT((gint) G_DESKTOP_POINTER_ACCEL_PROFILE_FLAT);
[INFO] [stderr]       |     ^~~~~~~~~~~~~~
[INFO] [stderr] tests/constant.c:102:27: error: expected ')' before 'G_DESKTOP_POINTER_ACCEL_PROFILE_FLAT'
[INFO] [stderr]   102 |     PRINT_CONSTANT((gint) G_DESKTOP_POINTER_ACCEL_PROFILE_FLAT);
[INFO] [stderr]       |                           ^~~~~~~~~~~~~~~~~~~~~~~~~~~~~~~~~~~~
[INFO] [stderr] tests/constant.c:28:12: note: in definition of macro 'PRINT_CONSTANT'
[INFO] [stderr]    28 |            CONSTANT_NAME); \
[INFO] [stderr]       |            ^~~~~~~~~~~~~
[INFO] [stderr] tests/constant.c:11:11: note: to match this '('
[INFO] [stderr]    11 |     printf(_Generic((CONSTANT_NAME), \
[INFO] [stderr]       |           ^
[INFO] [stderr] tests/constant.c:102:5: note: in expansion of macro 'PRINT_CONSTANT'
[INFO] [stderr]   102 |     PRINT_CONSTANT((gint) G_DESKTOP_POINTER_ACCEL_PROFILE_FLAT);
[INFO] [stderr]       |     ^~~~~~~~~~~~~~
[INFO] [stderr] tests/constant.c:103:27: error: expected ')' before 'G_DESKTOP_POINTING_STICK_SCROLL_METHOD_DEFAULT'
[INFO] [stderr]   103 |     PRINT_CONSTANT((gint) G_DESKTOP_POINTING_STICK_SCROLL_METHOD_DEFAULT);
[INFO] [stderr]       |                           ^~~~~~~~~~~~~~~~~~~~~~~~~~~~~~~~~~~~~~~~~~~~~~
[INFO] [stderr] tests/constant.c:11:22: note: in definition of macro 'PRINT_CONSTANT'
[INFO] [stderr]    11 |     printf(_Generic((CONSTANT_NAME), \
[INFO] [stderr]       |                      ^~~~~~~~~~~~~
[INFO] [stderr] tests/constant.c:11:21: note: to match this '('
[INFO] [stderr]    11 |     printf(_Generic((CONSTANT_NAME), \
[INFO] [stderr]       |                     ^
[INFO] [stderr] tests/constant.c:103:5: note: in expansion of macro 'PRINT_CONSTANT'
[INFO] [stderr]   103 |     PRINT_CONSTANT((gint) G_DESKTOP_POINTING_STICK_SCROLL_METHOD_DEFAULT);
[INFO] [stderr]       |     ^~~~~~~~~~~~~~
[INFO] [stderr] tests/constant.c:103:27: error: expected ')' before 'G_DESKTOP_POINTING_STICK_SCROLL_METHOD_DEFAULT'
[INFO] [stderr]   103 |     PRINT_CONSTANT((gint) G_DESKTOP_POINTING_STICK_SCROLL_METHOD_DEFAULT);
[INFO] [stderr]       |                           ^~~~~~~~~~~~~~~~~~~~~~~~~~~~~~~~~~~~~~~~~~~~~~
[INFO] [stderr] tests/constant.c:28:12: note: in definition of macro 'PRINT_CONSTANT'
[INFO] [stderr]    28 |            CONSTANT_NAME); \
[INFO] [stderr]       |            ^~~~~~~~~~~~~
[INFO] [stderr] tests/constant.c:11:11: note: to match this '('
[INFO] [stderr]    11 |     printf(_Generic((CONSTANT_NAME), \
[INFO] [stderr]       |           ^
[INFO] [stderr] tests/constant.c:103:5: note: in expansion of macro 'PRINT_CONSTANT'
[INFO] [stderr]   103 |     PRINT_CONSTANT((gint) G_DESKTOP_POINTING_STICK_SCROLL_METHOD_DEFAULT);
[INFO] [stderr]       |     ^~~~~~~~~~~~~~
[INFO] [stderr] tests/constant.c:104:27: error: expected ')' before 'G_DESKTOP_POINTING_STICK_SCROLL_METHOD_NONE'
[INFO] [stderr]   104 |     PRINT_CONSTANT((gint) G_DESKTOP_POINTING_STICK_SCROLL_METHOD_NONE);
[INFO] [stderr]       |                           ^~~~~~~~~~~~~~~~~~~~~~~~~~~~~~~~~~~~~~~~~~~
[INFO] [stderr] tests/constant.c:11:22: note: in definition of macro 'PRINT_CONSTANT'
[INFO] [stderr]    11 |     printf(_Generic((CONSTANT_NAME), \
[INFO] [stderr]       |                      ^~~~~~~~~~~~~
[INFO] [stderr] tests/constant.c:11:21: note: to match this '('
[INFO] [stderr]    11 |     printf(_Generic((CONSTANT_NAME), \
[INFO] [stderr]       |                     ^
[INFO] [stderr] tests/constant.c:104:5: note: in expansion of macro 'PRINT_CONSTANT'
[INFO] [stderr]   104 |     PRINT_CONSTANT((gint) G_DESKTOP_POINTING_STICK_SCROLL_METHOD_NONE);
[INFO] [stderr]       |     ^~~~~~~~~~~~~~
[INFO] [stderr] tests/constant.c:104:27: error: expected ')' before 'G_DESKTOP_POINTING_STICK_SCROLL_METHOD_NONE'
[INFO] [stderr]   104 |     PRINT_CONSTANT((gint) G_DESKTOP_POINTING_STICK_SCROLL_METHOD_NONE);
[INFO] [stderr]       |                           ^~~~~~~~~~~~~~~~~~~~~~~~~~~~~~~~~~~~~~~~~~~
[INFO] [stderr] tests/constant.c:28:12: note: in definition of macro 'PRINT_CONSTANT'
[INFO] [stderr]    28 |            CONSTANT_NAME); \
[INFO] [stderr]       |            ^~~~~~~~~~~~~
[INFO] [stderr] tests/constant.c:11:11: note: to match this '('
[INFO] [stderr]    11 |     printf(_Generic((CONSTANT_NAME), \
[INFO] [stderr]       |           ^
[INFO] [stderr] tests/constant.c:104:5: note: in expansion of macro 'PRINT_CONSTANT'
[INFO] [stderr]   104 |     PRINT_CONSTANT((gint) G_DESKTOP_POINTING_STICK_SCROLL_METHOD_NONE);
[INFO] [stderr]       |     ^~~~~~~~~~~~~~
[INFO] [stderr] tests/constant.c:105:27: error: expected ')' before 'G_DESKTOP_POINTING_STICK_SCROLL_METHOD_ON_BUTTON_DOWN'
[INFO] [stderr]   105 |     PRINT_CONSTANT((gint) G_DESKTOP_POINTING_STICK_SCROLL_METHOD_ON_BUTTON_DOWN);
[INFO] [stderr]       |                           ^~~~~~~~~~~~~~~~~~~~~~~~~~~~~~~~~~~~~~~~~~~~~~~~~~~~~
[INFO] [stderr] tests/constant.c:11:22: note: in definition of macro 'PRINT_CONSTANT'
[INFO] [stderr]    11 |     printf(_Generic((CONSTANT_NAME), \
[INFO] [stderr]       |                      ^~~~~~~~~~~~~
[INFO] [stderr] tests/constant.c:11:21: note: to match this '('
[INFO] [stderr]    11 |     printf(_Generic((CONSTANT_NAME), \
[INFO] [stderr]       |                     ^
[INFO] [stderr] tests/constant.c:105:5: note: in expansion of macro 'PRINT_CONSTANT'
[INFO] [stderr]   105 |     PRINT_CONSTANT((gint) G_DESKTOP_POINTING_STICK_SCROLL_METHOD_ON_BUTTON_DOWN);
[INFO] [stderr]       |     ^~~~~~~~~~~~~~
[INFO] [stderr] tests/constant.c:105:27: error: expected ')' before 'G_DESKTOP_POINTING_STICK_SCROLL_METHOD_ON_BUTTON_DOWN'
[INFO] [stderr]   105 |     PRINT_CONSTANT((gint) G_DESKTOP_POINTING_STICK_SCROLL_METHOD_ON_BUTTON_DOWN);
[INFO] [stderr]       |                           ^~~~~~~~~~~~~~~~~~~~~~~~~~~~~~~~~~~~~~~~~~~~~~~~~~~~~
[INFO] [stderr] tests/constant.c:28:12: note: in definition of macro 'PRINT_CONSTANT'
[INFO] [stderr]    28 |            CONSTANT_NAME); \
[INFO] [stderr]       |            ^~~~~~~~~~~~~
[INFO] [stderr] tests/constant.c:11:11: note: to match this '('
[INFO] [stderr]    11 |     printf(_Generic((CONSTANT_NAME), \
[INFO] [stderr]       |           ^
[INFO] [stderr] tests/constant.c:105:5: note: in expansion of macro 'PRINT_CONSTANT'
[INFO] [stderr]   105 |     PRINT_CONSTANT((gint) G_DESKTOP_POINTING_STICK_SCROLL_METHOD_ON_BUTTON_DOWN);
[INFO] [stderr]       |     ^~~~~~~~~~~~~~
[INFO] [stderr] tests/constant.c:106:27: error: expected ')' before 'G_DESKTOP_PROXY_MODE_AUTO'
[INFO] [stderr]   106 |     PRINT_CONSTANT((gint) G_DESKTOP_PROXY_MODE_AUTO);
[INFO] [stderr]       |                           ^~~~~~~~~~~~~~~~~~~~~~~~~
[INFO] [stderr] tests/constant.c:11:22: note: in definition of macro 'PRINT_CONSTANT'
[INFO] [stderr]    11 |     printf(_Generic((CONSTANT_NAME), \
[INFO] [stderr]       |                      ^~~~~~~~~~~~~
[INFO] [stderr] tests/constant.c:11:21: note: to match this '('
[INFO] [stderr]    11 |     printf(_Generic((CONSTANT_NAME), \
[INFO] [stderr]       |                     ^
[INFO] [stderr] tests/constant.c:106:5: note: in expansion of macro 'PRINT_CONSTANT'
[INFO] [stderr]   106 |     PRINT_CONSTANT((gint) G_DESKTOP_PROXY_MODE_AUTO);
[INFO] [stderr]       |     ^~~~~~~~~~~~~~
[INFO] [stderr] tests/constant.c:106:27: error: expected ')' before 'G_DESKTOP_PROXY_MODE_AUTO'
[INFO] [stderr]   106 |     PRINT_CONSTANT((gint) G_DESKTOP_PROXY_MODE_AUTO);
[INFO] [stderr]       |                           ^~~~~~~~~~~~~~~~~~~~~~~~~
[INFO] [stderr] tests/constant.c:28:12: note: in definition of macro 'PRINT_CONSTANT'
[INFO] [stderr]    28 |            CONSTANT_NAME); \
[INFO] [stderr]       |            ^~~~~~~~~~~~~
[INFO] [stderr] tests/constant.c:11:11: note: to match this '('
[INFO] [stderr]    11 |     printf(_Generic((CONSTANT_NAME), \
[INFO] [stderr]       |           ^
[INFO] [stderr] tests/constant.c:106:5: note: in expansion of macro 'PRINT_CONSTANT'
[INFO] [stderr]   106 |     PRINT_CONSTANT((gint) G_DESKTOP_PROXY_MODE_AUTO);
[INFO] [stderr]       |     ^~~~~~~~~~~~~~
[INFO] [stderr] tests/constant.c:107:27: error: expected ')' before 'G_DESKTOP_PROXY_MODE_MANUAL'
[INFO] [stderr]   107 |     PRINT_CONSTANT((gint) G_DESKTOP_PROXY_MODE_MANUAL);
[INFO] [stderr]       |                           ^~~~~~~~~~~~~~~~~~~~~~~~~~~
[INFO] [stderr] tests/constant.c:11:22: note: in definition of macro 'PRINT_CONSTANT'
[INFO] [stderr]    11 |     printf(_Generic((CONSTANT_NAME), \
[INFO] [stderr]       |                      ^~~~~~~~~~~~~
[INFO] [stderr] tests/constant.c:11:21: note: to match this '('
[INFO] [stderr]    11 |     printf(_Generic((CONSTANT_NAME), \
[INFO] [stderr]       |                     ^
[INFO] [stderr] tests/constant.c:107:5: note: in expansion of macro 'PRINT_CONSTANT'
[INFO] [stderr]   107 |     PRINT_CONSTANT((gint) G_DESKTOP_PROXY_MODE_MANUAL);
[INFO] [stderr]       |     ^~~~~~~~~~~~~~
[INFO] [stderr] tests/constant.c:107:27: error: expected ')' before 'G_DESKTOP_PROXY_MODE_MANUAL'
[INFO] [stderr]   107 |     PRINT_CONSTANT((gint) G_DESKTOP_PROXY_MODE_MANUAL);
[INFO] [stderr]       |                           ^~~~~~~~~~~~~~~~~~~~~~~~~~~
[INFO] [stderr] tests/constant.c:28:12: note: in definition of macro 'PRINT_CONSTANT'
[INFO] [stderr]    28 |            CONSTANT_NAME); \
[INFO] [stderr]       |            ^~~~~~~~~~~~~
[INFO] [stderr] tests/constant.c:11:11: note: to match this '('
[INFO] [stderr]    11 |     printf(_Generic((CONSTANT_NAME), \
[INFO] [stderr]       |           ^
[INFO] [stderr] tests/constant.c:107:5: note: in expansion of macro 'PRINT_CONSTANT'
[INFO] [stderr]   107 |     PRINT_CONSTANT((gint) G_DESKTOP_PROXY_MODE_MANUAL);
[INFO] [stderr]       |     ^~~~~~~~~~~~~~
[INFO] [stderr] tests/constant.c:108:27: error: expected ')' before 'G_DESKTOP_PROXY_MODE_NONE'
[INFO] [stderr]   108 |     PRINT_CONSTANT((gint) G_DESKTOP_PROXY_MODE_NONE);
[INFO] [stderr]       |                           ^~~~~~~~~~~~~~~~~~~~~~~~~
[INFO] [stderr] tests/constant.c:11:22: note: in definition of macro 'PRINT_CONSTANT'
[INFO] [stderr]    11 |     printf(_Generic((CONSTANT_NAME), \
[INFO] [stderr]       |                      ^~~~~~~~~~~~~
[INFO] [stderr] tests/constant.c:11:21: note: to match this '('
[INFO] [stderr]    11 |     printf(_Generic((CONSTANT_NAME), \
[INFO] [stderr]       |                     ^
[INFO] [stderr] tests/constant.c:108:5: note: in expansion of macro 'PRINT_CONSTANT'
[INFO] [stderr]   108 |     PRINT_CONSTANT((gint) G_DESKTOP_PROXY_MODE_NONE);
[INFO] [stderr]       |     ^~~~~~~~~~~~~~
[INFO] [stderr] tests/constant.c:108:27: error: expected ')' before 'G_DESKTOP_PROXY_MODE_NONE'
[INFO] [stderr]   108 |     PRINT_CONSTANT((gint) G_DESKTOP_PROXY_MODE_NONE);
[INFO] [stderr]       |                           ^~~~~~~~~~~~~~~~~~~~~~~~~
[INFO] [stderr] tests/constant.c:28:12: note: in definition of macro 'PRINT_CONSTANT'
[INFO] [stderr]    28 |            CONSTANT_NAME); \
[INFO] [stderr]       |            ^~~~~~~~~~~~~
[INFO] [stderr] tests/constant.c:11:11: note: to match this '('
[INFO] [stderr]    11 |     printf(_Generic((CONSTANT_NAME), \
[INFO] [stderr]       |           ^
[INFO] [stderr] tests/constant.c:108:5: note: in expansion of macro 'PRINT_CONSTANT'
[INFO] [stderr]   108 |     PRINT_CONSTANT((gint) G_DESKTOP_PROXY_MODE_NONE);
[INFO] [stderr]       |     ^~~~~~~~~~~~~~
[INFO] [stderr] tests/constant.c:109:27: error: expected ')' before 'G_DESKTOP_SCREENSAVER_MODE_BLANK_ONLY'
[INFO] [stderr]   109 |     PRINT_CONSTANT((gint) G_DESKTOP_SCREENSAVER_MODE_BLANK_ONLY);
[INFO] [stderr]       |                           ^~~~~~~~~~~~~~~~~~~~~~~~~~~~~~~~~~~~~
[INFO] [stderr] tests/constant.c:11:22: note: in definition of macro 'PRINT_CONSTANT'
[INFO] [stderr]    11 |     printf(_Generic((CONSTANT_NAME), \
[INFO] [stderr]       |                      ^~~~~~~~~~~~~
[INFO] [stderr] tests/constant.c:11:21: note: to match this '('
[INFO] [stderr]    11 |     printf(_Generic((CONSTANT_NAME), \
[INFO] [stderr]       |                     ^
[INFO] [stderr] tests/constant.c:109:5: note: in expansion of macro 'PRINT_CONSTANT'
[INFO] [stderr]   109 |     PRINT_CONSTANT((gint) G_DESKTOP_SCREENSAVER_MODE_BLANK_ONLY);
[INFO] [stderr]       |     ^~~~~~~~~~~~~~
[INFO] [stderr] tests/constant.c:109:27: error: expected ')' before 'G_DESKTOP_SCREENSAVER_MODE_BLANK_ONLY'
[INFO] [stderr]   109 |     PRINT_CONSTANT((gint) G_DESKTOP_SCREENSAVER_MODE_BLANK_ONLY);
[INFO] [stderr]       |                           ^~~~~~~~~~~~~~~~~~~~~~~~~~~~~~~~~~~~~
[INFO] [stderr] tests/constant.c:28:12: note: in definition of macro 'PRINT_CONSTANT'
[INFO] [stderr]    28 |            CONSTANT_NAME); \
[INFO] [stderr]       |            ^~~~~~~~~~~~~
[INFO] [stderr] tests/constant.c:11:11: note: to match this '('
[INFO] [stderr]    11 |     printf(_Generic((CONSTANT_NAME), \
[INFO] [stderr]       |           ^
[INFO] [stderr] tests/constant.c:109:5: note: in expansion of macro 'PRINT_CONSTANT'
[INFO] [stderr]   109 |     PRINT_CONSTANT((gint) G_DESKTOP_SCREENSAVER_MODE_BLANK_ONLY);
[INFO] [stderr]       |     ^~~~~~~~~~~~~~
[INFO] [stderr] tests/constant.c:110:27: error: expected ')' before 'G_DESKTOP_SCREENSAVER_MODE_RANDOM'
[INFO] [stderr]   110 |     PRINT_CONSTANT((gint) G_DESKTOP_SCREENSAVER_MODE_RANDOM);
[INFO] [stderr]       |                           ^~~~~~~~~~~~~~~~~~~~~~~~~~~~~~~~~
[INFO] [stderr] tests/constant.c:11:22: note: in definition of macro 'PRINT_CONSTANT'
[INFO] [stderr]    11 |     printf(_Generic((CONSTANT_NAME), \
[INFO] [stderr]       |                      ^~~~~~~~~~~~~
[INFO] [stderr] tests/constant.c:11:21: note: to match this '('
[INFO] [stderr]    11 |     printf(_Generic((CONSTANT_NAME), \
[INFO] [stderr]       |                     ^
[INFO] [stderr] tests/constant.c:110:5: note: in expansion of macro 'PRINT_CONSTANT'
[INFO] [stderr]   110 |     PRINT_CONSTANT((gint) G_DESKTOP_SCREENSAVER_MODE_RANDOM);
[INFO] [stderr]       |     ^~~~~~~~~~~~~~
[INFO] [stderr] tests/constant.c:110:27: error: expected ')' before 'G_DESKTOP_SCREENSAVER_MODE_RANDOM'
[INFO] [stderr]   110 |     PRINT_CONSTANT((gint) G_DESKTOP_SCREENSAVER_MODE_RANDOM);
[INFO] [stderr]       |                           ^~~~~~~~~~~~~~~~~~~~~~~~~~~~~~~~~
[INFO] [stderr] tests/constant.c:28:12: note: in definition of macro 'PRINT_CONSTANT'
[INFO] [stderr]    28 |            CONSTANT_NAME); \
[INFO] [stderr]       |            ^~~~~~~~~~~~~
[INFO] [stderr] tests/constant.c:11:11: note: to match this '('
[INFO] [stderr]    11 |     printf(_Generic((CONSTANT_NAME), \
[INFO] [stderr]       |           ^
[INFO] [stderr] tests/constant.c:110:5: note: in expansion of macro 'PRINT_CONSTANT'
[INFO] [stderr]   110 |     PRINT_CONSTANT((gint) G_DESKTOP_SCREENSAVER_MODE_RANDOM);
[INFO] [stderr]       |     ^~~~~~~~~~~~~~
[INFO] [stderr] tests/constant.c:111:27: error: expected ')' before 'G_DESKTOP_SCREENSAVER_MODE_SINGLE'
[INFO] [stderr]   111 |     PRINT_CONSTANT((gint) G_DESKTOP_SCREENSAVER_MODE_SINGLE);
[INFO] [stderr]       |                           ^~~~~~~~~~~~~~~~~~~~~~~~~~~~~~~~~
[INFO] [stderr] tests/constant.c:11:22: note: in definition of macro 'PRINT_CONSTANT'
[INFO] [stderr]    11 |     printf(_Generic((CONSTANT_NAME), \
[INFO] [stderr]       |                      ^~~~~~~~~~~~~
[INFO] [stderr] tests/constant.c:11:21: note: to match this '('
[INFO] [stderr]    11 |     printf(_Generic((CONSTANT_NAME), \
[INFO] [stderr]       |                     ^
[INFO] [stderr] tests/constant.c:111:5: note: in expansion of macro 'PRINT_CONSTANT'
[INFO] [stderr]   111 |     PRINT_CONSTANT((gint) G_DESKTOP_SCREENSAVER_MODE_SINGLE);
[INFO] [stderr]       |     ^~~~~~~~~~~~~~
[INFO] [stderr] tests/constant.c:111:27: error: expected ')' before 'G_DESKTOP_SCREENSAVER_MODE_SINGLE'
[INFO] [stderr]   111 |     PRINT_CONSTANT((gint) G_DESKTOP_SCREENSAVER_MODE_SINGLE);
[INFO] [stderr]       |                           ^~~~~~~~~~~~~~~~~~~~~~~~~~~~~~~~~
[INFO] [stderr] tests/constant.c:28:12: note: in definition of macro 'PRINT_CONSTANT'
[INFO] [stderr]    28 |            CONSTANT_NAME); \
[INFO] [stderr]       |            ^~~~~~~~~~~~~
[INFO] [stderr] tests/constant.c:11:11: note: to match this '('
[INFO] [stderr]    11 |     printf(_Generic((CONSTANT_NAME), \
[INFO] [stderr]       |           ^
[INFO] [stderr] tests/constant.c:111:5: note: in expansion of macro 'PRINT_CONSTANT'
[INFO] [stderr]   111 |     PRINT_CONSTANT((gint) G_DESKTOP_SCREENSAVER_MODE_SINGLE);
[INFO] [stderr]       |     ^~~~~~~~~~~~~~
[INFO] [stderr] tests/constant.c:112:27: error: expected ')' before 'G_DESKTOP_STYLUS_BUTTON_ACTION_BACK'
[INFO] [stderr]   112 |     PRINT_CONSTANT((gint) G_DESKTOP_STYLUS_BUTTON_ACTION_BACK);
[INFO] [stderr]       |                           ^~~~~~~~~~~~~~~~~~~~~~~~~~~~~~~~~~~
[INFO] [stderr] tests/constant.c:11:22: note: in definition of macro 'PRINT_CONSTANT'
[INFO] [stderr]    11 |     printf(_Generic((CONSTANT_NAME), \
[INFO] [stderr]       |                      ^~~~~~~~~~~~~
[INFO] [stderr] tests/constant.c:11:21: note: to match this '('
[INFO] [stderr]    11 |     printf(_Generic((CONSTANT_NAME), \
[INFO] [stderr]       |                     ^
[INFO] [stderr] tests/constant.c:112:5: note: in expansion of macro 'PRINT_CONSTANT'
[INFO] [stderr]   112 |     PRINT_CONSTANT((gint) G_DESKTOP_STYLUS_BUTTON_ACTION_BACK);
[INFO] [stderr]       |     ^~~~~~~~~~~~~~
[INFO] [stderr] tests/constant.c:112:27: error: expected ')' before 'G_DESKTOP_STYLUS_BUTTON_ACTION_BACK'
[INFO] [stderr]   112 |     PRINT_CONSTANT((gint) G_DESKTOP_STYLUS_BUTTON_ACTION_BACK);
[INFO] [stderr]       |                           ^~~~~~~~~~~~~~~~~~~~~~~~~~~~~~~~~~~
[INFO] [stderr] tests/constant.c:28:12: note: in definition of macro 'PRINT_CONSTANT'
[INFO] [stderr]    28 |            CONSTANT_NAME); \
[INFO] [stderr]       |            ^~~~~~~~~~~~~
[INFO] [stderr] tests/constant.c:11:11: note: to match this '('
[INFO] [stderr]    11 |     printf(_Generic((CONSTANT_NAME), \
[INFO] [stderr]       |           ^
[INFO] [stderr] tests/constant.c:112:5: note: in expansion of macro 'PRINT_CONSTANT'
[INFO] [stderr]   112 |     PRINT_CONSTANT((gint) G_DESKTOP_STYLUS_BUTTON_ACTION_BACK);
[INFO] [stderr]       |     ^~~~~~~~~~~~~~
[INFO] [stderr] tests/constant.c:113:27: error: expected ')' before 'G_DESKTOP_STYLUS_BUTTON_ACTION_DEFAULT'
[INFO] [stderr]   113 |     PRINT_CONSTANT((gint) G_DESKTOP_STYLUS_BUTTON_ACTION_DEFAULT);
[INFO] [stderr]       |                           ^~~~~~~~~~~~~~~~~~~~~~~~~~~~~~~~~~~~~~
[INFO] [stderr] tests/constant.c:11:22: note: in definition of macro 'PRINT_CONSTANT'
[INFO] [stderr]    11 |     printf(_Generic((CONSTANT_NAME), \
[INFO] [stderr]       |                      ^~~~~~~~~~~~~
[INFO] [stderr] tests/constant.c:11:21: note: to match this '('
[INFO] [stderr]    11 |     printf(_Generic((CONSTANT_NAME), \
[INFO] [stderr]       |                     ^
[INFO] [stderr] tests/constant.c:113:5: note: in expansion of macro 'PRINT_CONSTANT'
[INFO] [stderr]   113 |     PRINT_CONSTANT((gint) G_DESKTOP_STYLUS_BUTTON_ACTION_DEFAULT);
[INFO] [stderr]       |     ^~~~~~~~~~~~~~
[INFO] [stderr] tests/constant.c:113:27: error: expected ')' before 'G_DESKTOP_STYLUS_BUTTON_ACTION_DEFAULT'
[INFO] [stderr]   113 |     PRINT_CONSTANT((gint) G_DESKTOP_STYLUS_BUTTON_ACTION_DEFAULT);
[INFO] [stderr]       |                           ^~~~~~~~~~~~~~~~~~~~~~~~~~~~~~~~~~~~~~
[INFO] [stderr] tests/constant.c:28:12: note: in definition of macro 'PRINT_CONSTANT'
[INFO] [stderr]    28 |            CONSTANT_NAME); \
[INFO] [stderr]       |            ^~~~~~~~~~~~~
[INFO] [stderr] tests/constant.c:11:11: note: to match this '('
[INFO] [stderr]    11 |     printf(_Generic((CONSTANT_NAME), \
[INFO] [stderr]       |           ^
[INFO] [stderr] tests/constant.c:113:5: note: in expansion of macro 'PRINT_CONSTANT'
[INFO] [stderr]   113 |     PRINT_CONSTANT((gint) G_DESKTOP_STYLUS_BUTTON_ACTION_DEFAULT);
[INFO] [stderr]       |     ^~~~~~~~~~~~~~
[INFO] [stderr] tests/constant.c:114:27: error: expected ')' before 'G_DESKTOP_STYLUS_BUTTON_ACTION_FORWARD'
[INFO] [stderr]   114 |     PRINT_CONSTANT((gint) G_DESKTOP_STYLUS_BUTTON_ACTION_FORWARD);
[INFO] [stderr]       |                           ^~~~~~~~~~~~~~~~~~~~~~~~~~~~~~~~~~~~~~
[INFO] [stderr] tests/constant.c:11:22: note: in definition of macro 'PRINT_CONSTANT'
[INFO] [stderr]    11 |     printf(_Generic((CONSTANT_NAME), \
[INFO] [stderr]       |                      ^~~~~~~~~~~~~
[INFO] [stderr] tests/constant.c:11:21: note: to match this '('
[INFO] [stderr]    11 |     printf(_Generic((CONSTANT_NAME), \
[INFO] [stderr]       |                     ^
[INFO] [stderr] tests/constant.c:114:5: note: in expansion of macro 'PRINT_CONSTANT'
[INFO] [stderr]   114 |     PRINT_CONSTANT((gint) G_DESKTOP_STYLUS_BUTTON_ACTION_FORWARD);
[INFO] [stderr]       |     ^~~~~~~~~~~~~~
[INFO] [stderr] tests/constant.c:114:27: error: expected ')' before 'G_DESKTOP_STYLUS_BUTTON_ACTION_FORWARD'
[INFO] [stderr]   114 |     PRINT_CONSTANT((gint) G_DESKTOP_STYLUS_BUTTON_ACTION_FORWARD);
[INFO] [stderr]       |                           ^~~~~~~~~~~~~~~~~~~~~~~~~~~~~~~~~~~~~~
[INFO] [stderr] tests/constant.c:28:12: note: in definition of macro 'PRINT_CONSTANT'
[INFO] [stderr]    28 |            CONSTANT_NAME); \
[INFO] [stderr]       |            ^~~~~~~~~~~~~
[INFO] [stderr] tests/constant.c:11:11: note: to match this '('
[INFO] [stderr]    11 |     printf(_Generic((CONSTANT_NAME), \
[INFO] [stderr]       |           ^
[INFO] [stderr] tests/constant.c:114:5: note: in expansion of macro 'PRINT_CONSTANT'
[INFO] [stderr]   114 |     PRINT_CONSTANT((gint) G_DESKTOP_STYLUS_BUTTON_ACTION_FORWARD);
[INFO] [stderr]       |     ^~~~~~~~~~~~~~
[INFO] [stderr] tests/constant.c:115:27: error: expected ')' before 'G_DESKTOP_STYLUS_BUTTON_ACTION_MIDDLE'
[INFO] [stderr]   115 |     PRINT_CONSTANT((gint) G_DESKTOP_STYLUS_BUTTON_ACTION_MIDDLE);
[INFO] [stderr]       |                           ^~~~~~~~~~~~~~~~~~~~~~~~~~~~~~~~~~~~~
[INFO] [stderr] tests/constant.c:11:22: note: in definition of macro 'PRINT_CONSTANT'
[INFO] [stderr]    11 |     printf(_Generic((CONSTANT_NAME), \
[INFO] [stderr]       |                      ^~~~~~~~~~~~~
[INFO] [stderr] tests/constant.c:11:21: note: to match this '('
[INFO] [stderr]    11 |     printf(_Generic((CONSTANT_NAME), \
[INFO] [stderr]       |                     ^
[INFO] [stderr] tests/constant.c:115:5: note: in expansion of macro 'PRINT_CONSTANT'
[INFO] [stderr]   115 |     PRINT_CONSTANT((gint) G_DESKTOP_STYLUS_BUTTON_ACTION_MIDDLE);
[INFO] [stderr]       |     ^~~~~~~~~~~~~~
[INFO] [stderr] tests/constant.c:115:27: error: expected ')' before 'G_DESKTOP_STYLUS_BUTTON_ACTION_MIDDLE'
[INFO] [stderr]   115 |     PRINT_CONSTANT((gint) G_DESKTOP_STYLUS_BUTTON_ACTION_MIDDLE);
[INFO] [stderr]       |                           ^~~~~~~~~~~~~~~~~~~~~~~~~~~~~~~~~~~~~
[INFO] [stderr] tests/constant.c:28:12: note: in definition of macro 'PRINT_CONSTANT'
[INFO] [stderr]    28 |            CONSTANT_NAME); \
[INFO] [stderr]       |            ^~~~~~~~~~~~~
[INFO] [stderr] tests/constant.c:11:11: note: to match this '('
[INFO] [stderr]    11 |     printf(_Generic((CONSTANT_NAME), \
[INFO] [stderr]       |           ^
[INFO] [stderr] tests/constant.c:115:5: note: in expansion of macro 'PRINT_CONSTANT'
[INFO] [stderr]   115 |     PRINT_CONSTANT((gint) G_DESKTOP_STYLUS_BUTTON_ACTION_MIDDLE);
[INFO] [stderr]       |     ^~~~~~~~~~~~~~
[INFO] [stderr] tests/constant.c:116:27: error: expected ')' before 'G_DESKTOP_STYLUS_BUTTON_ACTION_RIGHT'
[INFO] [stderr]   116 |     PRINT_CONSTANT((gint) G_DESKTOP_STYLUS_BUTTON_ACTION_RIGHT);
[INFO] [stderr]       |                           ^~~~~~~~~~~~~~~~~~~~~~~~~~~~~~~~~~~~
[INFO] [stderr] tests/constant.c:11:22: note: in definition of macro 'PRINT_CONSTANT'
[INFO] [stderr]    11 |     printf(_Generic((CONSTANT_NAME), \
[INFO] [stderr]       |                      ^~~~~~~~~~~~~
[INFO] [stderr] tests/constant.c:11:21: note: to match this '('
[INFO] [stderr]    11 |     printf(_Generic((CONSTANT_NAME), \
[INFO] [stderr]       |                     ^
[INFO] [stderr] tests/constant.c:116:5: note: in expansion of macro 'PRINT_CONSTANT'
[INFO] [stderr]   116 |     PRINT_CONSTANT((gint) G_DESKTOP_STYLUS_BUTTON_ACTION_RIGHT);
[INFO] [stderr]       |     ^~~~~~~~~~~~~~
[INFO] [stderr] tests/constant.c:116:27: error: expected ')' before 'G_DESKTOP_STYLUS_BUTTON_ACTION_RIGHT'
[INFO] [stderr]   116 |     PRINT_CONSTANT((gint) G_DESKTOP_STYLUS_BUTTON_ACTION_RIGHT);
[INFO] [stderr]       |                           ^~~~~~~~~~~~~~~~~~~~~~~~~~~~~~~~~~~~
[INFO] [stderr] tests/constant.c:28:12: note: in definition of macro 'PRINT_CONSTANT'
[INFO] [stderr]    28 |            CONSTANT_NAME); \
[INFO] [stderr]       |            ^~~~~~~~~~~~~
[INFO] [stderr] tests/constant.c:11:11: note: to match this '('
[INFO] [stderr]    11 |     printf(_Generic((CONSTANT_NAME), \
[INFO] [stderr]       |           ^
[INFO] [stderr] tests/constant.c:116:5: note: in expansion of macro 'PRINT_CONSTANT'
[INFO] [stderr]   116 |     PRINT_CONSTANT((gint) G_DESKTOP_STYLUS_BUTTON_ACTION_RIGHT);
[INFO] [stderr]       |     ^~~~~~~~~~~~~~
[INFO] [stderr] tests/constant.c:117:27: error: expected ')' before 'G_DESKTOP_TABLET_MAPPING_ABSOLUTE'
[INFO] [stderr]   117 |     PRINT_CONSTANT((gint) G_DESKTOP_TABLET_MAPPING_ABSOLUTE);
[INFO] [stderr]       |                           ^~~~~~~~~~~~~~~~~~~~~~~~~~~~~~~~~
[INFO] [stderr] tests/constant.c:11:22: note: in definition of macro 'PRINT_CONSTANT'
[INFO] [stderr]    11 |     printf(_Generic((CONSTANT_NAME), \
[INFO] [stderr]       |                      ^~~~~~~~~~~~~
[INFO] [stderr] tests/constant.c:11:21: note: to match this '('
[INFO] [stderr]    11 |     printf(_Generic((CONSTANT_NAME), \
[INFO] [stderr]       |                     ^
[INFO] [stderr] tests/constant.c:117:5: note: in expansion of macro 'PRINT_CONSTANT'
[INFO] [stderr]   117 |     PRINT_CONSTANT((gint) G_DESKTOP_TABLET_MAPPING_ABSOLUTE);
[INFO] [stderr]       |     ^~~~~~~~~~~~~~
[INFO] [stderr] tests/constant.c:117:27: error: expected ')' before 'G_DESKTOP_TABLET_MAPPING_ABSOLUTE'
[INFO] [stderr]   117 |     PRINT_CONSTANT((gint) G_DESKTOP_TABLET_MAPPING_ABSOLUTE);
[INFO] [stderr]       |                           ^~~~~~~~~~~~~~~~~~~~~~~~~~~~~~~~~
[INFO] [stderr] tests/constant.c:28:12: note: in definition of macro 'PRINT_CONSTANT'
[INFO] [stderr]    28 |            CONSTANT_NAME); \
[INFO] [stderr]       |            ^~~~~~~~~~~~~
[INFO] [stderr] tests/constant.c:11:11: note: to match this '('
[INFO] [stderr]    11 |     printf(_Generic((CONSTANT_NAME), \
[INFO] [stderr]       |           ^
[INFO] [stderr] tests/constant.c:117:5: note: in expansion of macro 'PRINT_CONSTANT'
[INFO] [stderr]   117 |     PRINT_CONSTANT((gint) G_DESKTOP_TABLET_MAPPING_ABSOLUTE);
[INFO] [stderr]       |     ^~~~~~~~~~~~~~
[INFO] [stderr] tests/constant.c:118:27: error: expected ')' before 'G_DESKTOP_TABLET_MAPPING_RELATIVE'
[INFO] [stderr]   118 |     PRINT_CONSTANT((gint) G_DESKTOP_TABLET_MAPPING_RELATIVE);
[INFO] [stderr]       |                           ^~~~~~~~~~~~~~~~~~~~~~~~~~~~~~~~~
[INFO] [stderr] tests/constant.c:11:22: note: in definition of macro 'PRINT_CONSTANT'
[INFO] [stderr]    11 |     printf(_Generic((CONSTANT_NAME), \
[INFO] [stderr]       |                      ^~~~~~~~~~~~~
[INFO] [stderr] tests/constant.c:11:21: note: to match this '('
[INFO] [stderr]    11 |     printf(_Generic((CONSTANT_NAME), \
[INFO] [stderr]       |                     ^
[INFO] [stderr] tests/constant.c:118:5: note: in expansion of macro 'PRINT_CONSTANT'
[INFO] [stderr]   118 |     PRINT_CONSTANT((gint) G_DESKTOP_TABLET_MAPPING_RELATIVE);
[INFO] [stderr]       |     ^~~~~~~~~~~~~~
[INFO] [stderr] tests/constant.c:118:27: error: expected ')' before 'G_DESKTOP_TABLET_MAPPING_RELATIVE'
[INFO] [stderr]   118 |     PRINT_CONSTANT((gint) G_DESKTOP_TABLET_MAPPING_RELATIVE);
[INFO] [stderr]       |                           ^~~~~~~~~~~~~~~~~~~~~~~~~~~~~~~~~
[INFO] [stderr] tests/constant.c:28:12: note: in definition of macro 'PRINT_CONSTANT'
[INFO] [stderr]    28 |            CONSTANT_NAME); \
[INFO] [stderr]       |            ^~~~~~~~~~~~~
[INFO] [stderr] tests/constant.c:11:11: note: to match this '('
[INFO] [stderr]    11 |     printf(_Generic((CONSTANT_NAME), \
[INFO] [stderr]       |           ^
[INFO] [stderr] tests/constant.c:118:5: note: in expansion of macro 'PRINT_CONSTANT'
[INFO] [stderr]   118 |     PRINT_CONSTANT((gint) G_DESKTOP_TABLET_MAPPING_RELATIVE);
[INFO] [stderr]       |     ^~~~~~~~~~~~~~
[INFO] [stderr] tests/constant.c:119:27: error: expected ')' before 'G_DESKTOP_TITLEBAR_ACTION_LOWER'
[INFO] [stderr]   119 |     PRINT_CONSTANT((gint) G_DESKTOP_TITLEBAR_ACTION_LOWER);
[INFO] [stderr]       |                           ^~~~~~~~~~~~~~~~~~~~~~~~~~~~~~~
[INFO] [stderr] tests/constant.c:11:22: note: in definition of macro 'PRINT_CONSTANT'
[INFO] [stderr]    11 |     printf(_Generic((CONSTANT_NAME), \
[INFO] [stderr]       |                      ^~~~~~~~~~~~~
[INFO] [stderr] tests/constant.c:11:21: note: to match this '('
[INFO] [stderr]    11 |     printf(_Generic((CONSTANT_NAME), \
[INFO] [stderr]       |                     ^
[INFO] [stderr] tests/constant.c:119:5: note: in expansion of macro 'PRINT_CONSTANT'
[INFO] [stderr]   119 |     PRINT_CONSTANT((gint) G_DESKTOP_TITLEBAR_ACTION_LOWER);
[INFO] [stderr]       |     ^~~~~~~~~~~~~~
[INFO] [stderr] tests/constant.c:119:27: error: expected ')' before 'G_DESKTOP_TITLEBAR_ACTION_LOWER'
[INFO] [stderr]   119 |     PRINT_CONSTANT((gint) G_DESKTOP_TITLEBAR_ACTION_LOWER);
[INFO] [stderr]       |                           ^~~~~~~~~~~~~~~~~~~~~~~~~~~~~~~
[INFO] [stderr] tests/constant.c:28:12: note: in definition of macro 'PRINT_CONSTANT'
[INFO] [stderr]    28 |            CONSTANT_NAME); \
[INFO] [stderr]       |            ^~~~~~~~~~~~~
[INFO] [stderr] tests/constant.c:11:11: note: to match this '('
[INFO] [stderr]    11 |     printf(_Generic((CONSTANT_NAME), \
[INFO] [stderr]       |           ^
[INFO] [stderr] tests/constant.c:119:5: note: in expansion of macro 'PRINT_CONSTANT'
[INFO] [stderr]   119 |     PRINT_CONSTANT((gint) G_DESKTOP_TITLEBAR_ACTION_LOWER);
[INFO] [stderr]       |     ^~~~~~~~~~~~~~
[INFO] [stderr] tests/constant.c:120:27: error: expected ')' before 'G_DESKTOP_TITLEBAR_ACTION_MENU'
[INFO] [stderr]   120 |     PRINT_CONSTANT((gint) G_DESKTOP_TITLEBAR_ACTION_MENU);
[INFO] [stderr]       |                           ^~~~~~~~~~~~~~~~~~~~~~~~~~~~~~
[INFO] [stderr] tests/constant.c:11:22: note: in definition of macro 'PRINT_CONSTANT'
[INFO] [stderr]    11 |     printf(_Generic((CONSTANT_NAME), \
[INFO] [stderr]       |                      ^~~~~~~~~~~~~
[INFO] [stderr] tests/constant.c:11:21: note: to match this '('
[INFO] [stderr]    11 |     printf(_Generic((CONSTANT_NAME), \
[INFO] [stderr]       |                     ^
[INFO] [stderr] tests/constant.c:120:5: note: in expansion of macro 'PRINT_CONSTANT'
[INFO] [stderr]   120 |     PRINT_CONSTANT((gint) G_DESKTOP_TITLEBAR_ACTION_MENU);
[INFO] [stderr]       |     ^~~~~~~~~~~~~~
[INFO] [stderr] tests/constant.c:120:27: error: expected ')' before 'G_DESKTOP_TITLEBAR_ACTION_MENU'
[INFO] [stderr]   120 |     PRINT_CONSTANT((gint) G_DESKTOP_TITLEBAR_ACTION_MENU);
[INFO] [stderr]       |                           ^~~~~~~~~~~~~~~~~~~~~~~~~~~~~~
[INFO] [stderr] tests/constant.c:28:12: note: in definition of macro 'PRINT_CONSTANT'
[INFO] [stderr]    28 |            CONSTANT_NAME); \
[INFO] [stderr]       |            ^~~~~~~~~~~~~
[INFO] [stderr] tests/constant.c:11:11: note: to match this '('
[INFO] [stderr]    11 |     printf(_Generic((CONSTANT_NAME), \
[INFO] [stderr]       |           ^
[INFO] [stderr] tests/constant.c:120:5: note: in expansion of macro 'PRINT_CONSTANT'
[INFO] [stderr]   120 |     PRINT_CONSTANT((gint) G_DESKTOP_TITLEBAR_ACTION_MENU);
[INFO] [stderr]       |     ^~~~~~~~~~~~~~
[INFO] [stderr] tests/constant.c:121:27: error: expected ')' before 'G_DESKTOP_TITLEBAR_ACTION_MINIMIZE'
[INFO] [stderr]   121 |     PRINT_CONSTANT((gint) G_DESKTOP_TITLEBAR_ACTION_MINIMIZE);
[INFO] [stderr]       |                           ^~~~~~~~~~~~~~~~~~~~~~~~~~~~~~~~~~
[INFO] [stderr] tests/constant.c:11:22: note: in definition of macro 'PRINT_CONSTANT'
[INFO] [stderr]    11 |     printf(_Generic((CONSTANT_NAME), \
[INFO] [stderr]       |                      ^~~~~~~~~~~~~
[INFO] [stderr] tests/constant.c:11:21: note: to match this '('
[INFO] [stderr]    11 |     printf(_Generic((CONSTANT_NAME), \
[INFO] [stderr]       |                     ^
[INFO] [stderr] tests/constant.c:121:5: note: in expansion of macro 'PRINT_CONSTANT'
[INFO] [stderr]   121 |     PRINT_CONSTANT((gint) G_DESKTOP_TITLEBAR_ACTION_MINIMIZE);
[INFO] [stderr]       |     ^~~~~~~~~~~~~~
[INFO] [stderr] tests/constant.c:121:27: error: expected ')' before 'G_DESKTOP_TITLEBAR_ACTION_MINIMIZE'
[INFO] [stderr]   121 |     PRINT_CONSTANT((gint) G_DESKTOP_TITLEBAR_ACTION_MINIMIZE);
[INFO] [stderr]       |                           ^~~~~~~~~~~~~~~~~~~~~~~~~~~~~~~~~~
[INFO] [stderr] tests/constant.c:28:12: note: in definition of macro 'PRINT_CONSTANT'
[INFO] [stderr]    28 |            CONSTANT_NAME); \
[INFO] [stderr]       |            ^~~~~~~~~~~~~
[INFO] [stderr] tests/constant.c:11:11: note: to match this '('
[INFO] [stderr]    11 |     printf(_Generic((CONSTANT_NAME), \
[INFO] [stderr]       |           ^
[INFO] [stderr] tests/constant.c:121:5: note: in expansion of macro 'PRINT_CONSTANT'
[INFO] [stderr]   121 |     PRINT_CONSTANT((gint) G_DESKTOP_TITLEBAR_ACTION_MINIMIZE);
[INFO] [stderr]       |     ^~~~~~~~~~~~~~
[INFO] [stderr] tests/constant.c:122:27: error: expected ')' before 'G_DESKTOP_TITLEBAR_ACTION_NONE'
[INFO] [stderr]   122 |     PRINT_CONSTANT((gint) G_DESKTOP_TITLEBAR_ACTION_NONE);
[INFO] [stderr]       |                           ^~~~~~~~~~~~~~~~~~~~~~~~~~~~~~
[INFO] [stderr] tests/constant.c:11:22: note: in definition of macro 'PRINT_CONSTANT'
[INFO] [stderr]    11 |     printf(_Generic((CONSTANT_NAME), \
[INFO] [stderr]       |                      ^~~~~~~~~~~~~
[INFO] [stderr] tests/constant.c:11:21: note: to match this '('
[INFO] [stderr]    11 |     printf(_Generic((CONSTANT_NAME), \
[INFO] [stderr]       |                     ^
[INFO] [stderr] tests/constant.c:122:5: note: in expansion of macro 'PRINT_CONSTANT'
[INFO] [stderr]   122 |     PRINT_CONSTANT((gint) G_DESKTOP_TITLEBAR_ACTION_NONE);
[INFO] [stderr]       |     ^~~~~~~~~~~~~~
[INFO] [stderr] tests/constant.c:122:27: error: expected ')' before 'G_DESKTOP_TITLEBAR_ACTION_NONE'
[INFO] [stderr]   122 |     PRINT_CONSTANT((gint) G_DESKTOP_TITLEBAR_ACTION_NONE);
[INFO] [stderr]       |                           ^~~~~~~~~~~~~~~~~~~~~~~~~~~~~~
[INFO] [stderr] tests/constant.c:28:12: note: in definition of macro 'PRINT_CONSTANT'
[INFO] [stderr]    28 |            CONSTANT_NAME); \
[INFO] [stderr]       |            ^~~~~~~~~~~~~
[INFO] [stderr] tests/constant.c:11:11: note: to match this '('
[INFO] [stderr]    11 |     printf(_Generic((CONSTANT_NAME), \
[INFO] [stderr]       |           ^
[INFO] [stderr] tests/constant.c:122:5: note: in expansion of macro 'PRINT_CONSTANT'
[INFO] [stderr]   122 |     PRINT_CONSTANT((gint) G_DESKTOP_TITLEBAR_ACTION_NONE);
[INFO] [stderr]       |     ^~~~~~~~~~~~~~
[INFO] [stderr] tests/constant.c:123:27: error: expected ')' before 'G_DESKTOP_TITLEBAR_ACTION_TOGGLE_MAXIMIZE'
[INFO] [stderr]   123 |     PRINT_CONSTANT((gint) G_DESKTOP_TITLEBAR_ACTION_TOGGLE_MAXIMIZE);
[INFO] [stderr]       |                           ^~~~~~~~~~~~~~~~~~~~~~~~~~~~~~~~~~~~~~~~~
[INFO] [stderr] tests/constant.c:11:22: note: in definition of macro 'PRINT_CONSTANT'
[INFO] [stderr]    11 |     printf(_Generic((CONSTANT_NAME), \
[INFO] [stderr]       |                      ^~~~~~~~~~~~~
[INFO] [stderr] tests/constant.c:11:21: note: to match this '('
[INFO] [stderr]    11 |     printf(_Generic((CONSTANT_NAME), \
[INFO] [stderr]       |                     ^
[INFO] [stderr] tests/constant.c:123:5: note: in expansion of macro 'PRINT_CONSTANT'
[INFO] [stderr]   123 |     PRINT_CONSTANT((gint) G_DESKTOP_TITLEBAR_ACTION_TOGGLE_MAXIMIZE);
[INFO] [stderr]       |     ^~~~~~~~~~~~~~
[INFO] [stderr] tests/constant.c:123:27: error: expected ')' before 'G_DESKTOP_TITLEBAR_ACTION_TOGGLE_MAXIMIZE'
[INFO] [stderr]   123 |     PRINT_CONSTANT((gint) G_DESKTOP_TITLEBAR_ACTION_TOGGLE_MAXIMIZE);
[INFO] [stderr]       |                           ^~~~~~~~~~~~~~~~~~~~~~~~~~~~~~~~~~~~~~~~~
[INFO] [stderr] tests/constant.c:28:12: note: in definition of macro 'PRINT_CONSTANT'
[INFO] [stderr]    28 |            CONSTANT_NAME); \
[INFO] [stderr]       |            ^~~~~~~~~~~~~
[INFO] [stderr] tests/constant.c:11:11: note: to match this '('
[INFO] [stderr]    11 |     printf(_Generic((CONSTANT_NAME), \
[INFO] [stderr]       |           ^
[INFO] [stderr] tests/constant.c:123:5: note: in expansion of macro 'PRINT_CONSTANT'
[INFO] [stderr]   123 |     PRINT_CONSTANT((gint) G_DESKTOP_TITLEBAR_ACTION_TOGGLE_MAXIMIZE);
[INFO] [stderr]       |     ^~~~~~~~~~~~~~
[INFO] [stderr] tests/constant.c:124:27: error: expected ')' before 'G_DESKTOP_TITLEBAR_ACTION_TOGGLE_MAXIMIZE_HORIZONTALLY'
[INFO] [stderr]   124 |     PRINT_CONSTANT((gint) G_DESKTOP_TITLEBAR_ACTION_TOGGLE_MAXIMIZE_HORIZONTALLY);
[INFO] [stderr]       |                           ^~~~~~~~~~~~~~~~~~~~~~~~~~~~~~~~~~~~~~~~~~~~~~~~~~~~~~
[INFO] [stderr] tests/constant.c:11:22: note: in definition of macro 'PRINT_CONSTANT'
[INFO] [stderr]    11 |     printf(_Generic((CONSTANT_NAME), \
[INFO] [stderr]       |                      ^~~~~~~~~~~~~
[INFO] [stderr] tests/constant.c:11:21: note: to match this '('
[INFO] [stderr]    11 |     printf(_Generic((CONSTANT_NAME), \
[INFO] [stderr]       |                     ^
[INFO] [stderr] tests/constant.c:124:5: note: in expansion of macro 'PRINT_CONSTANT'
[INFO] [stderr]   124 |     PRINT_CONSTANT((gint) G_DESKTOP_TITLEBAR_ACTION_TOGGLE_MAXIMIZE_HORIZONTALLY);
[INFO] [stderr]       |     ^~~~~~~~~~~~~~
[INFO] [stderr] tests/constant.c:124:27: error: expected ')' before 'G_DESKTOP_TITLEBAR_ACTION_TOGGLE_MAXIMIZE_HORIZONTALLY'
[INFO] [stderr]   124 |     PRINT_CONSTANT((gint) G_DESKTOP_TITLEBAR_ACTION_TOGGLE_MAXIMIZE_HORIZONTALLY);
[INFO] [stderr]       |                           ^~~~~~~~~~~~~~~~~~~~~~~~~~~~~~~~~~~~~~~~~~~~~~~~~~~~~~
[INFO] [stderr] tests/constant.c:28:12: note: in definition of macro 'PRINT_CONSTANT'
[INFO] [stderr]    28 |            CONSTANT_NAME); \
[INFO] [stderr]       |            ^~~~~~~~~~~~~
[INFO] [stderr] tests/constant.c:11:11: note: to match this '('
[INFO] [stderr]    11 |     printf(_Generic((CONSTANT_NAME), \
[INFO] [stderr]       |           ^
[INFO] [stderr] tests/constant.c:124:5: note: in expansion of macro 'PRINT_CONSTANT'
[INFO] [stderr]   124 |     PRINT_CONSTANT((gint) G_DESKTOP_TITLEBAR_ACTION_TOGGLE_MAXIMIZE_HORIZONTALLY);
[INFO] [stderr]       |     ^~~~~~~~~~~~~~
[INFO] [stderr] tests/constant.c:125:27: error: expected ')' before 'G_DESKTOP_TITLEBAR_ACTION_TOGGLE_MAXIMIZE_VERTICALLY'
[INFO] [stderr]   125 |     PRINT_CONSTANT((gint) G_DESKTOP_TITLEBAR_ACTION_TOGGLE_MAXIMIZE_VERTICALLY);
[INFO] [stderr]       |                           ^~~~~~~~~~~~~~~~~~~~~~~~~~~~~~~~~~~~~~~~~~~~~~~~~~~~
[INFO] [stderr] tests/constant.c:11:22: note: in definition of macro 'PRINT_CONSTANT'
[INFO] [stderr]    11 |     printf(_Generic((CONSTANT_NAME), \
[INFO] [stderr]       |                      ^~~~~~~~~~~~~
[INFO] [stderr] tests/constant.c:11:21: note: to match this '('
[INFO] [stderr]    11 |     printf(_Generic((CONSTANT_NAME), \
[INFO] [stderr]       |                     ^
[INFO] [stderr] tests/constant.c:125:5: note: in expansion of macro 'PRINT_CONSTANT'
[INFO] [stderr]   125 |     PRINT_CONSTANT((gint) G_DESKTOP_TITLEBAR_ACTION_TOGGLE_MAXIMIZE_VERTICALLY);
[INFO] [stderr]       |     ^~~~~~~~~~~~~~
[INFO] [stderr] tests/constant.c:125:27: error: expected ')' before 'G_DESKTOP_TITLEBAR_ACTION_TOGGLE_MAXIMIZE_VERTICALLY'
[INFO] [stderr]   125 |     PRINT_CONSTANT((gint) G_DESKTOP_TITLEBAR_ACTION_TOGGLE_MAXIMIZE_VERTICALLY);
[INFO] [stderr]       |                           ^~~~~~~~~~~~~~~~~~~~~~~~~~~~~~~~~~~~~~~~~~~~~~~~~~~~
[INFO] [stderr] tests/constant.c:28:12: note: in definition of macro 'PRINT_CONSTANT'
[INFO] [stderr]    28 |            CONSTANT_NAME); \
[INFO] [stderr]       |            ^~~~~~~~~~~~~
[INFO] [stderr] tests/constant.c:11:11: note: to match this '('
[INFO] [stderr]    11 |     printf(_Generic((CONSTANT_NAME), \
[INFO] [stderr]       |           ^
[INFO] [stderr] tests/constant.c:125:5: note: in expansion of macro 'PRINT_CONSTANT'
[INFO] [stderr]   125 |     PRINT_CONSTANT((gint) G_DESKTOP_TITLEBAR_ACTION_TOGGLE_MAXIMIZE_VERTICALLY);
[INFO] [stderr]       |     ^~~~~~~~~~~~~~
[INFO] [stderr] tests/constant.c:126:27: error: expected ')' before 'G_DESKTOP_TITLEBAR_ACTION_TOGGLE_SHADE'
[INFO] [stderr]   126 |     PRINT_CONSTANT((gint) G_DESKTOP_TITLEBAR_ACTION_TOGGLE_SHADE);
[INFO] [stderr]       |                           ^~~~~~~~~~~~~~~~~~~~~~~~~~~~~~~~~~~~~~
[INFO] [stderr] tests/constant.c:11:22: note: in definition of macro 'PRINT_CONSTANT'
[INFO] [stderr]    11 |     printf(_Generic((CONSTANT_NAME), \
[INFO] [stderr]       |                      ^~~~~~~~~~~~~
[INFO] [stderr] tests/constant.c:11:21: note: to match this '('
[INFO] [stderr]    11 |     printf(_Generic((CONSTANT_NAME), \
[INFO] [stderr]       |                     ^
[INFO] [stderr] tests/constant.c:126:5: note: in expansion of macro 'PRINT_CONSTANT'
[INFO] [stderr]   126 |     PRINT_CONSTANT((gint) G_DESKTOP_TITLEBAR_ACTION_TOGGLE_SHADE);
[INFO] [stderr]       |     ^~~~~~~~~~~~~~
[INFO] [stderr] tests/constant.c:126:27: error: expected ')' before 'G_DESKTOP_TITLEBAR_ACTION_TOGGLE_SHADE'
[INFO] [stderr]   126 |     PRINT_CONSTANT((gint) G_DESKTOP_TITLEBAR_ACTION_TOGGLE_SHADE);
[INFO] [stderr]       |                           ^~~~~~~~~~~~~~~~~~~~~~~~~~~~~~~~~~~~~~
[INFO] [stderr] tests/constant.c:28:12: note: in definition of macro 'PRINT_CONSTANT'
[INFO] [stderr]    28 |            CONSTANT_NAME); \
[INFO] [stderr]       |            ^~~~~~~~~~~~~
[INFO] [stderr] tests/constant.c:11:11: note: to match this '('
[INFO] [stderr]    11 |     printf(_Generic((CONSTANT_NAME), \
[INFO] [stderr]       |           ^
[INFO] [stderr] tests/constant.c:126:5: note: in expansion of macro 'PRINT_CONSTANT'
[INFO] [stderr]   126 |     PRINT_CONSTANT((gint) G_DESKTOP_TITLEBAR_ACTION_TOGGLE_SHADE);
[INFO] [stderr]       |     ^~~~~~~~~~~~~~
[INFO] [stderr] tests/constant.c:127:27: error: expected ')' before 'G_DESKTOP_TOOLBAR_ICON_SIZE_LARGE'
[INFO] [stderr]   127 |     PRINT_CONSTANT((gint) G_DESKTOP_TOOLBAR_ICON_SIZE_LARGE);
[INFO] [stderr]       |                           ^~~~~~~~~~~~~~~~~~~~~~~~~~~~~~~~~
[INFO] [stderr] tests/constant.c:11:22: note: in definition of macro 'PRINT_CONSTANT'
[INFO] [stderr]    11 |     printf(_Generic((CONSTANT_NAME), \
[INFO] [stderr]       |                      ^~~~~~~~~~~~~
[INFO] [stderr] tests/constant.c:11:21: note: to match this '('
[INFO] [stderr]    11 |     printf(_Generic((CONSTANT_NAME), \
[INFO] [stderr]       |                     ^
[INFO] [stderr] tests/constant.c:127:5: note: in expansion of macro 'PRINT_CONSTANT'
[INFO] [stderr]   127 |     PRINT_CONSTANT((gint) G_DESKTOP_TOOLBAR_ICON_SIZE_LARGE);
[INFO] [stderr]       |     ^~~~~~~~~~~~~~
[INFO] [stderr] tests/constant.c:127:27: error: expected ')' before 'G_DESKTOP_TOOLBAR_ICON_SIZE_LARGE'
[INFO] [stderr]   127 |     PRINT_CONSTANT((gint) G_DESKTOP_TOOLBAR_ICON_SIZE_LARGE);
[INFO] [stderr]       |                           ^~~~~~~~~~~~~~~~~~~~~~~~~~~~~~~~~
[INFO] [stderr] tests/constant.c:28:12: note: in definition of macro 'PRINT_CONSTANT'
[INFO] [stderr]    28 |            CONSTANT_NAME); \
[INFO] [stderr]       |            ^~~~~~~~~~~~~
[INFO] [stderr] tests/constant.c:11:11: note: to match this '('
[INFO] [stderr]    11 |     printf(_Generic((CONSTANT_NAME), \
[INFO] [stderr]       |           ^
[INFO] [stderr] tests/constant.c:127:5: note: in expansion of macro 'PRINT_CONSTANT'
[INFO] [stderr]   127 |     PRINT_CONSTANT((gint) G_DESKTOP_TOOLBAR_ICON_SIZE_LARGE);
[INFO] [stderr]       |     ^~~~~~~~~~~~~~
[INFO] [stderr] tests/constant.c:128:27: error: expected ')' before 'G_DESKTOP_TOOLBAR_ICON_SIZE_SMALL'
[INFO] [stderr]   128 |     PRINT_CONSTANT((gint) G_DESKTOP_TOOLBAR_ICON_SIZE_SMALL);
[INFO] [stderr]       |                           ^~~~~~~~~~~~~~~~~~~~~~~~~~~~~~~~~
[INFO] [stderr] tests/constant.c:11:22: note: in definition of macro 'PRINT_CONSTANT'
[INFO] [stderr]    11 |     printf(_Generic((CONSTANT_NAME), \
[INFO] [stderr]       |                      ^~~~~~~~~~~~~
[INFO] [stderr] tests/constant.c:11:21: note: to match this '('
[INFO] [stderr]    11 |     printf(_Generic((CONSTANT_NAME), \
[INFO] [stderr]       |                     ^
[INFO] [stderr] tests/constant.c:128:5: note: in expansion of macro 'PRINT_CONSTANT'
[INFO] [stderr]   128 |     PRINT_CONSTANT((gint) G_DESKTOP_TOOLBAR_ICON_SIZE_SMALL);
[INFO] [stderr]       |     ^~~~~~~~~~~~~~
[INFO] [stderr] tests/constant.c:128:27: error: expected ')' before 'G_DESKTOP_TOOLBAR_ICON_SIZE_SMALL'
[INFO] [stderr]   128 |     PRINT_CONSTANT((gint) G_DESKTOP_TOOLBAR_ICON_SIZE_SMALL);
[INFO] [stderr]       |                           ^~~~~~~~~~~~~~~~~~~~~~~~~~~~~~~~~
[INFO] [stderr] tests/constant.c:28:12: note: in definition of macro 'PRINT_CONSTANT'
[INFO] [stderr]    28 |            CONSTANT_NAME); \
[INFO] [stderr]       |            ^~~~~~~~~~~~~
[INFO] [stderr] tests/constant.c:11:11: note: to match this '('
[INFO] [stderr]    11 |     printf(_Generic((CONSTANT_NAME), \
[INFO] [stderr]       |           ^
[INFO] [stderr] tests/constant.c:128:5: note: in expansion of macro 'PRINT_CONSTANT'
[INFO] [stderr]   128 |     PRINT_CONSTANT((gint) G_DESKTOP_TOOLBAR_ICON_SIZE_SMALL);
[INFO] [stderr]       |     ^~~~~~~~~~~~~~
[INFO] [stderr] tests/constant.c:129:27: error: expected ')' before 'G_DESKTOP_TOOLBAR_STYLE_BOTH'
[INFO] [stderr]   129 |     PRINT_CONSTANT((gint) G_DESKTOP_TOOLBAR_STYLE_BOTH);
[INFO] [stderr]       |                           ^~~~~~~~~~~~~~~~~~~~~~~~~~~~
[INFO] [stderr] tests/constant.c:11:22: note: in definition of macro 'PRINT_CONSTANT'
[INFO] [stderr]    11 |     printf(_Generic((CONSTANT_NAME), \
[INFO] [stderr]       |                      ^~~~~~~~~~~~~
[INFO] [stderr] tests/constant.c:11:21: note: to match this '('
[INFO] [stderr]    11 |     printf(_Generic((CONSTANT_NAME), \
[INFO] [stderr]       |                     ^
[INFO] [stderr] tests/constant.c:129:5: note: in expansion of macro 'PRINT_CONSTANT'
[INFO] [stderr]   129 |     PRINT_CONSTANT((gint) G_DESKTOP_TOOLBAR_STYLE_BOTH);
[INFO] [stderr]       |     ^~~~~~~~~~~~~~
[INFO] [stderr] tests/constant.c:129:27: error: expected ')' before 'G_DESKTOP_TOOLBAR_STYLE_BOTH'
[INFO] [stderr]   129 |     PRINT_CONSTANT((gint) G_DESKTOP_TOOLBAR_STYLE_BOTH);
[INFO] [stderr]       |                           ^~~~~~~~~~~~~~~~~~~~~~~~~~~~
[INFO] [stderr] tests/constant.c:28:12: note: in definition of macro 'PRINT_CONSTANT'
[INFO] [stderr]    28 |            CONSTANT_NAME); \
[INFO] [stderr]       |            ^~~~~~~~~~~~~
[INFO] [stderr] tests/constant.c:11:11: note: to match this '('
[INFO] [stderr]    11 |     printf(_Generic((CONSTANT_NAME), \
[INFO] [stderr]       |           ^
[INFO] [stderr] tests/constant.c:129:5: note: in expansion of macro 'PRINT_CONSTANT'
[INFO] [stderr]   129 |     PRINT_CONSTANT((gint) G_DESKTOP_TOOLBAR_STYLE_BOTH);
[INFO] [stderr]       |     ^~~~~~~~~~~~~~
[INFO] [stderr] tests/constant.c:130:27: error: expected ')' before 'G_DESKTOP_TOOLBAR_STYLE_BOTH_HORIZ'
[INFO] [stderr]   130 |     PRINT_CONSTANT((gint) G_DESKTOP_TOOLBAR_STYLE_BOTH_HORIZ);
[INFO] [stderr]       |                           ^~~~~~~~~~~~~~~~~~~~~~~~~~~~~~~~~~
[INFO] [stderr] tests/constant.c:11:22: note: in definition of macro 'PRINT_CONSTANT'
[INFO] [stderr]    11 |     printf(_Generic((CONSTANT_NAME), \
[INFO] [stderr]       |                      ^~~~~~~~~~~~~
[INFO] [stderr] tests/constant.c:11:21: note: to match this '('
[INFO] [stderr]    11 |     printf(_Generic((CONSTANT_NAME), \
[INFO] [stderr]       |                     ^
[INFO] [stderr] tests/constant.c:130:5: note: in expansion of macro 'PRINT_CONSTANT'
[INFO] [stderr]   130 |     PRINT_CONSTANT((gint) G_DESKTOP_TOOLBAR_STYLE_BOTH_HORIZ);
[INFO] [stderr]       |     ^~~~~~~~~~~~~~
[INFO] [stderr] tests/constant.c:130:27: error: expected ')' before 'G_DESKTOP_TOOLBAR_STYLE_BOTH_HORIZ'
[INFO] [stderr]   130 |     PRINT_CONSTANT((gint) G_DESKTOP_TOOLBAR_STYLE_BOTH_HORIZ);
[INFO] [stderr]       |                           ^~~~~~~~~~~~~~~~~~~~~~~~~~~~~~~~~~
[INFO] [stderr] tests/constant.c:28:12: note: in definition of macro 'PRINT_CONSTANT'
[INFO] [stderr]    28 |            CONSTANT_NAME); \
[INFO] [stderr]       |            ^~~~~~~~~~~~~
[INFO] [stderr] tests/constant.c:11:11: note: to match this '('
[INFO] [stderr]    11 |     printf(_Generic((CONSTANT_NAME), \
[INFO] [stderr]       |           ^
[INFO] [stderr] tests/constant.c:130:5: note: in expansion of macro 'PRINT_CONSTANT'
[INFO] [stderr]   130 |     PRINT_CONSTANT((gint) G_DESKTOP_TOOLBAR_STYLE_BOTH_HORIZ);
[INFO] [stderr]       |     ^~~~~~~~~~~~~~
[INFO] [stderr] tests/constant.c:131:27: error: expected ')' before 'G_DESKTOP_TOOLBAR_STYLE_ICONS'
[INFO] [stderr]   131 |     PRINT_CONSTANT((gint) G_DESKTOP_TOOLBAR_STYLE_ICONS);
[INFO] [stderr]       |                           ^~~~~~~~~~~~~~~~~~~~~~~~~~~~~
[INFO] [stderr] tests/constant.c:11:22: note: in definition of macro 'PRINT_CONSTANT'
[INFO] [stderr]    11 |     printf(_Generic((CONSTANT_NAME), \
[INFO] [stderr]       |                      ^~~~~~~~~~~~~
[INFO] [stderr] tests/constant.c:11:21: note: to match this '('
[INFO] [stderr]    11 |     printf(_Generic((CONSTANT_NAME), \
[INFO] [stderr]       |                     ^
[INFO] [stderr] tests/constant.c:131:5: note: in expansion of macro 'PRINT_CONSTANT'
[INFO] [stderr]   131 |     PRINT_CONSTANT((gint) G_DESKTOP_TOOLBAR_STYLE_ICONS);
[INFO] [stderr]       |     ^~~~~~~~~~~~~~
[INFO] [stderr] tests/constant.c:131:27: error: expected ')' before 'G_DESKTOP_TOOLBAR_STYLE_ICONS'
[INFO] [stderr]   131 |     PRINT_CONSTANT((gint) G_DESKTOP_TOOLBAR_STYLE_ICONS);
[INFO] [stderr]       |                           ^~~~~~~~~~~~~~~~~~~~~~~~~~~~~
[INFO] [stderr] tests/constant.c:28:12: note: in definition of macro 'PRINT_CONSTANT'
[INFO] [stderr]    28 |            CONSTANT_NAME); \
[INFO] [stderr]       |            ^~~~~~~~~~~~~
[INFO] [stderr] tests/constant.c:11:11: note: to match this '('
[INFO] [stderr]    11 |     printf(_Generic((CONSTANT_NAME), \
[INFO] [stderr]       |           ^
[INFO] [stderr] tests/constant.c:131:5: note: in expansion of macro 'PRINT_CONSTANT'
[INFO] [stderr]   131 |     PRINT_CONSTANT((gint) G_DESKTOP_TOOLBAR_STYLE_ICONS);
[INFO] [stderr]       |     ^~~~~~~~~~~~~~
[INFO] [stderr] tests/constant.c:132:27: error: expected ')' before 'G_DESKTOP_TOOLBAR_STYLE_TEXT'
[INFO] [stderr]   132 |     PRINT_CONSTANT((gint) G_DESKTOP_TOOLBAR_STYLE_TEXT);
[INFO] [stderr]       |                           ^~~~~~~~~~~~~~~~~~~~~~~~~~~~
[INFO] [stderr] tests/constant.c:11:22: note: in definition of macro 'PRINT_CONSTANT'
[INFO] [stderr]    11 |     printf(_Generic((CONSTANT_NAME), \
[INFO] [stderr]       |                      ^~~~~~~~~~~~~
[INFO] [stderr] tests/constant.c:11:21: note: to match this '('
[INFO] [stderr]    11 |     printf(_Generic((CONSTANT_NAME), \
[INFO] [stderr]       |                     ^
[INFO] [stderr] tests/constant.c:132:5: note: in expansion of macro 'PRINT_CONSTANT'
[INFO] [stderr]   132 |     PRINT_CONSTANT((gint) G_DESKTOP_TOOLBAR_STYLE_TEXT);
[INFO] [stderr]       |     ^~~~~~~~~~~~~~
[INFO] [stderr] tests/constant.c:132:27: error: expected ')' before 'G_DESKTOP_TOOLBAR_STYLE_TEXT'
[INFO] [stderr]   132 |     PRINT_CONSTANT((gint) G_DESKTOP_TOOLBAR_STYLE_TEXT);
[INFO] [stderr]       |                           ^~~~~~~~~~~~~~~~~~~~~~~~~~~~
[INFO] [stderr] tests/constant.c:28:12: note: in definition of macro 'PRINT_CONSTANT'
[INFO] [stderr]    28 |            CONSTANT_NAME); \
[INFO] [stderr]       |            ^~~~~~~~~~~~~
[INFO] [stderr] tests/constant.c:11:11: note: to match this '('
[INFO] [stderr]    11 |     printf(_Generic((CONSTANT_NAME), \
[INFO] [stderr]       |           ^
[INFO] [stderr] tests/constant.c:132:5: note: in expansion of macro 'PRINT_CONSTANT'
[INFO] [stderr]   132 |     PRINT_CONSTANT((gint) G_DESKTOP_TOOLBAR_STYLE_TEXT);
[INFO] [stderr]       |     ^~~~~~~~~~~~~~
[INFO] [stderr] tests/constant.c:133:27: error: expected ')' before 'G_DESKTOP_TOUCHPAD_BUTTON_TAP_MAP_DEFAULT'
[INFO] [stderr]   133 |     PRINT_CONSTANT((gint) G_DESKTOP_TOUCHPAD_BUTTON_TAP_MAP_DEFAULT);
[INFO] [stderr]       |                           ^~~~~~~~~~~~~~~~~~~~~~~~~~~~~~~~~~~~~~~~~
[INFO] [stderr] tests/constant.c:11:22: note: in definition of macro 'PRINT_CONSTANT'
[INFO] [stderr]    11 |     printf(_Generic((CONSTANT_NAME), \
[INFO] [stderr]       |                      ^~~~~~~~~~~~~
[INFO] [stderr] tests/constant.c:11:21: note: to match this '('
[INFO] [stderr]    11 |     printf(_Generic((CONSTANT_NAME), \
[INFO] [stderr]       |                     ^
[INFO] [stderr] tests/constant.c:133:5: note: in expansion of macro 'PRINT_CONSTANT'
[INFO] [stderr]   133 |     PRINT_CONSTANT((gint) G_DESKTOP_TOUCHPAD_BUTTON_TAP_MAP_DEFAULT);
[INFO] [stderr]       |     ^~~~~~~~~~~~~~
[INFO] [stderr] tests/constant.c:133:27: error: expected ')' before 'G_DESKTOP_TOUCHPAD_BUTTON_TAP_MAP_DEFAULT'
[INFO] [stderr]   133 |     PRINT_CONSTANT((gint) G_DESKTOP_TOUCHPAD_BUTTON_TAP_MAP_DEFAULT);
[INFO] [stderr]       |                           ^~~~~~~~~~~~~~~~~~~~~~~~~~~~~~~~~~~~~~~~~
[INFO] [stderr] tests/constant.c:28:12: note: in definition of macro 'PRINT_CONSTANT'
[INFO] [stderr]    28 |            CONSTANT_NAME); \
[INFO] [stderr]       |            ^~~~~~~~~~~~~
[INFO] [stderr] tests/constant.c:11:11: note: to match this '('
[INFO] [stderr]    11 |     printf(_Generic((CONSTANT_NAME), \
[INFO] [stderr]       |           ^
[INFO] [stderr] tests/constant.c:133:5: note: in expansion of macro 'PRINT_CONSTANT'
[INFO] [stderr]   133 |     PRINT_CONSTANT((gint) G_DESKTOP_TOUCHPAD_BUTTON_TAP_MAP_DEFAULT);
[INFO] [stderr]       |     ^~~~~~~~~~~~~~
[INFO] [stderr] tests/constant.c:134:27: error: expected ')' before 'G_DESKTOP_TOUCHPAD_BUTTON_TAP_MAP_LMR'
[INFO] [stderr]   134 |     PRINT_CONSTANT((gint) G_DESKTOP_TOUCHPAD_BUTTON_TAP_MAP_LMR);
[INFO] [stderr]       |                           ^~~~~~~~~~~~~~~~~~~~~~~~~~~~~~~~~~~~~
[INFO] [stderr] tests/constant.c:11:22: note: in definition of macro 'PRINT_CONSTANT'
[INFO] [stderr]    11 |     printf(_Generic((CONSTANT_NAME), \
[INFO] [stderr]       |                      ^~~~~~~~~~~~~
[INFO] [stderr] tests/constant.c:11:21: note: to match this '('
[INFO] [stderr]    11 |     printf(_Generic((CONSTANT_NAME), \
[INFO] [stderr]       |                     ^
[INFO] [stderr] tests/constant.c:134:5: note: in expansion of macro 'PRINT_CONSTANT'
[INFO] [stderr]   134 |     PRINT_CONSTANT((gint) G_DESKTOP_TOUCHPAD_BUTTON_TAP_MAP_LMR);
[INFO] [stderr]       |     ^~~~~~~~~~~~~~
[INFO] [stderr] tests/constant.c:134:27: error: expected ')' before 'G_DESKTOP_TOUCHPAD_BUTTON_TAP_MAP_LMR'
[INFO] [stderr]   134 |     PRINT_CONSTANT((gint) G_DESKTOP_TOUCHPAD_BUTTON_TAP_MAP_LMR);
[INFO] [stderr]       |                           ^~~~~~~~~~~~~~~~~~~~~~~~~~~~~~~~~~~~~
[INFO] [stderr] tests/constant.c:28:12: note: in definition of macro 'PRINT_CONSTANT'
[INFO] [stderr]    28 |            CONSTANT_NAME); \
[INFO] [stderr]       |            ^~~~~~~~~~~~~
[INFO] [stderr] tests/constant.c:11:11: note: to match this '('
[INFO] [stderr]    11 |     printf(_Generic((CONSTANT_NAME), \
[INFO] [stderr]       |           ^
[INFO] [stderr] tests/constant.c:134:5: note: in expansion of macro 'PRINT_CONSTANT'
[INFO] [stderr]   134 |     PRINT_CONSTANT((gint) G_DESKTOP_TOUCHPAD_BUTTON_TAP_MAP_LMR);
[INFO] [stderr]       |     ^~~~~~~~~~~~~~
[INFO] [stderr] tests/constant.c:135:27: error: expected ')' before 'G_DESKTOP_TOUCHPAD_BUTTON_TAP_MAP_LRM'
[INFO] [stderr]   135 |     PRINT_CONSTANT((gint) G_DESKTOP_TOUCHPAD_BUTTON_TAP_MAP_LRM);
[INFO] [stderr]       |                           ^~~~~~~~~~~~~~~~~~~~~~~~~~~~~~~~~~~~~
[INFO] [stderr] tests/constant.c:11:22: note: in definition of macro 'PRINT_CONSTANT'
[INFO] [stderr]    11 |     printf(_Generic((CONSTANT_NAME), \
[INFO] [stderr]       |                      ^~~~~~~~~~~~~
[INFO] [stderr] tests/constant.c:11:21: note: to match this '('
[INFO] [stderr]    11 |     printf(_Generic((CONSTANT_NAME), \
[INFO] [stderr]       |                     ^
[INFO] [stderr] tests/constant.c:135:5: note: in expansion of macro 'PRINT_CONSTANT'
[INFO] [stderr]   135 |     PRINT_CONSTANT((gint) G_DESKTOP_TOUCHPAD_BUTTON_TAP_MAP_LRM);
[INFO] [stderr]       |     ^~~~~~~~~~~~~~
[INFO] [stderr] tests/constant.c:135:27: error: expected ')' before 'G_DESKTOP_TOUCHPAD_BUTTON_TAP_MAP_LRM'
[INFO] [stderr]   135 |     PRINT_CONSTANT((gint) G_DESKTOP_TOUCHPAD_BUTTON_TAP_MAP_LRM);
[INFO] [stderr]       |                           ^~~~~~~~~~~~~~~~~~~~~~~~~~~~~~~~~~~~~
[INFO] [stderr] tests/constant.c:28:12: note: in definition of macro 'PRINT_CONSTANT'
[INFO] [stderr]    28 |            CONSTANT_NAME); \
[INFO] [stderr]       |            ^~~~~~~~~~~~~
[INFO] [stderr] tests/constant.c:11:11: note: to match this '('
[INFO] [stderr]    11 |     printf(_Generic((CONSTANT_NAME), \
[INFO] [stderr]       |           ^
[INFO] [stderr] tests/constant.c:135:5: note: in expansion of macro 'PRINT_CONSTANT'
[INFO] [stderr]   135 |     PRINT_CONSTANT((gint) G_DESKTOP_TOUCHPAD_BUTTON_TAP_MAP_LRM);
[INFO] [stderr]       |     ^~~~~~~~~~~~~~
[INFO] [stderr] tests/constant.c:136:27: error: expected ')' before 'G_DESKTOP_TOUCHPAD_CLICK_METHOD_AREAS'
[INFO] [stderr]   136 |     PRINT_CONSTANT((gint) G_DESKTOP_TOUCHPAD_CLICK_METHOD_AREAS);
[INFO] [stderr]       |                           ^~~~~~~~~~~~~~~~~~~~~~~~~~~~~~~~~~~~~
[INFO] [stderr] tests/constant.c:11:22: note: in definition of macro 'PRINT_CONSTANT'
[INFO] [stderr]    11 |     printf(_Generic((CONSTANT_NAME), \
[INFO] [stderr]       |                      ^~~~~~~~~~~~~
[INFO] [stderr] tests/constant.c:11:21: note: to match this '('
[INFO] [stderr]    11 |     printf(_Generic((CONSTANT_NAME), \
[INFO] [stderr]       |                     ^
[INFO] [stderr] tests/constant.c:136:5: note: in expansion of macro 'PRINT_CONSTANT'
[INFO] [stderr]   136 |     PRINT_CONSTANT((gint) G_DESKTOP_TOUCHPAD_CLICK_METHOD_AREAS);
[INFO] [stderr]       |     ^~~~~~~~~~~~~~
[INFO] [stderr] tests/constant.c:136:27: error: expected ')' before 'G_DESKTOP_TOUCHPAD_CLICK_METHOD_AREAS'
[INFO] [stderr]   136 |     PRINT_CONSTANT((gint) G_DESKTOP_TOUCHPAD_CLICK_METHOD_AREAS);
[INFO] [stderr]       |                           ^~~~~~~~~~~~~~~~~~~~~~~~~~~~~~~~~~~~~
[INFO] [stderr] tests/constant.c:28:12: note: in definition of macro 'PRINT_CONSTANT'
[INFO] [stderr]    28 |            CONSTANT_NAME); \
[INFO] [stderr]       |            ^~~~~~~~~~~~~
[INFO] [stderr] tests/constant.c:11:11: note: to match this '('
[INFO] [stderr]    11 |     printf(_Generic((CONSTANT_NAME), \
[INFO] [stderr]       |           ^
[INFO] [stderr] tests/constant.c:136:5: note: in expansion of macro 'PRINT_CONSTANT'
[INFO] [stderr]   136 |     PRINT_CONSTANT((gint) G_DESKTOP_TOUCHPAD_CLICK_METHOD_AREAS);
[INFO] [stderr]       |     ^~~~~~~~~~~~~~
[INFO] [stderr] tests/constant.c:137:27: error: expected ')' before 'G_DESKTOP_TOUCHPAD_CLICK_METHOD_DEFAULT'
[INFO] [stderr]   137 |     PRINT_CONSTANT((gint) G_DESKTOP_TOUCHPAD_CLICK_METHOD_DEFAULT);
[INFO] [stderr]       |                           ^~~~~~~~~~~~~~~~~~~~~~~~~~~~~~~~~~~~~~~
[INFO] [stderr] tests/constant.c:11:22: note: in definition of macro 'PRINT_CONSTANT'
[INFO] [stderr]    11 |     printf(_Generic((CONSTANT_NAME), \
[INFO] [stderr]       |                      ^~~~~~~~~~~~~
[INFO] [stderr] tests/constant.c:11:21: note: to match this '('
[INFO] [stderr]    11 |     printf(_Generic((CONSTANT_NAME), \
[INFO] [stderr]       |                     ^
[INFO] [stderr] tests/constant.c:137:5: note: in expansion of macro 'PRINT_CONSTANT'
[INFO] [stderr]   137 |     PRINT_CONSTANT((gint) G_DESKTOP_TOUCHPAD_CLICK_METHOD_DEFAULT);
[INFO] [stderr]       |     ^~~~~~~~~~~~~~
[INFO] [stderr] tests/constant.c:137:27: error: expected ')' before 'G_DESKTOP_TOUCHPAD_CLICK_METHOD_DEFAULT'
[INFO] [stderr]   137 |     PRINT_CONSTANT((gint) G_DESKTOP_TOUCHPAD_CLICK_METHOD_DEFAULT);
[INFO] [stderr]       |                           ^~~~~~~~~~~~~~~~~~~~~~~~~~~~~~~~~~~~~~~
[INFO] [stderr] tests/constant.c:28:12: note: in definition of macro 'PRINT_CONSTANT'
[INFO] [stderr]    28 |            CONSTANT_NAME); \
[INFO] [stderr]       |            ^~~~~~~~~~~~~
[INFO] [stderr] tests/constant.c:11:11: note: to match this '('
[INFO] [stderr]    11 |     printf(_Generic((CONSTANT_NAME), \
[INFO] [stderr]       |           ^
[INFO] [stderr] tests/constant.c:137:5: note: in expansion of macro 'PRINT_CONSTANT'
[INFO] [stderr]   137 |     PRINT_CONSTANT((gint) G_DESKTOP_TOUCHPAD_CLICK_METHOD_DEFAULT);
[INFO] [stderr]       |     ^~~~~~~~~~~~~~
[INFO] [stderr] tests/constant.c:138:27: error: expected ')' before 'G_DESKTOP_TOUCHPAD_CLICK_METHOD_FINGERS'
[INFO] [stderr]   138 |     PRINT_CONSTANT((gint) G_DESKTOP_TOUCHPAD_CLICK_METHOD_FINGERS);
[INFO] [stderr]       |                           ^~~~~~~~~~~~~~~~~~~~~~~~~~~~~~~~~~~~~~~
[INFO] [stderr] tests/constant.c:11:22: note: in definition of macro 'PRINT_CONSTANT'
[INFO] [stderr]    11 |     printf(_Generic((CONSTANT_NAME), \
[INFO] [stderr]       |                      ^~~~~~~~~~~~~
[INFO] [stderr] tests/constant.c:11:21: note: to match this '('
[INFO] [stderr]    11 |     printf(_Generic((CONSTANT_NAME), \
[INFO] [stderr]       |                     ^
[INFO] [stderr] tests/constant.c:138:5: note: in expansion of macro 'PRINT_CONSTANT'
[INFO] [stderr]   138 |     PRINT_CONSTANT((gint) G_DESKTOP_TOUCHPAD_CLICK_METHOD_FINGERS);
[INFO] [stderr]       |     ^~~~~~~~~~~~~~
[INFO] [stderr] tests/constant.c:138:27: error: expected ')' before 'G_DESKTOP_TOUCHPAD_CLICK_METHOD_FINGERS'
[INFO] [stderr]   138 |     PRINT_CONSTANT((gint) G_DESKTOP_TOUCHPAD_CLICK_METHOD_FINGERS);
[INFO] [stderr]       |                           ^~~~~~~~~~~~~~~~~~~~~~~~~~~~~~~~~~~~~~~
[INFO] [stderr] tests/constant.c:28:12: note: in definition of macro 'PRINT_CONSTANT'
[INFO] [stderr]    28 |            CONSTANT_NAME); \
[INFO] [stderr]       |            ^~~~~~~~~~~~~
[INFO] [stderr] tests/constant.c:11:11: note: to match this '('
[INFO] [stderr]    11 |     printf(_Generic((CONSTANT_NAME), \
[INFO] [stderr]       |           ^
[INFO] [stderr] tests/constant.c:138:5: note: in expansion of macro 'PRINT_CONSTANT'
[INFO] [stderr]   138 |     PRINT_CONSTANT((gint) G_DESKTOP_TOUCHPAD_CLICK_METHOD_FINGERS);
[INFO] [stderr]       |     ^~~~~~~~~~~~~~
[INFO] [stderr] tests/constant.c:139:27: error: expected ')' before 'G_DESKTOP_TOUCHPAD_CLICK_METHOD_NONE'
[INFO] [stderr]   139 |     PRINT_CONSTANT((gint) G_DESKTOP_TOUCHPAD_CLICK_METHOD_NONE);
[INFO] [stderr]       |                           ^~~~~~~~~~~~~~~~~~~~~~~~~~~~~~~~~~~~
[INFO] [stderr] tests/constant.c:11:22: note: in definition of macro 'PRINT_CONSTANT'
[INFO] [stderr]    11 |     printf(_Generic((CONSTANT_NAME), \
[INFO] [stderr]       |                      ^~~~~~~~~~~~~
[INFO] [stderr] tests/constant.c:11:21: note: to match this '('
[INFO] [stderr]    11 |     printf(_Generic((CONSTANT_NAME), \
[INFO] [stderr]       |                     ^
[INFO] [stderr] tests/constant.c:139:5: note: in expansion of macro 'PRINT_CONSTANT'
[INFO] [stderr]   139 |     PRINT_CONSTANT((gint) G_DESKTOP_TOUCHPAD_CLICK_METHOD_NONE);
[INFO] [stderr]       |     ^~~~~~~~~~~~~~
[INFO] [stderr] tests/constant.c:139:27: error: expected ')' before 'G_DESKTOP_TOUCHPAD_CLICK_METHOD_NONE'
[INFO] [stderr]   139 |     PRINT_CONSTANT((gint) G_DESKTOP_TOUCHPAD_CLICK_METHOD_NONE);
[INFO] [stderr]       |                           ^~~~~~~~~~~~~~~~~~~~~~~~~~~~~~~~~~~~
[INFO] [stderr] tests/constant.c:28:12: note: in definition of macro 'PRINT_CONSTANT'
[INFO] [stderr]    28 |            CONSTANT_NAME); \
[INFO] [stderr]       |            ^~~~~~~~~~~~~
[INFO] [stderr] tests/constant.c:11:11: note: to match this '('
[INFO] [stderr]    11 |     printf(_Generic((CONSTANT_NAME), \
[INFO] [stderr]       |           ^
[INFO] [stderr] tests/constant.c:139:5: note: in expansion of macro 'PRINT_CONSTANT'
[INFO] [stderr]   139 |     PRINT_CONSTANT((gint) G_DESKTOP_TOUCHPAD_CLICK_METHOD_NONE);
[INFO] [stderr]       |     ^~~~~~~~~~~~~~
[INFO] [stderr] tests/constant.c:140:27: error: expected ')' before 'G_DESKTOP_TOUCHPAD_HANDEDNESS_LEFT'
[INFO] [stderr]   140 |     PRINT_CONSTANT((gint) G_DESKTOP_TOUCHPAD_HANDEDNESS_LEFT);
[INFO] [stderr]       |                           ^~~~~~~~~~~~~~~~~~~~~~~~~~~~~~~~~~
[INFO] [stderr] tests/constant.c:11:22: note: in definition of macro 'PRINT_CONSTANT'
[INFO] [stderr]    11 |     printf(_Generic((CONSTANT_NAME), \
[INFO] [stderr]       |                      ^~~~~~~~~~~~~
[INFO] [stderr] tests/constant.c:11:21: note: to match this '('
[INFO] [stderr]    11 |     printf(_Generic((CONSTANT_NAME), \
[INFO] [stderr]       |                     ^
[INFO] [stderr] tests/constant.c:140:5: note: in expansion of macro 'PRINT_CONSTANT'
[INFO] [stderr]   140 |     PRINT_CONSTANT((gint) G_DESKTOP_TOUCHPAD_HANDEDNESS_LEFT);
[INFO] [stderr]       |     ^~~~~~~~~~~~~~
[INFO] [stderr] tests/constant.c:140:27: error: expected ')' before 'G_DESKTOP_TOUCHPAD_HANDEDNESS_LEFT'
[INFO] [stderr]   140 |     PRINT_CONSTANT((gint) G_DESKTOP_TOUCHPAD_HANDEDNESS_LEFT);
[INFO] [stderr]       |                           ^~~~~~~~~~~~~~~~~~~~~~~~~~~~~~~~~~
[INFO] [stderr] tests/constant.c:28:12: note: in definition of macro 'PRINT_CONSTANT'
[INFO] [stderr]    28 |            CONSTANT_NAME); \
[INFO] [stderr]       |            ^~~~~~~~~~~~~
[INFO] [stderr] tests/constant.c:11:11: note: to match this '('
[INFO] [stderr]    11 |     printf(_Generic((CONSTANT_NAME), \
[INFO] [stderr]       |           ^
[INFO] [stderr] tests/constant.c:140:5: note: in expansion of macro 'PRINT_CONSTANT'
[INFO] [stderr]   140 |     PRINT_CONSTANT((gint) G_DESKTOP_TOUCHPAD_HANDEDNESS_LEFT);
[INFO] [stderr]       |     ^~~~~~~~~~~~~~
[INFO] [stderr] tests/constant.c:141:27: error: expected ')' before 'G_DESKTOP_TOUCHPAD_HANDEDNESS_MOUSE'
[INFO] [stderr]   141 |     PRINT_CONSTANT((gint) G_DESKTOP_TOUCHPAD_HANDEDNESS_MOUSE);
[INFO] [stderr]       |                           ^~~~~~~~~~~~~~~~~~~~~~~~~~~~~~~~~~~
[INFO] [stderr] tests/constant.c:11:22: note: in definition of macro 'PRINT_CONSTANT'
[INFO] [stderr]    11 |     printf(_Generic((CONSTANT_NAME), \
[INFO] [stderr]       |                      ^~~~~~~~~~~~~
[INFO] [stderr] tests/constant.c:11:21: note: to match this '('
[INFO] [stderr]    11 |     printf(_Generic((CONSTANT_NAME), \
[INFO] [stderr]       |                     ^
[INFO] [stderr] tests/constant.c:141:5: note: in expansion of macro 'PRINT_CONSTANT'
[INFO] [stderr]   141 |     PRINT_CONSTANT((gint) G_DESKTOP_TOUCHPAD_HANDEDNESS_MOUSE);
[INFO] [stderr]       |     ^~~~~~~~~~~~~~
[INFO] [stderr] tests/constant.c:141:27: error: expected ')' before 'G_DESKTOP_TOUCHPAD_HANDEDNESS_MOUSE'
[INFO] [stderr]   141 |     PRINT_CONSTANT((gint) G_DESKTOP_TOUCHPAD_HANDEDNESS_MOUSE);
[INFO] [stderr]       |                           ^~~~~~~~~~~~~~~~~~~~~~~~~~~~~~~~~~~
[INFO] [stderr] tests/constant.c:28:12: note: in definition of macro 'PRINT_CONSTANT'
[INFO] [stderr]    28 |            CONSTANT_NAME); \
[INFO] [stderr]       |            ^~~~~~~~~~~~~
[INFO] [stderr] tests/constant.c:11:11: note: to match this '('
[INFO] [stderr]    11 |     printf(_Generic((CONSTANT_NAME), \
[INFO] [stderr]       |           ^
[INFO] [stderr] tests/constant.c:141:5: note: in expansion of macro 'PRINT_CONSTANT'
[INFO] [stderr]   141 |     PRINT_CONSTANT((gint) G_DESKTOP_TOUCHPAD_HANDEDNESS_MOUSE);
[INFO] [stderr]       |     ^~~~~~~~~~~~~~
[INFO] [stderr] tests/constant.c:142:27: error: expected ')' before 'G_DESKTOP_TOUCHPAD_HANDEDNESS_RIGHT'
[INFO] [stderr]   142 |     PRINT_CONSTANT((gint) G_DESKTOP_TOUCHPAD_HANDEDNESS_RIGHT);
[INFO] [stderr]       |                           ^~~~~~~~~~~~~~~~~~~~~~~~~~~~~~~~~~~
[INFO] [stderr] tests/constant.c:11:22: note: in definition of macro 'PRINT_CONSTANT'
[INFO] [stderr]    11 |     printf(_Generic((CONSTANT_NAME), \
[INFO] [stderr]       |                      ^~~~~~~~~~~~~
[INFO] [stderr] tests/constant.c:11:21: note: to match this '('
[INFO] [stderr]    11 |     printf(_Generic((CONSTANT_NAME), \
[INFO] [stderr]       |                     ^
[INFO] [stderr] tests/constant.c:142:5: note: in expansion of macro 'PRINT_CONSTANT'
[INFO] [stderr]   142 |     PRINT_CONSTANT((gint) G_DESKTOP_TOUCHPAD_HANDEDNESS_RIGHT);
[INFO] [stderr]       |     ^~~~~~~~~~~~~~
[INFO] [stderr] tests/constant.c:142:27: error: expected ')' before 'G_DESKTOP_TOUCHPAD_HANDEDNESS_RIGHT'
[INFO] [stderr]   142 |     PRINT_CONSTANT((gint) G_DESKTOP_TOUCHPAD_HANDEDNESS_RIGHT);
[INFO] [stderr]       |                           ^~~~~~~~~~~~~~~~~~~~~~~~~~~~~~~~~~~
[INFO] [stderr] tests/constant.c:28:12: note: in definition of macro 'PRINT_CONSTANT'
[INFO] [stderr]    28 |            CONSTANT_NAME); \
[INFO] [stderr]       |            ^~~~~~~~~~~~~
[INFO] [stderr] tests/constant.c:11:11: note: to match this '('
[INFO] [stderr]    11 |     printf(_Generic((CONSTANT_NAME), \
[INFO] [stderr]       |           ^
[INFO] [stderr] tests/constant.c:142:5: note: in expansion of macro 'PRINT_CONSTANT'
[INFO] [stderr]   142 |     PRINT_CONSTANT((gint) G_DESKTOP_TOUCHPAD_HANDEDNESS_RIGHT);
[INFO] [stderr]       |     ^~~~~~~~~~~~~~
[INFO] [stderr] tests/constant.c:143:27: error: expected ')' before 'G_DESKTOP_USB_PROTECTION_ALWAYS'
[INFO] [stderr]   143 |     PRINT_CONSTANT((gint) G_DESKTOP_USB_PROTECTION_ALWAYS);
[INFO] [stderr]       |                           ^~~~~~~~~~~~~~~~~~~~~~~~~~~~~~~
[INFO] [stderr] tests/constant.c:11:22: note: in definition of macro 'PRINT_CONSTANT'
[INFO] [stderr]    11 |     printf(_Generic((CONSTANT_NAME), \
[INFO] [stderr]       |                      ^~~~~~~~~~~~~
[INFO] [stderr] tests/constant.c:11:21: note: to match this '('
[INFO] [stderr]    11 |     printf(_Generic((CONSTANT_NAME), \
[INFO] [stderr]       |                     ^
[INFO] [stderr] tests/constant.c:143:5: note: in expansion of macro 'PRINT_CONSTANT'
[INFO] [stderr]   143 |     PRINT_CONSTANT((gint) G_DESKTOP_USB_PROTECTION_ALWAYS);
[INFO] [stderr]       |     ^~~~~~~~~~~~~~
[INFO] [stderr] tests/constant.c:143:27: error: expected ')' before 'G_DESKTOP_USB_PROTECTION_ALWAYS'
[INFO] [stderr]   143 |     PRINT_CONSTANT((gint) G_DESKTOP_USB_PROTECTION_ALWAYS);
[INFO] [stderr]       |                           ^~~~~~~~~~~~~~~~~~~~~~~~~~~~~~~
[INFO] [stderr] tests/constant.c:28:12: note: in definition of macro 'PRINT_CONSTANT'
[INFO] [stderr]    28 |            CONSTANT_NAME); \
[INFO] [stderr]       |            ^~~~~~~~~~~~~
[INFO] [stderr] tests/constant.c:11:11: note: to match this '('
[INFO] [stderr]    11 |     printf(_Generic((CONSTANT_NAME), \
[INFO] [stderr]       |           ^
[INFO] [stderr] tests/constant.c:143:5: note: in expansion of macro 'PRINT_CONSTANT'
[INFO] [stderr]   143 |     PRINT_CONSTANT((gint) G_DESKTOP_USB_PROTECTION_ALWAYS);
[INFO] [stderr]       |     ^~~~~~~~~~~~~~
[INFO] [stderr] tests/constant.c:144:27: error: expected ')' before 'G_DESKTOP_USB_PROTECTION_LOCKSCREEN'
[INFO] [stderr]   144 |     PRINT_CONSTANT((gint) G_DESKTOP_USB_PROTECTION_LOCKSCREEN);
[INFO] [stderr]       |                           ^~~~~~~~~~~~~~~~~~~~~~~~~~~~~~~~~~~
[INFO] [stderr] tests/constant.c:11:22: note: in definition of macro 'PRINT_CONSTANT'
[INFO] [stderr]    11 |     printf(_Generic((CONSTANT_NAME), \
[INFO] [stderr]       |                      ^~~~~~~~~~~~~
[INFO] [stderr] tests/constant.c:11:21: note: to match this '('
[INFO] [stderr]    11 |     printf(_Generic((CONSTANT_NAME), \
[INFO] [stderr]       |                     ^
[INFO] [stderr] tests/constant.c:144:5: note: in expansion of macro 'PRINT_CONSTANT'
[INFO] [stderr]   144 |     PRINT_CONSTANT((gint) G_DESKTOP_USB_PROTECTION_LOCKSCREEN);
[INFO] [stderr]       |     ^~~~~~~~~~~~~~
[INFO] [stderr] tests/constant.c:144:27: error: expected ')' before 'G_DESKTOP_USB_PROTECTION_LOCKSCREEN'
[INFO] [stderr]   144 |     PRINT_CONSTANT((gint) G_DESKTOP_USB_PROTECTION_LOCKSCREEN);
[INFO] [stderr]       |                           ^~~~~~~~~~~~~~~~~~~~~~~~~~~~~~~~~~~
[INFO] [stderr] tests/constant.c:28:12: note: in definition of macro 'PRINT_CONSTANT'
[INFO] [stderr]    28 |            CONSTANT_NAME); \
[INFO] [stderr]       |            ^~~~~~~~~~~~~
[INFO] [stderr] tests/constant.c:11:11: note: to match this '('
[INFO] [stderr]    11 |     printf(_Generic((CONSTANT_NAME), \
[INFO] [stderr]       |           ^
[INFO] [stderr] tests/constant.c:144:5: note: in expansion of macro 'PRINT_CONSTANT'
[INFO] [stderr]   144 |     PRINT_CONSTANT((gint) G_DESKTOP_USB_PROTECTION_LOCKSCREEN);
[INFO] [stderr]       |     ^~~~~~~~~~~~~~
[INFO] [stderr] tests/constant.c:145:27: error: expected ')' before 'G_DESKTOP_VISUAL_BELL_FRAME_FLASH'
[INFO] [stderr]   145 |     PRINT_CONSTANT((gint) G_DESKTOP_VISUAL_BELL_FRAME_FLASH);
[INFO] [stderr]       |                           ^~~~~~~~~~~~~~~~~~~~~~~~~~~~~~~~~
[INFO] [stderr] tests/constant.c:11:22: note: in definition of macro 'PRINT_CONSTANT'
[INFO] [stderr]    11 |     printf(_Generic((CONSTANT_NAME), \
[INFO] [stderr]       |                      ^~~~~~~~~~~~~
[INFO] [stderr] tests/constant.c:11:21: note: to match this '('
[INFO] [stderr]    11 |     printf(_Generic((CONSTANT_NAME), \
[INFO] [stderr]       |                     ^
[INFO] [stderr] tests/constant.c:145:5: note: in expansion of macro 'PRINT_CONSTANT'
[INFO] [stderr]   145 |     PRINT_CONSTANT((gint) G_DESKTOP_VISUAL_BELL_FRAME_FLASH);
[INFO] [stderr]       |     ^~~~~~~~~~~~~~
[INFO] [stderr] tests/constant.c:145:27: error: expected ')' before 'G_DESKTOP_VISUAL_BELL_FRAME_FLASH'
[INFO] [stderr]   145 |     PRINT_CONSTANT((gint) G_DESKTOP_VISUAL_BELL_FRAME_FLASH);
[INFO] [stderr]       |                           ^~~~~~~~~~~~~~~~~~~~~~~~~~~~~~~~~
[INFO] [stderr] tests/constant.c:28:12: note: in definition of macro 'PRINT_CONSTANT'
[INFO] [stderr]    28 |            CONSTANT_NAME); \
[INFO] [stderr]       |            ^~~~~~~~~~~~~
[INFO] [stderr] tests/constant.c:11:11: note: to match this '('
[INFO] [stderr]    11 |     printf(_Generic((CONSTANT_NAME), \
[INFO] [stderr]       |           ^
[INFO] [stderr] tests/constant.c:145:5: note: in expansion of macro 'PRINT_CONSTANT'
[INFO] [stderr]   145 |     PRINT_CONSTANT((gint) G_DESKTOP_VISUAL_BELL_FRAME_FLASH);
[INFO] [stderr]       |     ^~~~~~~~~~~~~~
[INFO] [stderr] tests/constant.c:146:27: error: expected ')' before 'G_DESKTOP_VISUAL_BELL_FULLSCREEN_FLASH'
[INFO] [stderr]   146 |     PRINT_CONSTANT((gint) G_DESKTOP_VISUAL_BELL_FULLSCREEN_FLASH);
[INFO] [stderr]       |                           ^~~~~~~~~~~~~~~~~~~~~~~~~~~~~~~~~~~~~~
[INFO] [stderr] tests/constant.c:11:22: note: in definition of macro 'PRINT_CONSTANT'
[INFO] [stderr]    11 |     printf(_Generic((CONSTANT_NAME), \
[INFO] [stderr]       |                      ^~~~~~~~~~~~~
[INFO] [stderr] tests/constant.c:11:21: note: to match this '('
[INFO] [stderr]    11 |     printf(_Generic((CONSTANT_NAME), \
[INFO] [stderr]       |                     ^
[INFO] [stderr] tests/constant.c:146:5: note: in expansion of macro 'PRINT_CONSTANT'
[INFO] [stderr]   146 |     PRINT_CONSTANT((gint) G_DESKTOP_VISUAL_BELL_FULLSCREEN_FLASH);
[INFO] [stderr]       |     ^~~~~~~~~~~~~~
[INFO] [stderr] tests/constant.c:146:27: error: expected ')' before 'G_DESKTOP_VISUAL_BELL_FULLSCREEN_FLASH'
[INFO] [stderr]   146 |     PRINT_CONSTANT((gint) G_DESKTOP_VISUAL_BELL_FULLSCREEN_FLASH);
[INFO] [stderr]       |                           ^~~~~~~~~~~~~~~~~~~~~~~~~~~~~~~~~~~~~~
[INFO] [stderr] tests/constant.c:28:12: note: in definition of macro 'PRINT_CONSTANT'
[INFO] [stderr]    28 |            CONSTANT_NAME); \
[INFO] [stderr]       |            ^~~~~~~~~~~~~
[INFO] [stderr] tests/constant.c:11:11: note: to match this '('
[INFO] [stderr]    11 |     printf(_Generic((CONSTANT_NAME), \
[INFO] [stderr]       |           ^
[INFO] [stderr] tests/constant.c:146:5: note: in expansion of macro 'PRINT_CONSTANT'
[INFO] [stderr]   146 |     PRINT_CONSTANT((gint) G_DESKTOP_VISUAL_BELL_FULLSCREEN_FLASH);
[INFO] [stderr]       |     ^~~~~~~~~~~~~~
[INFO] [stdout] test cross_validate_constants_with_c ... FAILED
[INFO] [stdout] 
[INFO] [stdout] failures:
[INFO] [stdout] 
[INFO] [stdout] ---- cross_validate_layout_with_c stdout ----
[INFO] [stdout] thread 'cross_validate_layout_with_c' panicked at 'called `Result::unwrap()` on an `Err` value: "compilation command \"cc\" \"-Wno-deprecated-declarations\" \"-std=c11\" \"-D__USE_MINGW_ANSI_STDIO\" \"tests/layout.c\" \"-o\" \"/tmp/abiAJOoXn/layout\" failed, exit status: 1"', tests/abi.rs:153:37
[INFO] [stdout] stack backtrace:
[INFO] [stdout]    0:     0x5574e6140c3a - std::backtrace_rs::backtrace::libunwind::trace::ha9053a9a07ca49cb
[INFO] [stdout]                                at /rustc/84c898d65adf2f39a5a98507f1fe0ce10a2b8dbc/library/std/src/../../backtrace/src/backtrace/libunwind.rs:93:5
[INFO] [stdout]    1:     0x5574e6140c3a - std::backtrace_rs::backtrace::trace_unsynchronized::h9c2852a457ad564e
[INFO] [stdout]                                at /rustc/84c898d65adf2f39a5a98507f1fe0ce10a2b8dbc/library/std/src/../../backtrace/src/backtrace/mod.rs:66:5
[INFO] [stdout]    2:     0x5574e6140c3a - std::sys_common::backtrace::_print_fmt::h457936fbfaa0070f
[INFO] [stdout]                                at /rustc/84c898d65adf2f39a5a98507f1fe0ce10a2b8dbc/library/std/src/sys_common/backtrace.rs:65:5
[INFO] [stdout]    3:     0x5574e6140c3a - <std::sys_common::backtrace::_print::DisplayBacktrace as core::fmt::Display>::fmt::h5779d7bf7f70cb0c
[INFO] [stdout]                                at /rustc/84c898d65adf2f39a5a98507f1fe0ce10a2b8dbc/library/std/src/sys_common/backtrace.rs:44:22
[INFO] [stdout]    4:     0x5574e6165cfe - core::fmt::write::h5a4baaff1bcd3eb5
[INFO] [stdout]                                at /rustc/84c898d65adf2f39a5a98507f1fe0ce10a2b8dbc/library/core/src/fmt/mod.rs:1232:17
[INFO] [stdout]    5:     0x5574e613d985 - std::io::Write::write_fmt::h478f79c628ef31d1
[INFO] [stdout]                                at /rustc/84c898d65adf2f39a5a98507f1fe0ce10a2b8dbc/library/std/src/io/mod.rs:1684:15
[INFO] [stdout]    6:     0x5574e6140a05 - std::sys_common::backtrace::_print::h5fcdc36060f177e8
[INFO] [stdout]                                at /rustc/84c898d65adf2f39a5a98507f1fe0ce10a2b8dbc/library/std/src/sys_common/backtrace.rs:47:5
[INFO] [stdout]    7:     0x5574e6140a05 - std::sys_common::backtrace::print::h54ca9458b876c8bf
[INFO] [stdout]                                at /rustc/84c898d65adf2f39a5a98507f1fe0ce10a2b8dbc/library/std/src/sys_common/backtrace.rs:34:9
[INFO] [stdout]    8:     0x5574e614284f - std::panicking::default_hook::{{closure}}::hbe471161c7664ed6
[INFO] [stdout]                                at /rustc/84c898d65adf2f39a5a98507f1fe0ce10a2b8dbc/library/std/src/panicking.rs:271:22
[INFO] [stdout]    9:     0x5574e614250f - std::panicking::default_hook::ha3500da57aa4ac4f
[INFO] [stdout]                                at /rustc/84c898d65adf2f39a5a98507f1fe0ce10a2b8dbc/library/std/src/panicking.rs:287:9
[INFO] [stdout]   10:     0x5574e6109b27 - <alloc::boxed::Box<F,A> as core::ops::function::Fn<Args>>::call::hdf1b89dd137ece34
[INFO] [stdout]                                at /rustc/84c898d65adf2f39a5a98507f1fe0ce10a2b8dbc/library/alloc/src/boxed.rs:2001:9
[INFO] [stdout]   11:     0x5574e6109b27 - test::test_main::{{closure}}::h9081a79f20e75698
[INFO] [stdout]                                at /rustc/84c898d65adf2f39a5a98507f1fe0ce10a2b8dbc/library/test/src/lib.rs:135:21
[INFO] [stdout]   12:     0x5574e6142f7d - <alloc::boxed::Box<F,A> as core::ops::function::Fn<Args>>::call::h6507bddc3eebb4a5
[INFO] [stdout]                                at /rustc/84c898d65adf2f39a5a98507f1fe0ce10a2b8dbc/library/alloc/src/boxed.rs:2001:9
[INFO] [stdout]   13:     0x5574e6142f7d - std::panicking::rust_panic_with_hook::h50c09d000dc561d2
[INFO] [stdout]                                at /rustc/84c898d65adf2f39a5a98507f1fe0ce10a2b8dbc/library/std/src/panicking.rs:696:13
[INFO] [stdout]   14:     0x5574e6142cf9 - std::panicking::begin_panic_handler::{{closure}}::h9e2b2176e00e0d9c
[INFO] [stdout]                                at /rustc/84c898d65adf2f39a5a98507f1fe0ce10a2b8dbc/library/std/src/panicking.rs:583:13
[INFO] [stdout]   15:     0x5574e61410a6 - std::sys_common::backtrace::__rust_end_short_backtrace::h5739b8e512c09d02
[INFO] [stdout]                                at /rustc/84c898d65adf2f39a5a98507f1fe0ce10a2b8dbc/library/std/src/sys_common/backtrace.rs:150:18
[INFO] [stdout]   16:     0x5574e6142a02 - rust_begin_unwind
[INFO] [stdout]                                at /rustc/84c898d65adf2f39a5a98507f1fe0ce10a2b8dbc/library/std/src/panicking.rs:579:5
[INFO] [stdout]   17:     0x5574e60c5f33 - core::panicking::panic_fmt::hf33a1475b4dc5c3e
[INFO] [stdout]                                at /rustc/84c898d65adf2f39a5a98507f1fe0ce10a2b8dbc/library/core/src/panicking.rs:64:14
[INFO] [stdout]   18:     0x5574e60c6383 - core::result::unwrap_failed::hdff5465d74574b44
[INFO] [stdout]                                at /rustc/84c898d65adf2f39a5a98507f1fe0ce10a2b8dbc/library/core/src/result.rs:1750:5
[INFO] [stdout]   19:     0x5574e60c9826 - core::result::Result<T,E>::unwrap::h07d0c57488ef1a31
[INFO] [stdout]                                at /rustc/84c898d65adf2f39a5a98507f1fe0ce10a2b8dbc/library/core/src/result.rs:1090:23
[INFO] [stdout]   20:     0x5574e60d1a53 - abi::cross_validate_layout_with_c::h5c2fb259b889bd58
[INFO] [stdout]                                at /opt/rustwide/workdir/tests/abi.rs:153:14
[INFO] [stdout]   21:     0x5574e60d19c7 - abi::cross_validate_layout_with_c::{{closure}}::h218e33c3916ddabd
[INFO] [stdout]                                at /opt/rustwide/workdir/tests/abi.rs:150:35
[INFO] [stdout]   22:     0x5574e60d2dc5 - core::ops::function::FnOnce::call_once::h62c31d90707bd6bf
[INFO] [stdout]                                at /rustc/84c898d65adf2f39a5a98507f1fe0ce10a2b8dbc/library/core/src/ops/function.rs:250:5
[INFO] [stdout]   23:     0x5574e610ef0f - core::ops::function::FnOnce::call_once::h7d969581be7d0075
[INFO] [stdout]                                at /rustc/84c898d65adf2f39a5a98507f1fe0ce10a2b8dbc/library/core/src/ops/function.rs:250:5
[INFO] [stdout]   24:     0x5574e610ef0f - test::__rust_begin_short_backtrace::hca25a52684e56655
[INFO] [stdout]                                at /rustc/84c898d65adf2f39a5a98507f1fe0ce10a2b8dbc/library/test/src/lib.rs:656:18
[INFO] [stdout]   25:     0x5574e60e052c - test::run_test::{{closure}}::ha8ac744c4af1a4bb
[INFO] [stdout]                                at /rustc/84c898d65adf2f39a5a98507f1fe0ce10a2b8dbc/library/test/src/lib.rs:647:30
[INFO] [stdout]   26:     0x5574e60e052c - core::ops::function::FnOnce::call_once{{vtable.shim}}::h7b411a9ed45bdecf
[INFO] [stdout]                                at /rustc/84c898d65adf2f39a5a98507f1fe0ce10a2b8dbc/library/core/src/ops/function.rs:250:5
[INFO] [stdout]   27:     0x5574e610ded6 - <alloc::boxed::Box<F,A> as core::ops::function::FnOnce<Args>>::call_once::hd05328869a8ed200
[INFO] [stdout]                                at /rustc/84c898d65adf2f39a5a98507f1fe0ce10a2b8dbc/library/alloc/src/boxed.rs:1987:9
[INFO] [stdout]   28:     0x5574e610ded6 - <core::panic::unwind_safe::AssertUnwindSafe<F> as core::ops::function::FnOnce<()>>::call_once::h0c601ce20bd5b2be
[INFO] [stdout]                                at /rustc/84c898d65adf2f39a5a98507f1fe0ce10a2b8dbc/library/core/src/panic/unwind_safe.rs:271:9
[INFO] [stdout]   29:     0x5574e610ded6 - std::panicking::try::do_call::ha4be5c164fe30854
[INFO] [stdout]                                at /rustc/84c898d65adf2f39a5a98507f1fe0ce10a2b8dbc/library/std/src/panicking.rs:487:40
[INFO] [stdout]   30:     0x5574e610ded6 - std::panicking::try::h604546f3609af05f
[INFO] [stdout]                                at /rustc/84c898d65adf2f39a5a98507f1fe0ce10a2b8dbc/library/std/src/panicking.rs:451:19
[INFO] [stdout]   31:     0x5574e610ded6 - std::panic::catch_unwind::h5bfa8afe44c9c2f9
[INFO] [stdout]                                at /rustc/84c898d65adf2f39a5a98507f1fe0ce10a2b8dbc/library/std/src/panic.rs:140:14
[INFO] [stdout]   32:     0x5574e610ded6 - test::run_test_in_process::hd50dee55dd63e6aa
[INFO] [stdout]                                at /rustc/84c898d65adf2f39a5a98507f1fe0ce10a2b8dbc/library/test/src/lib.rs:679:27
[INFO] [stdout]   33:     0x5574e610ded6 - test::run_test::run_test_inner::{{closure}}::h4aa0f433aa85cea8
[INFO] [stdout]                                at /rustc/84c898d65adf2f39a5a98507f1fe0ce10a2b8dbc/library/test/src/lib.rs:573:39
[INFO] [stdout]   34:     0x5574e60daba1 - test::run_test::run_test_inner::{{closure}}::had56431adf24b4d6
[INFO] [stdout]                                at /rustc/84c898d65adf2f39a5a98507f1fe0ce10a2b8dbc/library/test/src/lib.rs:600:37
[INFO] [stdout]   35:     0x5574e60daba1 - std::sys_common::backtrace::__rust_begin_short_backtrace::ha8d9890e0c73bf13
[INFO] [stdout]                                at /rustc/84c898d65adf2f39a5a98507f1fe0ce10a2b8dbc/library/std/src/sys_common/backtrace.rs:134:18
[INFO] [stdout]   36:     0x5574e60e05bb - std::thread::Builder::spawn_unchecked_::{{closure}}::{{closure}}::h251832bcb4a95327
[INFO] [stdout]                                at /rustc/84c898d65adf2f39a5a98507f1fe0ce10a2b8dbc/library/std/src/thread/mod.rs:560:17
[INFO] [stdout]   37:     0x5574e60e05bb - <core::panic::unwind_safe::AssertUnwindSafe<F> as core::ops::function::FnOnce<()>>::call_once::h8fdff598fa414831
[INFO] [stdout]                                at /rustc/84c898d65adf2f39a5a98507f1fe0ce10a2b8dbc/library/core/src/panic/unwind_safe.rs:271:9
[INFO] [stdout]   38:     0x5574e60e05bb - std::panicking::try::do_call::h455dd2f7764a950f
[INFO] [stdout]                                at /rustc/84c898d65adf2f39a5a98507f1fe0ce10a2b8dbc/library/std/src/panicking.rs:487:40
[INFO] [stdout]   39:     0x5574e60e05bb - std::panicking::try::had6f23b7b73ae72a
[INFO] [stdout]                                at /rustc/84c898d65adf2f39a5a98507f1fe0ce10a2b8dbc/library/std/src/panicking.rs:451:19
[INFO] [stdout]   40:     0x5574e60e05bb - std::panic::catch_unwind::ha6a5ca3915b4dad0
[INFO] [stdout]                                at /rustc/84c898d65adf2f39a5a98507f1fe0ce10a2b8dbc/library/std/src/panic.rs:140:14
[INFO] [stdout]   41:     0x5574e60e05bb - std::thread::Builder::spawn_unchecked_::{{closure}}::h883b72ef75da6231
[INFO] [stdout]                                at /rustc/84c898d65adf2f39a5a98507f1fe0ce10a2b8dbc/library/std/src/thread/mod.rs:559:30
[INFO] [stdout]   42:     0x5574e60e05bb - core::ops::function::FnOnce::call_once{{vtable.shim}}::hb7dff73dc8bd2ccb
[INFO] [stdout]                                at /rustc/84c898d65adf2f39a5a98507f1fe0ce10a2b8dbc/library/core/src/ops/function.rs:250:5
[INFO] [stdout]   43:     0x5574e6148303 - <alloc::boxed::Box<F,A> as core::ops::function::FnOnce<Args>>::call_once::h39990b24eedef2ab
[INFO] [stdout]                                at /rustc/84c898d65adf2f39a5a98507f1fe0ce10a2b8dbc/library/alloc/src/boxed.rs:1987:9
[INFO] [stdout]   44:     0x5574e6148303 - <alloc::boxed::Box<F,A> as core::ops::function::FnOnce<Args>>::call_once::h01a027258444143b
[INFO] [stdout]                                at /rustc/84c898d65adf2f39a5a98507f1fe0ce10a2b8dbc/library/alloc/src/boxed.rs:1987:9
[INFO] [stdout]   45:     0x5574e6148303 - std::sys::unix::thread::Thread::new::thread_start::ha4f1cdd9c25884ba
[INFO] [stdout]                                at /rustc/84c898d65adf2f39a5a98507f1fe0ce10a2b8dbc/library/std/src/sys/unix/thread.rs:108:17
[INFO] [stdout]   46:     0x7efd62f6eb43 - <unknown>
[INFO] [stdout]   47:     0x7efd62fffbb4 - __clone
[INFO] [stdout]   48:                0x0 - <unknown>
[INFO] [stdout] 
[INFO] [stdout] ---- cross_validate_constants_with_c stdout ----
[INFO] [stdout] thread 'cross_validate_constants_with_c' panicked at 'called `Result::unwrap()` on an `Err` value: "compilation command \"cc\" \"-Wno-deprecated-declarations\" \"-std=c11\" \"-D__USE_MINGW_ANSI_STDIO\" \"tests/constant.c\" \"-o\" \"/tmp/abidQHb5g/constant\" failed, exit status: 1"', tests/abi.rs:119:39
[INFO] [stdout] stack backtrace:
[INFO] [stdout]    0:     0x5574e6140c3a - std::backtrace_rs::backtrace::libunwind::trace::ha9053a9a07ca49cb
[INFO] [stdout]                                at /rustc/84c898d65adf2f39a5a98507f1fe0ce10a2b8dbc/library/std/src/../../backtrace/src/backtrace/libunwind.rs:93:5
[INFO] [stdout]    1:     0x5574e6140c3a - std::backtrace_rs::backtrace::trace_unsynchronized::h9c2852a457ad564e
[INFO] [stdout]                                at /rustc/84c898d65adf2f39a5a98507f1fe0ce10a2b8dbc/library/std/src/../../backtrace/src/backtrace/mod.rs:66:5
[INFO] [stdout]    2:     0x5574e6140c3a - std::sys_common::backtrace::_print_fmt::h457936fbfaa0070f
[INFO] [stdout]                                at /rustc/84c898d65adf2f39a5a98507f1fe0ce10a2b8dbc/library/std/src/sys_common/backtrace.rs:65:5
[INFO] [stdout]    3:     0x5574e6140c3a - <std::sys_common::backtrace::_print::DisplayBacktrace as core::fmt::Display>::fmt::h5779d7bf7f70cb0c
[INFO] [stdout]                                at /rustc/84c898d65adf2f39a5a98507f1fe0ce10a2b8dbc/library/std/src/sys_common/backtrace.rs:44:22
[INFO] [stdout]    4:     0x5574e6165cfe - core::fmt::write::h5a4baaff1bcd3eb5
[INFO] [stdout]                                at /rustc/84c898d65adf2f39a5a98507f1fe0ce10a2b8dbc/library/core/src/fmt/mod.rs:1232:17
[INFO] [stdout]    5:     0x5574e613d985 - std::io::Write::write_fmt::h478f79c628ef31d1
[INFO] [stdout]                                at /rustc/84c898d65adf2f39a5a98507f1fe0ce10a2b8dbc/library/std/src/io/mod.rs:1684:15
[INFO] [stdout]    6:     0x5574e6140a05 - std::sys_common::backtrace::_print::h5fcdc36060f177e8
[INFO] [stdout]                                at /rustc/84c898d65adf2f39a5a98507f1fe0ce10a2b8dbc/library/std/src/sys_common/backtrace.rs:47:5
[INFO] [stdout]    7:     0x5574e6140a05 - std::sys_common::backtrace::print::h54ca9458b876c8bf
[INFO] [stdout]                                at /rustc/84c898d65adf2f39a5a98507f1fe0ce10a2b8dbc/library/std/src/sys_common/backtrace.rs:34:9
[INFO] [stdout]    8:     0x5574e614284f - std::panicking::default_hook::{{closure}}::hbe471161c7664ed6
[INFO] [stdout]                                at /rustc/84c898d65adf2f39a5a98507f1fe0ce10a2b8dbc/library/std/src/panicking.rs:271:22
[INFO] [stdout]    9:     0x5574e614250f - std::panicking::default_hook::ha3500da57aa4ac4f
[INFO] [stdout]                                at /rustc/84c898d65adf2f39a5a98507f1fe0ce10a2b8dbc/library/std/src/panicking.rs:287:9
[INFO] [stdout]   10:     0x5574e6109b27 - <alloc::boxed::Box<F,A> as core::ops::function::Fn<Args>>::call::hdf1b89dd137ece34
[INFO] [stdout]                                at /rustc/84c898d65adf2f39a5a98507f1fe0ce10a2b8dbc/library/alloc/src/boxed.rs:2001:9
[INFO] [stdout]   11:     0x5574e6109b27 - test::test_main::{{closure}}::h9081a79f20e75698
[INFO] [stdout]                                at /rustc/84c898d65adf2f39a5a98507f1fe0ce10a2b8dbc/library/test/src/lib.rs:135:21
[INFO] [stdout]   12:     0x5574e6142f7d - <alloc::boxed::Box<F,A> as core::ops::function::Fn<Args>>::call::h6507bddc3eebb4a5
[INFO] [stdout]                                at /rustc/84c898d65adf2f39a5a98507f1fe0ce10a2b8dbc/library/alloc/src/boxed.rs:2001:9
[INFO] [stdout]   13:     0x5574e6142f7d - std::panicking::rust_panic_with_hook::h50c09d000dc561d2
[INFO] [stdout]                                at /rustc/84c898d65adf2f39a5a98507f1fe0ce10a2b8dbc/library/std/src/panicking.rs:696:13
[INFO] [stdout]   14:     0x5574e6142cf9 - std::panicking::begin_panic_handler::{{closure}}::h9e2b2176e00e0d9c
[INFO] [stdout]                                at /rustc/84c898d65adf2f39a5a98507f1fe0ce10a2b8dbc/library/std/src/panicking.rs:583:13
[INFO] [stdout]   15:     0x5574e61410a6 - std::sys_common::backtrace::__rust_end_short_backtrace::h5739b8e512c09d02
[INFO] [stdout]                                at /rustc/84c898d65adf2f39a5a98507f1fe0ce10a2b8dbc/library/std/src/sys_common/backtrace.rs:150:18
[INFO] [stdout]   16:     0x5574e6142a02 - rust_begin_unwind
[INFO] [stdout]                                at /rustc/84c898d65adf2f39a5a98507f1fe0ce10a2b8dbc/library/std/src/panicking.rs:579:5
[INFO] [stdout]   17:     0x5574e60c5f33 - core::panicking::panic_fmt::hf33a1475b4dc5c3e
[INFO] [stdout]                                at /rustc/84c898d65adf2f39a5a98507f1fe0ce10a2b8dbc/library/core/src/panicking.rs:64:14
[INFO] [stdout]   18:     0x5574e60c6383 - core::result::unwrap_failed::hdff5465d74574b44
[INFO] [stdout]                                at /rustc/84c898d65adf2f39a5a98507f1fe0ce10a2b8dbc/library/core/src/result.rs:1750:5
[INFO] [stdout]   19:     0x5574e60c9826 - core::result::Result<T,E>::unwrap::h07d0c57488ef1a31
[INFO] [stdout]                                at /rustc/84c898d65adf2f39a5a98507f1fe0ce10a2b8dbc/library/core/src/result.rs:1090:23
[INFO] [stdout]   20:     0x5574e60d12e3 - abi::cross_validate_constants_with_c::h8ec0b265a16f335d
[INFO] [stdout]                                at /opt/rustwide/workdir/tests/abi.rs:119:14
[INFO] [stdout]   21:     0x5574e60d1257 - abi::cross_validate_constants_with_c::{{closure}}::hf245a08d86f9b8f6
[INFO] [stdout]                                at /opt/rustwide/workdir/tests/abi.rs:116:38
[INFO] [stdout]   22:     0x5574e60d2d85 - core::ops::function::FnOnce::call_once::h4a98a97dcdb61257
[INFO] [stdout]                                at /rustc/84c898d65adf2f39a5a98507f1fe0ce10a2b8dbc/library/core/src/ops/function.rs:250:5
[INFO] [stdout]   23:     0x5574e610ef0f - core::ops::function::FnOnce::call_once::h7d969581be7d0075
[INFO] [stdout]                                at /rustc/84c898d65adf2f39a5a98507f1fe0ce10a2b8dbc/library/core/src/ops/function.rs:250:5
[INFO] [stdout]   24:     0x5574e610ef0f - test::__rust_begin_short_backtrace::hca25a52684e56655
[INFO] [stdout]                                at /rustc/84c898d65adf2f39a5a98507f1fe0ce10a2b8dbc/library/test/src/lib.rs:656:18
[INFO] [stdout]   25:     0x5574e60e052c - test::run_test::{{closure}}::ha8ac744c4af1a4bb
[INFO] [stdout]                                at /rustc/84c898d65adf2f39a5a98507f1fe0ce10a2b8dbc/library/test/src/lib.rs:647:30
[INFO] [stdout]   26:     0x5574e60e052c - core::ops::function::FnOnce::call_once{{vtable.shim}}::h7b411a9ed45bdecf
[INFO] [stdout]                                at /rustc/84c898d65adf2f39a5a98507f1fe0ce10a2b8dbc/library/core/src/ops/function.rs:250:5
[INFO] [stdout]   27:     0x5574e610ded6 - <alloc::boxed::Box<F,A> as core::ops::function::FnOnce<Args>>::call_once::hd05328869a8ed200
[INFO] [stdout]                                at /rustc/84c898d65adf2f39a5a98507f1fe0ce10a2b8dbc/library/alloc/src/boxed.rs:1987:9
[INFO] [stdout]   28:     0x5574e610ded6 - <core::panic::unwind_safe::AssertUnwindSafe<F> as core::ops::function::FnOnce<()>>::call_once::h0c601ce20bd5b2be
[INFO] [stdout]                                at /rustc/84c898d65adf2f39a5a98507f1fe0ce10a2b8dbc/library/core/src/panic/unwind_safe.rs:271:9
[INFO] [stdout]   29:     0x5574e610ded6 - std::panicking::try::do_call::ha4be5c164fe30854
[INFO] [stdout]                                at /rustc/84c898d65adf2f39a5a98507f1fe0ce10a2b8dbc/library/std/src/panicking.rs:487:40
[INFO] [stdout]   30:     0x5574e610ded6 - std::panicking::try::h604546f3609af05f
[INFO] [stdout]                                at /rustc/84c898d65adf2f39a5a98507f1fe0ce10a2b8dbc/library/std/src/panicking.rs:451:19
[INFO] [stdout]   31:     0x5574e610ded6 - std::panic::catch_unwind::h5bfa8afe44c9c2f9
[INFO] [stdout]                                at /rustc/84c898d65adf2f39a5a98507f1fe0ce10a2b8dbc/library/std/src/panic.rs:140:14
[INFO] [stdout]   32:     0x5574e610ded6 - test::run_test_in_process::hd50dee55dd63e6aa
[INFO] [stdout]                                at /rustc/84c898d65adf2f39a5a98507f1fe0ce10a2b8dbc/library/test/src/lib.rs:679:27
[INFO] [stdout]   33:     0x5574e610ded6 - test::run_test::run_test_inner::{{closure}}::h4aa0f433aa85cea8
[INFO] [stdout]                                at /rustc/84c898d65adf2f39a5a98507f1fe0ce10a2b8dbc/library/test/src/lib.rs:573:39
[INFO] [stdout]   34:     0x5574e60daba1 - test::run_test::run_test_inner::{{closure}}::had56431adf24b4d6
[INFO] [stdout]                                at /rustc/84c898d65adf2f39a5a98507f1fe0ce10a2b8dbc/library/test/src/lib.rs:600:37
[INFO] [stdout]   35:     0x5574e60daba1 - std::sys_common::backtrace::__rust_begin_short_backtrace::ha8d9890e0c73bf13
[INFO] [stdout]                                at /rustc/84c898d65adf2f39a5a98507f1fe0ce10a2b8dbc/library/std/src/sys_common/backtrace.rs:134:18
[INFO] [stdout]   36:     0x5574e60e05bb - std::thread::Builder::spawn_unchecked_::{{closure}}::{{closure}}::h251832bcb4a95327
[INFO] [stdout]                                at /rustc/84c898d65adf2f39a5a98507f1fe0ce10a2b8dbc/library/std/src/thread/mod.rs:560:17
[INFO] [stdout]   37:     0x5574e60e05bb - <core::panic::unwind_safe::AssertUnwindSafe<F> as core::ops::function::FnOnce<()>>::call_once::h8fdff598fa414831
[INFO] [stdout]                                at /rustc/84c898d65adf2f39a5a98507f1fe0ce10a2b8dbc/library/core/src/panic/unwind_safe.rs:271:9
[INFO] [stdout]   38:     0x5574e60e05bb - std::panicking::try::do_call::h455dd2f7764a950f
[INFO] [stdout]                                at /rustc/84c898d65adf2f39a5a98507f1fe0ce10a2b8dbc/library/std/src/panicking.rs:487:40
[INFO] [stdout]   39:     0x5574e60e05bb - std::panicking::try::had6f23b7b73ae72a
[INFO] [stdout]                                at /rustc/84c898d65adf2f39a5a98507f1fe0ce10a2b8dbc/library/std/src/panicking.rs:451:19
[INFO] [stdout]   40:     0x5574e60e05bb - std::panic::catch_unwind::ha6a5ca3915b4dad0
[INFO] [stdout]                                at /rustc/84c898d65adf2f39a5a98507f1fe0ce10a2b8dbc/library/std/src/panic.rs:140:14
[INFO] [stdout]   41:     0x5574e60e05bb - std::thread::Builder::spawn_unchecked_::{{closure}}::h883b72ef75da6231
[INFO] [stdout]                                at /rustc/84c898d65adf2f39a5a98507f1fe0ce10a2b8dbc/library/std/src/thread/mod.rs:559:30
[INFO] [stdout]   42:     0x5574e60e05bb - core::ops::function::FnOnce::call_once{{vtable.shim}}::hb7dff73dc8bd2ccb
[INFO] [stdout]                                at /rustc/84c898d65adf2f39a5a98507f1fe0ce10a2b8dbc/library/core/src/ops/function.rs:250:5
[INFO] [stdout]   43:     0x5574e6148303 - <alloc::boxed::Box<F,A> as core::ops::function::FnOnce<Args>>::call_once::h39990b24eedef2ab
[INFO] [stdout]                                at /rustc/84c898d65adf2f39a5a98507f1fe0ce10a2b8dbc/library/alloc/src/boxed.rs:1987:9
[INFO] [stdout]   44:     0x5574e6148303 - <alloc::boxed::Box<F,A> as core::ops::function::FnOnce<Args>>::call_once::h01a027258444143b
[INFO] [stdout]                                at /rustc/84c898d65adf2f39a5a98507f1fe0ce10a2b8dbc/library/alloc/src/boxed.rs:1987:9
[INFO] [stdout]   45:     0x5574e6148303 - std::sys::unix::thread::Thread::new::thread_start::ha4f1cdd9c25884ba
[INFO] [stdout]                                at /rustc/84c898d65adf2f39a5a98507f1fe0ce10a2b8dbc/library/std/src/sys/unix/thread.rs:108:17
[INFO] [stdout]   46:     0x7efd62f6eb43 - <unknown>
[INFO] [stdout]   47:     0x7efd62fffbb4 - __clone
[INFO] [stdout]   48:                0x0 - <unknown>
[INFO] [stdout] 
[INFO] [stdout] 
[INFO] [stdout] failures:
[INFO] [stdout]     cross_validate_constants_with_c
[INFO] [stdout]     cross_validate_layout_with_c
[INFO] [stdout] 
[INFO] [stdout] test result: FAILED. 0 passed; 2 failed; 0 ignored; 0 measured; 0 filtered out; finished in 0.28s
[INFO] [stdout] 
[INFO] [stderr] error: test failed, to rerun pass `--test abi`
[INFO] running `Command { std: "docker" "inspect" "93f10a427bcac050c156e6585be3c14ab4bbbb954f5f1998ef9be44d748032da", kill_on_drop: false }`
[INFO] running `Command { std: "docker" "rm" "-f" "93f10a427bcac050c156e6585be3c14ab4bbbb954f5f1998ef9be44d748032da", kill_on_drop: false }`
[INFO] [stdout] 93f10a427bcac050c156e6585be3c14ab4bbbb954f5f1998ef9be44d748032da
