[INFO] fetching crate grove 0.2.0...
[INFO] testing grove-0.2.0 against beta-2023-04-20 for beta-1.70-1
[INFO] extracting crate grove 0.2.0 into /workspace/builds/worker-1-tc2/source
[INFO] validating manifest of crates.io crate grove 0.2.0 on toolchain beta-2023-04-20
[INFO] running `Command { std: CARGO_HOME="/workspace/cargo-home" RUSTUP_HOME="/workspace/rustup-home" "/workspace/cargo-home/bin/cargo" "+beta-2023-04-20" "metadata" "--manifest-path" "Cargo.toml" "--no-deps", kill_on_drop: false }`
[INFO] started tweaking crates.io crate grove 0.2.0
[INFO] finished tweaking crates.io crate grove 0.2.0
[INFO] tweaked toml for crates.io crate grove 0.2.0 written to /workspace/builds/worker-1-tc2/source/Cargo.toml
[INFO] crate crates.io crate grove 0.2.0 already has a lockfile, it will not be regenerated
[INFO] running `Command { std: CARGO_HOME="/workspace/cargo-home" RUSTUP_HOME="/workspace/rustup-home" "/workspace/cargo-home/bin/cargo" "+beta-2023-04-20" "fetch" "--manifest-path" "Cargo.toml", kill_on_drop: false }`
[INFO] [stderr]     Updating crates.io index
[INFO] [stderr]  Downloading crates ...
[INFO] [stderr]   Downloaded recursive_reference v0.3.0
[INFO] [stderr]   Downloaded derive_destructure v1.0.0
[INFO] running `Command { std: "docker" "create" "-v" "/var/lib/crater-agent-workspace/builds/worker-1-tc2/target:/opt/rustwide/target:rw,Z" "-v" "/var/lib/crater-agent-workspace/builds/worker-1-tc2/source:/opt/rustwide/workdir:ro,Z" "-v" "/var/lib/crater-agent-workspace/cargo-home:/opt/rustwide/cargo-home:ro,Z" "-v" "/var/lib/crater-agent-workspace/rustup-home:/opt/rustwide/rustup-home:ro,Z" "-e" "SOURCE_DIR=/opt/rustwide/workdir" "-e" "CARGO_TARGET_DIR=/opt/rustwide/target" "-e" "CARGO_HOME=/opt/rustwide/cargo-home" "-e" "RUSTUP_HOME=/opt/rustwide/rustup-home" "-w" "/opt/rustwide/workdir" "-m" "1610612736" "--user" "0:0" "--network" "none" "ghcr.io/rust-lang/crates-build-env/linux@sha256:5ff2268d62e97bff2cde7d5815dd6ed5b47097566f13b8d0ca110b04b60e07ed" "/opt/rustwide/cargo-home/bin/cargo" "+beta-2023-04-20" "metadata" "--no-deps" "--format-version=1", kill_on_drop: false }`
[INFO] [stdout] ef637c9e62d8f1de10e1961d39e7ef587b189451825a1fcf92fd8764bea3e659
[INFO] running `Command { std: "docker" "start" "-a" "ef637c9e62d8f1de10e1961d39e7ef587b189451825a1fcf92fd8764bea3e659", kill_on_drop: false }`
[INFO] running `Command { std: "docker" "inspect" "ef637c9e62d8f1de10e1961d39e7ef587b189451825a1fcf92fd8764bea3e659", kill_on_drop: false }`
[INFO] running `Command { std: "docker" "rm" "-f" "ef637c9e62d8f1de10e1961d39e7ef587b189451825a1fcf92fd8764bea3e659", kill_on_drop: false }`
[INFO] [stdout] ef637c9e62d8f1de10e1961d39e7ef587b189451825a1fcf92fd8764bea3e659
[INFO] running `Command { std: "docker" "create" "-v" "/var/lib/crater-agent-workspace/builds/worker-1-tc2/target:/opt/rustwide/target:rw,Z" "-v" "/var/lib/crater-agent-workspace/builds/worker-1-tc2/source:/opt/rustwide/workdir:ro,Z" "-v" "/var/lib/crater-agent-workspace/cargo-home:/opt/rustwide/cargo-home:ro,Z" "-v" "/var/lib/crater-agent-workspace/rustup-home:/opt/rustwide/rustup-home:ro,Z" "-e" "SOURCE_DIR=/opt/rustwide/workdir" "-e" "CARGO_TARGET_DIR=/opt/rustwide/target" "-e" "CARGO_INCREMENTAL=0" "-e" "RUST_BACKTRACE=full" "-e" "RUSTFLAGS=--cap-lints=warn" "-e" "RUSTDOCFLAGS=--cap-lints=warn" "-e" "CARGO_HOME=/opt/rustwide/cargo-home" "-e" "RUSTUP_HOME=/opt/rustwide/rustup-home" "-w" "/opt/rustwide/workdir" "-m" "1610612736" "--user" "0:0" "--network" "none" "ghcr.io/rust-lang/crates-build-env/linux@sha256:5ff2268d62e97bff2cde7d5815dd6ed5b47097566f13b8d0ca110b04b60e07ed" "/opt/rustwide/cargo-home/bin/cargo" "+beta-2023-04-20" "build" "--frozen" "--message-format=json", kill_on_drop: false }`
[INFO] [stdout] 2a4a14dc3aacbb7f094bcbbc851e0c8ae38357ba638ca22d613bd90cee29be4b
[INFO] running `Command { std: "docker" "start" "-a" "2a4a14dc3aacbb7f094bcbbc851e0c8ae38357ba638ca22d613bd90cee29be4b", kill_on_drop: false }`
[INFO] [stderr]    Compiling libc v0.2.98
[INFO] [stderr]    Compiling proc-macro2 v0.4.30
[INFO] [stderr]    Compiling syn v0.15.44
[INFO] [stderr]    Compiling ppv-lite86 v0.2.10
[INFO] [stderr]    Compiling void v1.0.2
[INFO] [stderr]    Compiling recursive_reference v0.3.0
[INFO] [stderr]    Compiling quote v0.6.13
[INFO] [stderr]    Compiling getrandom v0.2.3
[INFO] [stderr]    Compiling rand_core v0.6.3
[INFO] [stderr]    Compiling rand_chacha v0.3.1
[INFO] [stderr]    Compiling rand v0.8.4
[INFO] [stderr]    Compiling derive_destructure v1.0.0
[INFO] [stderr]    Compiling grove v0.2.0 (/opt/rustwide/workdir)
[INFO] [stderr]     Finished dev [unoptimized + debuginfo] target(s) in 4.74s
[INFO] running `Command { std: "docker" "inspect" "2a4a14dc3aacbb7f094bcbbc851e0c8ae38357ba638ca22d613bd90cee29be4b", kill_on_drop: false }`
[INFO] running `Command { std: "docker" "rm" "-f" "2a4a14dc3aacbb7f094bcbbc851e0c8ae38357ba638ca22d613bd90cee29be4b", kill_on_drop: false }`
[INFO] [stdout] 2a4a14dc3aacbb7f094bcbbc851e0c8ae38357ba638ca22d613bd90cee29be4b
[INFO] running `Command { std: "docker" "create" "-v" "/var/lib/crater-agent-workspace/builds/worker-1-tc2/target:/opt/rustwide/target:rw,Z" "-v" "/var/lib/crater-agent-workspace/builds/worker-1-tc2/source:/opt/rustwide/workdir:ro,Z" "-v" "/var/lib/crater-agent-workspace/cargo-home:/opt/rustwide/cargo-home:ro,Z" "-v" "/var/lib/crater-agent-workspace/rustup-home:/opt/rustwide/rustup-home:ro,Z" "-e" "SOURCE_DIR=/opt/rustwide/workdir" "-e" "CARGO_TARGET_DIR=/opt/rustwide/target" "-e" "CARGO_INCREMENTAL=0" "-e" "RUST_BACKTRACE=full" "-e" "RUSTFLAGS=--cap-lints=warn" "-e" "RUSTDOCFLAGS=--cap-lints=warn" "-e" "CARGO_HOME=/opt/rustwide/cargo-home" "-e" "RUSTUP_HOME=/opt/rustwide/rustup-home" "-w" "/opt/rustwide/workdir" "-m" "1610612736" "--user" "0:0" "--network" "none" "ghcr.io/rust-lang/crates-build-env/linux@sha256:5ff2268d62e97bff2cde7d5815dd6ed5b47097566f13b8d0ca110b04b60e07ed" "/opt/rustwide/cargo-home/bin/cargo" "+beta-2023-04-20" "test" "--frozen" "--no-run" "--message-format=json", kill_on_drop: false }`
[INFO] [stdout] 1af8b48c4e665c9d17092d3ec20790a9211d2639a1e5c57380960f88e49a9456
[INFO] running `Command { std: "docker" "start" "-a" "1af8b48c4e665c9d17092d3ec20790a9211d2639a1e5c57380960f88e49a9456", kill_on_drop: false }`
[INFO] [stderr]    Compiling text_io v0.1.8
[INFO] [stderr]    Compiling itertools v0.10.1
[INFO] [stderr]    Compiling grove v0.2.0 (/opt/rustwide/workdir)
[INFO] [stderr]     Finished test [unoptimized + debuginfo] target(s) in 3.82s
[INFO] running `Command { std: "docker" "inspect" "1af8b48c4e665c9d17092d3ec20790a9211d2639a1e5c57380960f88e49a9456", kill_on_drop: false }`
[INFO] running `Command { std: "docker" "rm" "-f" "1af8b48c4e665c9d17092d3ec20790a9211d2639a1e5c57380960f88e49a9456", kill_on_drop: false }`
[INFO] [stdout] 1af8b48c4e665c9d17092d3ec20790a9211d2639a1e5c57380960f88e49a9456
[INFO] running `Command { std: "docker" "create" "-v" "/var/lib/crater-agent-workspace/builds/worker-1-tc2/target:/opt/rustwide/target:rw,Z" "-v" "/var/lib/crater-agent-workspace/builds/worker-1-tc2/source:/opt/rustwide/workdir:ro,Z" "-v" "/var/lib/crater-agent-workspace/cargo-home:/opt/rustwide/cargo-home:ro,Z" "-v" "/var/lib/crater-agent-workspace/rustup-home:/opt/rustwide/rustup-home:ro,Z" "-e" "SOURCE_DIR=/opt/rustwide/workdir" "-e" "CARGO_TARGET_DIR=/opt/rustwide/target" "-e" "CARGO_INCREMENTAL=0" "-e" "RUST_BACKTRACE=full" "-e" "RUSTFLAGS=--cap-lints=warn" "-e" "RUSTDOCFLAGS=--cap-lints=warn" "-e" "CARGO_HOME=/opt/rustwide/cargo-home" "-e" "RUSTUP_HOME=/opt/rustwide/rustup-home" "-w" "/opt/rustwide/workdir" "-m" "1610612736" "--user" "0:0" "--network" "none" "ghcr.io/rust-lang/crates-build-env/linux@sha256:5ff2268d62e97bff2cde7d5815dd6ed5b47097566f13b8d0ca110b04b60e07ed" "/opt/rustwide/cargo-home/bin/cargo" "+beta-2023-04-20" "test" "--frozen", kill_on_drop: false }`
[INFO] [stdout] 8dc9ab71e42d5fafbd13bde5299995c9a908835356e936bedbc10111c98b304e
[INFO] running `Command { std: "docker" "start" "-a" "8dc9ab71e42d5fafbd13bde5299995c9a908835356e936bedbc10111c98b304e", kill_on_drop: false }`
[INFO] [stderr]     Finished test [unoptimized + debuginfo] target(s) in 0.02s
[INFO] [stderr]      Running unittests src/lib.rs (/opt/rustwide/target/debug/deps/grove-a9610a3a59f13b2c)
[INFO] [stderr]      Running tests/integration_tests.rs (/opt/rustwide/target/debug/deps/integration_tests-a1ef11efcfce6c17)
[INFO] [stdout] 
[INFO] [stdout] running 0 tests
[INFO] [stdout] 
[INFO] [stdout] test result: ok. 0 passed; 0 failed; 0 ignored; 0 measured; 0 filtered out; finished in 0.00s
[INFO] [stdout] 
[INFO] [stdout] 
[INFO] [stdout] running 14 tests
[INFO] [stdout] test splay_delete ... ok
[INFO] [stdout] test splay_insert ... ok
[INFO] [stdout] test basic_insert ... ok
[INFO] [stdout] test basic_delete ... ok
[INFO] [stdout] test treap_delete ... ok
[INFO] [stdout] test treap_consistency ... ok
[INFO] [stdout] test treap_insert ... ok
[INFO] [stdout] test avl_delete ... ok
[INFO] [stdout] test avl_insert ... ok
[INFO] [stdout] test splay_and_avl_consistency ... ok
[INFO] [stdout] test splay_and_treap_consistency ... ok
[INFO] [stdout] test splay_and_avl_consistency_noncommutative ... ok
[INFO] [stdout] test treap_consistency_noncommutative ... ok
[INFO] [stdout] test splay_and_treap_consistency_noncommutative ... ok
[INFO] [stdout] 
[INFO] [stdout] test result: ok. 14 passed; 0 failed; 0 ignored; 0 measured; 0 filtered out; finished in 3.36s
[INFO] [stdout] 
[INFO] [stderr]    Doc-tests grove
[INFO] [stdout] 
[INFO] [stdout] running 21 tests
[INFO] [stdout] test src/trees/macros.rs - trees::macros::derive_SomeEntry (line 48) ... FAILED
[INFO] [stdout] test src/trees/macros.rs - trees::macros::derive_SomeWalker (line 3) ... FAILED
[INFO] [stdout] test src/lib.rs - (line 65) ... ok
[INFO] [stdout] test src/data/example_data.rs - data::example_data::poly_num::PolyNum<D>::shift (line 447) ... ok
[INFO] [stdout] test src/trees/mod.rs - trees::SomeEntry::subtree_summary (line 313) ... ok
[INFO] [stdout] test src/trees/avl.rs - trees::avl::AVLTree<D>::concatenate_middle_right (line 559) ... ok
[INFO] [stdout] test src/trees/mod.rs - trees::SomeTree::iter_locator (line 88) ... ok
[INFO] [stdout] test src/trees/avl.rs - trees::avl::AVLWalker<'a,D>::split_left (line 538) ... ok
[INFO] [stdout] test src/trees/avl.rs - trees::avl::AVLWalker<'a,D>::split_right (line 490) ... ok
[INFO] [stdout] test src/trees/mod.rs - trees::SomeTree::iter (line 104) ... ok
[INFO] [stdout] test src/trees/avl.rs - trees::avl::concatenate_with_middle (line 665) ... ok
[INFO] [stdout] test src/trees/avl.rs - trees::avl::AVLTree<D>::concatenate_right (line 641) ... ok
[INFO] [stdout] test src/trees/basic_tree/mod.rs - trees::basic_tree::BasicNode<D,T>::act (line 274) ... ok
[INFO] [stdout] test src/trees/avl.rs - trees::avl::AVLTree<D>::concatenate_middle_left (line 599) ... ok
[INFO] [stdout] test src/lib.rs - (line 95) ... ok
[INFO] [stdout] test src/trees/splay.rs - trees::splay::SplayTree<D>::concatenate_right (line 526) ... ok
[INFO] [stdout] test src/trees/splay.rs - trees::splay::SplayWalker<'a,D>::split_right (line 573) ... ok
[INFO] [stdout] test src/trees/treap.rs - trees::treap::Treap<D>::concatenate_right (line 439) ... ok
[INFO] [stdout] test src/trees/treap.rs - trees::treap::TreapWalker<'a,D>::split_right (line 494) ... ok
[INFO] [stdout] test src/trees/treap.rs - trees::treap::union (line 410) ... ok
[INFO] [stdout] test src/trees/treap.rs - trees::treap::TreapWalker<'a,D>::split_left (line 539) ... ok
[INFO] [stdout] 
[INFO] [stdout] failures:
[INFO] [stdout] 
[INFO] [stdout] ---- src/trees/macros.rs - trees::macros::derive_SomeEntry (line 48) stdout ----
[INFO] [stdout] error: cannot find macro `derive_SomeEntry` in this scope
[INFO] [stdout]  --> src/trees/macros.rs:49:1
[INFO] [stdout]   |
[INFO] [stdout] 3 | derive_SomeEntry!{walker,
[INFO] [stdout]   | ^^^^^^^^^^^^^^^^
[INFO] [stdout] 
[INFO] [stdout] error: aborting due to previous error
[INFO] [stdout] 
[INFO] [stdout] Couldn't compile the test.
[INFO] [stdout] ---- src/trees/macros.rs - trees::macros::derive_SomeWalker (line 3) stdout ----
[INFO] [stdout] error: cannot find macro `derive_SomeWalker` in this scope
[INFO] [stdout]  --> src/trees/macros.rs:4:1
[INFO] [stdout]   |
[INFO] [stdout] 3 | derive_SomeWalker!{walker,
[INFO] [stdout]   | ^^^^^^^^^^^^^^^^^
[INFO] [stdout] 
[INFO] [stdout] error: aborting due to previous error
[INFO] [stdout] 
[INFO] [stdout] Couldn't compile the test.
[INFO] [stdout] 
[INFO] [stdout] failures:
[INFO] [stdout]     src/trees/macros.rs - trees::macros::derive_SomeEntry (line 48)
[INFO] [stdout]     src/trees/macros.rs - trees::macros::derive_SomeWalker (line 3)
[INFO] [stdout] 
[INFO] [stdout] test result: FAILED. 19 passed; 2 failed; 0 ignored; 0 measured; 0 filtered out; finished in 0.92s
[INFO] [stdout] 
[INFO] [stderr] error: doctest failed, to rerun pass `--doc`
[INFO] running `Command { std: "docker" "inspect" "8dc9ab71e42d5fafbd13bde5299995c9a908835356e936bedbc10111c98b304e", kill_on_drop: false }`
[INFO] running `Command { std: "docker" "rm" "-f" "8dc9ab71e42d5fafbd13bde5299995c9a908835356e936bedbc10111c98b304e", kill_on_drop: false }`
[INFO] [stdout] 8dc9ab71e42d5fafbd13bde5299995c9a908835356e936bedbc10111c98b304e
