[INFO] fetching crate grjoni_gps 0.1.1...
[INFO] testing grjoni_gps-0.1.1 against 1.69.0 for beta-1.70-1
[INFO] extracting crate grjoni_gps 0.1.1 into /workspace/builds/worker-4-tc1/source
[INFO] validating manifest of crates.io crate grjoni_gps 0.1.1 on toolchain 1.69.0
[INFO] running `Command { std: CARGO_HOME="/workspace/cargo-home" RUSTUP_HOME="/workspace/rustup-home" "/workspace/cargo-home/bin/cargo" "+1.69.0" "metadata" "--manifest-path" "Cargo.toml" "--no-deps", kill_on_drop: false }`
[INFO] started tweaking crates.io crate grjoni_gps 0.1.1
[INFO] finished tweaking crates.io crate grjoni_gps 0.1.1
[INFO] tweaked toml for crates.io crate grjoni_gps 0.1.1 written to /workspace/builds/worker-4-tc1/source/Cargo.toml
[INFO] crate crates.io crate grjoni_gps 0.1.1 already has a lockfile, it will not be regenerated
[INFO] running `Command { std: CARGO_HOME="/workspace/cargo-home" RUSTUP_HOME="/workspace/rustup-home" "/workspace/cargo-home/bin/cargo" "+1.69.0" "fetch" "--manifest-path" "Cargo.toml", kill_on_drop: false }`
[INFO] [stderr]  Downloading crates ...
[INFO] [stderr]   Downloaded rppal v0.11.3
[INFO] running `Command { std: "docker" "create" "-v" "/var/lib/crater-agent-workspace/builds/worker-4-tc1/target:/opt/rustwide/target:rw,Z" "-v" "/var/lib/crater-agent-workspace/builds/worker-4-tc1/source:/opt/rustwide/workdir:ro,Z" "-v" "/var/lib/crater-agent-workspace/cargo-home:/opt/rustwide/cargo-home:ro,Z" "-v" "/var/lib/crater-agent-workspace/rustup-home:/opt/rustwide/rustup-home:ro,Z" "-e" "SOURCE_DIR=/opt/rustwide/workdir" "-e" "CARGO_TARGET_DIR=/opt/rustwide/target" "-e" "CARGO_HOME=/opt/rustwide/cargo-home" "-e" "RUSTUP_HOME=/opt/rustwide/rustup-home" "-w" "/opt/rustwide/workdir" "-m" "1610612736" "--user" "0:0" "--network" "none" "ghcr.io/rust-lang/crates-build-env/linux@sha256:5ff2268d62e97bff2cde7d5815dd6ed5b47097566f13b8d0ca110b04b60e07ed" "/opt/rustwide/cargo-home/bin/cargo" "+1.69.0" "metadata" "--no-deps" "--format-version=1", kill_on_drop: false }`
[INFO] [stdout] 549b5a19bbaa40d45bda2dba3fea54fe596f57fdce307f5371bca12c1c07cce4
[INFO] running `Command { std: "docker" "start" "-a" "549b5a19bbaa40d45bda2dba3fea54fe596f57fdce307f5371bca12c1c07cce4", kill_on_drop: false }`
[INFO] running `Command { std: "docker" "inspect" "549b5a19bbaa40d45bda2dba3fea54fe596f57fdce307f5371bca12c1c07cce4", kill_on_drop: false }`
[INFO] running `Command { std: "docker" "rm" "-f" "549b5a19bbaa40d45bda2dba3fea54fe596f57fdce307f5371bca12c1c07cce4", kill_on_drop: false }`
[INFO] [stdout] 549b5a19bbaa40d45bda2dba3fea54fe596f57fdce307f5371bca12c1c07cce4
[INFO] running `Command { std: "docker" "create" "-v" "/var/lib/crater-agent-workspace/builds/worker-4-tc1/target:/opt/rustwide/target:rw,Z" "-v" "/var/lib/crater-agent-workspace/builds/worker-4-tc1/source:/opt/rustwide/workdir:ro,Z" "-v" "/var/lib/crater-agent-workspace/cargo-home:/opt/rustwide/cargo-home:ro,Z" "-v" "/var/lib/crater-agent-workspace/rustup-home:/opt/rustwide/rustup-home:ro,Z" "-e" "SOURCE_DIR=/opt/rustwide/workdir" "-e" "CARGO_TARGET_DIR=/opt/rustwide/target" "-e" "CARGO_INCREMENTAL=0" "-e" "RUST_BACKTRACE=full" "-e" "RUSTFLAGS=--cap-lints=warn" "-e" "RUSTDOCFLAGS=--cap-lints=warn" "-e" "CARGO_HOME=/opt/rustwide/cargo-home" "-e" "RUSTUP_HOME=/opt/rustwide/rustup-home" "-w" "/opt/rustwide/workdir" "-m" "1610612736" "--user" "0:0" "--network" "none" "ghcr.io/rust-lang/crates-build-env/linux@sha256:5ff2268d62e97bff2cde7d5815dd6ed5b47097566f13b8d0ca110b04b60e07ed" "/opt/rustwide/cargo-home/bin/cargo" "+1.69.0" "build" "--frozen" "--message-format=json", kill_on_drop: false }`
[INFO] [stdout] 175dc4d525aaf6d1ac000583b7e19ef9d4541731da4e2e6be946623071beeda3
[INFO] running `Command { std: "docker" "start" "-a" "175dc4d525aaf6d1ac000583b7e19ef9d4541731da4e2e6be946623071beeda3", kill_on_drop: false }`
[INFO] [stderr]    Compiling libc v0.2.76
[INFO] [stderr]    Compiling rppal v0.11.3
[INFO] [stderr]    Compiling grjoni_gps v0.1.1 (/opt/rustwide/workdir)
[INFO] [stdout] warning: fields `long`, `lat`, `long_dir`, `lat_dir`, and `altitude` are never read
[INFO] [stdout]   --> src/gps.rs:7:5
[INFO] [stdout]    |
[INFO] [stdout] 6  | pub struct GpsNode {
[INFO] [stdout]    |            ------- fields in this struct
[INFO] [stdout] 7  |     long: f64,
[INFO] [stdout]    |     ^^^^
[INFO] [stdout] 8  |     lat: f64,
[INFO] [stdout]    |     ^^^
[INFO] [stdout] 9  |     long_dir: char,
[INFO] [stdout]    |     ^^^^^^^^
[INFO] [stdout] 10 |     lat_dir: char,
[INFO] [stdout]    |     ^^^^^^^
[INFO] [stdout] 11 |     altitude: f64,
[INFO] [stdout]    |     ^^^^^^^^
[INFO] [stdout]    |
[INFO] [stdout]    = note: `GpsNode` has a derived impl for the trait `Debug`, but this is intentionally ignored during dead code analysis
[INFO] [stdout]    = note: `#[warn(dead_code)]` on by default
[INFO] [stdout] 
[INFO] [stdout] 
[INFO] [stdout] warning: 1 warning emitted
[INFO] [stdout] 
[INFO] [stdout] 
[INFO] [stdout] warning: fields `long`, `lat`, `long_dir`, `lat_dir`, and `altitude` are never read
[INFO] [stdout]   --> src/gps.rs:7:5
[INFO] [stdout]    |
[INFO] [stdout] 6  | pub struct GpsNode {
[INFO] [stdout]    |            ------- fields in this struct
[INFO] [stdout] 7  |     long: f64,
[INFO] [stdout]    |     ^^^^
[INFO] [stdout] 8  |     lat: f64,
[INFO] [stdout]    |     ^^^
[INFO] [stdout] 9  |     long_dir: char,
[INFO] [stdout]    |     ^^^^^^^^
[INFO] [stdout] 10 |     lat_dir: char,
[INFO] [stdout]    |     ^^^^^^^
[INFO] [stdout] 11 |     altitude: f64,
[INFO] [stdout]    |     ^^^^^^^^
[INFO] [stdout]    |
[INFO] [stdout]    = note: `GpsNode` has a derived impl for the trait `Debug`, but this is intentionally ignored during dead code analysis
[INFO] [stdout]    = note: `#[warn(dead_code)]` on by default
[INFO] [stdout] 
[INFO] [stdout] 
[INFO] [stdout] warning: variant `S1152008N1` is never constructed
[INFO] [stdout]   --> src/gps.rs:16:5
[INFO] [stdout]    |
[INFO] [stdout] 14 | pub enum SerialConfig {
[INFO] [stdout]    |          ------------ variant in this enum
[INFO] [stdout] 15 |     S96008N1,
[INFO] [stdout] 16 |     S1152008N1,
[INFO] [stdout]    |     ^^^^^^^^^^
[INFO] [stdout] 
[INFO] [stdout] 
[INFO] [stdout] warning: method `get_serial_baudrate` is never used
[INFO] [stdout]    --> src/gps.rs:120:12
[INFO] [stdout]     |
[INFO] [stdout] 120 |     pub fn get_serial_baudrate(& self) -> u32 {
[INFO] [stdout]     |            ^^^^^^^^^^^^^^^^^^^
[INFO] [stdout] 
[INFO] [stdout] 
[INFO] [stdout] warning: 3 warnings emitted
[INFO] [stdout] 
[INFO] [stdout] 
[INFO] [stderr]     Finished dev [unoptimized + debuginfo] target(s) in 2.00s
[INFO] running `Command { std: "docker" "inspect" "175dc4d525aaf6d1ac000583b7e19ef9d4541731da4e2e6be946623071beeda3", kill_on_drop: false }`
[INFO] running `Command { std: "docker" "rm" "-f" "175dc4d525aaf6d1ac000583b7e19ef9d4541731da4e2e6be946623071beeda3", kill_on_drop: false }`
[INFO] [stdout] 175dc4d525aaf6d1ac000583b7e19ef9d4541731da4e2e6be946623071beeda3
[INFO] running `Command { std: "docker" "create" "-v" "/var/lib/crater-agent-workspace/builds/worker-4-tc1/target:/opt/rustwide/target:rw,Z" "-v" "/var/lib/crater-agent-workspace/builds/worker-4-tc1/source:/opt/rustwide/workdir:ro,Z" "-v" "/var/lib/crater-agent-workspace/cargo-home:/opt/rustwide/cargo-home:ro,Z" "-v" "/var/lib/crater-agent-workspace/rustup-home:/opt/rustwide/rustup-home:ro,Z" "-e" "SOURCE_DIR=/opt/rustwide/workdir" "-e" "CARGO_TARGET_DIR=/opt/rustwide/target" "-e" "CARGO_INCREMENTAL=0" "-e" "RUST_BACKTRACE=full" "-e" "RUSTFLAGS=--cap-lints=warn" "-e" "RUSTDOCFLAGS=--cap-lints=warn" "-e" "CARGO_HOME=/opt/rustwide/cargo-home" "-e" "RUSTUP_HOME=/opt/rustwide/rustup-home" "-w" "/opt/rustwide/workdir" "-m" "1610612736" "--user" "0:0" "--network" "none" "ghcr.io/rust-lang/crates-build-env/linux@sha256:5ff2268d62e97bff2cde7d5815dd6ed5b47097566f13b8d0ca110b04b60e07ed" "/opt/rustwide/cargo-home/bin/cargo" "+1.69.0" "test" "--frozen" "--no-run" "--message-format=json", kill_on_drop: false }`
[INFO] [stdout] 06be6b47d33c8f33b4fa19b81861187b25edb47c74387f4d216782121646ea1e
[INFO] running `Command { std: "docker" "start" "-a" "06be6b47d33c8f33b4fa19b81861187b25edb47c74387f4d216782121646ea1e", kill_on_drop: false }`
[INFO] [stdout] warning: fields `long`, `lat`, `long_dir`, `lat_dir`, and `altitude` are never read
[INFO] [stdout]   --> src/gps.rs:7:5
[INFO] [stdout]    |
[INFO] [stdout] 6  | pub struct GpsNode {
[INFO] [stdout]    |            ------- fields in this struct
[INFO] [stdout] 7  |     long: f64,
[INFO] [stdout]    |     ^^^^
[INFO] [stdout] 8  |     lat: f64,
[INFO] [stdout]    |     ^^^
[INFO] [stdout] 9  |     long_dir: char,
[INFO] [stdout]    |     ^^^^^^^^
[INFO] [stdout] 10 |     lat_dir: char,
[INFO] [stdout]    |     ^^^^^^^
[INFO] [stdout] 11 |     altitude: f64,
[INFO] [stdout]    |     ^^^^^^^^
[INFO] [stdout]    |
[INFO] [stdout]    = note: `GpsNode` has a derived impl for the trait `Debug`, but this is intentionally ignored during dead code analysis
[INFO] [stdout]    = note: `#[warn(dead_code)]` on by default
[INFO] [stdout] 
[INFO] [stdout] 
[INFO] [stdout] warning: 1 warning emitted
[INFO] [stdout] 
[INFO] [stdout] 
[INFO] [stdout] warning: fields `long`, `lat`, `long_dir`, `lat_dir`, and `altitude` are never read
[INFO] [stdout]   --> src/gps.rs:7:5
[INFO] [stdout]    |
[INFO] [stdout] 6  | pub struct GpsNode {
[INFO] [stdout]    |            ------- fields in this struct
[INFO] [stdout] 7  |     long: f64,
[INFO] [stdout]    |     ^^^^
[INFO] [stdout] 8  |     lat: f64,
[INFO] [stdout]    |     ^^^
[INFO] [stdout] 9  |     long_dir: char,
[INFO] [stdout]    |     ^^^^^^^^
[INFO] [stdout] 10 |     lat_dir: char,
[INFO] [stdout]    |     ^^^^^^^
[INFO] [stdout] 11 |     altitude: f64,
[INFO] [stdout]    |     ^^^^^^^^
[INFO] [stdout]    |
[INFO] [stdout]    = note: `GpsNode` has a derived impl for the trait `Debug`, but this is intentionally ignored during dead code analysis
[INFO] [stdout]    = note: `#[warn(dead_code)]` on by default
[INFO] [stdout] 
[INFO] [stdout] 
[INFO] [stdout] warning: variant `S1152008N1` is never constructed
[INFO] [stdout]   --> src/gps.rs:16:5
[INFO] [stdout]    |
[INFO] [stdout] 14 | pub enum SerialConfig {
[INFO] [stdout]    |          ------------ variant in this enum
[INFO] [stdout] 15 |     S96008N1,
[INFO] [stdout] 16 |     S1152008N1,
[INFO] [stdout]    |     ^^^^^^^^^^
[INFO] [stdout] 
[INFO] [stdout] 
[INFO] [stderr]    Compiling grjoni_gps v0.1.1 (/opt/rustwide/workdir)
[INFO] [stdout] warning: method `get_serial_baudrate` is never used
[INFO] [stdout]    --> src/gps.rs:120:12
[INFO] [stdout]     |
[INFO] [stdout] 120 |     pub fn get_serial_baudrate(& self) -> u32 {
[INFO] [stdout]     |            ^^^^^^^^^^^^^^^^^^^
[INFO] [stdout] 
[INFO] [stdout] 
[INFO] [stdout] warning: 3 warnings emitted
[INFO] [stdout] 
[INFO] [stdout] 
[INFO] [stdout] warning: variant `S1152008N1` is never constructed
[INFO] [stdout]   --> src/gps.rs:16:5
[INFO] [stdout]    |
[INFO] [stdout] 14 | pub enum SerialConfig {
[INFO] [stdout]    |          ------------ variant in this enum
[INFO] [stdout] 15 |     S96008N1,
[INFO] [stdout] 16 |     S1152008N1,
[INFO] [stdout]    |     ^^^^^^^^^^
[INFO] [stdout]    |
[INFO] [stdout]    = note: `#[warn(dead_code)]` on by default
[INFO] [stdout] 
[INFO] [stdout] 
[INFO] [stdout] warning: method `get_serial_baudrate` is never used
[INFO] [stdout]    --> src/gps.rs:120:12
[INFO] [stdout]     |
[INFO] [stdout] 120 |     pub fn get_serial_baudrate(& self) -> u32 {
[INFO] [stdout]     |            ^^^^^^^^^^^^^^^^^^^
[INFO] [stdout] 
[INFO] [stdout] 
[INFO] [stdout] warning: 2 warnings emitted
[INFO] [stdout] 
[INFO] [stdout] 
[INFO] [stderr]     Finished test [unoptimized + debuginfo] target(s) in 0.39s
[INFO] running `Command { std: "docker" "inspect" "06be6b47d33c8f33b4fa19b81861187b25edb47c74387f4d216782121646ea1e", kill_on_drop: false }`
[INFO] running `Command { std: "docker" "rm" "-f" "06be6b47d33c8f33b4fa19b81861187b25edb47c74387f4d216782121646ea1e", kill_on_drop: false }`
[INFO] [stdout] 06be6b47d33c8f33b4fa19b81861187b25edb47c74387f4d216782121646ea1e
[INFO] running `Command { std: "docker" "create" "-v" "/var/lib/crater-agent-workspace/builds/worker-4-tc1/target:/opt/rustwide/target:rw,Z" "-v" "/var/lib/crater-agent-workspace/builds/worker-4-tc1/source:/opt/rustwide/workdir:ro,Z" "-v" "/var/lib/crater-agent-workspace/cargo-home:/opt/rustwide/cargo-home:ro,Z" "-v" "/var/lib/crater-agent-workspace/rustup-home:/opt/rustwide/rustup-home:ro,Z" "-e" "SOURCE_DIR=/opt/rustwide/workdir" "-e" "CARGO_TARGET_DIR=/opt/rustwide/target" "-e" "CARGO_INCREMENTAL=0" "-e" "RUST_BACKTRACE=full" "-e" "RUSTFLAGS=--cap-lints=warn" "-e" "RUSTDOCFLAGS=--cap-lints=warn" "-e" "CARGO_HOME=/opt/rustwide/cargo-home" "-e" "RUSTUP_HOME=/opt/rustwide/rustup-home" "-w" "/opt/rustwide/workdir" "-m" "1610612736" "--user" "0:0" "--network" "none" "ghcr.io/rust-lang/crates-build-env/linux@sha256:5ff2268d62e97bff2cde7d5815dd6ed5b47097566f13b8d0ca110b04b60e07ed" "/opt/rustwide/cargo-home/bin/cargo" "+1.69.0" "test" "--frozen", kill_on_drop: false }`
[INFO] [stdout] 867d397519e5925aa0c7f45ebd41efb4870cc7a769d94a4d76f1b0535d3502ca
[INFO] running `Command { std: "docker" "start" "-a" "867d397519e5925aa0c7f45ebd41efb4870cc7a769d94a4d76f1b0535d3502ca", kill_on_drop: false }`
[INFO] [stderr] warning: fields `long`, `lat`, `long_dir`, `lat_dir`, and `altitude` are never read
[INFO] [stderr]   --> src/gps.rs:7:5
[INFO] [stderr]    |
[INFO] [stderr] 6  | pub struct GpsNode {
[INFO] [stderr]    |            ------- fields in this struct
[INFO] [stderr] 7  |     long: f64,
[INFO] [stderr]    |     ^^^^
[INFO] [stderr] 8  |     lat: f64,
[INFO] [stderr]    |     ^^^
[INFO] [stderr] 9  |     long_dir: char,
[INFO] [stderr]    |     ^^^^^^^^
[INFO] [stderr] 10 |     lat_dir: char,
[INFO] [stderr]    |     ^^^^^^^
[INFO] [stderr] 11 |     altitude: f64,
[INFO] [stderr]    |     ^^^^^^^^
[INFO] [stderr]    |
[INFO] [stderr]    = note: `GpsNode` has a derived impl for the trait `Debug`, but this is intentionally ignored during dead code analysis
[INFO] [stderr]    = note: `#[warn(dead_code)]` on by default
[INFO] [stderr] 
[INFO] [stderr] warning: `grjoni_gps` (lib) generated 1 warning
[INFO] [stderr] warning: variant `S1152008N1` is never constructed
[INFO] [stderr]   --> src/gps.rs:16:5
[INFO] [stderr]    |
[INFO] [stderr] 14 | pub enum SerialConfig {
[INFO] [stderr]    |          ------------ variant in this enum
[INFO] [stderr] 15 |     S96008N1,
[INFO] [stderr] 16 |     S1152008N1,
[INFO] [stderr]    |     ^^^^^^^^^^
[INFO] [stderr] 
[INFO] [stderr] warning: method `get_serial_baudrate` is never used
[INFO] [stderr]    --> src/gps.rs:120:12
[INFO] [stderr]     |
[INFO] [stderr] 120 |     pub fn get_serial_baudrate(& self) -> u32 {
[INFO] [stderr]     |            ^^^^^^^^^^^^^^^^^^^
[INFO] [stderr] 
[INFO] [stderr] warning: variant `S1152008N1` is never constructed
[INFO] [stderr]   --> src/gps.rs:16:5
[INFO] [stderr]    |
[INFO] [stderr] 14 | pub enum SerialConfig {
[INFO] [stderr]    |          ------------ variant in this enum
[INFO] [stderr] 15 |     S96008N1,
[INFO] [stderr] 16 |     S1152008N1,
[INFO] [stderr]    |     ^^^^^^^^^^
[INFO] [stderr]    |
[INFO] [stderr]    = note: `#[warn(dead_code)]` on by default
[INFO] [stderr] 
[INFO] [stderr] warning: `grjoni_gps` (bin "grjoni_gps") generated 3 warnings (1 duplicate)
[INFO] [stderr] warning: `grjoni_gps` (bin "grjoni_gps" test) generated 2 warnings (1 duplicate)
[INFO] [stderr]     Finished test [unoptimized + debuginfo] target(s) in 0.00s
[INFO] [stderr]      Running unittests src/lib.rs (/opt/rustwide/target/debug/deps/grjoni_gps-fbb05ba563ffa326)
[INFO] [stdout] 
[INFO] [stdout] running 2 tests
[INFO] [stdout] test gps::tests::gps_node_from_string ... ok
[INFO] [stdout] test gps::tests::process_function_panics_on_unexpected_string - should panic ... ok
[INFO] [stdout] 
[INFO] [stdout] test result: ok. 2 passed; 0 failed; 0 ignored; 0 measured; 0 filtered out; finished in 0.01s
[INFO] [stdout] 
[INFO] [stderr]      Running unittests src/main.rs (/opt/rustwide/target/debug/deps/grjoni_gps-1a7b961034c3f5eb)
[INFO] [stdout] 
[INFO] [stdout] running 2 tests
[INFO] [stdout] test gps::tests::gps_node_from_string ... ok
[INFO] [stdout] test gps::tests::process_function_panics_on_unexpected_string - should panic ... ok
[INFO] [stdout] 
[INFO] [stdout] test result: ok. 2 passed; 0 failed; 0 ignored; 0 measured; 0 filtered out; finished in 0.01s
[INFO] [stdout] 
[INFO] [stderr]      Running tests/integration_test.rs (/opt/rustwide/target/debug/deps/integration_test-1fc35f8173e5b659)
[INFO] [stdout] 
[INFO] [stdout] running 1 test
[INFO] [stdout] test test_serial_baudrate ... FAILED
[INFO] [stdout] 
[INFO] [stdout] failures:
[INFO] [stdout] 
[INFO] [stdout] ---- test_serial_baudrate stdout ----
[INFO] [stdout] thread 'test_serial_baudrate' panicked at 'Newing an Uart failed: Io(Os { code: 2, kind: NotFound, message: "No such file or directory" })', src/gps.rs:54:79
[INFO] [stdout] stack backtrace:
[INFO] [stdout]    0:     0x55b0a13dbc7a - std::backtrace_rs::backtrace::libunwind::trace::ha9053a9a07ca49cb
[INFO] [stdout]                                at /rustc/84c898d65adf2f39a5a98507f1fe0ce10a2b8dbc/library/std/src/../../backtrace/src/backtrace/libunwind.rs:93:5
[INFO] [stdout]    1:     0x55b0a13dbc7a - std::backtrace_rs::backtrace::trace_unsynchronized::h9c2852a457ad564e
[INFO] [stdout]                                at /rustc/84c898d65adf2f39a5a98507f1fe0ce10a2b8dbc/library/std/src/../../backtrace/src/backtrace/mod.rs:66:5
[INFO] [stdout]    2:     0x55b0a13dbc7a - std::sys_common::backtrace::_print_fmt::h457936fbfaa0070f
[INFO] [stdout]                                at /rustc/84c898d65adf2f39a5a98507f1fe0ce10a2b8dbc/library/std/src/sys_common/backtrace.rs:65:5
[INFO] [stdout]    3:     0x55b0a13dbc7a - <std::sys_common::backtrace::_print::DisplayBacktrace as core::fmt::Display>::fmt::h5779d7bf7f70cb0c
[INFO] [stdout]                                at /rustc/84c898d65adf2f39a5a98507f1fe0ce10a2b8dbc/library/std/src/sys_common/backtrace.rs:44:22
[INFO] [stdout]    4:     0x55b0a13ff33e - core::fmt::write::h5a4baaff1bcd3eb5
[INFO] [stdout]                                at /rustc/84c898d65adf2f39a5a98507f1fe0ce10a2b8dbc/library/core/src/fmt/mod.rs:1232:17
[INFO] [stdout]    5:     0x55b0a13d90e5 - std::io::Write::write_fmt::h478f79c628ef31d1
[INFO] [stdout]                                at /rustc/84c898d65adf2f39a5a98507f1fe0ce10a2b8dbc/library/std/src/io/mod.rs:1684:15
[INFO] [stdout]    6:     0x55b0a13dba45 - std::sys_common::backtrace::_print::h5fcdc36060f177e8
[INFO] [stdout]                                at /rustc/84c898d65adf2f39a5a98507f1fe0ce10a2b8dbc/library/std/src/sys_common/backtrace.rs:47:5
[INFO] [stdout]    7:     0x55b0a13dba45 - std::sys_common::backtrace::print::h54ca9458b876c8bf
[INFO] [stdout]                                at /rustc/84c898d65adf2f39a5a98507f1fe0ce10a2b8dbc/library/std/src/sys_common/backtrace.rs:34:9
[INFO] [stdout]    8:     0x55b0a13dd80f - std::panicking::default_hook::{{closure}}::hbe471161c7664ed6
[INFO] [stdout]                                at /rustc/84c898d65adf2f39a5a98507f1fe0ce10a2b8dbc/library/std/src/panicking.rs:271:22
[INFO] [stdout]    9:     0x55b0a13dd4cf - std::panicking::default_hook::ha3500da57aa4ac4f
[INFO] [stdout]                                at /rustc/84c898d65adf2f39a5a98507f1fe0ce10a2b8dbc/library/std/src/panicking.rs:287:9
[INFO] [stdout]   10:     0x55b0a1395c07 - <alloc::boxed::Box<F,A> as core::ops::function::Fn<Args>>::call::hdf1b89dd137ece34
[INFO] [stdout]                                at /rustc/84c898d65adf2f39a5a98507f1fe0ce10a2b8dbc/library/alloc/src/boxed.rs:2001:9
[INFO] [stdout]   11:     0x55b0a1395c07 - test::test_main::{{closure}}::h9081a79f20e75698
[INFO] [stdout]                                at /rustc/84c898d65adf2f39a5a98507f1fe0ce10a2b8dbc/library/test/src/lib.rs:135:21
[INFO] [stdout]   12:     0x55b0a13ddf3d - <alloc::boxed::Box<F,A> as core::ops::function::Fn<Args>>::call::h6507bddc3eebb4a5
[INFO] [stdout]                                at /rustc/84c898d65adf2f39a5a98507f1fe0ce10a2b8dbc/library/alloc/src/boxed.rs:2001:9
[INFO] [stdout]   13:     0x55b0a13ddf3d - std::panicking::rust_panic_with_hook::h50c09d000dc561d2
[INFO] [stdout]                                at /rustc/84c898d65adf2f39a5a98507f1fe0ce10a2b8dbc/library/std/src/panicking.rs:696:13
[INFO] [stdout]   14:     0x55b0a13ddcb9 - std::panicking::begin_panic_handler::{{closure}}::h9e2b2176e00e0d9c
[INFO] [stdout]                                at /rustc/84c898d65adf2f39a5a98507f1fe0ce10a2b8dbc/library/std/src/panicking.rs:583:13
[INFO] [stdout]   15:     0x55b0a13dc0e6 - std::sys_common::backtrace::__rust_end_short_backtrace::h5739b8e512c09d02
[INFO] [stdout]                                at /rustc/84c898d65adf2f39a5a98507f1fe0ce10a2b8dbc/library/std/src/sys_common/backtrace.rs:150:18
[INFO] [stdout]   16:     0x55b0a13dd9c2 - rust_begin_unwind
[INFO] [stdout]                                at /rustc/84c898d65adf2f39a5a98507f1fe0ce10a2b8dbc/library/std/src/panicking.rs:579:5
[INFO] [stdout]   17:     0x55b0a1365b83 - core::panicking::panic_fmt::hf33a1475b4dc5c3e
[INFO] [stdout]                                at /rustc/84c898d65adf2f39a5a98507f1fe0ce10a2b8dbc/library/core/src/panicking.rs:64:14
[INFO] [stdout]   18:     0x55b0a1365fd3 - core::result::unwrap_failed::hdff5465d74574b44
[INFO] [stdout]                                at /rustc/84c898d65adf2f39a5a98507f1fe0ce10a2b8dbc/library/core/src/result.rs:1750:5
[INFO] [stdout]   19:     0x55b0a139f9c9 - core::result::Result<T,E>::expect::he83540797710cd77
[INFO] [stdout]                                at /rustc/84c898d65adf2f39a5a98507f1fe0ce10a2b8dbc/library/core/src/result.rs:1047:23
[INFO] [stdout]   20:     0x55b0a139f787 - grjoni_gps::gps::Gps::new::h703a9e341cc3870b
[INFO] [stdout]                                at /opt/rustwide/workdir/src/gps.rs:54:21
[INFO] [stdout]   21:     0x55b0a136676c - integration_test::test_serial_baudrate::hde34e349452fd9d2
[INFO] [stdout]                                at /opt/rustwide/workdir/tests/integration_test.rs:7:13
[INFO] [stdout]   22:     0x55b0a1366737 - integration_test::test_serial_baudrate::{{closure}}::hc38206d756c7625f
[INFO] [stdout]                                at /opt/rustwide/workdir/tests/integration_test.rs:5:27
[INFO] [stdout]   23:     0x55b0a1366675 - core::ops::function::FnOnce::call_once::h7e5599ef6b8ca17f
[INFO] [stdout]                                at /rustc/84c898d65adf2f39a5a98507f1fe0ce10a2b8dbc/library/core/src/ops/function.rs:250:5
[INFO] [stdout]   24:     0x55b0a139afef - core::ops::function::FnOnce::call_once::h7d969581be7d0075
[INFO] [stdout]                                at /rustc/84c898d65adf2f39a5a98507f1fe0ce10a2b8dbc/library/core/src/ops/function.rs:250:5
[INFO] [stdout]   25:     0x55b0a139afef - test::__rust_begin_short_backtrace::hca25a52684e56655
[INFO] [stdout]                                at /rustc/84c898d65adf2f39a5a98507f1fe0ce10a2b8dbc/library/test/src/lib.rs:656:18
[INFO] [stdout]   26:     0x55b0a136c60c - test::run_test::{{closure}}::ha8ac744c4af1a4bb
[INFO] [stdout]                                at /rustc/84c898d65adf2f39a5a98507f1fe0ce10a2b8dbc/library/test/src/lib.rs:647:30
[INFO] [stdout]   27:     0x55b0a136c60c - core::ops::function::FnOnce::call_once{{vtable.shim}}::h7b411a9ed45bdecf
[INFO] [stdout]                                at /rustc/84c898d65adf2f39a5a98507f1fe0ce10a2b8dbc/library/core/src/ops/function.rs:250:5
[INFO] [stdout]   28:     0x55b0a1399fb6 - <alloc::boxed::Box<F,A> as core::ops::function::FnOnce<Args>>::call_once::hd05328869a8ed200
[INFO] [stdout]                                at /rustc/84c898d65adf2f39a5a98507f1fe0ce10a2b8dbc/library/alloc/src/boxed.rs:1987:9
[INFO] [stdout]   29:     0x55b0a1399fb6 - <core::panic::unwind_safe::AssertUnwindSafe<F> as core::ops::function::FnOnce<()>>::call_once::h0c601ce20bd5b2be
[INFO] [stdout]                                at /rustc/84c898d65adf2f39a5a98507f1fe0ce10a2b8dbc/library/core/src/panic/unwind_safe.rs:271:9
[INFO] [stdout]   30:     0x55b0a1399fb6 - std::panicking::try::do_call::ha4be5c164fe30854
[INFO] [stdout]                                at /rustc/84c898d65adf2f39a5a98507f1fe0ce10a2b8dbc/library/std/src/panicking.rs:487:40
[INFO] [stdout]   31:     0x55b0a1399fb6 - std::panicking::try::h604546f3609af05f
[INFO] [stdout]                                at /rustc/84c898d65adf2f39a5a98507f1fe0ce10a2b8dbc/library/std/src/panicking.rs:451:19
[INFO] [stdout]   32:     0x55b0a1399fb6 - std::panic::catch_unwind::h5bfa8afe44c9c2f9
[INFO] [stdout]                                at /rustc/84c898d65adf2f39a5a98507f1fe0ce10a2b8dbc/library/std/src/panic.rs:140:14
[INFO] [stdout]   33:     0x55b0a1399fb6 - test::run_test_in_process::hd50dee55dd63e6aa
[INFO] [stdout]                                at /rustc/84c898d65adf2f39a5a98507f1fe0ce10a2b8dbc/library/test/src/lib.rs:679:27
[INFO] [stdout]   34:     0x55b0a1399fb6 - test::run_test::run_test_inner::{{closure}}::h4aa0f433aa85cea8
[INFO] [stdout]                                at /rustc/84c898d65adf2f39a5a98507f1fe0ce10a2b8dbc/library/test/src/lib.rs:573:39
[INFO] [stdout]   35:     0x55b0a1366c81 - test::run_test::run_test_inner::{{closure}}::had56431adf24b4d6
[INFO] [stdout]                                at /rustc/84c898d65adf2f39a5a98507f1fe0ce10a2b8dbc/library/test/src/lib.rs:600:37
[INFO] [stdout]   36:     0x55b0a1366c81 - std::sys_common::backtrace::__rust_begin_short_backtrace::ha8d9890e0c73bf13
[INFO] [stdout]                                at /rustc/84c898d65adf2f39a5a98507f1fe0ce10a2b8dbc/library/std/src/sys_common/backtrace.rs:134:18
[INFO] [stdout]   37:     0x55b0a136c69b - std::thread::Builder::spawn_unchecked_::{{closure}}::{{closure}}::h251832bcb4a95327
[INFO] [stdout]                                at /rustc/84c898d65adf2f39a5a98507f1fe0ce10a2b8dbc/library/std/src/thread/mod.rs:560:17
[INFO] [stdout]   38:     0x55b0a136c69b - <core::panic::unwind_safe::AssertUnwindSafe<F> as core::ops::function::FnOnce<()>>::call_once::h8fdff598fa414831
[INFO] [stdout]                                at /rustc/84c898d65adf2f39a5a98507f1fe0ce10a2b8dbc/library/core/src/panic/unwind_safe.rs:271:9
[INFO] [stdout]   39:     0x55b0a136c69b - std::panicking::try::do_call::h455dd2f7764a950f
[INFO] [stdout]                                at /rustc/84c898d65adf2f39a5a98507f1fe0ce10a2b8dbc/library/std/src/panicking.rs:487:40
[INFO] [stdout]   40:     0x55b0a136c69b - std::panicking::try::had6f23b7b73ae72a
[INFO] [stdout]                                at /rustc/84c898d65adf2f39a5a98507f1fe0ce10a2b8dbc/library/std/src/panicking.rs:451:19
[INFO] [stdout]   41:     0x55b0a136c69b - std::panic::catch_unwind::ha6a5ca3915b4dad0
[INFO] [stdout]                                at /rustc/84c898d65adf2f39a5a98507f1fe0ce10a2b8dbc/library/std/src/panic.rs:140:14
[INFO] [stdout]   42:     0x55b0a136c69b - std::thread::Builder::spawn_unchecked_::{{closure}}::h883b72ef75da6231
[INFO] [stdout]                                at /rustc/84c898d65adf2f39a5a98507f1fe0ce10a2b8dbc/library/std/src/thread/mod.rs:559:30
[INFO] [stdout]   43:     0x55b0a136c69b - core::ops::function::FnOnce::call_once{{vtable.shim}}::hb7dff73dc8bd2ccb
[INFO] [stdout]                                at /rustc/84c898d65adf2f39a5a98507f1fe0ce10a2b8dbc/library/core/src/ops/function.rs:250:5
[INFO] [stdout]   44:     0x55b0a13e22d3 - <alloc::boxed::Box<F,A> as core::ops::function::FnOnce<Args>>::call_once::h39990b24eedef2ab
[INFO] [stdout]                                at /rustc/84c898d65adf2f39a5a98507f1fe0ce10a2b8dbc/library/alloc/src/boxed.rs:1987:9
[INFO] [stdout]   45:     0x55b0a13e22d3 - <alloc::boxed::Box<F,A> as core::ops::function::FnOnce<Args>>::call_once::h01a027258444143b
[INFO] [stdout]                                at /rustc/84c898d65adf2f39a5a98507f1fe0ce10a2b8dbc/library/alloc/src/boxed.rs:1987:9
[INFO] [stdout]   46:     0x55b0a13e22d3 - std::sys::unix::thread::Thread::new::thread_start::ha4f1cdd9c25884ba
[INFO] [stdout]                                at /rustc/84c898d65adf2f39a5a98507f1fe0ce10a2b8dbc/library/std/src/sys/unix/thread.rs:108:17
[INFO] [stdout]   47:     0x7f06cd6e2b43 - <unknown>
[INFO] [stdout]   48:     0x7f06cd773bb4 - __clone
[INFO] [stdout]   49:                0x0 - <unknown>
[INFO] [stdout] 
[INFO] [stdout] 
[INFO] [stdout] failures:
[INFO] [stdout]     test_serial_baudrate
[INFO] [stdout] 
[INFO] [stdout] test result: FAILED. 0 passed; 1 failed; 0 ignored; 0 measured; 0 filtered out; finished in 0.01s
[INFO] [stdout] 
[INFO] [stderr] error: test failed, to rerun pass `--test integration_test`
[INFO] running `Command { std: "docker" "inspect" "867d397519e5925aa0c7f45ebd41efb4870cc7a769d94a4d76f1b0535d3502ca", kill_on_drop: false }`
[INFO] running `Command { std: "docker" "rm" "-f" "867d397519e5925aa0c7f45ebd41efb4870cc7a769d94a4d76f1b0535d3502ca", kill_on_drop: false }`
[INFO] [stdout] 867d397519e5925aa0c7f45ebd41efb4870cc7a769d94a4d76f1b0535d3502ca
