[INFO] fetching crate grib-cli 0.7.1...
[INFO] testing grib-cli-0.7.1 against 1.69.0 for beta-1.70-1
[INFO] extracting crate grib-cli 0.7.1 into /workspace/builds/worker-0-tc1/source
[INFO] validating manifest of crates.io crate grib-cli 0.7.1 on toolchain 1.69.0
[INFO] running `Command { std: CARGO_HOME="/workspace/cargo-home" RUSTUP_HOME="/workspace/rustup-home" "/workspace/cargo-home/bin/cargo" "+1.69.0" "metadata" "--manifest-path" "Cargo.toml" "--no-deps", kill_on_drop: false }`
[INFO] started tweaking crates.io crate grib-cli 0.7.1
[INFO] finished tweaking crates.io crate grib-cli 0.7.1
[INFO] tweaked toml for crates.io crate grib-cli 0.7.1 written to /workspace/builds/worker-0-tc1/source/Cargo.toml
[INFO] crate crates.io crate grib-cli 0.7.1 already has a lockfile, it will not be regenerated
[INFO] running `Command { std: CARGO_HOME="/workspace/cargo-home" RUSTUP_HOME="/workspace/rustup-home" "/workspace/cargo-home/bin/cargo" "+1.69.0" "fetch" "--manifest-path" "Cargo.toml", kill_on_drop: false }`
[INFO] [stderr]     Blocking waiting for file lock on package cache
[INFO] [stderr]  Downloading crates ...
[INFO] [stderr]   Downloaded pager v0.16.0
[INFO] [stderr]   Downloaded predicates v2.1.0
[INFO] [stderr]   Downloaded clap_complete v4.1.1
[INFO] [stderr]   Downloaded assert_cmd v2.0.2
[INFO] [stderr]   Downloaded which v4.0.2
[INFO] [stderr]   Downloaded grib v0.7.1
[INFO] running `Command { std: "docker" "create" "-v" "/var/lib/crater-agent-workspace/builds/worker-0-tc1/target:/opt/rustwide/target:rw,Z" "-v" "/var/lib/crater-agent-workspace/builds/worker-0-tc1/source:/opt/rustwide/workdir:ro,Z" "-v" "/var/lib/crater-agent-workspace/cargo-home:/opt/rustwide/cargo-home:ro,Z" "-v" "/var/lib/crater-agent-workspace/rustup-home:/opt/rustwide/rustup-home:ro,Z" "-e" "SOURCE_DIR=/opt/rustwide/workdir" "-e" "CARGO_TARGET_DIR=/opt/rustwide/target" "-e" "CARGO_HOME=/opt/rustwide/cargo-home" "-e" "RUSTUP_HOME=/opt/rustwide/rustup-home" "-w" "/opt/rustwide/workdir" "-m" "1610612736" "--user" "0:0" "--network" "none" "ghcr.io/rust-lang/crates-build-env/linux@sha256:5ff2268d62e97bff2cde7d5815dd6ed5b47097566f13b8d0ca110b04b60e07ed" "/opt/rustwide/cargo-home/bin/cargo" "+1.69.0" "metadata" "--no-deps" "--format-version=1", kill_on_drop: false }`
[INFO] [stdout] 93b0e8d2bf9f069fc005b63ec21fcee3a50803fb66c408dc5d71bb8855ba1410
[INFO] running `Command { std: "docker" "start" "-a" "93b0e8d2bf9f069fc005b63ec21fcee3a50803fb66c408dc5d71bb8855ba1410", kill_on_drop: false }`
[INFO] running `Command { std: "docker" "inspect" "93b0e8d2bf9f069fc005b63ec21fcee3a50803fb66c408dc5d71bb8855ba1410", kill_on_drop: false }`
[INFO] running `Command { std: "docker" "rm" "-f" "93b0e8d2bf9f069fc005b63ec21fcee3a50803fb66c408dc5d71bb8855ba1410", kill_on_drop: false }`
[INFO] [stdout] 93b0e8d2bf9f069fc005b63ec21fcee3a50803fb66c408dc5d71bb8855ba1410
[INFO] running `Command { std: "docker" "create" "-v" "/var/lib/crater-agent-workspace/builds/worker-0-tc1/target:/opt/rustwide/target:rw,Z" "-v" "/var/lib/crater-agent-workspace/builds/worker-0-tc1/source:/opt/rustwide/workdir:ro,Z" "-v" "/var/lib/crater-agent-workspace/cargo-home:/opt/rustwide/cargo-home:ro,Z" "-v" "/var/lib/crater-agent-workspace/rustup-home:/opt/rustwide/rustup-home:ro,Z" "-e" "SOURCE_DIR=/opt/rustwide/workdir" "-e" "CARGO_TARGET_DIR=/opt/rustwide/target" "-e" "CARGO_INCREMENTAL=0" "-e" "RUST_BACKTRACE=full" "-e" "RUSTFLAGS=--cap-lints=warn" "-e" "RUSTDOCFLAGS=--cap-lints=warn" "-e" "CARGO_HOME=/opt/rustwide/cargo-home" "-e" "RUSTUP_HOME=/opt/rustwide/rustup-home" "-w" "/opt/rustwide/workdir" "-m" "1610612736" "--user" "0:0" "--network" "none" "ghcr.io/rust-lang/crates-build-env/linux@sha256:5ff2268d62e97bff2cde7d5815dd6ed5b47097566f13b8d0ca110b04b60e07ed" "/opt/rustwide/cargo-home/bin/cargo" "+1.69.0" "build" "--frozen" "--message-format=json", kill_on_drop: false }`
[INFO] [stdout] 1f98bb5219280961cd95254ccce12081c8d22925e5d4455e8c418d8dae0b3b83
[INFO] running `Command { std: "docker" "start" "-a" "1f98bb5219280961cd95254ccce12081c8d22925e5d4455e8c418d8dae0b3b83", kill_on_drop: false }`
[INFO] [stderr]    Compiling proc-macro2 v1.0.56
[INFO] [stderr]    Compiling unicode-ident v1.0.8
[INFO] [stderr]    Compiling autocfg v1.0.0
[INFO] [stderr]    Compiling quote v1.0.26
[INFO] [stderr]    Compiling syn v1.0.67
[INFO] [stderr]    Compiling libc v0.2.137
[INFO] [stderr]    Compiling unicode-xid v0.2.1
[INFO] [stderr]    Compiling serde_derive v1.0.121
[INFO] [stderr]    Compiling serde v1.0.121
[INFO] [stderr]    Compiling memchr v2.4.1
[INFO] [stderr]    Compiling bitflags v1.2.1
[INFO] [stderr]    Compiling ryu v1.0.5
[INFO] [stderr]    Compiling byteorder v1.4.3
[INFO] [stderr]    Compiling io-lifetimes v1.0.4
[INFO] [stderr]    Compiling lazy_static v1.4.0
[INFO] [stderr]    Compiling itoa v0.4.7
[INFO] [stderr]    Compiling cc v1.0.72
[INFO] [stderr]    Compiling rustix v0.36.7
[INFO] [stderr]    Compiling regex-automata v0.1.9
[INFO] [stderr]    Compiling linux-raw-sys v0.1.4
[INFO] [stderr]    Compiling num-traits v0.2.14
[INFO] [stderr]    Compiling num-integer v0.1.44
[INFO] [stderr]    Compiling num-bigint v0.4.3
[INFO] [stderr]    Compiling num-rational v0.4.0
[INFO] [stderr]    Compiling num-iter v0.1.42
[INFO] [stderr]    Compiling simd-adler32 v0.3.5
[INFO] [stderr]    Compiling os_str_bytes v6.0.0
[INFO] [stderr]    Compiling termcolor v1.1.2
[INFO] [stderr]    Compiling anyhow v1.0.66
[INFO] [stderr]    Compiling unicode-width v0.1.7
[INFO] [stderr]    Compiling clap_lex v0.3.0
[INFO] [stderr]    Compiling fdeflate v0.3.0
[INFO] [stderr]    Compiling miniz_oxide v0.7.1
[INFO] [stderr]    Compiling once_cell v1.13.0
[INFO] [stderr]    Compiling csv-core v0.1.10
[INFO] [stderr]    Compiling syn v2.0.15
[INFO] [stderr]    Compiling aho-corasick v0.7.18
[INFO] [stderr]    Compiling openjpeg-sys v1.0.5
[INFO] [stderr]    Compiling png v0.17.8
[INFO] [stderr]    Compiling num-complex v0.4.0
[INFO] [stderr]    Compiling time v0.1.43
[INFO] [stderr]    Compiling errno v0.2.8
[INFO] [stderr]    Compiling terminal_size v0.1.17
[INFO] [stderr]    Compiling pager v0.16.0
[INFO] [stderr]    Compiling regex v1.7.0
[INFO] [stderr]    Compiling chrono v0.4.23
[INFO] [stderr]    Compiling console v0.15.0
[INFO] [stderr]    Compiling is-terminal v0.4.2
[INFO] [stderr]    Compiling clap v4.1.4
[INFO] [stderr]    Compiling thiserror-impl v1.0.30
[INFO] [stderr]    Compiling num v0.4.0
[INFO] [stderr]    Compiling thiserror v1.0.30
[INFO] [stderr]    Compiling which v4.0.2
[INFO] [stderr]    Compiling clap_complete v4.1.1
[INFO] [stderr]    Compiling bstr v0.2.15
[INFO] [stderr]    Compiling toml v0.5.8
[INFO] [stderr]    Compiling csv v1.1.6
[INFO] [stderr]    Compiling proc-macro-crate v1.1.0
[INFO] [stderr]    Compiling grib-build v0.4.2
[INFO] [stderr]    Compiling num_enum_derive v0.6.1
[INFO] [stderr]    Compiling grib v0.7.1
[INFO] [stderr]    Compiling num_enum v0.6.1
[INFO] [stderr]    Compiling grib-cli v0.7.1 (/opt/rustwide/workdir)
[INFO] [stderr]     Finished dev [unoptimized + debuginfo] target(s) in 14.71s
[INFO] running `Command { std: "docker" "inspect" "1f98bb5219280961cd95254ccce12081c8d22925e5d4455e8c418d8dae0b3b83", kill_on_drop: false }`
[INFO] running `Command { std: "docker" "rm" "-f" "1f98bb5219280961cd95254ccce12081c8d22925e5d4455e8c418d8dae0b3b83", kill_on_drop: false }`
[INFO] [stdout] 1f98bb5219280961cd95254ccce12081c8d22925e5d4455e8c418d8dae0b3b83
[INFO] running `Command { std: "docker" "create" "-v" "/var/lib/crater-agent-workspace/builds/worker-0-tc1/target:/opt/rustwide/target:rw,Z" "-v" "/var/lib/crater-agent-workspace/builds/worker-0-tc1/source:/opt/rustwide/workdir:ro,Z" "-v" "/var/lib/crater-agent-workspace/cargo-home:/opt/rustwide/cargo-home:ro,Z" "-v" "/var/lib/crater-agent-workspace/rustup-home:/opt/rustwide/rustup-home:ro,Z" "-e" "SOURCE_DIR=/opt/rustwide/workdir" "-e" "CARGO_TARGET_DIR=/opt/rustwide/target" "-e" "CARGO_INCREMENTAL=0" "-e" "RUST_BACKTRACE=full" "-e" "RUSTFLAGS=--cap-lints=warn" "-e" "RUSTDOCFLAGS=--cap-lints=warn" "-e" "CARGO_HOME=/opt/rustwide/cargo-home" "-e" "RUSTUP_HOME=/opt/rustwide/rustup-home" "-w" "/opt/rustwide/workdir" "-m" "1610612736" "--user" "0:0" "--network" "none" "ghcr.io/rust-lang/crates-build-env/linux@sha256:5ff2268d62e97bff2cde7d5815dd6ed5b47097566f13b8d0ca110b04b60e07ed" "/opt/rustwide/cargo-home/bin/cargo" "+1.69.0" "test" "--frozen" "--no-run" "--message-format=json", kill_on_drop: false }`
[INFO] [stdout] f227dbfe9662e51bc8b9bc9c69ca66895207d246fee154765b5b037e6b48f348
[INFO] running `Command { std: "docker" "start" "-a" "f227dbfe9662e51bc8b9bc9c69ca66895207d246fee154765b5b037e6b48f348", kill_on_drop: false }`
[INFO] [stderr]    Compiling byteorder v1.4.3
[INFO] [stderr]    Compiling memchr v2.4.1
[INFO] [stderr]    Compiling getrandom v0.1.14
[INFO] [stderr]    Compiling either v1.6.1
[INFO] [stderr]    Compiling pkg-config v0.3.17
[INFO] [stderr]    Compiling predicates-core v1.0.0
[INFO] [stderr]    Compiling doc-comment v0.3.3
[INFO] [stderr]    Compiling difflib v0.4.0
[INFO] [stderr]    Compiling ppv-lite86 v0.2.8
[INFO] [stderr]    Compiling treeline v0.1.0
[INFO] [stderr]    Compiling float-cmp v0.9.0
[INFO] [stderr]    Compiling wait-timeout v0.2.0
[INFO] [stderr]    Compiling remove_dir_all v0.5.2
[INFO] [stderr]    Compiling normalize-line-endings v0.3.0
[INFO] [stderr]    Compiling anstyle v1.0.0
[INFO] [stderr]    Compiling itertools v0.10.3
[INFO] [stderr]    Compiling predicates-tree v1.0.0
[INFO] [stderr]    Compiling regex-automata v0.1.9
[INFO] [stderr]    Compiling lzma-sys v0.1.16
[INFO] [stderr]    Compiling bstr v0.2.15
[INFO] [stderr]    Compiling rand_core v0.5.1
[INFO] [stderr]    Compiling rand_chacha v0.2.2
[INFO] [stderr]    Compiling aho-corasick v0.7.18
[INFO] [stderr]    Compiling rand v0.7.3
[INFO] [stderr]    Compiling xz2 v0.1.6
[INFO] [stderr]    Compiling csv v1.1.6
[INFO] [stderr]    Compiling regex v1.7.0
[INFO] [stderr]    Compiling grib-build v0.4.2
[INFO] [stderr]    Compiling predicates v2.1.0
[INFO] [stderr]    Compiling tempfile v3.1.0
[INFO] [stderr]    Compiling grib v0.7.1
[INFO] [stderr]    Compiling assert_cmd v2.0.2
[INFO] [stderr]    Compiling console v0.15.0
[INFO] [stderr]    Compiling predicates v3.0.3
[INFO] [stderr]    Compiling grib-cli v0.7.1 (/opt/rustwide/workdir)
[INFO] [stderr]     Finished test [unoptimized + debuginfo] target(s) in 8.56s
[INFO] running `Command { std: "docker" "inspect" "f227dbfe9662e51bc8b9bc9c69ca66895207d246fee154765b5b037e6b48f348", kill_on_drop: false }`
[INFO] running `Command { std: "docker" "rm" "-f" "f227dbfe9662e51bc8b9bc9c69ca66895207d246fee154765b5b037e6b48f348", kill_on_drop: false }`
[INFO] [stdout] f227dbfe9662e51bc8b9bc9c69ca66895207d246fee154765b5b037e6b48f348
[INFO] running `Command { std: "docker" "create" "-v" "/var/lib/crater-agent-workspace/builds/worker-0-tc1/target:/opt/rustwide/target:rw,Z" "-v" "/var/lib/crater-agent-workspace/builds/worker-0-tc1/source:/opt/rustwide/workdir:ro,Z" "-v" "/var/lib/crater-agent-workspace/cargo-home:/opt/rustwide/cargo-home:ro,Z" "-v" "/var/lib/crater-agent-workspace/rustup-home:/opt/rustwide/rustup-home:ro,Z" "-e" "SOURCE_DIR=/opt/rustwide/workdir" "-e" "CARGO_TARGET_DIR=/opt/rustwide/target" "-e" "CARGO_INCREMENTAL=0" "-e" "RUST_BACKTRACE=full" "-e" "RUSTFLAGS=--cap-lints=warn" "-e" "RUSTDOCFLAGS=--cap-lints=warn" "-e" "CARGO_HOME=/opt/rustwide/cargo-home" "-e" "RUSTUP_HOME=/opt/rustwide/rustup-home" "-w" "/opt/rustwide/workdir" "-m" "1610612736" "--user" "0:0" "--network" "none" "ghcr.io/rust-lang/crates-build-env/linux@sha256:5ff2268d62e97bff2cde7d5815dd6ed5b47097566f13b8d0ca110b04b60e07ed" "/opt/rustwide/cargo-home/bin/cargo" "+1.69.0" "test" "--frozen", kill_on_drop: false }`
[INFO] [stdout] 9362655f4c59888b9ffb6b44499a7842b4294f613aeb5245a65a7c69d5e7f988
[INFO] running `Command { std: "docker" "start" "-a" "9362655f4c59888b9ffb6b44499a7842b4294f613aeb5245a65a7c69d5e7f988", kill_on_drop: false }`
[INFO] [stderr]     Finished test [unoptimized + debuginfo] target(s) in 0.11s
[INFO] [stderr]      Running unittests src/main.rs (/opt/rustwide/target/debug/deps/gribber-6b4a07c7201583cd)
[INFO] [stdout] 
[INFO] [stdout] running 6 tests
[INFO] [stdout] test cli::tests::message_index_parsing_failure_due_to_garbase_after_index ... ok
[INFO] [stdout] test cli::tests::message_index_parsing_failure_due_to_non_digit_message_index ... ok
[INFO] [stderr]      Running tests/cli/main.rs (/opt/rustwide/target/debug/deps/cli-45fd5c6c970457db)
[INFO] [stdout] test cli::tests::successful_parsing_message_index ... ok
[INFO] [stdout] test cli::tests::message_index_parsing_failure_due_to_non_digit_submessage_index ... ok
[INFO] [stdout] test cli::tests::message_index_parsing_failure_due_to_garbase_before_index ... ok
[INFO] [stdout] test cli::tests::message_index_parsing_failure_due_to_wrong_separator ... ok
[INFO] [stdout] 
[INFO] [stdout] test result: ok. 6 passed; 0 failed; 0 ignored; 0 measured; 0 filtered out; finished in 0.01s
[INFO] [stdout] 
[INFO] [stdout] 
[INFO] [stdout] running 58 tests
[INFO] [stdout] test commands::common::info_with_too_small_file ... ok
[INFO] [stdout] test commands::common::decode_with_empty_file ... ok
[INFO] [stdout] test commands::common::info_with_non_grib ... ok
[INFO] [stdout] test commands::common::info_with_empty_file ... ok
[INFO] [stdout] test commands::common::decode_without_args ... ok
[INFO] [stdout] test commands::common::inspect_with_empty_file ... ok
[INFO] [stdout] test commands::common::decode_with_nonexisting_file ... ok
[INFO] [stdout] test commands::common::info_without_args ... ok
[INFO] [stdout] test commands::common::info_with_nonexisting_file ... ok
[INFO] [stdout] test commands::decode::decoding_complex_packing_with_3_byte_spatial_differencing_extra_descriptors_starting_from_0x80 ... FAILED
[INFO] [stdout] test commands::decode::decoding_complex_packing ... FAILED
[INFO] [stdout] test commands::decode::decoding_complex_packing_where_nbit_is_zero ... FAILED
[INFO] [stdout] test commands::decode::decoding_complex_packing_with_num_descriptor_octet_being_2_as_little_endian ... FAILED
[INFO] [stdout] test commands::decode::decoding_complex_packing_with_zero_width_groups_as_little_endian ... FAILED
[INFO] [stdout] test commands::common::inspect_with_non_grib ... ok
[INFO] [stdout] test commands::common::list_with_non_grib ... ok
[INFO] [stdout] test commands::common::list_with_too_small_file ... ok
[INFO] [stdout] test commands::common::list_without_args ... ok
[INFO] [stdout] test commands::common::inspect_with_too_small_file ... ok
[INFO] [stdout] test commands::decode::decoding_data_whose_grid_points_cannot_be_exported_as_latlons ... FAILED
[INFO] [stdout] test commands::decode::decoding_jpeg2000_code_stream_as_little_endian ... FAILED
[INFO] [stdout] test commands::common::decode_with_too_small_file ... ok
[INFO] [stdout] test commands::decode::decoding_run_length_encoding ... FAILED
[INFO] [stdout] test commands::common::inspect_without_args ... ok
[INFO] [stdout] test commands::common::list_with_nonexisting_file ... ok
[INFO] [stdout] test commands::decode::decoding_simple_packing_as_little_endian ... FAILED
[INFO] [stdout] test commands::decode::decoding_run_length_packing_as_little_endian ... FAILED
[INFO] [stdout] test commands::decode::decoding_simple_packing ... FAILED
[INFO] [stdout] test commands::decode::decoding_simple_packing_with_bitmap_as_little_endian ... FAILED
[INFO] [stdout] test commands::decode::decoding_multi_message_data ... FAILED
[INFO] [stdout] test commands::decode::decoding_png_packing_as_little_endian ... FAILED
[INFO] [stdout] test commands::decode::trial_to_decode_submessage_with_nonexisting_submessage_index ... FAILED
[INFO] [stdout] test commands::decode::trial_to_decode_submessage_with_nonexisting_message_index ... FAILED
[INFO] [stdout] test commands::inspect::display_multiple_submessages_without_options ... FAILED
[INFO] [stdout] test commands::decode::trial_to_decode_submessage_with_nonexisting_submessage_index_for_multi_message_data ... FAILED
[INFO] [stdout] test commands::inspect::display_with_all_options ... FAILED
[INFO] [stdout] test commands::info::display_of_multi_message_data ... FAILED
[INFO] [stdout] test commands::decode::decoding_run_length_packing_as_big_endian ... FAILED
[INFO] [stdout] test commands::inspect::display_multiple_messages_without_options ... FAILED
[INFO] [stdout] test commands::decode::decoding_simple_packing_as_big_endian ... FAILED
[INFO] [stdout] test commands::decode::decoding_complex_packing_with_num_descriptor_octet_being_1_as_little_endian ... FAILED
[INFO] [stdout] test commands::decode::trial_to_decode_submessage_with_nonexisting_message_index_for_multi_message_data ... FAILED
[INFO] [stdout] test commands::info::display_of_single_message_data ... FAILED
[INFO] [stdout] test commands::decode::decoding_complex_packing_with_num_descriptor_octet_being_3_as_little_endian ... FAILED
[INFO] [stdout] test commands::list::displaying_grib2_with_multiple_submessages_without_nan_values ... FAILED
[INFO] [stdout] test commands::list::displaying_grib2_with_multiple_submessages_with_nan_values ... FAILED
[INFO] [stdout] test commands::common::decode_with_non_grib ... ok
[INFO] [stdout] test help ... ok
[INFO] [stdout] test commands::list::displaying_grib2_with_multiple_submessages_with_opt_d ... FAILED
[INFO] [stdout] test commands::inspect::display_with_opt_s ... FAILED
[INFO] [stdout] test commands::inspect::display_with_opt_t ... FAILED
[INFO] [stdout] test commands::common::inspect_with_nonexisting_file ... ok
[INFO] [stdout] test commands::common::list_with_empty_file ... ok
[INFO] [stdout] test commands::list::displaying_grib2_with_multiple_messages_with_opt_d ... FAILED
[INFO] [stdout] test no_such_subcommand ... ok
[INFO] [stdout] test commands::inspect::display_with_opt_m ... FAILED
[INFO] [stdout] test commands::list::displaying_grib2_with_multiple_messages ... FAILED
[INFO] [stdout] test no_subcommand_specified ... ok
[INFO] [stdout] 
[INFO] [stdout] failures:
[INFO] [stdout] 
[INFO] [stdout] ---- commands::decode::decoding_complex_packing_with_3_byte_spatial_differencing_extra_descriptors_starting_from_0x80 stdout ----
[INFO] [stdout] Error: Os { code: 2, kind: NotFound, message: "No such file or directory" }
[INFO] [stdout] 
[INFO] [stdout] ---- commands::decode::decoding_complex_packing stdout ----
[INFO] [stdout] Error: Os { code: 2, kind: NotFound, message: "No such file or directory" }
[INFO] [stdout] 
[INFO] [stdout] ---- commands::decode::decoding_complex_packing_where_nbit_is_zero stdout ----
[INFO] [stdout] Error: Os { code: 2, kind: NotFound, message: "No such file or directory" }
[INFO] [stdout] 
[INFO] [stdout] ---- commands::decode::decoding_complex_packing_with_num_descriptor_octet_being_2_as_little_endian stdout ----
[INFO] [stdout] Error: Os { code: 2, kind: NotFound, message: "No such file or directory" }
[INFO] [stdout] 
[INFO] [stdout] ---- commands::decode::decoding_complex_packing_with_zero_width_groups_as_little_endian stdout ----
[INFO] [stdout] Error: Os { code: 2, kind: NotFound, message: "No such file or directory" }
[INFO] [stdout] 
[INFO] [stdout] ---- commands::decode::decoding_data_whose_grid_points_cannot_be_exported_as_latlons stdout ----
[INFO] [stdout] Error: Os { code: 2, kind: NotFound, message: "No such file or directory" }
[INFO] [stdout] 
[INFO] [stdout] ---- commands::decode::decoding_jpeg2000_code_stream_as_little_endian stdout ----
[INFO] [stdout] Error: Os { code: 2, kind: NotFound, message: "No such file or directory" }
[INFO] [stdout] 
[INFO] [stdout] ---- commands::decode::decoding_run_length_encoding stdout ----
[INFO] [stdout] Error: Os { code: 2, kind: NotFound, message: "No such file or directory" }
[INFO] [stdout] 
[INFO] [stdout] ---- commands::decode::decoding_simple_packing_as_little_endian stdout ----
[INFO] [stdout] Error: Os { code: 2, kind: NotFound, message: "No such file or directory" }
[INFO] [stdout] 
[INFO] [stdout] ---- commands::decode::decoding_run_length_packing_as_little_endian stdout ----
[INFO] [stdout] Error: Os { code: 2, kind: NotFound, message: "No such file or directory" }
[INFO] [stdout] 
[INFO] [stdout] ---- commands::decode::decoding_simple_packing stdout ----
[INFO] [stdout] Error: Os { code: 2, kind: NotFound, message: "No such file or directory" }
[INFO] [stdout] 
[INFO] [stdout] ---- commands::decode::decoding_simple_packing_with_bitmap_as_little_endian stdout ----
[INFO] [stderr] error: test failed, to rerun pass `--test cli`
[INFO] [stdout] Error: Os { code: 2, kind: NotFound, message: "No such file or directory" }
[INFO] [stdout] 
[INFO] [stdout] ---- commands::decode::decoding_multi_message_data stdout ----
[INFO] [stdout] Error: Os { code: 2, kind: NotFound, message: "No such file or directory" }
[INFO] [stdout] 
[INFO] [stdout] ---- commands::decode::decoding_png_packing_as_little_endian stdout ----
[INFO] [stdout] Error: Os { code: 2, kind: NotFound, message: "No such file or directory" }
[INFO] [stdout] 
[INFO] [stdout] ---- commands::decode::trial_to_decode_submessage_with_nonexisting_submessage_index stdout ----
[INFO] [stdout] Error: Os { code: 2, kind: NotFound, message: "No such file or directory" }
[INFO] [stdout] 
[INFO] [stdout] ---- commands::decode::trial_to_decode_submessage_with_nonexisting_message_index stdout ----
[INFO] [stdout] Error: Os { code: 2, kind: NotFound, message: "No such file or directory" }
[INFO] [stdout] 
[INFO] [stdout] ---- commands::inspect::display_multiple_submessages_without_options stdout ----
[INFO] [stdout] Error: Os { code: 2, kind: NotFound, message: "No such file or directory" }
[INFO] [stdout] 
[INFO] [stdout] ---- commands::decode::trial_to_decode_submessage_with_nonexisting_submessage_index_for_multi_message_data stdout ----
[INFO] [stdout] Error: Os { code: 2, kind: NotFound, message: "No such file or directory" }
[INFO] [stdout] 
[INFO] [stdout] ---- commands::inspect::display_with_all_options stdout ----
[INFO] [stdout] Error: Os { code: 2, kind: NotFound, message: "No such file or directory" }
[INFO] [stdout] 
[INFO] [stdout] ---- commands::info::display_of_multi_message_data stdout ----
[INFO] [stdout] Error: Os { code: 2, kind: NotFound, message: "No such file or directory" }
[INFO] [stdout] 
[INFO] [stdout] ---- commands::decode::decoding_run_length_packing_as_big_endian stdout ----
[INFO] [stdout] Error: Os { code: 2, kind: NotFound, message: "No such file or directory" }
[INFO] [stdout] 
[INFO] [stdout] ---- commands::inspect::display_multiple_messages_without_options stdout ----
[INFO] [stdout] Error: Os { code: 2, kind: NotFound, message: "No such file or directory" }
[INFO] [stdout] 
[INFO] [stdout] ---- commands::decode::decoding_simple_packing_as_big_endian stdout ----
[INFO] [stdout] Error: Os { code: 2, kind: NotFound, message: "No such file or directory" }
[INFO] [stdout] 
[INFO] [stdout] ---- commands::decode::decoding_complex_packing_with_num_descriptor_octet_being_1_as_little_endian stdout ----
[INFO] [stdout] Error: Os { code: 2, kind: NotFound, message: "No such file or directory" }
[INFO] [stdout] 
[INFO] [stdout] ---- commands::decode::trial_to_decode_submessage_with_nonexisting_message_index_for_multi_message_data stdout ----
[INFO] [stdout] Error: Os { code: 2, kind: NotFound, message: "No such file or directory" }
[INFO] [stdout] 
[INFO] [stdout] ---- commands::info::display_of_single_message_data stdout ----
[INFO] [stdout] Error: Os { code: 2, kind: NotFound, message: "No such file or directory" }
[INFO] [stdout] 
[INFO] [stdout] ---- commands::decode::decoding_complex_packing_with_num_descriptor_octet_being_3_as_little_endian stdout ----
[INFO] [stdout] Error: Os { code: 2, kind: NotFound, message: "No such file or directory" }
[INFO] [stdout] 
[INFO] [stdout] ---- commands::list::displaying_grib2_with_multiple_submessages_without_nan_values stdout ----
[INFO] [stdout] Error: Os { code: 2, kind: NotFound, message: "No such file or directory" }
[INFO] [stdout] 
[INFO] [stdout] ---- commands::list::displaying_grib2_with_multiple_submessages_with_nan_values stdout ----
[INFO] [stdout] Error: Os { code: 2, kind: NotFound, message: "No such file or directory" }
[INFO] [stdout] 
[INFO] [stdout] ---- commands::list::displaying_grib2_with_multiple_submessages_with_opt_d stdout ----
[INFO] [stdout] Error: Os { code: 2, kind: NotFound, message: "No such file or directory" }
[INFO] [stdout] 
[INFO] [stdout] ---- commands::inspect::display_with_opt_s stdout ----
[INFO] [stdout] Error: Os { code: 2, kind: NotFound, message: "No such file or directory" }
[INFO] [stdout] 
[INFO] [stdout] ---- commands::inspect::display_with_opt_t stdout ----
[INFO] [stdout] Error: Os { code: 2, kind: NotFound, message: "No such file or directory" }
[INFO] [stdout] 
[INFO] [stdout] ---- commands::list::displaying_grib2_with_multiple_messages_with_opt_d stdout ----
[INFO] [stdout] Error: Os { code: 2, kind: NotFound, message: "No such file or directory" }
[INFO] [stdout] 
[INFO] [stdout] ---- commands::inspect::display_with_opt_m stdout ----
[INFO] [stdout] Error: Os { code: 2, kind: NotFound, message: "No such file or directory" }
[INFO] [stdout] 
[INFO] [stdout] ---- commands::list::displaying_grib2_with_multiple_messages stdout ----
[INFO] [stdout] Error: Os { code: 2, kind: NotFound, message: "No such file or directory" }
[INFO] [stdout] 
[INFO] [stdout] 
[INFO] [stdout] failures:
[INFO] [stdout]     commands::decode::decoding_complex_packing
[INFO] [stdout]     commands::decode::decoding_complex_packing_where_nbit_is_zero
[INFO] [stdout]     commands::decode::decoding_complex_packing_with_3_byte_spatial_differencing_extra_descriptors_starting_from_0x80
[INFO] [stdout]     commands::decode::decoding_complex_packing_with_num_descriptor_octet_being_1_as_little_endian
[INFO] [stdout]     commands::decode::decoding_complex_packing_with_num_descriptor_octet_being_2_as_little_endian
[INFO] [stdout]     commands::decode::decoding_complex_packing_with_num_descriptor_octet_being_3_as_little_endian
[INFO] [stdout]     commands::decode::decoding_complex_packing_with_zero_width_groups_as_little_endian
[INFO] [stdout]     commands::decode::decoding_data_whose_grid_points_cannot_be_exported_as_latlons
[INFO] [stdout]     commands::decode::decoding_jpeg2000_code_stream_as_little_endian
[INFO] [stdout]     commands::decode::decoding_multi_message_data
[INFO] [stdout]     commands::decode::decoding_png_packing_as_little_endian
[INFO] [stdout]     commands::decode::decoding_run_length_encoding
[INFO] [stdout]     commands::decode::decoding_run_length_packing_as_big_endian
[INFO] [stdout]     commands::decode::decoding_run_length_packing_as_little_endian
[INFO] [stdout]     commands::decode::decoding_simple_packing
[INFO] [stdout]     commands::decode::decoding_simple_packing_as_big_endian
[INFO] [stdout]     commands::decode::decoding_simple_packing_as_little_endian
[INFO] [stdout]     commands::decode::decoding_simple_packing_with_bitmap_as_little_endian
[INFO] [stdout]     commands::decode::trial_to_decode_submessage_with_nonexisting_message_index
[INFO] [stdout]     commands::decode::trial_to_decode_submessage_with_nonexisting_message_index_for_multi_message_data
[INFO] [stdout]     commands::decode::trial_to_decode_submessage_with_nonexisting_submessage_index
[INFO] [stdout]     commands::decode::trial_to_decode_submessage_with_nonexisting_submessage_index_for_multi_message_data
[INFO] [stdout]     commands::info::display_of_multi_message_data
[INFO] [stdout]     commands::info::display_of_single_message_data
[INFO] [stdout]     commands::inspect::display_multiple_messages_without_options
[INFO] [stdout]     commands::inspect::display_multiple_submessages_without_options
[INFO] [stdout]     commands::inspect::display_with_all_options
[INFO] [stdout]     commands::inspect::display_with_opt_m
[INFO] [stdout]     commands::inspect::display_with_opt_s
[INFO] [stdout]     commands::inspect::display_with_opt_t
[INFO] [stdout]     commands::list::displaying_grib2_with_multiple_messages
[INFO] [stdout]     commands::list::displaying_grib2_with_multiple_messages_with_opt_d
[INFO] [stdout]     commands::list::displaying_grib2_with_multiple_submessages_with_nan_values
[INFO] [stdout]     commands::list::displaying_grib2_with_multiple_submessages_with_opt_d
[INFO] [stdout]     commands::list::displaying_grib2_with_multiple_submessages_without_nan_values
[INFO] [stdout] 
[INFO] [stdout] test result: FAILED. 23 passed; 35 failed; 0 ignored; 0 measured; 0 filtered out; finished in 0.16s
[INFO] [stdout] 
[INFO] running `Command { std: "docker" "inspect" "9362655f4c59888b9ffb6b44499a7842b4294f613aeb5245a65a7c69d5e7f988", kill_on_drop: false }`
[INFO] running `Command { std: "docker" "rm" "-f" "9362655f4c59888b9ffb6b44499a7842b4294f613aeb5245a65a7c69d5e7f988", kill_on_drop: false }`
[INFO] [stdout] 9362655f4c59888b9ffb6b44499a7842b4294f613aeb5245a65a7c69d5e7f988
