[INFO] fetching crate gremlin-client 0.8.3...
[INFO] testing gremlin-client-0.8.3 against beta-2023-04-20 for beta-1.70-1
[INFO] extracting crate gremlin-client 0.8.3 into /workspace/builds/worker-3-tc2/source
[INFO] validating manifest of crates.io crate gremlin-client 0.8.3 on toolchain beta-2023-04-20
[INFO] running `Command { std: CARGO_HOME="/workspace/cargo-home" RUSTUP_HOME="/workspace/rustup-home" "/workspace/cargo-home/bin/cargo" "+beta-2023-04-20" "metadata" "--manifest-path" "Cargo.toml" "--no-deps", kill_on_drop: false }`
[INFO] started tweaking crates.io crate gremlin-client 0.8.3
[INFO] removed 0 missing examples
[INFO] finished tweaking crates.io crate gremlin-client 0.8.3
[INFO] tweaked toml for crates.io crate gremlin-client 0.8.3 written to /workspace/builds/worker-3-tc2/source/Cargo.toml
[INFO] crate crates.io crate gremlin-client 0.8.3 already has a lockfile, it will not be regenerated
[INFO] running `Command { std: CARGO_HOME="/workspace/cargo-home" RUSTUP_HOME="/workspace/rustup-home" "/workspace/cargo-home/bin/cargo" "+beta-2023-04-20" "fetch" "--manifest-path" "Cargo.toml", kill_on_drop: false }`
[INFO] [stderr]     Updating crates.io index
[INFO] [stderr]  Downloading crates ...
[INFO] [stderr]   Downloaded async-process v1.6.0
[INFO] [stderr]   Downloaded async-tls v0.11.0
[INFO] [stderr]   Downloaded futures-macro v0.3.26
[INFO] [stderr]   Downloaded futures v0.3.26
[INFO] [stderr]   Downloaded openssl v0.10.45
[INFO] [stderr]   Downloaded futures-executor v0.3.26
[INFO] [stderr]   Downloaded serde_json v1.0.92
[INFO] [stderr]   Downloaded gremlin-derive v0.1.0
[INFO] [stderr]   Downloaded async-tungstenite v0.18.0
[INFO] [stderr]   Downloaded mobc v0.7.3
[INFO] [stderr]   Downloaded openssl-sys v0.9.80
[INFO] [stderr]   Downloaded scheduled-thread-pool v0.2.6
[INFO] [stderr]   Downloaded r2d2 v0.8.10
[INFO] [stderr]   Downloaded tokio-stream v0.1.11
[INFO] [stderr]   Downloaded tungstenite v0.18.0
[INFO] running `Command { std: "docker" "create" "-v" "/var/lib/crater-agent-workspace/builds/worker-3-tc2/target:/opt/rustwide/target:rw,Z" "-v" "/var/lib/crater-agent-workspace/builds/worker-3-tc2/source:/opt/rustwide/workdir:ro,Z" "-v" "/var/lib/crater-agent-workspace/cargo-home:/opt/rustwide/cargo-home:ro,Z" "-v" "/var/lib/crater-agent-workspace/rustup-home:/opt/rustwide/rustup-home:ro,Z" "-e" "SOURCE_DIR=/opt/rustwide/workdir" "-e" "CARGO_TARGET_DIR=/opt/rustwide/target" "-e" "CARGO_HOME=/opt/rustwide/cargo-home" "-e" "RUSTUP_HOME=/opt/rustwide/rustup-home" "-w" "/opt/rustwide/workdir" "-m" "1610612736" "--user" "0:0" "--network" "none" "ghcr.io/rust-lang/crates-build-env/linux@sha256:5ff2268d62e97bff2cde7d5815dd6ed5b47097566f13b8d0ca110b04b60e07ed" "/opt/rustwide/cargo-home/bin/cargo" "+beta-2023-04-20" "metadata" "--no-deps" "--format-version=1", kill_on_drop: false }`
[INFO] [stdout] 60fa6c8b90925de486263130a6f67e507b0534029e28ecf13912dff0784d4445
[INFO] running `Command { std: "docker" "start" "-a" "60fa6c8b90925de486263130a6f67e507b0534029e28ecf13912dff0784d4445", kill_on_drop: false }`
[INFO] running `Command { std: "docker" "inspect" "60fa6c8b90925de486263130a6f67e507b0534029e28ecf13912dff0784d4445", kill_on_drop: false }`
[INFO] running `Command { std: "docker" "rm" "-f" "60fa6c8b90925de486263130a6f67e507b0534029e28ecf13912dff0784d4445", kill_on_drop: false }`
[INFO] [stdout] 60fa6c8b90925de486263130a6f67e507b0534029e28ecf13912dff0784d4445
[INFO] running `Command { std: "docker" "create" "-v" "/var/lib/crater-agent-workspace/builds/worker-3-tc2/target:/opt/rustwide/target:rw,Z" "-v" "/var/lib/crater-agent-workspace/builds/worker-3-tc2/source:/opt/rustwide/workdir:ro,Z" "-v" "/var/lib/crater-agent-workspace/cargo-home:/opt/rustwide/cargo-home:ro,Z" "-v" "/var/lib/crater-agent-workspace/rustup-home:/opt/rustwide/rustup-home:ro,Z" "-e" "SOURCE_DIR=/opt/rustwide/workdir" "-e" "CARGO_TARGET_DIR=/opt/rustwide/target" "-e" "CARGO_INCREMENTAL=0" "-e" "RUST_BACKTRACE=full" "-e" "RUSTFLAGS=--cap-lints=warn" "-e" "RUSTDOCFLAGS=--cap-lints=warn" "-e" "CARGO_HOME=/opt/rustwide/cargo-home" "-e" "RUSTUP_HOME=/opt/rustwide/rustup-home" "-w" "/opt/rustwide/workdir" "-m" "1610612736" "--user" "0:0" "--network" "none" "ghcr.io/rust-lang/crates-build-env/linux@sha256:5ff2268d62e97bff2cde7d5815dd6ed5b47097566f13b8d0ca110b04b60e07ed" "/opt/rustwide/cargo-home/bin/cargo" "+beta-2023-04-20" "build" "--frozen" "--message-format=json", kill_on_drop: false }`
[INFO] [stdout] 70547eea212ff42f54b3a8e91d53364e10a2217f04bf66bddca80a4026b8ddf5
[INFO] running `Command { std: "docker" "start" "-a" "70547eea212ff42f54b3a8e91d53364e10a2217f04bf66bddca80a4026b8ddf5", kill_on_drop: false }`
[INFO] [stderr]    Compiling libc v0.2.139
[INFO] [stderr]    Compiling proc-macro2 v1.0.51
[INFO] [stderr]    Compiling unicode-ident v1.0.6
[INFO] [stderr]    Compiling quote v1.0.23
[INFO] [stderr]    Compiling syn v1.0.107
[INFO] [stderr]    Compiling typenum v1.16.0
[INFO] [stderr]    Compiling version_check v0.9.4
[INFO] [stderr]    Compiling openssl-sys v0.9.80
[INFO] [stderr]    Compiling lock_api v0.4.9
[INFO] [stderr]    Compiling generic-array v0.14.6
[INFO] [stderr]    Compiling parking_lot_core v0.9.7
[INFO] [stderr]    Compiling num-traits v0.2.15
[INFO] [stderr]    Compiling serde v1.0.152
[INFO] [stderr]    Compiling openssl v0.10.45
[INFO] [stderr]    Compiling foreign-types-shared v0.1.1
[INFO] [stderr]    Compiling smallvec v1.10.0
[INFO] [stderr]    Compiling foreign-types v0.3.2
[INFO] [stderr]    Compiling num-integer v0.1.45
[INFO] [stderr]    Compiling percent-encoding v2.2.0
[INFO] [stderr]    Compiling native-tls v0.2.11
[INFO] [stderr]    Compiling getrandom v0.2.8
[INFO] [stderr]    Compiling once_cell v1.17.0
[INFO] [stderr]    Compiling rand_core v0.6.4
[INFO] [stderr]    Compiling thiserror v1.0.38
[INFO] [stderr]    Compiling unicode-bidi v0.3.10
[INFO] [stderr]    Compiling itoa v1.0.5
[INFO] [stderr]    Compiling httparse v1.8.0
[INFO] [stderr]    Compiling rand_chacha v0.3.1
[INFO] [stderr]    Compiling parking_lot v0.12.1
[INFO] [stderr]    Compiling idna v0.3.0
[INFO] [stderr]    Compiling block-buffer v0.10.3
[INFO] [stderr]    Compiling crypto-common v0.1.6
[INFO] [stderr]    Compiling digest v0.10.6
[INFO] [stderr]    Compiling form_urlencoded v1.1.0
[INFO] [stderr]    Compiling serde_derive v1.0.152
[INFO] [stderr]    Compiling serde_json v1.0.92
[INFO] [stderr]    Compiling bytes v1.4.0
[INFO] [stderr]    Compiling cpufeatures v0.2.5
[INFO] [stderr]    Compiling url v2.3.1
[INFO] [stderr]    Compiling sha1 v0.10.5
[INFO] [stderr]    Compiling scheduled-thread-pool v0.2.6
[INFO] [stderr]    Compiling rand v0.8.5
[INFO] [stderr]    Compiling http v0.2.8
[INFO] [stderr]    Compiling base64 v0.13.1
[INFO] [stderr]    Compiling ryu v1.0.12
[INFO] [stderr]    Compiling utf-8 v0.7.6
[INFO] [stderr]    Compiling byteorder v1.4.3
[INFO] [stderr]    Compiling chrono v0.4.23
[INFO] [stderr]    Compiling r2d2 v0.8.10
[INFO] [stderr]    Compiling openssl-macros v0.1.0
[INFO] [stderr]    Compiling thiserror-impl v1.0.38
[INFO] [stderr]    Compiling uuid v1.3.0
[INFO] [stderr]    Compiling tungstenite v0.18.0
[INFO] [stderr]    Compiling gremlin-client v0.8.3 (/opt/rustwide/workdir)
[INFO] [stdout] warning: use of deprecated method `chrono::TimeZone::timestamp_millis`: use `timestamp_millis_opt()` instead
[INFO] [stdout]   --> src/io/serializer_v2.rs:44:25
[INFO] [stdout]    |
[INFO] [stdout] 44 |     Ok(GValue::from(Utc.timestamp_millis(val)))
[INFO] [stdout]    |                         ^^^^^^^^^^^^^^^^
[INFO] [stdout]    |
[INFO] [stdout]    = note: `#[warn(deprecated)]` on by default
[INFO] [stdout] 
[INFO] [stdout] 
[INFO] [stdout] warning: use of deprecated method `chrono::TimeZone::timestamp_millis`: use `timestamp_millis_opt()` instead
[INFO] [stdout]   --> src/io/serializer_v3.rs:45:25
[INFO] [stdout]    |
[INFO] [stdout] 45 |     Ok(GValue::from(Utc.timestamp_millis(val)))
[INFO] [stdout]    |                         ^^^^^^^^^^^^^^^^
[INFO] [stdout] 
[INFO] [stdout] 
[INFO] [stdout] warning: 2 warnings emitted
[INFO] [stdout] 
[INFO] [stdout] 
[INFO] [stderr]     Finished dev [unoptimized + debuginfo] target(s) in 53.38s
[INFO] running `Command { std: "docker" "inspect" "70547eea212ff42f54b3a8e91d53364e10a2217f04bf66bddca80a4026b8ddf5", kill_on_drop: false }`
[INFO] running `Command { std: "docker" "rm" "-f" "70547eea212ff42f54b3a8e91d53364e10a2217f04bf66bddca80a4026b8ddf5", kill_on_drop: false }`
[INFO] [stdout] 70547eea212ff42f54b3a8e91d53364e10a2217f04bf66bddca80a4026b8ddf5
[INFO] running `Command { std: "docker" "create" "-v" "/var/lib/crater-agent-workspace/builds/worker-3-tc2/target:/opt/rustwide/target:rw,Z" "-v" "/var/lib/crater-agent-workspace/builds/worker-3-tc2/source:/opt/rustwide/workdir:ro,Z" "-v" "/var/lib/crater-agent-workspace/cargo-home:/opt/rustwide/cargo-home:ro,Z" "-v" "/var/lib/crater-agent-workspace/rustup-home:/opt/rustwide/rustup-home:ro,Z" "-e" "SOURCE_DIR=/opt/rustwide/workdir" "-e" "CARGO_TARGET_DIR=/opt/rustwide/target" "-e" "CARGO_INCREMENTAL=0" "-e" "RUST_BACKTRACE=full" "-e" "RUSTFLAGS=--cap-lints=warn" "-e" "RUSTDOCFLAGS=--cap-lints=warn" "-e" "CARGO_HOME=/opt/rustwide/cargo-home" "-e" "RUSTUP_HOME=/opt/rustwide/rustup-home" "-w" "/opt/rustwide/workdir" "-m" "1610612736" "--user" "0:0" "--network" "none" "ghcr.io/rust-lang/crates-build-env/linux@sha256:5ff2268d62e97bff2cde7d5815dd6ed5b47097566f13b8d0ca110b04b60e07ed" "/opt/rustwide/cargo-home/bin/cargo" "+beta-2023-04-20" "test" "--frozen" "--no-run" "--message-format=json", kill_on_drop: false }`
[INFO] [stdout] 45dca180c73c112b84e58a49f8b0ed79a6a3edfe21087a4b11420dabe0b8724b
[INFO] running `Command { std: "docker" "start" "-a" "45dca180c73c112b84e58a49f8b0ed79a6a3edfe21087a4b11420dabe0b8724b", kill_on_drop: false }`
[INFO] [stderr]    Compiling gremlin-client v0.8.3 (/opt/rustwide/workdir)
[INFO] [stdout] warning: use of deprecated method `chrono::TimeZone::timestamp_millis`: use `timestamp_millis_opt()` instead
[INFO] [stdout]   --> src/io/serializer_v2.rs:44:25
[INFO] [stdout]    |
[INFO] [stdout] 44 |     Ok(GValue::from(Utc.timestamp_millis(val)))
[INFO] [stdout]    |                         ^^^^^^^^^^^^^^^^
[INFO] [stdout]    |
[INFO] [stdout]    = note: `#[warn(deprecated)]` on by default
[INFO] [stdout] 
[INFO] [stdout] 
[INFO] [stdout] warning: use of deprecated method `chrono::TimeZone::timestamp_millis`: use `timestamp_millis_opt()` instead
[INFO] [stdout]   --> src/io/serializer_v3.rs:45:25
[INFO] [stdout]    |
[INFO] [stdout] 45 |     Ok(GValue::from(Utc.timestamp_millis(val)))
[INFO] [stdout]    |                         ^^^^^^^^^^^^^^^^
[INFO] [stdout] 
[INFO] [stdout] 
[INFO] [stdout] warning: 2 warnings emitted
[INFO] [stdout] 
[INFO] [stdout] 
[INFO] [stdout] warning: use of deprecated method `chrono::TimeZone::timestamp`: use `timestamp_opt()` instead
[INFO] [stdout]    --> tests/integration_client.rs:235:19
[INFO] [stdout]     |
[INFO] [stdout] 235 |     let now = Utc.timestamp(5, 0);
[INFO] [stdout]     |                   ^^^^^^^^^
[INFO] [stdout]     |
[INFO] [stdout]     = note: `#[warn(deprecated)]` on by default
[INFO] [stdout] 
[INFO] [stdout] 
[INFO] [stdout] warning: use of deprecated method `chrono::TimeZone::timestamp`: use `timestamp_opt()` instead
[INFO] [stdout]    --> tests/integration_client.rs:339:35
[INFO] [stdout]     |
[INFO] [stdout] 339 |         ("dateTime", &chrono::Utc.timestamp(1551825863, 0)),
[INFO] [stdout]     |                                   ^^^^^^^^^
[INFO] [stdout] 
[INFO] [stdout] 
[INFO] [stdout] warning: use of deprecated method `chrono::TimeZone::timestamp_millis`: use `timestamp_millis_opt()` instead
[INFO] [stdout]    --> tests/integration_client.rs:373:22
[INFO] [stdout]     |
[INFO] [stdout] 373 |         &chrono::Utc.timestamp_millis(1551825863),
[INFO] [stdout]     |                      ^^^^^^^^^^^^^^^^
[INFO] [stdout] 
[INFO] [stdout] 
[INFO] [stdout] warning: use of deprecated method `chrono::TimeZone::timestamp`: use `timestamp_opt()` instead
[INFO] [stdout]    --> tests/integration_client.rs:415:22
[INFO] [stdout]     |
[INFO] [stdout] 415 |         &chrono::Utc.timestamp(1551825863, 0),
[INFO] [stdout]     |                      ^^^^^^^^^
[INFO] [stdout] 
[INFO] [stdout] 
[INFO] [stdout] warning: use of deprecated method `chrono::TimeZone::timestamp`: use `timestamp_opt()` instead
[INFO] [stdout]    --> tests/integration_client.rs:434:32
[INFO] [stdout]     |
[INFO] [stdout] 434 |     let expected = chrono::Utc.timestamp(1551825863, 0);
[INFO] [stdout]     |                                ^^^^^^^^^
[INFO] [stdout] 
[INFO] [stdout] 
[INFO] [stdout] warning: use of deprecated method `chrono::TimeZone::timestamp`: use `timestamp_opt()` instead
[INFO] [stdout]    --> tests/integration_client.rs:505:22
[INFO] [stdout]     |
[INFO] [stdout] 505 |     let date_1 = Utc.timestamp(1, 0);
[INFO] [stdout]     |                      ^^^^^^^^^
[INFO] [stdout] 
[INFO] [stdout] 
[INFO] [stdout] warning: use of deprecated method `chrono::TimeZone::timestamp`: use `timestamp_opt()` instead
[INFO] [stdout]    --> tests/integration_client.rs:506:22
[INFO] [stdout]     |
[INFO] [stdout] 506 |     let date_2 = Utc.timestamp(1, 0);
[INFO] [stdout]     |                      ^^^^^^^^^
[INFO] [stdout] 
[INFO] [stdout] 
[INFO] [stdout] warning: use of deprecated method `chrono::TimeZone::timestamp`: use `timestamp_opt()` instead
[INFO] [stdout]    --> tests/integration_client.rs:507:22
[INFO] [stdout]     |
[INFO] [stdout] 507 |     let date_3 = Utc.timestamp(2, 0);
[INFO] [stdout]     |                      ^^^^^^^^^
[INFO] [stdout] 
[INFO] [stdout] 
[INFO] [stdout] warning: use of deprecated method `chrono::TimeZone::timestamp`: use `timestamp_opt()` instead
[INFO] [stdout]    --> tests/integration_client.rs:508:22
[INFO] [stdout]     |
[INFO] [stdout] 508 |     let date_4 = Utc.timestamp(3, 0);
[INFO] [stdout]     |                      ^^^^^^^^^
[INFO] [stdout] 
[INFO] [stdout] 
[INFO] [stdout] warning: use of deprecated method `chrono::TimeZone::timestamp`: use `timestamp_opt()` instead
[INFO] [stdout]    --> tests/integration_client.rs:636:22
[INFO] [stdout]     |
[INFO] [stdout] 636 |     let date_1 = Utc.timestamp(1, 0);
[INFO] [stdout]     |                      ^^^^^^^^^
[INFO] [stdout] 
[INFO] [stdout] 
[INFO] [stdout] warning: use of deprecated method `chrono::TimeZone::timestamp`: use `timestamp_opt()` instead
[INFO] [stdout]    --> tests/integration_client.rs:637:22
[INFO] [stdout]     |
[INFO] [stdout] 637 |     let date_3 = Utc.timestamp(2, 0);
[INFO] [stdout]     |                      ^^^^^^^^^
[INFO] [stdout] 
[INFO] [stdout] 
[INFO] [stdout] warning: use of deprecated method `chrono::TimeZone::timestamp`: use `timestamp_opt()` instead
[INFO] [stdout]    --> tests/integration_client.rs:638:22
[INFO] [stdout]     |
[INFO] [stdout] 638 |     let date_4 = Utc.timestamp(3, 0);
[INFO] [stdout]     |                      ^^^^^^^^^
[INFO] [stdout] 
[INFO] [stdout] 
[INFO] [stdout] warning: use of deprecated method `chrono::TimeZone::timestamp`: use `timestamp_opt()` instead
[INFO] [stdout]    --> tests/integration_client_v2.rs:162:32
[INFO] [stdout]     |
[INFO] [stdout] 162 |     let expected = chrono::Utc.timestamp(1551825863, 0);
[INFO] [stdout]     |                                ^^^^^^^^^
[INFO] [stdout]     |
[INFO] [stdout]     = note: `#[warn(deprecated)]` on by default
[INFO] [stdout] 
[INFO] [stdout] 
[INFO] [stdout] warning: use of deprecated method `chrono::TimeZone::timestamp`: use `timestamp_opt()` instead
[INFO] [stdout]    --> tests/integration_client_v2.rs:211:35
[INFO] [stdout]     |
[INFO] [stdout] 211 |         ("dateTime", &chrono::Utc.timestamp(1551825863, 0)),
[INFO] [stdout]     |                                   ^^^^^^^^^
[INFO] [stdout] 
[INFO] [stdout] 
[INFO] [stdout] warning: use of deprecated method `chrono::TimeZone::timestamp_millis`: use `timestamp_millis_opt()` instead
[INFO] [stdout]    --> tests/integration_client_v2.rs:245:22
[INFO] [stdout]     |
[INFO] [stdout] 245 |         &chrono::Utc.timestamp_millis(1551825863),
[INFO] [stdout]     |                      ^^^^^^^^^^^^^^^^
[INFO] [stdout] 
[INFO] [stdout] 
[INFO] [stdout] warning: use of deprecated method `chrono::TimeZone::timestamp`: use `timestamp_opt()` instead
[INFO] [stdout]    --> tests/integration_client_v2.rs:287:22
[INFO] [stdout]     |
[INFO] [stdout] 287 |         &chrono::Utc.timestamp(1551825863, 0),
[INFO] [stdout]     |                      ^^^^^^^^^
[INFO] [stdout] 
[INFO] [stdout] 
[INFO] [stdout] warning: use of deprecated method `chrono::TimeZone::timestamp_millis`: use `timestamp_millis_opt()` instead
[INFO] [stdout]   --> src/io/serializer_v2.rs:44:25
[INFO] [stdout]    |
[INFO] [stdout] 44 |     Ok(GValue::from(Utc.timestamp_millis(val)))
[INFO] [stdout]    |                         ^^^^^^^^^^^^^^^^
[INFO] [stdout]    |
[INFO] [stdout]    = note: `#[warn(deprecated)]` on by default
[INFO] [stdout] 
[INFO] [stdout] 
[INFO] [stdout] warning: use of deprecated method `chrono::TimeZone::timestamp_millis`: use `timestamp_millis_opt()` instead
[INFO] [stdout]    --> src/io/serializer_v2.rs:508:38
[INFO] [stdout]     |
[INFO] [stdout] 508 |             GValue::Date(chrono::Utc.timestamp_millis(1551825863))
[INFO] [stdout]     |                                      ^^^^^^^^^^^^^^^^
[INFO] [stdout] 
[INFO] [stdout] 
[INFO] [stdout] warning: use of deprecated method `chrono::TimeZone::timestamp_millis`: use `timestamp_millis_opt()` instead
[INFO] [stdout]   --> src/io/serializer_v3.rs:45:25
[INFO] [stdout]    |
[INFO] [stdout] 45 |     Ok(GValue::from(Utc.timestamp_millis(val)))
[INFO] [stdout]    |                         ^^^^^^^^^^^^^^^^
[INFO] [stdout] 
[INFO] [stdout] 
[INFO] [stdout] warning: use of deprecated method `chrono::TimeZone::timestamp_millis`: use `timestamp_millis_opt()` instead
[INFO] [stdout]    --> src/io/serializer_v3.rs:538:38
[INFO] [stdout]     |
[INFO] [stdout] 538 |             GValue::Date(chrono::Utc.timestamp_millis(1551825863))
[INFO] [stdout]     |                                      ^^^^^^^^^^^^^^^^
[INFO] [stdout] 
[INFO] [stdout] 
[INFO] [stdout] warning: use of deprecated method `chrono::TimeZone::timestamp`: use `timestamp_opt()` instead
[INFO] [stdout]    --> tests/integration_client_v1.rs:177:35
[INFO] [stdout]     |
[INFO] [stdout] 177 |         ("dateTime", &chrono::Utc.timestamp(1551825863, 0)),
[INFO] [stdout]     |                                   ^^^^^^^^^
[INFO] [stdout]     |
[INFO] [stdout]     = note: `#[warn(deprecated)]` on by default
[INFO] [stdout] 
[INFO] [stdout] 
[INFO] [stdout] warning: 4 warnings emitted
[INFO] [stdout] 
[INFO] [stdout] 
[INFO] [stdout] warning: 12 warnings emitted
[INFO] [stdout] 
[INFO] [stdout] 
[INFO] [stdout] warning: 1 warning emitted
[INFO] [stdout] 
[INFO] [stdout] 
[INFO] [stdout] warning: 4 warnings emitted
[INFO] [stdout] 
[INFO] [stdout] 
[INFO] [stderr]     Finished test [unoptimized + debuginfo] target(s) in 28.12s
[INFO] running `Command { std: "docker" "inspect" "45dca180c73c112b84e58a49f8b0ed79a6a3edfe21087a4b11420dabe0b8724b", kill_on_drop: false }`
[INFO] running `Command { std: "docker" "rm" "-f" "45dca180c73c112b84e58a49f8b0ed79a6a3edfe21087a4b11420dabe0b8724b", kill_on_drop: false }`
[INFO] [stdout] 45dca180c73c112b84e58a49f8b0ed79a6a3edfe21087a4b11420dabe0b8724b
[INFO] running `Command { std: "docker" "create" "-v" "/var/lib/crater-agent-workspace/builds/worker-3-tc2/target:/opt/rustwide/target:rw,Z" "-v" "/var/lib/crater-agent-workspace/builds/worker-3-tc2/source:/opt/rustwide/workdir:ro,Z" "-v" "/var/lib/crater-agent-workspace/cargo-home:/opt/rustwide/cargo-home:ro,Z" "-v" "/var/lib/crater-agent-workspace/rustup-home:/opt/rustwide/rustup-home:ro,Z" "-e" "SOURCE_DIR=/opt/rustwide/workdir" "-e" "CARGO_TARGET_DIR=/opt/rustwide/target" "-e" "CARGO_INCREMENTAL=0" "-e" "RUST_BACKTRACE=full" "-e" "RUSTFLAGS=--cap-lints=warn" "-e" "RUSTDOCFLAGS=--cap-lints=warn" "-e" "CARGO_HOME=/opt/rustwide/cargo-home" "-e" "RUSTUP_HOME=/opt/rustwide/rustup-home" "-w" "/opt/rustwide/workdir" "-m" "1610612736" "--user" "0:0" "--network" "none" "ghcr.io/rust-lang/crates-build-env/linux@sha256:5ff2268d62e97bff2cde7d5815dd6ed5b47097566f13b8d0ca110b04b60e07ed" "/opt/rustwide/cargo-home/bin/cargo" "+beta-2023-04-20" "test" "--frozen", kill_on_drop: false }`
[INFO] [stdout] 7457c94217b52580e4f5d5c0fb4397b3c9aa7c62a4a084998eb4101b23bb700f
[INFO] running `Command { std: "docker" "start" "-a" "7457c94217b52580e4f5d5c0fb4397b3c9aa7c62a4a084998eb4101b23bb700f", kill_on_drop: false }`
[INFO] [stderr] warning: use of deprecated method `chrono::TimeZone::timestamp_millis`: use `timestamp_millis_opt()` instead
[INFO] [stderr]   --> src/io/serializer_v2.rs:44:25
[INFO] [stderr]    |
[INFO] [stderr] 44 |     Ok(GValue::from(Utc.timestamp_millis(val)))
[INFO] [stderr]    |                         ^^^^^^^^^^^^^^^^
[INFO] [stderr]    |
[INFO] [stderr]    = note: `#[warn(deprecated)]` on by default
[INFO] [stderr] 
[INFO] [stderr] warning: use of deprecated method `chrono::TimeZone::timestamp_millis`: use `timestamp_millis_opt()` instead
[INFO] [stderr]   --> src/io/serializer_v3.rs:45:25
[INFO] [stderr]    |
[INFO] [stderr] 45 |     Ok(GValue::from(Utc.timestamp_millis(val)))
[INFO] [stderr]    |                         ^^^^^^^^^^^^^^^^
[INFO] [stderr] 
[INFO] [stderr] warning: use of deprecated method `chrono::TimeZone::timestamp_millis`: use `timestamp_millis_opt()` instead
[INFO] [stderr]    --> src/io/serializer_v2.rs:508:38
[INFO] [stderr]     |
[INFO] [stderr] 508 |             GValue::Date(chrono::Utc.timestamp_millis(1551825863))
[INFO] [stderr]     |                                      ^^^^^^^^^^^^^^^^
[INFO] [stderr] 
[INFO] [stderr] warning: use of deprecated method `chrono::TimeZone::timestamp_millis`: use `timestamp_millis_opt()` instead
[INFO] [stderr]    --> src/io/serializer_v3.rs:538:38
[INFO] [stderr]     |
[INFO] [stderr] 538 |             GValue::Date(chrono::Utc.timestamp_millis(1551825863))
[INFO] [stderr]     |                                      ^^^^^^^^^^^^^^^^
[INFO] [stderr] 
[INFO] [stderr] warning: `gremlin-client` (lib) generated 2 warnings
[INFO] [stderr] warning: `gremlin-client` (lib test) generated 4 warnings (2 duplicates)
[INFO] [stderr] warning: use of deprecated method `chrono::TimeZone::timestamp`: use `timestamp_opt()` instead
[INFO] [stderr]    --> tests/integration_client_v2.rs:162:32
[INFO] [stderr]     |
[INFO] [stderr] 162 |     let expected = chrono::Utc.timestamp(1551825863, 0);
[INFO] [stderr]     |                                ^^^^^^^^^
[INFO] [stderr]     |
[INFO] [stderr]     = note: `#[warn(deprecated)]` on by default
[INFO] [stderr] 
[INFO] [stderr] warning: use of deprecated method `chrono::TimeZone::timestamp`: use `timestamp_opt()` instead
[INFO] [stderr]    --> tests/integration_client_v2.rs:211:35
[INFO] [stderr]     |
[INFO] [stderr] 211 |         ("dateTime", &chrono::Utc.timestamp(1551825863, 0)),
[INFO] [stderr]     |                                   ^^^^^^^^^
[INFO] [stderr] 
[INFO] [stderr] warning: use of deprecated method `chrono::TimeZone::timestamp_millis`: use `timestamp_millis_opt()` instead
[INFO] [stderr]    --> tests/integration_client_v2.rs:245:22
[INFO] [stderr]     |
[INFO] [stderr] 245 |         &chrono::Utc.timestamp_millis(1551825863),
[INFO] [stderr]     |                      ^^^^^^^^^^^^^^^^
[INFO] [stderr] 
[INFO] [stderr] warning: use of deprecated method `chrono::TimeZone::timestamp`: use `timestamp_opt()` instead
[INFO] [stderr]    --> tests/integration_client_v2.rs:287:22
[INFO] [stderr]     |
[INFO] [stderr] 287 |         &chrono::Utc.timestamp(1551825863, 0),
[INFO] [stderr]     |                      ^^^^^^^^^
[INFO] [stderr] 
[INFO] [stderr] warning: `gremlin-client` (test "integration_client_v2") generated 4 warnings
[INFO] [stderr] warning: use of deprecated method `chrono::TimeZone::timestamp`: use `timestamp_opt()` instead
[INFO] [stderr]    --> tests/integration_client.rs:235:19
[INFO] [stderr]     |
[INFO] [stderr] 235 |     let now = Utc.timestamp(5, 0);
[INFO] [stderr]     |                   ^^^^^^^^^
[INFO] [stderr]     |
[INFO] [stderr]     = note: `#[warn(deprecated)]` on by default
[INFO] [stderr] 
[INFO] [stderr] warning: use of deprecated method `chrono::TimeZone::timestamp`: use `timestamp_opt()` instead
[INFO] [stderr]    --> tests/integration_client.rs:339:35
[INFO] [stderr]     |
[INFO] [stderr] 339 |         ("dateTime", &chrono::Utc.timestamp(1551825863, 0)),
[INFO] [stderr]     |                                   ^^^^^^^^^
[INFO] [stderr] 
[INFO] [stderr] warning: use of deprecated method `chrono::TimeZone::timestamp_millis`: use `timestamp_millis_opt()` instead
[INFO] [stderr]    --> tests/integration_client.rs:373:22
[INFO] [stderr]     |
[INFO] [stderr] 373 |         &chrono::Utc.timestamp_millis(1551825863),
[INFO] [stderr]     |                      ^^^^^^^^^^^^^^^^
[INFO] [stderr] 
[INFO] [stderr] warning: use of deprecated method `chrono::TimeZone::timestamp`: use `timestamp_opt()` instead
[INFO] [stderr]    --> tests/integration_client.rs:415:22
[INFO] [stderr]     |
[INFO] [stderr] 415 |         &chrono::Utc.timestamp(1551825863, 0),
[INFO] [stderr]     |                      ^^^^^^^^^
[INFO] [stderr] 
[INFO] [stderr] warning: use of deprecated method `chrono::TimeZone::timestamp`: use `timestamp_opt()` instead
[INFO] [stderr]    --> tests/integration_client.rs:434:32
[INFO] [stderr]     |
[INFO] [stderr] 434 |     let expected = chrono::Utc.timestamp(1551825863, 0);
[INFO] [stderr]     |                                ^^^^^^^^^
[INFO] [stderr] 
[INFO] [stderr] warning: use of deprecated method `chrono::TimeZone::timestamp`: use `timestamp_opt()` instead
[INFO] [stderr]    --> tests/integration_client.rs:505:22
[INFO] [stderr]     |
[INFO] [stderr] 505 |     let date_1 = Utc.timestamp(1, 0);
[INFO] [stderr]     |                      ^^^^^^^^^
[INFO] [stderr] 
[INFO] [stderr] warning: use of deprecated method `chrono::TimeZone::timestamp`: use `timestamp_opt()` instead
[INFO] [stderr]    --> tests/integration_client.rs:506:22
[INFO] [stderr]     |
[INFO] [stderr] 506 |     let date_2 = Utc.timestamp(1, 0);
[INFO] [stderr]     |                      ^^^^^^^^^
[INFO] [stderr] 
[INFO] [stderr] warning: use of deprecated method `chrono::TimeZone::timestamp`: use `timestamp_opt()` instead
[INFO] [stderr]    --> tests/integration_client.rs:507:22
[INFO] [stderr]     |
[INFO] [stderr] 507 |     let date_3 = Utc.timestamp(2, 0);
[INFO] [stderr]     |                      ^^^^^^^^^
[INFO] [stderr] 
[INFO] [stderr] warning: use of deprecated method `chrono::TimeZone::timestamp`: use `timestamp_opt()` instead
[INFO] [stderr]    --> tests/integration_client.rs:508:22
[INFO] [stderr]     |
[INFO] [stderr] 508 |     let date_4 = Utc.timestamp(3, 0);
[INFO] [stderr]     |                      ^^^^^^^^^
[INFO] [stderr] 
[INFO] [stderr] warning: use of deprecated method `chrono::TimeZone::timestamp`: use `timestamp_opt()` instead
[INFO] [stderr]    --> tests/integration_client.rs:636:22
[INFO] [stderr]     |
[INFO] [stderr] 636 |     let date_1 = Utc.timestamp(1, 0);
[INFO] [stderr]     |                      ^^^^^^^^^
[INFO] [stderr] 
[INFO] [stderr] warning: use of deprecated method `chrono::TimeZone::timestamp`: use `timestamp_opt()` instead
[INFO] [stderr]    --> tests/integration_client.rs:637:22
[INFO] [stderr]     |
[INFO] [stderr] 637 |     let date_3 = Utc.timestamp(2, 0);
[INFO] [stderr]     |                      ^^^^^^^^^
[INFO] [stderr] 
[INFO] [stderr] warning: use of deprecated method `chrono::TimeZone::timestamp`: use `timestamp_opt()` instead
[INFO] [stderr]    --> tests/integration_client.rs:638:22
[INFO] [stderr]     |
[INFO] [stderr] 638 |     let date_4 = Utc.timestamp(3, 0);
[INFO] [stderr]     |                      ^^^^^^^^^
[INFO] [stderr] 
[INFO] [stderr] warning: use of deprecated method `chrono::TimeZone::timestamp`: use `timestamp_opt()` instead
[INFO] [stderr]    --> tests/integration_client_v1.rs:177:35
[INFO] [stderr]     |
[INFO] [stderr] 177 |         ("dateTime", &chrono::Utc.timestamp(1551825863, 0)),
[INFO] [stderr]     |                                   ^^^^^^^^^
[INFO] [stderr]     |
[INFO] [stderr]     = note: `#[warn(deprecated)]` on by default
[INFO] [stderr] 
[INFO] [stderr] warning: `gremlin-client` (test "integration_client") generated 12 warnings
[INFO] [stderr] warning: `gremlin-client` (test "integration_client_v1") generated 1 warning
[INFO] [stderr]     Finished test [unoptimized + debuginfo] target(s) in 0.12s
[INFO] [stderr]      Running unittests src/lib.rs (/opt/rustwide/target/debug/deps/gremlin_client-84871e77e54a2cad)
[INFO] [stdout] 
[INFO] [stdout] running 59 tests
[INFO] [stdout] test conversion::to_gvalue_for_vec_gvalue ... ok
[INFO] [stdout] test io::serializer_v2::tests::test_collections ... ok
[INFO] [stdout] test io::serializer_v1::tests::test_collections ... ok
[INFO] [stdout] test io::serializer_v2::tests::test_properties ... ok
[INFO] [stdout] test io::serializer_v2::tests::test_token ... ok
[INFO] [stdout] test io::serializer_v2::tests::test_edge ... ok
[INFO] [stdout] test io::serializer_v1::tests::test_number_input ... ok
[INFO] [stdout] test io::serializer_v2::tests::test_path ... ok
[INFO] [stdout] test io::serializer_v2::tests::test_map_with_token ... ok
[INFO] [stdout] test io::serializer_v2::tests::test_vertex ... ok
[INFO] [stdout] test io::serializer_v3::tests::test_map_with_token ... ok
[INFO] [stdout] test io::serializer_v3::tests::test_number_input ... ok
[INFO] [stdout] test io::serializer_v3::tests::test_path ... ok
[INFO] [stdout] test connection::tests::connection_option_build_url ... ok
[INFO] [stdout] test io::serializer_v3::tests::test_token ... ok
[INFO] [stdout] test io::serializer_v3::tests::test_edge ... ok
[INFO] [stdout] test io::serializer_v2::tests::test_number_input ... ok
[INFO] [stdout] test io::serializer_v3::tests::test_properties ... ok
[INFO] [stdout] test io::serializer_v3::tests::test_collections ... ok
[INFO] [stdout] test process::traversal::graph_traversal_source::tests::add_e_test ... ok
[INFO] [stdout] test io::serializer_v3::tests::test_vertex ... ok
[INFO] [stdout] test process::traversal::graph_traversal_source::tests::add_e_test_with_traversal ... ok
[INFO] [stdout] test process::traversal::graph_traversal_source::tests::as_test ... ok
[INFO] [stdout] test process::traversal::graph_traversal_source::tests::dedup_test ... ok
[INFO] [stdout] test process::traversal::graph_traversal_source::tests::count_test ... ok
[INFO] [stdout] test process::traversal::graph_traversal_source::tests::coalesce_test ... ok
[INFO] [stdout] test process::traversal::graph_traversal_source::tests::drop_test ... ok
[INFO] [stdout] test io::serializer_v3::tests::test_traversal_metrics ... ok
[INFO] [stdout] test process::traversal::graph_traversal_source::tests::add_v_test ... ok
[INFO] [stdout] test process::traversal::graph_traversal_source::tests::add_v_with_property_test ... ok
[INFO] [stdout] test process::traversal::graph_traversal_source::tests::e_traversal ... ok
[INFO] [stdout] test process::traversal::graph_traversal_source::tests::element_map_step_test ... ok
[INFO] [stdout] test process::traversal::graph_traversal_source::tests::group_by_test ... ok
[INFO] [stdout] test process::traversal::graph_traversal_source::tests::fold_test ... ok
[INFO] [stdout] test process::traversal::graph_traversal_source::tests::group_count_test ... ok
[INFO] [stdout] test process::traversal::graph_traversal_source::tests::group_count_by_test ... ok
[INFO] [stdout] test process::traversal::graph_traversal_source::tests::limit_test ... ok
[INFO] [stdout] test process::traversal::graph_traversal_source::tests::label_step_test ... ok
[INFO] [stdout] test process::traversal::graph_traversal_source::tests::numerical_test ... ok
[INFO] [stdout] test process::traversal::graph_traversal_source::tests::path_test ... ok
[INFO] [stdout] test process::traversal::graph_traversal_source::tests::order_test ... ok
[INFO] [stdout] test process::traversal::graph_traversal_source::tests::or_test ... ok
[INFO] [stdout] test process::traversal::graph_traversal_source::tests::properties_step_test ... ok
[INFO] [stdout] test process::traversal::graph_traversal_source::tests::property_map_step_test ... ok
[INFO] [stdout] test connection::tests::it_should_connect ... FAILED
[INFO] [stdout] test process::traversal::graph_traversal_source::tests::match_test ... ok
[INFO] [stdout] test process::traversal::graph_traversal_source::tests::not_test ... ok
[INFO] [stdout] test process::traversal::graph_traversal_source::tests::v_has_traversal ... ok
[INFO] [stdout] test process::traversal::graph_traversal_source::tests::values_step_test ... ok
[INFO] [stdout] test process::traversal::graph_traversal_source::tests::v_has_traversal_with_p ... ok
[INFO] [stdout] test process::traversal::graph_traversal_source::tests::v_traversal ... ok
[INFO] [stdout] test process::traversal::graph_traversal_source::tests::v_has_label_traversal ... ok
[INFO] [stdout] test structure::macros::test::vertex_macro ... ok
[INFO] [stdout] test process::traversal::graph_traversal_source::tests::select_test ... ok
[INFO] [stdout] test process::traversal::graph_traversal_source::tests::where_test ... ok
[INFO] [stdout] test process::traversal::graph_traversal_source::tests::value_map_step_test ... ok
[INFO] [stdout] test structure::macros::test::vertex_macro_with_properties ... ok
[INFO] [stdout] test process::traversal::graph_traversal_source::tests::unfold_test ... ok
[INFO] [stdout] test pool::tests::it_should_create_a_connection_pool ... FAILED
[INFO] [stdout] 
[INFO] [stdout] failures:
[INFO] [stdout] 
[INFO] [stdout] ---- connection::tests::it_should_connect stdout ----
[INFO] [stdout] thread 'connection::tests::it_should_connect' panicked at 'called `Result::unwrap()` on an `Err` value: Generic("Unable to connect Os { code: 99, kind: AddrNotAvailable, message: \"Cannot assign requested address\" }")', src/connection.rs:247:50
[INFO] [stdout] stack backtrace:
[INFO] [stdout]    0:     0x55b3798c173a - std::backtrace_rs::backtrace::libunwind::trace::h2f05d0192276a8f6
[INFO] [stdout]                                at /rustc/1b7dd2252b99671ce5d1cb9664c5f8636329436d/library/std/src/../../backtrace/src/backtrace/libunwind.rs:93:5
[INFO] [stdout]    1:     0x55b3798c173a - std::backtrace_rs::backtrace::trace_unsynchronized::hedc23dff7a1af150
[INFO] [stdout]                                at /rustc/1b7dd2252b99671ce5d1cb9664c5f8636329436d/library/std/src/../../backtrace/src/backtrace/mod.rs:66:5
[INFO] [stdout]    2:     0x55b3798c173a - std::sys_common::backtrace::_print_fmt::h17541ef7592f3ce2
[INFO] [stdout]                                at /rustc/1b7dd2252b99671ce5d1cb9664c5f8636329436d/library/std/src/sys_common/backtrace.rs:65:5
[INFO] [stdout]    3:     0x55b3798c173a - <std::sys_common::backtrace::_print::DisplayBacktrace as core::fmt::Display>::fmt::h20f75df5ab0c0792
[INFO] [stdout]                                at /rustc/1b7dd2252b99671ce5d1cb9664c5f8636329436d/library/std/src/sys_common/backtrace.rs:44:22
[INFO] [stdout]    4:     0x55b3798e7cef - core::fmt::write::h78109e6f466b3af6
[INFO] [stdout]                                at /rustc/1b7dd2252b99671ce5d1cb9664c5f8636329436d/library/core/src/fmt/mod.rs:1254:17
[INFO] [stdout]    5:     0x55b3798be3c5 - std::io::Write::write_fmt::hd24bfb68a1b35a25
[INFO] [stdout]                                at /rustc/1b7dd2252b99671ce5d1cb9664c5f8636329436d/library/std/src/io/mod.rs:1698:15
[INFO] [stdout]    6:     0x55b3798c1505 - std::sys_common::backtrace::_print::h8dac57a9f8fbf9a5
[INFO] [stdout]                                at /rustc/1b7dd2252b99671ce5d1cb9664c5f8636329436d/library/std/src/sys_common/backtrace.rs:47:5
[INFO] [stdout]    7:     0x55b3798c1505 - std::sys_common::backtrace::print::hf9ecbf41d1aa712f
[INFO] [stdout]                                at /rustc/1b7dd2252b99671ce5d1cb9664c5f8636329436d/library/std/src/sys_common/backtrace.rs:34:9
[INFO] [stdout]    8:     0x55b3798c31be - std::panicking::default_hook::{{closure}}::h04c07acfc84ca028
[INFO] [stdout]                                at /rustc/1b7dd2252b99671ce5d1cb9664c5f8636329436d/library/std/src/panicking.rs:269:22
[INFO] [stdout]    9:     0x55b3798c2ef1 - std::panicking::default_hook::h01f6bb23e1eceb2c
[INFO] [stdout]                                at /rustc/1b7dd2252b99671ce5d1cb9664c5f8636329436d/library/std/src/panicking.rs:285:9
[INFO] [stdout]   10:     0x55b37978007b - <alloc::boxed::Box<F,A> as core::ops::function::Fn<Args>>::call::h87fe9f7b2fd49e4c
[INFO] [stdout]                                at /rustc/1b7dd2252b99671ce5d1cb9664c5f8636329436d/library/alloc/src/boxed.rs:1987:9
[INFO] [stdout]   11:     0x55b37978007b - test::test_main::{{closure}}::he94d679243a7531b
[INFO] [stdout]                                at /rustc/1b7dd2252b99671ce5d1cb9664c5f8636329436d/library/test/src/lib.rs:134:21
[INFO] [stdout]   12:     0x55b3798c38a4 - <alloc::boxed::Box<F,A> as core::ops::function::Fn<Args>>::call::h3f2d6d8b14c4769f
[INFO] [stdout]                                at /rustc/1b7dd2252b99671ce5d1cb9664c5f8636329436d/library/alloc/src/boxed.rs:1987:9
[INFO] [stdout]   13:     0x55b3798c38a4 - std::panicking::rust_panic_with_hook::h2bb3722bbaf2f6df
[INFO] [stdout]                                at /rustc/1b7dd2252b99671ce5d1cb9664c5f8636329436d/library/std/src/panicking.rs:695:13
[INFO] [stdout]   14:     0x55b3798c3619 - std::panicking::begin_panic_handler::{{closure}}::h91bc7f36a4be011b
[INFO] [stdout]                                at /rustc/1b7dd2252b99671ce5d1cb9664c5f8636329436d/library/std/src/panicking.rs:582:13
[INFO] [stdout]   15:     0x55b3798c1ba6 - std::sys_common::backtrace::__rust_end_short_backtrace::h8b3d3717114f9e59
[INFO] [stdout]                                at /rustc/1b7dd2252b99671ce5d1cb9664c5f8636329436d/library/std/src/sys_common/backtrace.rs:150:18
[INFO] [stdout]   16:     0x55b3798c3372 - rust_begin_unwind
[INFO] [stdout]                                at /rustc/1b7dd2252b99671ce5d1cb9664c5f8636329436d/library/std/src/panicking.rs:578:5
[INFO] [stdout]   17:     0x55b379665453 - core::panicking::panic_fmt::hfd368e3fbdabea26
[INFO] [stdout]                                at /rustc/1b7dd2252b99671ce5d1cb9664c5f8636329436d/library/core/src/panicking.rs:67:14
[INFO] [stdout]   18:     0x55b3796659f3 - core::result::unwrap_failed::he54eb4b2f125b26f
[INFO] [stdout]                                at /rustc/1b7dd2252b99671ce5d1cb9664c5f8636329436d/library/core/src/result.rs:1687:5
[INFO] [stdout]   19:     0x55b3796fbd87 - core::result::Result<T,E>::unwrap::hb41a97a06e90906b
[INFO] [stdout]                                at /rustc/1b7dd2252b99671ce5d1cb9664c5f8636329436d/library/core/src/result.rs:1089:23
[INFO] [stdout]   20:     0x55b3796c129a - gremlin_client::connection::tests::it_should_connect::h0dda557e0aef250e
[INFO] [stdout]                                at /opt/rustwide/workdir/src/connection.rs:247:9
[INFO] [stdout]   21:     0x55b3796c1227 - gremlin_client::connection::tests::it_should_connect::{{closure}}::he94cbbcaf7a89ee5
[INFO] [stdout]                                at /opt/rustwide/workdir/src/connection.rs:246:28
[INFO] [stdout]   22:     0x55b37971c5b5 - core::ops::function::FnOnce::call_once::h6ffdc78f10148a22
[INFO] [stdout]                                at /rustc/1b7dd2252b99671ce5d1cb9664c5f8636329436d/library/core/src/ops/function.rs:250:5
[INFO] [stdout]   23:     0x55b379784f4f - core::ops::function::FnOnce::call_once::ha6a70e79f7481a7e
[INFO] [stdout]                                at /rustc/1b7dd2252b99671ce5d1cb9664c5f8636329436d/library/core/src/ops/function.rs:250:5
[INFO] [stdout]   24:     0x55b379784f4f - test::__rust_begin_short_backtrace::hce33033019b61e69
[INFO] [stdout]                                at /rustc/1b7dd2252b99671ce5d1cb9664c5f8636329436d/library/test/src/lib.rs:655:18
[INFO] [stdout]   25:     0x55b37975273c - test::run_test::{{closure}}::h858d3528838ae3e5
[INFO] [stdout]                                at /rustc/1b7dd2252b99671ce5d1cb9664c5f8636329436d/library/test/src/lib.rs:646:30
[INFO] [stdout]   26:     0x55b37975273c - core::ops::function::FnOnce::call_once{{vtable.shim}}::he8ac2b00f01ae79e
[INFO] [stdout]                                at /rustc/1b7dd2252b99671ce5d1cb9664c5f8636329436d/library/core/src/ops/function.rs:250:5
[INFO] [stdout]   27:     0x55b379784026 - <alloc::boxed::Box<F,A> as core::ops::function::FnOnce<Args>>::call_once::h8093d25b522725ef
[INFO] [stdout]                                at /rustc/1b7dd2252b99671ce5d1cb9664c5f8636329436d/library/alloc/src/boxed.rs:1973:9
[INFO] [stdout]   28:     0x55b379784026 - <core::panic::unwind_safe::AssertUnwindSafe<F> as core::ops::function::FnOnce<()>>::call_once::h5c334c204e4a3913
[INFO] [stdout]                                at /rustc/1b7dd2252b99671ce5d1cb9664c5f8636329436d/library/core/src/panic/unwind_safe.rs:271:9
[INFO] [stdout]   29:     0x55b379784026 - std::panicking::try::do_call::ha8b740c7b9478074
[INFO] [stdout]                                at /rustc/1b7dd2252b99671ce5d1cb9664c5f8636329436d/library/std/src/panicking.rs:485:40
[INFO] [stdout]   30:     0x55b379784026 - std::panicking::try::h5d34f63d0e41b64e
[INFO] [stdout]                                at /rustc/1b7dd2252b99671ce5d1cb9664c5f8636329436d/library/std/src/panicking.rs:449:19
[INFO] [stdout]   31:     0x55b379784026 - std::panic::catch_unwind::hcfbb511e1aa7fc67
[INFO] [stdout]                                at /rustc/1b7dd2252b99671ce5d1cb9664c5f8636329436d/library/std/src/panic.rs:140:14
[INFO] [stdout]   32:     0x55b379784026 - test::run_test_in_process::h9abda90f802eaf21
[INFO] [stdout]                                at /rustc/1b7dd2252b99671ce5d1cb9664c5f8636329436d/library/test/src/lib.rs:678:27
[INFO] [stdout]   33:     0x55b379784026 - test::run_test::run_test_inner::{{closure}}::h0f058de91f6c6edf
[INFO] [stdout]                                at /rustc/1b7dd2252b99671ce5d1cb9664c5f8636329436d/library/test/src/lib.rs:572:39
[INFO] [stdout]   34:     0x55b37974cf45 - test::run_test::run_test_inner::{{closure}}::h5ca48a4c59c6c1fb
[INFO] [stdout]                                at /rustc/1b7dd2252b99671ce5d1cb9664c5f8636329436d/library/test/src/lib.rs:599:37
[INFO] [stdout]   35:     0x55b37974cf45 - std::sys_common::backtrace::__rust_begin_short_backtrace::h32bd51e1495d4a33
[INFO] [stdout]                                at /rustc/1b7dd2252b99671ce5d1cb9664c5f8636329436d/library/std/src/sys_common/backtrace.rs:134:18
[INFO] [stdout]   36:     0x55b379752481 - std::thread::Builder::spawn_unchecked_::{{closure}}::{{closure}}::hc086fae9b128b2db
[INFO] [stdout]                                at /rustc/1b7dd2252b99671ce5d1cb9664c5f8636329436d/library/std/src/thread/mod.rs:526:17
[INFO] [stdout]   37:     0x55b379752481 - <core::panic::unwind_safe::AssertUnwindSafe<F> as core::ops::function::FnOnce<()>>::call_once::hb66571888d270d43
[INFO] [stdout]                                at /rustc/1b7dd2252b99671ce5d1cb9664c5f8636329436d/library/core/src/panic/unwind_safe.rs:271:9
[INFO] [stdout]   38:     0x55b379752481 - std::panicking::try::do_call::h4fa2ef4f6e51fecf
[INFO] [stdout]                                at /rustc/1b7dd2252b99671ce5d1cb9664c5f8636329436d/library/std/src/panicking.rs:485:40
[INFO] [stdout]   39:     0x55b379752481 - std::panicking::try::h1e9e22b8584489b5
[INFO] [stdout]                                at /rustc/1b7dd2252b99671ce5d1cb9664c5f8636329436d/library/std/src/panicking.rs:449:19
[INFO] [stdout]   40:     0x55b379752481 - std::panic::catch_unwind::h44698a3de0e0769e
[INFO] [stdout]                                at /rustc/1b7dd2252b99671ce5d1cb9664c5f8636329436d/library/std/src/panic.rs:140:14
[INFO] [stdout]   41:     0x55b379752481 - std::thread::Builder::spawn_unchecked_::{{closure}}::h50153abde3fe239e
[INFO] [stdout]                                at /rustc/1b7dd2252b99671ce5d1cb9664c5f8636329436d/library/std/src/thread/mod.rs:525:30
[INFO] [stdout]   42:     0x55b379752481 - core::ops::function::FnOnce::call_once{{vtable.shim}}::hbe5bbf6f38394364
[INFO] [stdout]                                at /rustc/1b7dd2252b99671ce5d1cb9664c5f8636329436d/library/core/src/ops/function.rs:250:5
[INFO] [stdout]   43:     0x55b3798c7f15 - <alloc::boxed::Box<F,A> as core::ops::function::FnOnce<Args>>::call_once::h0d83cb2920a49046
[INFO] [stdout]                                at /rustc/1b7dd2252b99671ce5d1cb9664c5f8636329436d/library/alloc/src/boxed.rs:1973:9
[INFO] [stdout]   44:     0x55b3798c7f15 - <alloc::boxed::Box<F,A> as core::ops::function::FnOnce<Args>>::call_once::hbe0a008aa7d9ef59
[INFO] [stdout]                                at /rustc/1b7dd2252b99671ce5d1cb9664c5f8636329436d/library/alloc/src/boxed.rs:1973:9
[INFO] [stdout]   45:     0x55b3798c7f15 - std::sys::unix::thread::Thread::new::thread_start::h3a466996bdf6b1f9
[INFO] [stdout]                                at /rustc/1b7dd2252b99671ce5d1cb9664c5f8636329436d/library/std/src/sys/unix/thread.rs:108:17
[INFO] [stdout]   46:     0x7fc66efabb43 - <unknown>
[INFO] [stdout]   47:     0x7fc66f03cbb4 - __clone
[INFO] [stdout]   48:                0x0 - <unknown>
[INFO] [stdout] 
[INFO] [stdout] ---- pool::tests::it_should_create_a_connection_pool stdout ----
[INFO] [stdout] thread 'pool::tests::it_should_create_a_connection_pool' panicked at 'called `Result::unwrap()` on an `Err` value: Error(Some("data store disconnected"))', src/pool.rs:150:27
[INFO] [stdout] stack backtrace:
[INFO] [stdout]    0:     0x55b3798c173a - std::backtrace_rs::backtrace::libunwind::trace::h2f05d0192276a8f6
[INFO] [stdout]                                at /rustc/1b7dd2252b99671ce5d1cb9664c5f8636329436d/library/std/src/../../backtrace/src/backtrace/libunwind.rs:93:5
[INFO] [stdout]    1:     0x55b3798c173a - std::backtrace_rs::backtrace::trace_unsynchronized::hedc23dff7a1af150
[INFO] [stdout]                                at /rustc/1b7dd2252b99671ce5d1cb9664c5f8636329436d/library/std/src/../../backtrace/src/backtrace/mod.rs:66:5
[INFO] [stdout]    2:     0x55b3798c173a - std::sys_common::backtrace::_print_fmt::h17541ef7592f3ce2
[INFO] [stdout]                                at /rustc/1b7dd2252b99671ce5d1cb9664c5f8636329436d/library/std/src/sys_common/backtrace.rs:65:5
[INFO] [stdout]    3:     0x55b3798c173a - <std::sys_common::backtrace::_print::DisplayBacktrace as core::fmt::Display>::fmt::h20f75df5ab0c0792
[INFO] [stdout]                                at /rustc/1b7dd2252b99671ce5d1cb9664c5f8636329436d/library/std/src/sys_common/backtrace.rs:44:22
[INFO] [stdout]    4:     0x55b3798e7cef - core::fmt::write::h78109e6f466b3af6
[INFO] [stdout]                                at /rustc/1b7dd2252b99671ce5d1cb9664c5f8636329436d/library/core/src/fmt/mod.rs:1254:17
[INFO] [stdout]    5:     0x55b3798be3c5 - std::io::Write::write_fmt::hd24bfb68a1b35a25
[INFO] [stdout]                                at /rustc/1b7dd2252b99671ce5d1cb9664c5f8636329436d/library/std/src/io/mod.rs:1698:15
[INFO] [stdout]    6:     0x55b3798c1505 - std::sys_common::backtrace::_print::h8dac57a9f8fbf9a5
[INFO] [stdout]                                at /rustc/1b7dd2252b99671ce5d1cb9664c5f8636329436d/library/std/src/sys_common/backtrace.rs:47:5
[INFO] [stdout]    7:     0x55b3798c1505 - std::sys_common::backtrace::print::hf9ecbf41d1aa712f
[INFO] [stdout]                                at /rustc/1b7dd2252b99671ce5d1cb9664c5f8636329436d/library/std/src/sys_common/backtrace.rs:34:9
[INFO] [stdout]    8:     0x55b3798c31be - std::panicking::default_hook::{{closure}}::h04c07acfc84ca028
[INFO] [stdout]                                at /rustc/1b7dd2252b99671ce5d1cb9664c5f8636329436d/library/std/src/panicking.rs:269:22
[INFO] [stdout]    9:     0x55b3798c2ef1 - std::panicking::default_hook::h01f6bb23e1eceb2c
[INFO] [stdout]                                at /rustc/1b7dd2252b99671ce5d1cb9664c5f8636329436d/library/std/src/panicking.rs:285:9
[INFO] [stdout]   10:     0x55b37978007b - <alloc::boxed::Box<F,A> as core::ops::function::Fn<Args>>::call::h87fe9f7b2fd49e4c
[INFO] [stdout]                                at /rustc/1b7dd2252b99671ce5d1cb9664c5f8636329436d/library/alloc/src/boxed.rs:1987:9
[INFO] [stdout]   11:     0x55b37978007b - test::test_main::{{closure}}::he94d679243a7531b
[INFO] [stdout]                                at /rustc/1b7dd2252b99671ce5d1cb9664c5f8636329436d/library/test/src/lib.rs:134:21
[INFO] [stdout]   12:     0x55b3798c38a4 - <alloc::boxed::Box<F,A> as core::ops::function::Fn<Args>>::call::h3f2d6d8b14c4769f
[INFO] [stdout]                                at /rustc/1b7dd2252b99671ce5d1cb9664c5f8636329436d/library/alloc/src/boxed.rs:1987:9
[INFO] [stdout]   13:     0x55b3798c38a4 - std::panicking::rust_panic_with_hook::h2bb3722bbaf2f6df
[INFO] [stdout]                                at /rustc/1b7dd2252b99671ce5d1cb9664c5f8636329436d/library/std/src/panicking.rs:695:13
[INFO] [stdout]   14:     0x55b3798c3619 - std::panicking::begin_panic_handler::{{closure}}::h91bc7f36a4be011b
[INFO] [stdout]                                at /rustc/1b7dd2252b99671ce5d1cb9664c5f8636329436d/library/std/src/panicking.rs:582:13
[INFO] [stdout]   15:     0x55b3798c1ba6 - std::sys_common::backtrace::__rust_end_short_backtrace::h8b3d3717114f9e59
[INFO] [stdout]                                at /rustc/1b7dd2252b99671ce5d1cb9664c5f8636329436d/library/std/src/sys_common/backtrace.rs:150:18
[INFO] [stdout]   16:     0x55b3798c3372 - rust_begin_unwind
[INFO] [stdout]                                at /rustc/1b7dd2252b99671ce5d1cb9664c5f8636329436d/library/std/src/panicking.rs:578:5
[INFO] [stdout]   17:     0x55b379665453 - core::panicking::panic_fmt::hfd368e3fbdabea26
[INFO] [stdout]                                at /rustc/1b7dd2252b99671ce5d1cb9664c5f8636329436d/library/core/src/panicking.rs:67:14
[INFO] [stdout]   18:     0x55b3796659f3 - core::result::unwrap_failed::he54eb4b2f125b26f
[INFO] [stdout]                                at /rustc/1b7dd2252b99671ce5d1cb9664c5f8636329436d/library/core/src/result.rs:1687:5
[INFO] [stdout]   19:     0x55b3796fbc01 - core::result::Result<T,E>::unwrap::h2428b4e118b74967
[INFO] [stdout]                                at /rustc/1b7dd2252b99671ce5d1cb9664c5f8636329436d/library/core/src/result.rs:1089:23
[INFO] [stdout]   20:     0x55b379740199 - gremlin_client::pool::tests::it_should_create_a_connection_pool::h6ff0f1dcb1ce3c4a
[INFO] [stdout]                                at /opt/rustwide/workdir/src/pool.rs:150:20
[INFO] [stdout]   21:     0x55b379740037 - gremlin_client::pool::tests::it_should_create_a_connection_pool::{{closure}}::hb19885ec57c8a565
[INFO] [stdout]                                at /opt/rustwide/workdir/src/pool.rs:145:45
[INFO] [stdout]   22:     0x55b37971c725 - core::ops::function::FnOnce::call_once::h7f8c318f54375da0
[INFO] [stdout]                                at /rustc/1b7dd2252b99671ce5d1cb9664c5f8636329436d/library/core/src/ops/function.rs:250:5
[INFO] [stdout]   23:     0x55b379784f4f - core::ops::function::FnOnce::call_once::ha6a70e79f7481a7e
[INFO] [stdout]                                at /rustc/1b7dd2252b99671ce5d1cb9664c5f8636329436d/library/core/src/ops/function.rs:250:5
[INFO] [stdout]   24:     0x55b379784f4f - test::__rust_begin_short_backtrace::hce33033019b61e69
[INFO] [stdout]                                at /rustc/1b7dd2252b99671ce5d1cb9664c5f8636329436d/library/test/src/lib.rs:655:18
[INFO] [stdout]   25:     0x55b37975273c - test::run_test::{{closure}}::h858d3528838ae3e5
[INFO] [stdout]                                at /rustc/1b7dd2252b99671ce5d1cb9664c5f8636329436d/library/test/src/lib.rs:646:30
[INFO] [stdout]   26:     0x55b37975273c - core::ops::function::FnOnce::call_once{{vtable.shim}}::he8ac2b00f01ae79e
[INFO] [stdout]                                at /rustc/1b7dd2252b99671ce5d1cb9664c5f8636329436d/library/core/src/ops/function.rs:250:5
[INFO] [stdout]   27:     0x55b379784026 - <alloc::boxed::Box<F,A> as core::ops::function::FnOnce<Args>>::call_once::h8093d25b522725ef
[INFO] [stdout]                                at /rustc/1b7dd2252b99671ce5d1cb9664c5f8636329436d/library/alloc/src/boxed.rs:1973:9
[INFO] [stdout]   28:     0x55b379784026 - <core::panic::unwind_safe::AssertUnwindSafe<F> as core::ops::function::FnOnce<()>>::call_once::h5c334c204e4a3913
[INFO] [stdout]                                at /rustc/1b7dd2252b99671ce5d1cb9664c5f8636329436d/library/core/src/panic/unwind_safe.rs:271:9
[INFO] [stdout]   29:     0x55b379784026 - std::panicking::try::do_call::ha8b740c7b9478074
[INFO] [stdout]                                at /rustc/1b7dd2252b99671ce5d1cb9664c5f8636329436d/library/std/src/panicking.rs:485:40
[INFO] [stdout]   30:     0x55b379784026 - std::panicking::try::h5d34f63d0e41b64e
[INFO] [stdout]                                at /rustc/1b7dd2252b99671ce5d1cb9664c5f8636329436d/library/std/src/panicking.rs:449:19
[INFO] [stdout]   31:     0x55b379784026 - std::panic::catch_unwind::hcfbb511e1aa7fc67
[INFO] [stdout]                                at /rustc/1b7dd2252b99671ce5d1cb9664c5f8636329436d/library/std/src/panic.rs:140:14
[INFO] [stdout]   32:     0x55b379784026 - test::run_test_in_process::h9abda90f802eaf21
[INFO] [stdout]                                at /rustc/1b7dd2252b99671ce5d1cb9664c5f8636329436d/library/test/src/lib.rs:678:27
[INFO] [stdout]   33:     0x55b379784026 - test::run_test::run_test_inner::{{closure}}::h0f058de91f6c6edf
[INFO] [stdout]                                at /rustc/1b7dd2252b99671ce5d1cb9664c5f8636329436d/library/test/src/lib.rs:572:39
[INFO] [stdout]   34:     0x55b37974cf45 - test::run_test::run_test_inner::{{closure}}::h5ca48a4c59c6c1fb
[INFO] [stdout]                                at /rustc/1b7dd2252b99671ce5d1cb9664c5f8636329436d/library/test/src/lib.rs:599:37
[INFO] [stdout]   35:     0x55b37974cf45 - std::sys_common::backtrace::__rust_begin_short_backtrace::h32bd51e1495d4a33
[INFO] [stdout]                                at /rustc/1b7dd2252b99671ce5d1cb9664c5f8636329436d/library/std/src/sys_common/backtrace.rs:134:18
[INFO] [stdout]   36:     0x55b379752481 - std::thread::Builder::spawn_unchecked_::{{closure}}::{{closure}}::hc086fae9b128b2db
[INFO] [stdout]                                at /rustc/1b7dd2252b99671ce5d1cb9664c5f8636329436d/library/std/src/thread/mod.rs:526:17
[INFO] [stdout]   37:     0x55b379752481 - <core::panic::unwind_safe::AssertUnwindSafe<F> as core::ops::function::FnOnce<()>>::call_once::hb66571888d270d43
[INFO] [stdout]                                at /rustc/1b7dd2252b99671ce5d1cb9664c5f8636329436d/library/core/src/panic/unwind_safe.rs:271:9
[INFO] [stdout]   38:     0x55b379752481 - std::panicking::try::do_call::h4fa2ef4f6e51fecf
[INFO] [stdout]                                at /rustc/1b7dd2252b99671ce5d1cb9664c5f8636329436d/library/std/src/panicking.rs:485:40
[INFO] [stdout]   39:     0x55b379752481 - std::panicking::try::h1e9e22b8584489b5
[INFO] [stdout]                                at /rustc/1b7dd2252b99671ce5d1cb9664c5f8636329436d/library/std/src/panicking.rs:449:19
[INFO] [stdout]   40:     0x55b379752481 - std::panic::catch_unwind::h44698a3de0e0769e
[INFO] [stdout]                                at /rustc/1b7dd2252b99671ce5d1cb9664c5f8636329436d/library/std/src/panic.rs:140:14
[INFO] [stdout]   41:     0x55b379752481 - std::thread::Builder::spawn_unchecked_::{{closure}}::h50153abde3fe239e
[INFO] [stdout]                                at /rustc/1b7dd2252b99671ce5d1cb9664c5f8636329436d/library/std/src/thread/mod.rs:525:30
[INFO] [stdout]   42:     0x55b379752481 - core::ops::function::FnOnce::call_once{{vtable.shim}}::hbe5bbf6f38394364
[INFO] [stdout]                                at /rustc/1b7dd2252b99671ce5d1cb9664c5f8636329436d/library/core/src/ops/function.rs:250:5
[INFO] [stdout]   43:     0x55b3798c7f15 - <alloc::boxed::Box<F,A> as core::ops::function::FnOnce<Args>>::call_once::h0d83cb2920a49046
[INFO] [stdout]                                at /rustc/1b7dd2252b99671ce5d1cb9664c5f8636329436d/library/alloc/src/boxed.rs:1973:9
[INFO] [stdout]   44:     0x55b3798c7f15 - <alloc::boxed::Box<F,A> as core::ops::function::FnOnce<Args>>::call_once::hbe0a008aa7d9ef59
[INFO] [stdout]                                at /rustc/1b7dd2252b99671ce5d1cb9664c5f8636329436d/library/alloc/src/boxed.rs:1973:9
[INFO] [stdout]   45:     0x55b3798c7f15 - std::sys::unix::thread::Thread::new::thread_start::h3a466996bdf6b1f9
[INFO] [stdout]                                at /rustc/1b7dd2252b99671ce5d1cb9664c5f8636329436d/library/std/src/sys/unix/thread.rs:108:17
[INFO] [stdout]   46:     0x7fc66efabb43 - <unknown>
[INFO] [stdout]   47:     0x7fc66f03cbb4 - __clone
[INFO] [stdout]   48:                0x0 - <unknown>
[INFO] [stdout] 
[INFO] [stdout] 
[INFO] [stdout] failures:
[INFO] [stdout]     connection::tests::it_should_connect
[INFO] [stdout]     pool::tests::it_should_create_a_connection_pool
[INFO] [stdout] 
[INFO] [stdout] test result: FAILED. 57 passed; 2 failed; 0 ignored; 0 measured; 0 filtered out; finished in 30.02s
[INFO] [stdout] 
[INFO] [stderr] error: test failed, to rerun pass `--lib`
[INFO] running `Command { std: "docker" "inspect" "7457c94217b52580e4f5d5c0fb4397b3c9aa7c62a4a084998eb4101b23bb700f", kill_on_drop: false }`
[INFO] running `Command { std: "docker" "rm" "-f" "7457c94217b52580e4f5d5c0fb4397b3c9aa7c62a4a084998eb4101b23bb700f", kill_on_drop: false }`
[INFO] [stdout] 7457c94217b52580e4f5d5c0fb4397b3c9aa7c62a4a084998eb4101b23bb700f
