[INFO] fetching crate googleapis 0.0.1...
[INFO] testing googleapis-0.0.1 against beta-2023-04-20 for beta-1.70-1
[INFO] extracting crate googleapis 0.0.1 into /workspace/builds/worker-7-tc2/source
[INFO] validating manifest of crates.io crate googleapis 0.0.1 on toolchain beta-2023-04-20
[INFO] running `Command { std: CARGO_HOME="/workspace/cargo-home" RUSTUP_HOME="/workspace/rustup-home" "/workspace/cargo-home/bin/cargo" "+beta-2023-04-20" "metadata" "--manifest-path" "Cargo.toml" "--no-deps", kill_on_drop: false }`
[INFO] started tweaking crates.io crate googleapis 0.0.1
[INFO] finished tweaking crates.io crate googleapis 0.0.1
[INFO] tweaked toml for crates.io crate googleapis 0.0.1 written to /workspace/builds/worker-7-tc2/source/Cargo.toml
[INFO] running `Command { std: CARGO_HOME="/workspace/cargo-home" RUSTUP_HOME="/workspace/rustup-home" __CARGO_TEST_CHANNEL_OVERRIDE_DO_NOT_USE_THIS="nightly" "/workspace/cargo-home/bin/cargo" "+beta-2023-04-20" "generate-lockfile" "--manifest-path" "Cargo.toml" "-Zno-index-update", kill_on_drop: false }`
[INFO] running `Command { std: CARGO_HOME="/workspace/cargo-home" RUSTUP_HOME="/workspace/rustup-home" "/workspace/cargo-home/bin/cargo" "+beta-2023-04-20" "fetch" "--manifest-path" "Cargo.toml", kill_on_drop: false }`
[INFO] [stderr]  Downloading crates ...
[INFO] [stderr]   Downloaded multimap v0.4.0
[INFO] [stderr]   Downloaded env_logger v0.5.13
[INFO] [stderr]   Downloaded prost-derive v0.4.0
[INFO] [stderr]   Downloaded prost v0.4.0
[INFO] [stderr]   Downloaded prost-types v0.4.0
[INFO] [stderr]   Downloaded prost-build v0.4.0
[INFO] running `Command { std: "docker" "create" "-v" "/var/lib/crater-agent-workspace/builds/worker-7-tc2/target:/opt/rustwide/target:rw,Z" "-v" "/var/lib/crater-agent-workspace/builds/worker-7-tc2/source:/opt/rustwide/workdir:ro,Z" "-v" "/var/lib/crater-agent-workspace/cargo-home:/opt/rustwide/cargo-home:ro,Z" "-v" "/var/lib/crater-agent-workspace/rustup-home:/opt/rustwide/rustup-home:ro,Z" "-e" "SOURCE_DIR=/opt/rustwide/workdir" "-e" "CARGO_TARGET_DIR=/opt/rustwide/target" "-e" "CARGO_HOME=/opt/rustwide/cargo-home" "-e" "RUSTUP_HOME=/opt/rustwide/rustup-home" "-w" "/opt/rustwide/workdir" "-m" "1610612736" "--user" "0:0" "--network" "none" "ghcr.io/rust-lang/crates-build-env/linux@sha256:5ff2268d62e97bff2cde7d5815dd6ed5b47097566f13b8d0ca110b04b60e07ed" "/opt/rustwide/cargo-home/bin/cargo" "+beta-2023-04-20" "metadata" "--no-deps" "--format-version=1", kill_on_drop: false }`
[INFO] [stdout] b003d39b748f29550b90fa61c4fb7168849406031dffe1e7412a4a2ceef5529e
[INFO] running `Command { std: "docker" "start" "-a" "b003d39b748f29550b90fa61c4fb7168849406031dffe1e7412a4a2ceef5529e", kill_on_drop: false }`
[INFO] running `Command { std: "docker" "inspect" "b003d39b748f29550b90fa61c4fb7168849406031dffe1e7412a4a2ceef5529e", kill_on_drop: false }`
[INFO] running `Command { std: "docker" "rm" "-f" "b003d39b748f29550b90fa61c4fb7168849406031dffe1e7412a4a2ceef5529e", kill_on_drop: false }`
[INFO] [stdout] b003d39b748f29550b90fa61c4fb7168849406031dffe1e7412a4a2ceef5529e
[INFO] running `Command { std: "docker" "create" "-v" "/var/lib/crater-agent-workspace/builds/worker-7-tc2/target:/opt/rustwide/target:rw,Z" "-v" "/var/lib/crater-agent-workspace/builds/worker-7-tc2/source:/opt/rustwide/workdir:ro,Z" "-v" "/var/lib/crater-agent-workspace/cargo-home:/opt/rustwide/cargo-home:ro,Z" "-v" "/var/lib/crater-agent-workspace/rustup-home:/opt/rustwide/rustup-home:ro,Z" "-e" "SOURCE_DIR=/opt/rustwide/workdir" "-e" "CARGO_TARGET_DIR=/opt/rustwide/target" "-e" "CARGO_INCREMENTAL=0" "-e" "RUST_BACKTRACE=full" "-e" "RUSTFLAGS=--cap-lints=warn" "-e" "RUSTDOCFLAGS=--cap-lints=warn" "-e" "CARGO_HOME=/opt/rustwide/cargo-home" "-e" "RUSTUP_HOME=/opt/rustwide/rustup-home" "-w" "/opt/rustwide/workdir" "-m" "1610612736" "--user" "0:0" "--network" "none" "ghcr.io/rust-lang/crates-build-env/linux@sha256:5ff2268d62e97bff2cde7d5815dd6ed5b47097566f13b8d0ca110b04b60e07ed" "/opt/rustwide/cargo-home/bin/cargo" "+beta-2023-04-20" "build" "--frozen" "--message-format=json", kill_on_drop: false }`
[INFO] [stdout] 53dde579a5ce9769b7ec7866c3236fa416856b7fbf30b411d03a4baccc61de7a
[INFO] running `Command { std: "docker" "start" "-a" "53dde579a5ce9769b7ec7866c3236fa416856b7fbf30b411d03a4baccc61de7a", kill_on_drop: false }`
[INFO] [stderr]     Blocking waiting for file lock on package cache
[INFO] [stderr]    Compiling libc v0.2.142
[INFO] [stderr]    Compiling memchr v2.5.0
[INFO] [stderr]    Compiling cfg-if v1.0.0
[INFO] [stderr]    Compiling gimli v0.27.2
[INFO] [stderr]    Compiling adler v1.0.2
[INFO] [stderr]    Compiling rustc-demangle v0.1.23
[INFO] [stderr]    Compiling proc-macro2 v0.4.30
[INFO] [stderr]    Compiling unicode-xid v0.1.0
[INFO] [stderr]    Compiling either v1.8.1
[INFO] [stderr]    Compiling quick-error v1.2.3
[INFO] [stderr]    Compiling fixedbitset v0.1.9
[INFO] [stderr]    Compiling remove_dir_all v0.5.3
[INFO] [stderr]    Compiling unicode-segmentation v1.10.1
[INFO] [stderr]    Compiling backtrace v0.3.67
[INFO] [stderr]    Compiling log v0.4.17
[INFO] [stderr]    Compiling termcolor v1.2.0
[INFO] [stderr]    Compiling multimap v0.4.0
[INFO] [stderr]    Compiling miniz_oxide v0.6.2
[INFO] [stderr]    Compiling humantime v1.3.0
[INFO] [stderr]    Compiling itertools v0.7.11
[INFO] [stderr]    Compiling petgraph v0.4.13
[INFO] [stderr]    Compiling heck v0.3.3
[INFO] [stderr]    Compiling object v0.30.3
[INFO] [stderr]    Compiling quote v0.6.13
[INFO] [stderr]    Compiling syn v0.14.9
[INFO] [stderr]    Compiling iovec v0.1.4
[INFO] [stderr]    Compiling rand v0.4.6
[INFO] [stderr]    Compiling atty v0.2.14
[INFO] [stderr]    Compiling env_logger v0.5.13
[INFO] [stderr]    Compiling bytes v0.4.12
[INFO] [stderr]    Compiling prost v0.4.0
[INFO] [stderr]    Compiling tempdir v0.3.7
[INFO] [stderr]    Compiling addr2line v0.19.0
[INFO] [stderr]    Compiling failure v0.1.8
[INFO] [stderr]    Compiling which v2.0.1
[INFO] [stderr]    Compiling prost-build v0.4.0
[INFO] [stderr]    Compiling prost-derive v0.4.0
[INFO] [stderr]    Compiling prost-types v0.4.0
[INFO] [stderr]    Compiling googleapis v0.0.1 (/opt/rustwide/workdir)
[INFO] [stderr]     Finished dev [unoptimized + debuginfo] target(s) in 16.14s
[INFO] [stderr] warning: the following packages contain code that will be rejected by a future version of Rust: syn v0.14.9
[INFO] [stderr] note: to see what the problems were, use the option `--future-incompat-report`, or run `cargo report future-incompatibilities --id 1`
[INFO] running `Command { std: "docker" "inspect" "53dde579a5ce9769b7ec7866c3236fa416856b7fbf30b411d03a4baccc61de7a", kill_on_drop: false }`
[INFO] running `Command { std: "docker" "rm" "-f" "53dde579a5ce9769b7ec7866c3236fa416856b7fbf30b411d03a4baccc61de7a", kill_on_drop: false }`
[INFO] [stdout] 53dde579a5ce9769b7ec7866c3236fa416856b7fbf30b411d03a4baccc61de7a
[INFO] running `Command { std: "docker" "create" "-v" "/var/lib/crater-agent-workspace/builds/worker-7-tc2/target:/opt/rustwide/target:rw,Z" "-v" "/var/lib/crater-agent-workspace/builds/worker-7-tc2/source:/opt/rustwide/workdir:ro,Z" "-v" "/var/lib/crater-agent-workspace/cargo-home:/opt/rustwide/cargo-home:ro,Z" "-v" "/var/lib/crater-agent-workspace/rustup-home:/opt/rustwide/rustup-home:ro,Z" "-e" "SOURCE_DIR=/opt/rustwide/workdir" "-e" "CARGO_TARGET_DIR=/opt/rustwide/target" "-e" "CARGO_INCREMENTAL=0" "-e" "RUST_BACKTRACE=full" "-e" "RUSTFLAGS=--cap-lints=warn" "-e" "RUSTDOCFLAGS=--cap-lints=warn" "-e" "CARGO_HOME=/opt/rustwide/cargo-home" "-e" "RUSTUP_HOME=/opt/rustwide/rustup-home" "-w" "/opt/rustwide/workdir" "-m" "1610612736" "--user" "0:0" "--network" "none" "ghcr.io/rust-lang/crates-build-env/linux@sha256:5ff2268d62e97bff2cde7d5815dd6ed5b47097566f13b8d0ca110b04b60e07ed" "/opt/rustwide/cargo-home/bin/cargo" "+beta-2023-04-20" "test" "--frozen" "--no-run" "--message-format=json", kill_on_drop: false }`
[INFO] [stdout] 1b895360073bf058b55dc01bbac3fe5805c49934ce651b2b72e01f674019b049
[INFO] running `Command { std: "docker" "start" "-a" "1b895360073bf058b55dc01bbac3fe5805c49934ce651b2b72e01f674019b049", kill_on_drop: false }`
[INFO] [stderr]    Compiling googleapis v0.0.1 (/opt/rustwide/workdir)
[INFO] [stderr]     Finished test [unoptimized + debuginfo] target(s) in 1.08s
[INFO] [stderr] warning: the following packages contain code that will be rejected by a future version of Rust: syn v0.14.9
[INFO] [stderr]     Blocking waiting for file lock on package cache
[INFO] [stderr] note: to see what the problems were, use the option `--future-incompat-report`, or run `cargo report future-incompatibilities --id 1`
[INFO] running `Command { std: "docker" "inspect" "1b895360073bf058b55dc01bbac3fe5805c49934ce651b2b72e01f674019b049", kill_on_drop: false }`
[INFO] running `Command { std: "docker" "rm" "-f" "1b895360073bf058b55dc01bbac3fe5805c49934ce651b2b72e01f674019b049", kill_on_drop: false }`
[INFO] [stdout] 1b895360073bf058b55dc01bbac3fe5805c49934ce651b2b72e01f674019b049
[INFO] running `Command { std: "docker" "create" "-v" "/var/lib/crater-agent-workspace/builds/worker-7-tc2/target:/opt/rustwide/target:rw,Z" "-v" "/var/lib/crater-agent-workspace/builds/worker-7-tc2/source:/opt/rustwide/workdir:ro,Z" "-v" "/var/lib/crater-agent-workspace/cargo-home:/opt/rustwide/cargo-home:ro,Z" "-v" "/var/lib/crater-agent-workspace/rustup-home:/opt/rustwide/rustup-home:ro,Z" "-e" "SOURCE_DIR=/opt/rustwide/workdir" "-e" "CARGO_TARGET_DIR=/opt/rustwide/target" "-e" "CARGO_INCREMENTAL=0" "-e" "RUST_BACKTRACE=full" "-e" "RUSTFLAGS=--cap-lints=warn" "-e" "RUSTDOCFLAGS=--cap-lints=warn" "-e" "CARGO_HOME=/opt/rustwide/cargo-home" "-e" "RUSTUP_HOME=/opt/rustwide/rustup-home" "-w" "/opt/rustwide/workdir" "-m" "1610612736" "--user" "0:0" "--network" "none" "ghcr.io/rust-lang/crates-build-env/linux@sha256:5ff2268d62e97bff2cde7d5815dd6ed5b47097566f13b8d0ca110b04b60e07ed" "/opt/rustwide/cargo-home/bin/cargo" "+beta-2023-04-20" "test" "--frozen", kill_on_drop: false }`
[INFO] [stdout] 716a09e5ec1bee9baf5c4165f8567d99537fb56e877ad72b5406c48bd639a356
[INFO] running `Command { std: "docker" "start" "-a" "716a09e5ec1bee9baf5c4165f8567d99537fb56e877ad72b5406c48bd639a356", kill_on_drop: false }`
[INFO] [stderr]     Finished test [unoptimized + debuginfo] target(s) in 0.03s
[INFO] [stderr] warning: the following packages contain code that will be rejected by a future version of Rust: syn v0.14.9
[INFO] [stderr] note: to see what the problems were, use the option `--future-incompat-report`, or run `cargo report future-incompatibilities --id 1`
[INFO] [stderr]      Running unittests src/lib.rs (/opt/rustwide/target/debug/deps/googleapis-5769cf8208851216)
[INFO] [stdout] 
[INFO] [stdout] running 0 tests
[INFO] [stdout] 
[INFO] [stdout] test result: ok. 0 passed; 0 failed; 0 ignored; 0 measured; 0 filtered out; finished in 0.00s
[INFO] [stdout] 
[INFO] [stderr]    Doc-tests googleapis
[INFO] [stdout] 
[INFO] [stdout] running 16 tests
[INFO] [stdout] test /opt/rustwide/target/debug/build/googleapis-460859672186ceae/out/google.spanner.v1.rs - google::spanner::v1::PlanNode::metadata (line 249) ... FAILED
[INFO] [stdout] test /opt/rustwide/target/debug/build/googleapis-460859672186ceae/out/google.spanner.v1.rs - google::spanner::v1::PartialResultSet::values (line 924) ... FAILED
[INFO] [stdout] test /opt/rustwide/target/debug/build/googleapis-460859672186ceae/out/google.spanner.v1.rs - google::spanner::v1::KeyRange (line 58) ... FAILED
[INFO] [stdout] test /opt/rustwide/target/debug/build/googleapis-460859672186ceae/out/google.spanner.v1.rs - google::spanner::v1::KeyRange (line 19) ... FAILED
[INFO] [stdout] test /opt/rustwide/target/debug/build/googleapis-460859672186ceae/out/google.spanner.v1.rs - google::spanner::v1::ResultSetMetadata::row_type (line 1001) ... FAILED
[INFO] [stdout] test /opt/rustwide/target/debug/build/googleapis-460859672186ceae/out/google.spanner.v1.rs - google::spanner::v1::KeyRange (line 53) ... FAILED
[INFO] [stdout] test /opt/rustwide/target/debug/build/googleapis-460859672186ceae/out/google.spanner.v1.rs - google::spanner::v1::KeyRange (line 43) ... FAILED
[INFO] [stdout] test /opt/rustwide/target/debug/build/googleapis-460859672186ceae/out/google.spanner.v1.rs - google::spanner::v1::KeyRange (line 69) ... FAILED
[INFO] [stdout] test /opt/rustwide/target/debug/build/googleapis-460859672186ceae/out/google.spanner.v1.rs - google::spanner::v1::KeyRange (line 31) ... FAILED
[INFO] [stdout] test /opt/rustwide/target/debug/build/googleapis-460859672186ceae/out/google.spanner.v1.rs - google::spanner::v1::KeyRange (line 12) ... FAILED
[INFO] [stdout] test /opt/rustwide/target/debug/build/googleapis-460859672186ceae/out/google.spanner.v1.rs - google::spanner::v1::ResultSetStats::query_stats (line 1022) ... FAILED
[INFO] [stdout] test /opt/rustwide/target/debug/build/googleapis-460859672186ceae/out/google.spanner.v1.rs - google::spanner::v1::KeyRange (line 83) ... FAILED
[INFO] [stdout] test /opt/rustwide/target/debug/build/googleapis-460859672186ceae/out/google.spanner.v1.rs - google::spanner::v1::KeyRange (line 48) ... FAILED
[INFO] [stdout] test /opt/rustwide/target/debug/build/googleapis-460859672186ceae/out/google.spanner.v1.rs - google::spanner::v1::KeyRange (line 64) ... FAILED
[INFO] [stdout] test /opt/rustwide/target/debug/build/googleapis-460859672186ceae/out/google.spanner.v1.rs - google::spanner::v1::PartialResultSet::values (line 952) ... FAILED
[INFO] [stdout] test /opt/rustwide/target/debug/build/googleapis-460859672186ceae/out/google.spanner.v1.rs - google::spanner::v1::KeyRange (line 75) ... FAILED
[INFO] [stdout] 
[INFO] [stdout] failures:
[INFO] [stdout] 
[INFO] [stdout] ---- /opt/rustwide/target/debug/build/googleapis-460859672186ceae/out/google.spanner.v1.rs - google::spanner::v1::PlanNode::metadata (line 249) stdout ----
[INFO] [stdout] error: expected type, found `"param1"`
[INFO] [stdout]  --> /opt/rustwide/target/debug/build/googleapis-460859672186ceae/out/google.spanner.v1.rs:251:26
[INFO] [stdout]   |
[INFO] [stdout] 4 |   "parameter_reference": "param1",
[INFO] [stdout]   |                        - ^^^^^^^^ expected type
[INFO] [stdout]   |                        |
[INFO] [stdout]   |                        tried to parse a type due to this
[INFO] [stdout] 
[INFO] [stdout] error: aborting due to previous error
[INFO] [stdout] 
[INFO] [stdout] Couldn't compile the test.
[INFO] [stdout] ---- /opt/rustwide/target/debug/build/googleapis-460859672186ceae/out/google.spanner.v1.rs - google::spanner::v1::PartialResultSet::values (line 924) stdout ----
[INFO] [stdout] error[E0765]: unterminated double quote string
[INFO] [stdout]   --> /opt/rustwide/target/debug/build/googleapis-460859672186ceae/out/google.spanner.v1.rs:947:41
[INFO] [stdout]    |
[INFO] [stdout] 23 | {"a": ["1"]}, {"a": ["2"]} => {"a": ["12"]}
[INFO] [stdout]    |                                         ^^^
[INFO] [stdout] 
[INFO] [stdout] error: aborting due to previous error
[INFO] [stdout] 
[INFO] [stdout] For more information about this error, try `rustc --explain E0765`.
[INFO] [stdout] Couldn't compile the test.
[INFO] [stdout] ---- /opt/rustwide/target/debug/build/googleapis-460859672186ceae/out/google.spanner.v1.rs - google::spanner::v1::KeyRange (line 58) stdout ----
[INFO] [stdout] error: expected type, found `]`
[INFO] [stdout]  --> /opt/rustwide/target/debug/build/googleapis-460859672186ceae/out/google.spanner.v1.rs:59:18
[INFO] [stdout]   |
[INFO] [stdout] 3 | "start_closed": []
[INFO] [stdout]   |               -  ^ expected type
[INFO] [stdout]   |               |
[INFO] [stdout]   |               tried to parse a type due to this
[INFO] [stdout] 
[INFO] [stdout] error: aborting due to previous error
[INFO] [stdout] 
[INFO] [stdout] Couldn't compile the test.
[INFO] [stdout] ---- /opt/rustwide/target/debug/build/googleapis-460859672186ceae/out/google.spanner.v1.rs - google::spanner::v1::KeyRange (line 19) stdout ----
[INFO] [stdout] error: expected `;`, found `[`
[INFO] [stdout]  --> /opt/rustwide/target/debug/build/googleapis-460859672186ceae/out/google.spanner.v1.rs:21:1
[INFO] [stdout]   |
[INFO] [stdout] 4 | ["Alfred", "2015-06-12"]
[INFO] [stdout]   | ^
[INFO] [stdout]   |
[INFO] [stdout] help: consider adding `;` here
[INFO] [stdout]   |
[INFO] [stdout] 3 | ["Bob", "2014-09-23"];
[INFO] [stdout]   |                      +
[INFO] [stdout] 
[INFO] [stdout] error: aborting due to previous error
[INFO] [stdout] 
[INFO] [stdout] Couldn't compile the test.
[INFO] [stdout] ---- /opt/rustwide/target/debug/build/googleapis-460859672186ceae/out/google.spanner.v1.rs - google::spanner::v1::ResultSetMetadata::row_type (line 1001) stdout ----
[INFO] [stdout] error: expected type, found `{`
[INFO] [stdout]  --> /opt/rustwide/target/debug/build/googleapis-460859672186ceae/out/google.spanner.v1.rs:1003:3
[INFO] [stdout]   |
[INFO] [stdout] 3 | "fields": [
[INFO] [stdout]   |         - help: maybe write a path separator here: `::`
[INFO] [stdout] 4 |   { "name": "UserId", "type": { "code": "INT64" } },
[INFO] [stdout]   |   ^ expected type
[INFO] [stdout] 
[INFO] [stdout] error: aborting due to previous error
[INFO] [stdout] 
[INFO] [stdout] Couldn't compile the test.
[INFO] [stdout] ---- /opt/rustwide/target/debug/build/googleapis-460859672186ceae/out/google.spanner.v1.rs - google::spanner::v1::KeyRange (line 53) stdout ----
[INFO] [stdout] error: expected type, found `"Bob"`
[INFO] [stdout]  --> /opt/rustwide/target/debug/build/googleapis-460859672186ceae/out/google.spanner.v1.rs:54:18
[INFO] [stdout]   |
[INFO] [stdout] 3 | "start_closed": ["Bob"]
[INFO] [stdout]   |               -  ^^^^^ expected type
[INFO] [stdout]   |               |
[INFO] [stdout]   |               tried to parse a type due to this
[INFO] [stdout] 
[INFO] [stdout] error: expected `;`, found `"end_open"`
[INFO] [stdout]  --> /opt/rustwide/target/debug/build/googleapis-460859672186ceae/out/google.spanner.v1.rs:54:24
[INFO] [stdout]   |
[INFO] [stdout] 3 | "start_closed": ["Bob"]
[INFO] [stdout]   |                        ^ help: add `;` here
[INFO] [stdout] 4 | "end_open": ["Bob", "2000-01-01"]
[INFO] [stdout]   | ---------- unexpected token
[INFO] [stdout] 
[INFO] [stdout] error: expected type, found `"Bob"`
[INFO] [stdout]  --> /opt/rustwide/target/debug/build/googleapis-460859672186ceae/out/google.spanner.v1.rs:55:14
[INFO] [stdout]   |
[INFO] [stdout] 4 | "end_open": ["Bob", "2000-01-01"]
[INFO] [stdout]   |           -  ^^^^^ expected type
[INFO] [stdout]   |           |
[INFO] [stdout]   |           tried to parse a type due to this
[INFO] [stdout] 
[INFO] [stdout] error: aborting due to 3 previous errors
[INFO] [stdout] 
[INFO] [stdout] Couldn't compile the test.
[INFO] [stdout] ---- /opt/rustwide/target/debug/build/googleapis-460859672186ceae/out/google.spanner.v1.rs - google::spanner::v1::KeyRange (line 43) stdout ----
[INFO] [stdout] error: expected type, found `"Bob"`
[INFO] [stdout]  --> /opt/rustwide/target/debug/build/googleapis-460859672186ceae/out/google.spanner.v1.rs:44:18
[INFO] [stdout]   |
[INFO] [stdout] 3 | "start_closed": ["Bob", "2000-01-01"]
[INFO] [stdout]   |               -  ^^^^^ expected type
[INFO] [stdout]   |               |
[INFO] [stdout]   |               tried to parse a type due to this
[INFO] [stdout] 
[INFO] [stdout] error: aborting due to previous error
[INFO] [stdout] 
[INFO] [stdout] Couldn't compile the test.
[INFO] [stdout] ---- /opt/rustwide/target/debug/build/googleapis-460859672186ceae/out/google.spanner.v1.rs - google::spanner::v1::KeyRange (line 69) stdout ----
[INFO] [stdout] error: expected type, found `"B"`
[INFO] [stdout]  --> /opt/rustwide/target/debug/build/googleapis-460859672186ceae/out/google.spanner.v1.rs:70:18
[INFO] [stdout]   |
[INFO] [stdout] 3 | "start_closed": ["B"]
[INFO] [stdout]   |               -  ^^^ expected type
[INFO] [stdout]   |               |
[INFO] [stdout]   |               tried to parse a type due to this
[INFO] [stdout] 
[INFO] [stdout] error: expected `;`, found `"end_open"`
[INFO] [stdout]  --> /opt/rustwide/target/debug/build/googleapis-460859672186ceae/out/google.spanner.v1.rs:70:22
[INFO] [stdout]   |
[INFO] [stdout] 3 | "start_closed": ["B"]
[INFO] [stdout]   |                      ^ help: add `;` here
[INFO] [stdout] 4 | "end_open": ["C"]
[INFO] [stdout]   | ---------- unexpected token
[INFO] [stdout] 
[INFO] [stdout] error: expected type, found `"C"`
[INFO] [stdout]  --> /opt/rustwide/target/debug/build/googleapis-460859672186ceae/out/google.spanner.v1.rs:71:14
[INFO] [stdout]   |
[INFO] [stdout] 4 | "end_open": ["C"]
[INFO] [stdout]   |           -  ^^^ expected type
[INFO] [stdout]   |           |
[INFO] [stdout]   |           tried to parse a type due to this
[INFO] [stdout] 
[INFO] [stdout] error: aborting due to 3 previous errors
[INFO] [stdout] 
[INFO] [stdout] Couldn't compile the test.
[INFO] [stdout] ---- /opt/rustwide/target/debug/build/googleapis-460859672186ceae/out/google.spanner.v1.rs - google::spanner::v1::KeyRange (line 31) stdout ----
[INFO] [stdout] error: expected type, found `"Bob"`
[INFO] [stdout]  --> /opt/rustwide/target/debug/build/googleapis-460859672186ceae/out/google.spanner.v1.rs:32:18
[INFO] [stdout]   |
[INFO] [stdout] 3 | "start_closed": ["Bob", "2015-01-01"]
[INFO] [stdout]   |               -  ^^^^^ expected type
[INFO] [stdout]   |               |
[INFO] [stdout]   |               tried to parse a type due to this
[INFO] [stdout] 
[INFO] [stdout] error: aborting due to previous error
[INFO] [stdout] 
[INFO] [stdout] Couldn't compile the test.
[INFO] [stdout] ---- /opt/rustwide/target/debug/build/googleapis-460859672186ceae/out/google.spanner.v1.rs - google::spanner::v1::KeyRange (line 12) stdout ----
[INFO] [stdout] error: expected one of `!`, `.`, `::`, `;`, `?`, `{`, `}`, or an operator, found `TABLE`
[INFO] [stdout]  --> /opt/rustwide/target/debug/build/googleapis-460859672186ceae/out/google.spanner.v1.rs:13:8
[INFO] [stdout]   |
[INFO] [stdout] 3 | CREATE TABLE UserEvents (
[INFO] [stdout]   |        ^^^^^ expected one of 8 possible tokens
[INFO] [stdout] 
[INFO] [stdout] error: aborting due to previous error
[INFO] [stdout] 
[INFO] [stdout] Couldn't compile the test.
[INFO] [stdout] ---- /opt/rustwide/target/debug/build/googleapis-460859672186ceae/out/google.spanner.v1.rs - google::spanner::v1::ResultSetStats::query_stats (line 1022) stdout ----
[INFO] [stdout] error: expected type, found `"3"`
[INFO] [stdout]  --> /opt/rustwide/target/debug/build/googleapis-460859672186ceae/out/google.spanner.v1.rs:1024:20
[INFO] [stdout]   |
[INFO] [stdout] 4 |   "rows_returned": "3",
[INFO] [stdout]   |                  - ^^^ expected type
[INFO] [stdout]   |                  |
[INFO] [stdout]   |                  tried to parse a type due to this
[INFO] [stdout] 
[INFO] [stdout] error: aborting due to previous error
[INFO] [stdout] 
[INFO] [stdout] Couldn't compile the test.
[INFO] [stdout] ---- /opt/rustwide/target/debug/build/googleapis-460859672186ceae/out/google.spanner.v1.rs - google::spanner::v1::KeyRange (line 83) stdout ----
[INFO] [stdout] error: expected type, found `"100"`
[INFO] [stdout]  --> /opt/rustwide/target/debug/build/googleapis-460859672186ceae/out/google.spanner.v1.rs:84:18
[INFO] [stdout]   |
[INFO] [stdout] 3 | "start_closed": ["100"]
[INFO] [stdout]   |               -  ^^^^^ expected type
[INFO] [stdout]   |               |
[INFO] [stdout]   |               tried to parse a type due to this
[INFO] [stdout] 
[INFO] [stdout] error: expected `;`, found `"end_closed"`
[INFO] [stdout]  --> /opt/rustwide/target/debug/build/googleapis-460859672186ceae/out/google.spanner.v1.rs:84:24
[INFO] [stdout]   |
[INFO] [stdout] 3 | "start_closed": ["100"]
[INFO] [stdout]   |                        ^ help: add `;` here
[INFO] [stdout] 4 | "end_closed": ["1"]
[INFO] [stdout]   | ------------ unexpected token
[INFO] [stdout] 
[INFO] [stdout] error: expected type, found `"1"`
[INFO] [stdout]  --> /opt/rustwide/target/debug/build/googleapis-460859672186ceae/out/google.spanner.v1.rs:85:16
[INFO] [stdout]   |
[INFO] [stdout] 4 | "end_closed": ["1"]
[INFO] [stdout]   |             -  ^^^ expected type
[INFO] [stdout]   |             |
[INFO] [stdout]   |             tried to parse a type due to this
[INFO] [stdout] 
[INFO] [stdout] error: aborting due to 3 previous errors
[INFO] [stdout] 
[INFO] [stdout] Couldn't compile the test.
[INFO] [stdout] ---- /opt/rustwide/target/debug/build/googleapis-460859672186ceae/out/google.spanner.v1.rs - google::spanner::v1::KeyRange (line 48) stdout ----
[INFO] [stdout] error: expected type, found `"Bob"`
[INFO] [stdout]  --> /opt/rustwide/target/debug/build/googleapis-460859672186ceae/out/google.spanner.v1.rs:49:18
[INFO] [stdout]   |
[INFO] [stdout] 3 | "start_closed": ["Bob"]
[INFO] [stdout]   |               -  ^^^^^ expected type
[INFO] [stdout]   |               |
[INFO] [stdout]   |               tried to parse a type due to this
[INFO] [stdout] 
[INFO] [stdout] error: expected `;`, found `"end_closed"`
[INFO] [stdout]  --> /opt/rustwide/target/debug/build/googleapis-460859672186ceae/out/google.spanner.v1.rs:49:24
[INFO] [stdout]   |
[INFO] [stdout] 3 | "start_closed": ["Bob"]
[INFO] [stdout]   |                        ^ help: add `;` here
[INFO] [stdout] 4 | "end_closed": ["Bob"]
[INFO] [stdout]   | ------------ unexpected token
[INFO] [stdout] 
[INFO] [stdout] error: expected type, found `"Bob"`
[INFO] [stdout]  --> /opt/rustwide/target/debug/build/googleapis-460859672186ceae/out/google.spanner.v1.rs:50:16
[INFO] [stdout]   |
[INFO] [stdout] 4 | "end_closed": ["Bob"]
[INFO] [stdout]   |             -  ^^^^^ expected type
[INFO] [stdout]   |             |
[INFO] [stdout]   |             tried to parse a type due to this
[INFO] [stdout] 
[INFO] [stdout] error: aborting due to 3 previous errors
[INFO] [stdout] 
[INFO] [stdout] Couldn't compile the test.
[INFO] [stdout] ---- /opt/rustwide/target/debug/build/googleapis-460859672186ceae/out/google.spanner.v1.rs - google::spanner::v1::KeyRange (line 64) stdout ----
[INFO] [stdout] error: expected type, found `"A"`
[INFO] [stdout]  --> /opt/rustwide/target/debug/build/googleapis-460859672186ceae/out/google.spanner.v1.rs:65:18
[INFO] [stdout]   |
[INFO] [stdout] 3 | "start_closed": ["A"]
[INFO] [stdout]   |               -  ^^^ expected type
[INFO] [stdout]   |               |
[INFO] [stdout]   |               tried to parse a type due to this
[INFO] [stdout] 
[INFO] [stdout] error: expected `;`, found `"end_open"`
[INFO] [stdout]  --> /opt/rustwide/target/debug/build/googleapis-460859672186ceae/out/google.spanner.v1.rs:65:22
[INFO] [stdout]   |
[INFO] [stdout] 3 | "start_closed": ["A"]
[INFO] [stdout]   |                      ^ help: add `;` here
[INFO] [stdout] 4 | "end_open": ["D"]
[INFO] [stdout]   | ---------- unexpected token
[INFO] [stdout] 
[INFO] [stdout] error: expected type, found `"D"`
[INFO] [stdout]  --> /opt/rustwide/target/debug/build/googleapis-460859672186ceae/out/google.spanner.v1.rs:66:14
[INFO] [stdout]   |
[INFO] [stdout] 4 | "end_open": ["D"]
[INFO] [stdout]   |           -  ^^^ expected type
[INFO] [stdout]   |           |
[INFO] [stdout]   |           tried to parse a type due to this
[INFO] [stdout] 
[INFO] [stdout] error: aborting due to 3 previous errors
[INFO] [stdout] 
[INFO] [stdout] Couldn't compile the test.
[INFO] [stdout] ---- /opt/rustwide/target/debug/build/googleapis-460859672186ceae/out/google.spanner.v1.rs - google::spanner::v1::PartialResultSet::values (line 952) stdout ----
[INFO] [stdout] error: expected type, found `{`
[INFO] [stdout]  --> /opt/rustwide/target/debug/build/googleapis-460859672186ceae/out/google.spanner.v1.rs:954:15
[INFO] [stdout]   |
[INFO] [stdout] 4 |   "metadata": { ... }
[INFO] [stdout]   |             - ^ expected type
[INFO] [stdout]   |             |
[INFO] [stdout]   |             tried to parse a type due to this
[INFO] [stdout] 
[INFO] [stdout] error: expected type, found `"orl"`
[INFO] [stdout]   --> /opt/rustwide/target/debug/build/googleapis-460859672186ceae/out/google.spanner.v1.rs:960:14
[INFO] [stdout]    |
[INFO] [stdout] 10 |   "values": ["orl"]
[INFO] [stdout]    |           -  ^^^^^ expected type
[INFO] [stdout]    |           |
[INFO] [stdout]    |           tried to parse a type due to this
[INFO] [stdout] 
[INFO] [stdout] error: expected `;`, found `"chunked_value"`
[INFO] [stdout]   --> /opt/rustwide/target/debug/build/googleapis-460859672186ceae/out/google.spanner.v1.rs:960:20
[INFO] [stdout]    |
[INFO] [stdout] 10 |   "values": ["orl"]
[INFO] [stdout]    |                    ^ help: add `;` here
[INFO] [stdout] 11 |   "chunked_value": true
[INFO] [stdout]    |   --------------- unexpected token
[INFO] [stdout] 
[INFO] [stdout] error: expected identifier, found keyword `true`
[INFO] [stdout]   --> /opt/rustwide/target/debug/build/googleapis-460859672186ceae/out/google.spanner.v1.rs:961:20
[INFO] [stdout]    |
[INFO] [stdout] 11 |   "chunked_value": true
[INFO] [stdout]    |                    ^^^^ expected identifier, found keyword
[INFO] [stdout] 
[INFO] [stdout] error: expected type, found keyword `true`
[INFO] [stdout]   --> /opt/rustwide/target/debug/build/googleapis-460859672186ceae/out/google.spanner.v1.rs:961:20
[INFO] [stdout]    |
[INFO] [stdout] 11 |   "chunked_value": true
[INFO] [stdout]    |                  - ^^^^ expected type
[INFO] [stdout]    |                  |
[INFO] [stdout]    |                  tried to parse a type due to this
[INFO] [stdout] 
[INFO] [stdout] error: expected type, found `"d"`
[INFO] [stdout]   --> /opt/rustwide/target/debug/build/googleapis-460859672186ceae/out/google.spanner.v1.rs:965:14
[INFO] [stdout]    |
[INFO] [stdout] 15 |   "values": ["d"]
[INFO] [stdout]    |           -  ^^^ expected type
[INFO] [stdout]    |           |
[INFO] [stdout]    |           tried to parse a type due to this
[INFO] [stdout] 
[INFO] [stdout] error: expected `;`, found `"resume_token"`
[INFO] [stdout]   --> /opt/rustwide/target/debug/build/googleapis-460859672186ceae/out/google.spanner.v1.rs:965:18
[INFO] [stdout]    |
[INFO] [stdout] 15 |   "values": ["d"]
[INFO] [stdout]    |                  ^ help: add `;` here
[INFO] [stdout] 16 |   "resume_token": "Zx1B..."
[INFO] [stdout]    |   -------------- unexpected token
[INFO] [stdout] 
[INFO] [stdout] error: expected type, found `"Zx1B..."`
[INFO] [stdout]   --> /opt/rustwide/target/debug/build/googleapis-460859672186ceae/out/google.spanner.v1.rs:966:19
[INFO] [stdout]    |
[INFO] [stdout] 16 |   "resume_token": "Zx1B..."
[INFO] [stdout]    |                 - ^^^^^^^^^ expected type
[INFO] [stdout]    |                 |
[INFO] [stdout]    |                 tried to parse a type due to this
[INFO] [stdout] 
[INFO] [stdout] error: aborting due to 8 previous errors
[INFO] [stdout] 
[INFO] [stdout] Couldn't compile the test.
[INFO] [stdout] ---- /opt/rustwide/target/debug/build/googleapis-460859672186ceae/out/google.spanner.v1.rs - google::spanner::v1::KeyRange (line 75) stdout ----
[INFO] [stdout] error: mismatched closing delimiter: `)`
[INFO] [stdout]  --> /opt/rustwide/target/debug/build/googleapis-460859672186ceae/out/google.spanner.v1.rs:76:36
[INFO] [stdout]   |
[INFO] [stdout] 3 | CREATE TABLE DescendingSortedTable {
[INFO] [stdout]   |                                    ^ unclosed delimiter
[INFO] [stdout] ...
[INFO] [stdout] 6 | ) PRIMARY KEY(Key DESC);
[INFO] [stdout]   | ^ mismatched closing delimiter
[INFO] [stdout] 
[INFO] [stdout] error: aborting due to previous error
[INFO] [stdout] 
[INFO] [stdout] Couldn't compile the test.
[INFO] [stdout] 
[INFO] [stdout] failures:
[INFO] [stdout]     /opt/rustwide/target/debug/build/googleapis-460859672186ceae/out/google.spanner.v1.rs - google::spanner::v1::KeyRange (line 12)
[INFO] [stdout]     /opt/rustwide/target/debug/build/googleapis-460859672186ceae/out/google.spanner.v1.rs - google::spanner::v1::KeyRange (line 19)
[INFO] [stdout]     /opt/rustwide/target/debug/build/googleapis-460859672186ceae/out/google.spanner.v1.rs - google::spanner::v1::KeyRange (line 31)
[INFO] [stdout]     /opt/rustwide/target/debug/build/googleapis-460859672186ceae/out/google.spanner.v1.rs - google::spanner::v1::KeyRange (line 43)
[INFO] [stdout]     /opt/rustwide/target/debug/build/googleapis-460859672186ceae/out/google.spanner.v1.rs - google::spanner::v1::KeyRange (line 48)
[INFO] [stdout]     /opt/rustwide/target/debug/build/googleapis-460859672186ceae/out/google.spanner.v1.rs - google::spanner::v1::KeyRange (line 53)
[INFO] [stdout]     /opt/rustwide/target/debug/build/googleapis-460859672186ceae/out/google.spanner.v1.rs - google::spanner::v1::KeyRange (line 58)
[INFO] [stdout]     /opt/rustwide/target/debug/build/googleapis-460859672186ceae/out/google.spanner.v1.rs - google::spanner::v1::KeyRange (line 64)
[INFO] [stdout]     /opt/rustwide/target/debug/build/googleapis-460859672186ceae/out/google.spanner.v1.rs - google::spanner::v1::KeyRange (line 69)
[INFO] [stdout]     /opt/rustwide/target/debug/build/googleapis-460859672186ceae/out/google.spanner.v1.rs - google::spanner::v1::KeyRange (line 75)
[INFO] [stdout]     /opt/rustwide/target/debug/build/googleapis-460859672186ceae/out/google.spanner.v1.rs - google::spanner::v1::KeyRange (line 83)
[INFO] [stdout]     /opt/rustwide/target/debug/build/googleapis-460859672186ceae/out/google.spanner.v1.rs - google::spanner::v1::PartialResultSet::values (line 924)
[INFO] [stdout]     /opt/rustwide/target/debug/build/googleapis-460859672186ceae/out/google.spanner.v1.rs - google::spanner::v1::PartialResultSet::values (line 952)
[INFO] [stdout]     /opt/rustwide/target/debug/build/googleapis-460859672186ceae/out/google.spanner.v1.rs - google::spanner::v1::PlanNode::metadata (line 249)
[INFO] [stdout]     /opt/rustwide/target/debug/build/googleapis-460859672186ceae/out/google.spanner.v1.rs - google::spanner::v1::ResultSetMetadata::row_type (line 1001)
[INFO] [stdout]     /opt/rustwide/target/debug/build/googleapis-460859672186ceae/out/google.spanner.v1.rs - google::spanner::v1::ResultSetStats::query_stats (line 1022)
[INFO] [stdout] 
[INFO] [stdout] test result: FAILED. 0 passed; 16 failed; 0 ignored; 0 measured; 0 filtered out; finished in 0.08s
[INFO] [stdout] 
[INFO] [stderr] error: doctest failed, to rerun pass `--doc`
[INFO] running `Command { std: "docker" "inspect" "716a09e5ec1bee9baf5c4165f8567d99537fb56e877ad72b5406c48bd639a356", kill_on_drop: false }`
[INFO] running `Command { std: "docker" "rm" "-f" "716a09e5ec1bee9baf5c4165f8567d99537fb56e877ad72b5406c48bd639a356", kill_on_drop: false }`
[INFO] [stdout] 716a09e5ec1bee9baf5c4165f8567d99537fb56e877ad72b5406c48bd639a356
