[INFO] fetching crate go-defer 0.1.0...
[INFO] testing go-defer-0.1.0 against 1.69.0 for beta-1.70-1
[INFO] extracting crate go-defer 0.1.0 into /workspace/builds/worker-7-tc1/source
[INFO] validating manifest of crates.io crate go-defer 0.1.0 on toolchain 1.69.0
[INFO] running `Command { std: CARGO_HOME="/workspace/cargo-home" RUSTUP_HOME="/workspace/rustup-home" "/workspace/cargo-home/bin/cargo" "+1.69.0" "metadata" "--manifest-path" "Cargo.toml" "--no-deps", kill_on_drop: false }`
[INFO] started tweaking crates.io crate go-defer 0.1.0
[INFO] finished tweaking crates.io crate go-defer 0.1.0
[INFO] tweaked toml for crates.io crate go-defer 0.1.0 written to /workspace/builds/worker-7-tc1/source/Cargo.toml
[INFO] running `Command { std: CARGO_HOME="/workspace/cargo-home" RUSTUP_HOME="/workspace/rustup-home" __CARGO_TEST_CHANNEL_OVERRIDE_DO_NOT_USE_THIS="nightly" "/workspace/cargo-home/bin/cargo" "+1.69.0" "generate-lockfile" "--manifest-path" "Cargo.toml" "-Zno-index-update", kill_on_drop: false }`
[INFO] running `Command { std: CARGO_HOME="/workspace/cargo-home" RUSTUP_HOME="/workspace/rustup-home" "/workspace/cargo-home/bin/cargo" "+1.69.0" "fetch" "--manifest-path" "Cargo.toml", kill_on_drop: false }`
[INFO] running `Command { std: "docker" "create" "-v" "/var/lib/crater-agent-workspace/builds/worker-7-tc1/target:/opt/rustwide/target:rw,Z" "-v" "/var/lib/crater-agent-workspace/builds/worker-7-tc1/source:/opt/rustwide/workdir:ro,Z" "-v" "/var/lib/crater-agent-workspace/cargo-home:/opt/rustwide/cargo-home:ro,Z" "-v" "/var/lib/crater-agent-workspace/rustup-home:/opt/rustwide/rustup-home:ro,Z" "-e" "SOURCE_DIR=/opt/rustwide/workdir" "-e" "CARGO_TARGET_DIR=/opt/rustwide/target" "-e" "CARGO_HOME=/opt/rustwide/cargo-home" "-e" "RUSTUP_HOME=/opt/rustwide/rustup-home" "-w" "/opt/rustwide/workdir" "-m" "1610612736" "--user" "0:0" "--network" "none" "ghcr.io/rust-lang/crates-build-env/linux@sha256:5ff2268d62e97bff2cde7d5815dd6ed5b47097566f13b8d0ca110b04b60e07ed" "/opt/rustwide/cargo-home/bin/cargo" "+1.69.0" "metadata" "--no-deps" "--format-version=1", kill_on_drop: false }`
[INFO] [stdout] e0c21c64308b371f6861137267c609a362cedc9f70f2b38aefe836c20b3c3c3a
[INFO] running `Command { std: "docker" "start" "-a" "e0c21c64308b371f6861137267c609a362cedc9f70f2b38aefe836c20b3c3c3a", kill_on_drop: false }`
[INFO] running `Command { std: "docker" "inspect" "e0c21c64308b371f6861137267c609a362cedc9f70f2b38aefe836c20b3c3c3a", kill_on_drop: false }`
[INFO] running `Command { std: "docker" "rm" "-f" "e0c21c64308b371f6861137267c609a362cedc9f70f2b38aefe836c20b3c3c3a", kill_on_drop: false }`
[INFO] [stdout] e0c21c64308b371f6861137267c609a362cedc9f70f2b38aefe836c20b3c3c3a
[INFO] running `Command { std: "docker" "create" "-v" "/var/lib/crater-agent-workspace/builds/worker-7-tc1/target:/opt/rustwide/target:rw,Z" "-v" "/var/lib/crater-agent-workspace/builds/worker-7-tc1/source:/opt/rustwide/workdir:ro,Z" "-v" "/var/lib/crater-agent-workspace/cargo-home:/opt/rustwide/cargo-home:ro,Z" "-v" "/var/lib/crater-agent-workspace/rustup-home:/opt/rustwide/rustup-home:ro,Z" "-e" "SOURCE_DIR=/opt/rustwide/workdir" "-e" "CARGO_TARGET_DIR=/opt/rustwide/target" "-e" "CARGO_INCREMENTAL=0" "-e" "RUST_BACKTRACE=full" "-e" "RUSTFLAGS=--cap-lints=warn" "-e" "RUSTDOCFLAGS=--cap-lints=warn" "-e" "CARGO_HOME=/opt/rustwide/cargo-home" "-e" "RUSTUP_HOME=/opt/rustwide/rustup-home" "-w" "/opt/rustwide/workdir" "-m" "1610612736" "--user" "0:0" "--network" "none" "ghcr.io/rust-lang/crates-build-env/linux@sha256:5ff2268d62e97bff2cde7d5815dd6ed5b47097566f13b8d0ca110b04b60e07ed" "/opt/rustwide/cargo-home/bin/cargo" "+1.69.0" "build" "--frozen" "--message-format=json", kill_on_drop: false }`
[INFO] [stdout] 27d8c8fc9b9837c48f6fb303508d10b1cf7d044b80838fef5bbdfcccfeea040b
[INFO] running `Command { std: "docker" "start" "-a" "27d8c8fc9b9837c48f6fb303508d10b1cf7d044b80838fef5bbdfcccfeea040b", kill_on_drop: false }`
[INFO] [stderr]    Compiling go-defer v0.1.0 (/opt/rustwide/workdir)
[INFO] [stderr]     Finished dev [unoptimized + debuginfo] target(s) in 0.16s
[INFO] running `Command { std: "docker" "inspect" "27d8c8fc9b9837c48f6fb303508d10b1cf7d044b80838fef5bbdfcccfeea040b", kill_on_drop: false }`
[INFO] running `Command { std: "docker" "rm" "-f" "27d8c8fc9b9837c48f6fb303508d10b1cf7d044b80838fef5bbdfcccfeea040b", kill_on_drop: false }`
[INFO] [stdout] 27d8c8fc9b9837c48f6fb303508d10b1cf7d044b80838fef5bbdfcccfeea040b
[INFO] running `Command { std: "docker" "create" "-v" "/var/lib/crater-agent-workspace/builds/worker-7-tc1/target:/opt/rustwide/target:rw,Z" "-v" "/var/lib/crater-agent-workspace/builds/worker-7-tc1/source:/opt/rustwide/workdir:ro,Z" "-v" "/var/lib/crater-agent-workspace/cargo-home:/opt/rustwide/cargo-home:ro,Z" "-v" "/var/lib/crater-agent-workspace/rustup-home:/opt/rustwide/rustup-home:ro,Z" "-e" "SOURCE_DIR=/opt/rustwide/workdir" "-e" "CARGO_TARGET_DIR=/opt/rustwide/target" "-e" "CARGO_INCREMENTAL=0" "-e" "RUST_BACKTRACE=full" "-e" "RUSTFLAGS=--cap-lints=warn" "-e" "RUSTDOCFLAGS=--cap-lints=warn" "-e" "CARGO_HOME=/opt/rustwide/cargo-home" "-e" "RUSTUP_HOME=/opt/rustwide/rustup-home" "-w" "/opt/rustwide/workdir" "-m" "1610612736" "--user" "0:0" "--network" "none" "ghcr.io/rust-lang/crates-build-env/linux@sha256:5ff2268d62e97bff2cde7d5815dd6ed5b47097566f13b8d0ca110b04b60e07ed" "/opt/rustwide/cargo-home/bin/cargo" "+1.69.0" "test" "--frozen" "--no-run" "--message-format=json", kill_on_drop: false }`
[INFO] [stdout] 0f19da3d1992fa05433efbf20983ac7dadbeb9c97d29cb522fe929671d6faf56
[INFO] running `Command { std: "docker" "start" "-a" "0f19da3d1992fa05433efbf20983ac7dadbeb9c97d29cb522fe929671d6faf56", kill_on_drop: false }`
[INFO] [stderr]    Compiling go-defer v0.1.0 (/opt/rustwide/workdir)
[INFO] [stderr]     Finished test [unoptimized + debuginfo] target(s) in 0.58s
[INFO] running `Command { std: "docker" "inspect" "0f19da3d1992fa05433efbf20983ac7dadbeb9c97d29cb522fe929671d6faf56", kill_on_drop: false }`
[INFO] running `Command { std: "docker" "rm" "-f" "0f19da3d1992fa05433efbf20983ac7dadbeb9c97d29cb522fe929671d6faf56", kill_on_drop: false }`
[INFO] [stdout] 0f19da3d1992fa05433efbf20983ac7dadbeb9c97d29cb522fe929671d6faf56
[INFO] running `Command { std: "docker" "create" "-v" "/var/lib/crater-agent-workspace/builds/worker-7-tc1/target:/opt/rustwide/target:rw,Z" "-v" "/var/lib/crater-agent-workspace/builds/worker-7-tc1/source:/opt/rustwide/workdir:ro,Z" "-v" "/var/lib/crater-agent-workspace/cargo-home:/opt/rustwide/cargo-home:ro,Z" "-v" "/var/lib/crater-agent-workspace/rustup-home:/opt/rustwide/rustup-home:ro,Z" "-e" "SOURCE_DIR=/opt/rustwide/workdir" "-e" "CARGO_TARGET_DIR=/opt/rustwide/target" "-e" "CARGO_INCREMENTAL=0" "-e" "RUST_BACKTRACE=full" "-e" "RUSTFLAGS=--cap-lints=warn" "-e" "RUSTDOCFLAGS=--cap-lints=warn" "-e" "CARGO_HOME=/opt/rustwide/cargo-home" "-e" "RUSTUP_HOME=/opt/rustwide/rustup-home" "-w" "/opt/rustwide/workdir" "-m" "1610612736" "--user" "0:0" "--network" "none" "ghcr.io/rust-lang/crates-build-env/linux@sha256:5ff2268d62e97bff2cde7d5815dd6ed5b47097566f13b8d0ca110b04b60e07ed" "/opt/rustwide/cargo-home/bin/cargo" "+1.69.0" "test" "--frozen", kill_on_drop: false }`
[INFO] [stdout] 861fc113cbae6065e17c068cb0a70221e965396796bf09e57ba6f4e2e0a05a0c
[INFO] running `Command { std: "docker" "start" "-a" "861fc113cbae6065e17c068cb0a70221e965396796bf09e57ba6f4e2e0a05a0c", kill_on_drop: false }`
[INFO] [stderr]     Finished test [unoptimized + debuginfo] target(s) in 0.03s
[INFO] [stdout] 
[INFO] [stderr]      Running unittests src/lib.rs (/opt/rustwide/target/debug/deps/go_defer-fe3e45cdc1dbfc03)
[INFO] [stdout] running 5 tests
[INFO] [stdout] test test::defer_guard_order_works ... ok
[INFO] [stdout] test test::defer_guard_works ... ok
[INFO] [stdout] test test::defer_guard_syntax_works ... ok
[INFO] [stdout] test test::defer_guard_defer_panics_unwind_works ... ok
[INFO] [stdout] test test::defer_guard_panic_unwind_works ... ok
[INFO] [stderr]    Doc-tests go-defer
[INFO] [stdout] 
[INFO] [stdout] test result: ok. 5 passed; 0 failed; 0 ignored; 0 measured; 0 filtered out; finished in 0.04s
[INFO] [stdout] 
[INFO] [stdout] 
[INFO] [stdout] running 1 test
[INFO] [stdout] test src/lib.rs - defer (line 41) ... FAILED
[INFO] [stdout] 
[INFO] [stdout] failures:
[INFO] [stdout] 
[INFO] [stdout] ---- src/lib.rs - defer (line 41) stdout ----
[INFO] [stdout] error[E0432]: unresolved import `sp_core`
[INFO] [stdout]  --> src/lib.rs:42:5
[INFO] [stdout]   |
[INFO] [stdout] 3 | use sp_core::defer;
[INFO] [stdout]   |     ^^^^^^^ use of undeclared crate or module `sp_core`
[INFO] [stdout] 
[INFO] [stdout] error: cannot determine resolution for the macro `defer`
[INFO] [stdout]  --> src/lib.rs:46:2
[INFO] [stdout]   |
[INFO] [stdout] 7 |     defer!(
[INFO] [stdout]   |     ^^^^^
[INFO] [stdout]   |
[INFO] [stdout]   = note: import resolution is stuck, try simplifying macro imports
[INFO] [stdout] 
[INFO] [stdout] error: cannot determine resolution for the macro `defer`
[INFO] [stdout]   --> src/lib.rs:49:2
[INFO] [stdout]    |
[INFO] [stdout] 10 |     defer!(
[INFO] [stdout]    |     ^^^^^
[INFO] [stdout]    |
[INFO] [stdout]    = note: import resolution is stuck, try simplifying macro imports
[INFO] [stdout] 
[INFO] [stdout] error: aborting due to 3 previous errors
[INFO] [stdout] 
[INFO] [stdout] For more information about this error, try `rustc --explain E0432`.
[INFO] [stdout] Couldn't compile the test.
[INFO] [stdout] 
[INFO] [stdout] failures:
[INFO] [stdout]     src/lib.rs - defer (line 41)
[INFO] [stdout] 
[INFO] [stdout] test result: FAILED. 0 passed; 1 failed; 0 ignored; 0 measured; 0 filtered out; finished in 0.08s
[INFO] [stdout] 
[INFO] [stderr] error: doctest failed, to rerun pass `--doc`
[INFO] running `Command { std: "docker" "inspect" "861fc113cbae6065e17c068cb0a70221e965396796bf09e57ba6f4e2e0a05a0c", kill_on_drop: false }`
[INFO] running `Command { std: "docker" "rm" "-f" "861fc113cbae6065e17c068cb0a70221e965396796bf09e57ba6f4e2e0a05a0c", kill_on_drop: false }`
[INFO] [stdout] 861fc113cbae6065e17c068cb0a70221e965396796bf09e57ba6f4e2e0a05a0c
