[INFO] fetching crate gm-sm4 0.10.0...
[INFO] testing gm-sm4-0.10.0 against beta-2023-04-20 for beta-1.70-1
[INFO] extracting crate gm-sm4 0.10.0 into /workspace/builds/worker-7-tc2/source
[INFO] validating manifest of crates.io crate gm-sm4 0.10.0 on toolchain beta-2023-04-20
[INFO] running `Command { std: CARGO_HOME="/workspace/cargo-home" RUSTUP_HOME="/workspace/rustup-home" "/workspace/cargo-home/bin/cargo" "+beta-2023-04-20" "metadata" "--manifest-path" "Cargo.toml" "--no-deps", kill_on_drop: false }`
[INFO] started tweaking crates.io crate gm-sm4 0.10.0
[INFO] finished tweaking crates.io crate gm-sm4 0.10.0
[INFO] tweaked toml for crates.io crate gm-sm4 0.10.0 written to /workspace/builds/worker-7-tc2/source/Cargo.toml
[INFO] running `Command { std: CARGO_HOME="/workspace/cargo-home" RUSTUP_HOME="/workspace/rustup-home" __CARGO_TEST_CHANNEL_OVERRIDE_DO_NOT_USE_THIS="nightly" "/workspace/cargo-home/bin/cargo" "+beta-2023-04-20" "generate-lockfile" "--manifest-path" "Cargo.toml" "-Zno-index-update", kill_on_drop: false }`
[INFO] running `Command { std: CARGO_HOME="/workspace/cargo-home" RUSTUP_HOME="/workspace/rustup-home" "/workspace/cargo-home/bin/cargo" "+beta-2023-04-20" "fetch" "--manifest-path" "Cargo.toml", kill_on_drop: false }`
[INFO] running `Command { std: "docker" "create" "-v" "/var/lib/crater-agent-workspace/builds/worker-7-tc2/target:/opt/rustwide/target:rw,Z" "-v" "/var/lib/crater-agent-workspace/builds/worker-7-tc2/source:/opt/rustwide/workdir:ro,Z" "-v" "/var/lib/crater-agent-workspace/cargo-home:/opt/rustwide/cargo-home:ro,Z" "-v" "/var/lib/crater-agent-workspace/rustup-home:/opt/rustwide/rustup-home:ro,Z" "-e" "SOURCE_DIR=/opt/rustwide/workdir" "-e" "CARGO_TARGET_DIR=/opt/rustwide/target" "-e" "CARGO_HOME=/opt/rustwide/cargo-home" "-e" "RUSTUP_HOME=/opt/rustwide/rustup-home" "-w" "/opt/rustwide/workdir" "-m" "1610612736" "--user" "0:0" "--network" "none" "ghcr.io/rust-lang/crates-build-env/linux@sha256:5ff2268d62e97bff2cde7d5815dd6ed5b47097566f13b8d0ca110b04b60e07ed" "/opt/rustwide/cargo-home/bin/cargo" "+beta-2023-04-20" "metadata" "--no-deps" "--format-version=1", kill_on_drop: false }`
[INFO] [stdout] 352c64bc283da260cb4ffaa3b0e4e90fa6aeab14a7095524eb6a7594f1cca94d
[INFO] running `Command { std: "docker" "start" "-a" "352c64bc283da260cb4ffaa3b0e4e90fa6aeab14a7095524eb6a7594f1cca94d", kill_on_drop: false }`
[INFO] running `Command { std: "docker" "inspect" "352c64bc283da260cb4ffaa3b0e4e90fa6aeab14a7095524eb6a7594f1cca94d", kill_on_drop: false }`
[INFO] running `Command { std: "docker" "rm" "-f" "352c64bc283da260cb4ffaa3b0e4e90fa6aeab14a7095524eb6a7594f1cca94d", kill_on_drop: false }`
[INFO] [stdout] 352c64bc283da260cb4ffaa3b0e4e90fa6aeab14a7095524eb6a7594f1cca94d
[INFO] running `Command { std: "docker" "create" "-v" "/var/lib/crater-agent-workspace/builds/worker-7-tc2/target:/opt/rustwide/target:rw,Z" "-v" "/var/lib/crater-agent-workspace/builds/worker-7-tc2/source:/opt/rustwide/workdir:ro,Z" "-v" "/var/lib/crater-agent-workspace/cargo-home:/opt/rustwide/cargo-home:ro,Z" "-v" "/var/lib/crater-agent-workspace/rustup-home:/opt/rustwide/rustup-home:ro,Z" "-e" "SOURCE_DIR=/opt/rustwide/workdir" "-e" "CARGO_TARGET_DIR=/opt/rustwide/target" "-e" "CARGO_INCREMENTAL=0" "-e" "RUST_BACKTRACE=full" "-e" "RUSTFLAGS=--cap-lints=warn" "-e" "RUSTDOCFLAGS=--cap-lints=warn" "-e" "CARGO_HOME=/opt/rustwide/cargo-home" "-e" "RUSTUP_HOME=/opt/rustwide/rustup-home" "-w" "/opt/rustwide/workdir" "-m" "1610612736" "--user" "0:0" "--network" "none" "ghcr.io/rust-lang/crates-build-env/linux@sha256:5ff2268d62e97bff2cde7d5815dd6ed5b47097566f13b8d0ca110b04b60e07ed" "/opt/rustwide/cargo-home/bin/cargo" "+beta-2023-04-20" "build" "--frozen" "--message-format=json", kill_on_drop: false }`
[INFO] [stdout] 7c4fa3deab2a1d8ea3c28410ba6e9876cc8ae9c35e33f6e513ffdf47cfce3b04
[INFO] running `Command { std: "docker" "start" "-a" "7c4fa3deab2a1d8ea3c28410ba6e9876cc8ae9c35e33f6e513ffdf47cfce3b04", kill_on_drop: false }`
[INFO] [stderr]    Compiling hex v0.4.3
[INFO] [stderr]    Compiling gm-sm4 v0.10.0 (/opt/rustwide/workdir)
[INFO] [stderr]     Finished dev [unoptimized + debuginfo] target(s) in 0.54s
[INFO] running `Command { std: "docker" "inspect" "7c4fa3deab2a1d8ea3c28410ba6e9876cc8ae9c35e33f6e513ffdf47cfce3b04", kill_on_drop: false }`
[INFO] running `Command { std: "docker" "rm" "-f" "7c4fa3deab2a1d8ea3c28410ba6e9876cc8ae9c35e33f6e513ffdf47cfce3b04", kill_on_drop: false }`
[INFO] [stdout] 7c4fa3deab2a1d8ea3c28410ba6e9876cc8ae9c35e33f6e513ffdf47cfce3b04
[INFO] running `Command { std: "docker" "create" "-v" "/var/lib/crater-agent-workspace/builds/worker-7-tc2/target:/opt/rustwide/target:rw,Z" "-v" "/var/lib/crater-agent-workspace/builds/worker-7-tc2/source:/opt/rustwide/workdir:ro,Z" "-v" "/var/lib/crater-agent-workspace/cargo-home:/opt/rustwide/cargo-home:ro,Z" "-v" "/var/lib/crater-agent-workspace/rustup-home:/opt/rustwide/rustup-home:ro,Z" "-e" "SOURCE_DIR=/opt/rustwide/workdir" "-e" "CARGO_TARGET_DIR=/opt/rustwide/target" "-e" "CARGO_INCREMENTAL=0" "-e" "RUST_BACKTRACE=full" "-e" "RUSTFLAGS=--cap-lints=warn" "-e" "RUSTDOCFLAGS=--cap-lints=warn" "-e" "CARGO_HOME=/opt/rustwide/cargo-home" "-e" "RUSTUP_HOME=/opt/rustwide/rustup-home" "-w" "/opt/rustwide/workdir" "-m" "1610612736" "--user" "0:0" "--network" "none" "ghcr.io/rust-lang/crates-build-env/linux@sha256:5ff2268d62e97bff2cde7d5815dd6ed5b47097566f13b8d0ca110b04b60e07ed" "/opt/rustwide/cargo-home/bin/cargo" "+beta-2023-04-20" "test" "--frozen" "--no-run" "--message-format=json", kill_on_drop: false }`
[INFO] [stdout] ddb9a871b73904a094267f215337d786ca25415fde18a2017e4cf91f86b7d24d
[INFO] running `Command { std: "docker" "start" "-a" "ddb9a871b73904a094267f215337d786ca25415fde18a2017e4cf91f86b7d24d", kill_on_drop: false }`
[INFO] [stderr]    Compiling proc-macro2 v1.0.56
[INFO] [stderr]    Compiling quote v1.0.26
[INFO] [stderr]    Compiling unicode-ident v1.0.8
[INFO] [stderr]    Compiling crossbeam-utils v0.8.15
[INFO] [stderr]    Compiling memoffset v0.8.0
[INFO] [stderr]    Compiling libc v0.2.142
[INFO] [stderr]    Compiling serde_derive v1.0.160
[INFO] [stderr]    Compiling crossbeam-epoch v0.9.14
[INFO] [stderr]    Compiling serde v1.0.160
[INFO] [stderr]    Compiling num-traits v0.2.15
[INFO] [stderr]    Compiling indexmap v1.9.3
[INFO] [stderr]    Compiling serde_json v1.0.96
[INFO] [stderr]    Compiling rayon-core v1.11.0
[INFO] [stderr]    Compiling either v1.8.1
[INFO] [stderr]    Compiling ryu v1.0.13
[INFO] [stderr]    Compiling half v1.8.2
[INFO] [stderr]    Compiling hashbrown v0.12.3
[INFO] [stderr]    Compiling itoa v1.0.6
[INFO] [stderr]    Compiling os_str_bytes v6.5.0
[INFO] [stderr]    Compiling ciborium-io v0.2.0
[INFO] [stderr]    Compiling plotters-backend v0.3.4
[INFO] [stderr]    Compiling itertools v0.10.5
[INFO] [stderr]    Compiling ciborium-ll v0.2.0
[INFO] [stderr]    Compiling regex-syntax v0.7.1
[INFO] [stderr]    Compiling same-file v1.0.6
[INFO] [stderr]    Compiling textwrap v0.16.0
[INFO] [stderr]    Compiling cast v0.3.0
[INFO] [stderr]    Compiling clap_lex v0.2.4
[INFO] [stderr]    Compiling walkdir v2.3.3
[INFO] [stderr]    Compiling anes v0.1.6
[INFO] [stderr]    Compiling plotters-svg v0.3.3
[INFO] [stderr]    Compiling crossbeam-channel v0.5.8
[INFO] [stderr]    Compiling oorandom v11.1.3
[INFO] [stderr]    Compiling hex-literal v0.3.4
[INFO] [stderr]    Compiling crossbeam-deque v0.8.3
[INFO] [stderr]    Compiling num_cpus v1.15.0
[INFO] [stderr]    Compiling atty v0.2.14
[INFO] [stderr]    Compiling clap v3.2.25
[INFO] [stderr]    Compiling syn v2.0.15
[INFO] [stderr]    Compiling plotters v0.3.4
[INFO] [stderr]    Compiling criterion-plot v0.5.0
[INFO] [stderr]    Compiling rayon v1.7.0
[INFO] [stderr]    Compiling regex v1.8.1
[INFO] [stderr]    Compiling ciborium v0.2.0
[INFO] [stderr]    Compiling tinytemplate v1.2.1
[INFO] [stderr]    Compiling criterion v0.4.0
[INFO] [stderr]    Compiling gm-sm4 v0.10.0 (/opt/rustwide/workdir)
[INFO] [stderr]     Finished test [unoptimized + debuginfo] target(s) in 22.40s
[INFO] running `Command { std: "docker" "inspect" "ddb9a871b73904a094267f215337d786ca25415fde18a2017e4cf91f86b7d24d", kill_on_drop: false }`
[INFO] running `Command { std: "docker" "rm" "-f" "ddb9a871b73904a094267f215337d786ca25415fde18a2017e4cf91f86b7d24d", kill_on_drop: false }`
[INFO] [stdout] ddb9a871b73904a094267f215337d786ca25415fde18a2017e4cf91f86b7d24d
[INFO] running `Command { std: "docker" "create" "-v" "/var/lib/crater-agent-workspace/builds/worker-7-tc2/target:/opt/rustwide/target:rw,Z" "-v" "/var/lib/crater-agent-workspace/builds/worker-7-tc2/source:/opt/rustwide/workdir:ro,Z" "-v" "/var/lib/crater-agent-workspace/cargo-home:/opt/rustwide/cargo-home:ro,Z" "-v" "/var/lib/crater-agent-workspace/rustup-home:/opt/rustwide/rustup-home:ro,Z" "-e" "SOURCE_DIR=/opt/rustwide/workdir" "-e" "CARGO_TARGET_DIR=/opt/rustwide/target" "-e" "CARGO_INCREMENTAL=0" "-e" "RUST_BACKTRACE=full" "-e" "RUSTFLAGS=--cap-lints=warn" "-e" "RUSTDOCFLAGS=--cap-lints=warn" "-e" "CARGO_HOME=/opt/rustwide/cargo-home" "-e" "RUSTUP_HOME=/opt/rustwide/rustup-home" "-w" "/opt/rustwide/workdir" "-m" "1610612736" "--user" "0:0" "--network" "none" "ghcr.io/rust-lang/crates-build-env/linux@sha256:5ff2268d62e97bff2cde7d5815dd6ed5b47097566f13b8d0ca110b04b60e07ed" "/opt/rustwide/cargo-home/bin/cargo" "+beta-2023-04-20" "test" "--frozen", kill_on_drop: false }`
[INFO] [stdout] 90dd159c5af26df7539fbf6840f8ea0b20289bd089e00ab77496456ca5130c8f
[INFO] running `Command { std: "docker" "start" "-a" "90dd159c5af26df7539fbf6840f8ea0b20289bd089e00ab77496456ca5130c8f", kill_on_drop: false }`
[INFO] [stderr]     Finished test [unoptimized + debuginfo] target(s) in 0.07s
[INFO] [stderr]      Running unittests src/lib.rs (/opt/rustwide/target/debug/deps/gm_sm4-e77563cd97c00e40)
[INFO] [stdout] 
[INFO] [stdout] running 2 tests
[INFO] [stdout] test sm4test::test_en_1 ... ok
[INFO] [stdout] test sm4test::test_en_2 ... ok
[INFO] [stdout] 
[INFO] [stdout] test result: ok. 2 passed; 0 failed; 0 ignored; 0 measured; 0 filtered out; finished in 2.12s
[INFO] [stdout] 
[INFO] [stderr]    Doc-tests gm-sm4
[INFO] [stdout] 
[INFO] [stdout] running 2 tests
[INFO] [stdout] test src/lib.rs - (line 9) ... FAILED
[INFO] [stdout] test src/lib.rs - Sm4Cipher (line 115) ... ok
[INFO] [stdout] 
[INFO] [stdout] failures:
[INFO] [stdout] 
[INFO] [stdout] ---- src/lib.rs - (line 9) stdout ----
[INFO] [stdout] error[E0432]: unresolved import `crate::Sm4Cipher`
[INFO] [stdout]  --> src/lib.rs:10:5
[INFO] [stdout]   |
[INFO] [stdout] 2 | use crate::Sm4Cipher;
[INFO] [stdout]   |     ^^^^^^^^^^^^^^^^ no `Sm4Cipher` in the root
[INFO] [stdout]   |
[INFO] [stdout] help: consider importing this struct instead
[INFO] [stdout]   |
[INFO] [stdout] 2 | use gm_sm4::Sm4Cipher;
[INFO] [stdout]   |     ~~~~~~~~~~~~~~~~~
[INFO] [stdout] 
[INFO] [stdout] error: aborting due to previous error
[INFO] [stdout] 
[INFO] [stdout] For more information about this error, try `rustc --explain E0432`.
[INFO] [stdout] Couldn't compile the test.
[INFO] [stdout] 
[INFO] [stdout] failures:
[INFO] [stdout]     src/lib.rs - (line 9)
[INFO] [stdout] 
[INFO] [stdout] test result: FAILED. 1 passed; 1 failed; 0 ignored; 0 measured; 0 filtered out; finished in 0.21s
[INFO] [stdout] 
[INFO] [stderr] error: doctest failed, to rerun pass `--doc`
[INFO] running `Command { std: "docker" "inspect" "90dd159c5af26df7539fbf6840f8ea0b20289bd089e00ab77496456ca5130c8f", kill_on_drop: false }`
[INFO] running `Command { std: "docker" "rm" "-f" "90dd159c5af26df7539fbf6840f8ea0b20289bd089e00ab77496456ca5130c8f", kill_on_drop: false }`
[INFO] [stdout] 90dd159c5af26df7539fbf6840f8ea0b20289bd089e00ab77496456ca5130c8f
