[INFO] fetching crate gm-rs 0.8.0...
[INFO] testing gm-rs-0.8.0 against 1.69.0 for beta-1.70-1
[INFO] extracting crate gm-rs 0.8.0 into /workspace/builds/worker-4-tc1/source
[INFO] validating manifest of crates.io crate gm-rs 0.8.0 on toolchain 1.69.0
[INFO] running `Command { std: CARGO_HOME="/workspace/cargo-home" RUSTUP_HOME="/workspace/rustup-home" "/workspace/cargo-home/bin/cargo" "+1.69.0" "metadata" "--manifest-path" "Cargo.toml" "--no-deps", kill_on_drop: false }`
[INFO] started tweaking crates.io crate gm-rs 0.8.0
[INFO] finished tweaking crates.io crate gm-rs 0.8.0
[INFO] tweaked toml for crates.io crate gm-rs 0.8.0 written to /workspace/builds/worker-4-tc1/source/Cargo.toml
[INFO] running `Command { std: CARGO_HOME="/workspace/cargo-home" RUSTUP_HOME="/workspace/rustup-home" __CARGO_TEST_CHANNEL_OVERRIDE_DO_NOT_USE_THIS="nightly" "/workspace/cargo-home/bin/cargo" "+1.69.0" "generate-lockfile" "--manifest-path" "Cargo.toml" "-Zno-index-update", kill_on_drop: false }`
[INFO] running `Command { std: CARGO_HOME="/workspace/cargo-home" RUSTUP_HOME="/workspace/rustup-home" "/workspace/cargo-home/bin/cargo" "+1.69.0" "fetch" "--manifest-path" "Cargo.toml", kill_on_drop: false }`
[INFO] running `Command { std: "docker" "create" "-v" "/var/lib/crater-agent-workspace/builds/worker-4-tc1/target:/opt/rustwide/target:rw,Z" "-v" "/var/lib/crater-agent-workspace/builds/worker-4-tc1/source:/opt/rustwide/workdir:ro,Z" "-v" "/var/lib/crater-agent-workspace/cargo-home:/opt/rustwide/cargo-home:ro,Z" "-v" "/var/lib/crater-agent-workspace/rustup-home:/opt/rustwide/rustup-home:ro,Z" "-e" "SOURCE_DIR=/opt/rustwide/workdir" "-e" "CARGO_TARGET_DIR=/opt/rustwide/target" "-e" "CARGO_HOME=/opt/rustwide/cargo-home" "-e" "RUSTUP_HOME=/opt/rustwide/rustup-home" "-w" "/opt/rustwide/workdir" "-m" "1610612736" "--user" "0:0" "--network" "none" "ghcr.io/rust-lang/crates-build-env/linux@sha256:97d61d7686bf65f8ecb15491ab51835e82dc9176a96a831f143a431b191fc501" "/opt/rustwide/cargo-home/bin/cargo" "+1.69.0" "metadata" "--no-deps" "--format-version=1", kill_on_drop: false }`
[INFO] [stdout] 7a8c5a88567c6b1aeac6583e42febfee0f0e92911177d38ee06dcf3c8a0f6ab7
[INFO] running `Command { std: "docker" "start" "-a" "7a8c5a88567c6b1aeac6583e42febfee0f0e92911177d38ee06dcf3c8a0f6ab7", kill_on_drop: false }`
[INFO] running `Command { std: "docker" "inspect" "7a8c5a88567c6b1aeac6583e42febfee0f0e92911177d38ee06dcf3c8a0f6ab7", kill_on_drop: false }`
[INFO] running `Command { std: "docker" "rm" "-f" "7a8c5a88567c6b1aeac6583e42febfee0f0e92911177d38ee06dcf3c8a0f6ab7", kill_on_drop: false }`
[INFO] [stdout] 7a8c5a88567c6b1aeac6583e42febfee0f0e92911177d38ee06dcf3c8a0f6ab7
[INFO] running `Command { std: "docker" "create" "-v" "/var/lib/crater-agent-workspace/builds/worker-4-tc1/target:/opt/rustwide/target:rw,Z" "-v" "/var/lib/crater-agent-workspace/builds/worker-4-tc1/source:/opt/rustwide/workdir:ro,Z" "-v" "/var/lib/crater-agent-workspace/cargo-home:/opt/rustwide/cargo-home:ro,Z" "-v" "/var/lib/crater-agent-workspace/rustup-home:/opt/rustwide/rustup-home:ro,Z" "-e" "SOURCE_DIR=/opt/rustwide/workdir" "-e" "CARGO_TARGET_DIR=/opt/rustwide/target" "-e" "CARGO_INCREMENTAL=0" "-e" "RUST_BACKTRACE=full" "-e" "RUSTFLAGS=--cap-lints=warn" "-e" "RUSTDOCFLAGS=--cap-lints=warn" "-e" "CARGO_HOME=/opt/rustwide/cargo-home" "-e" "RUSTUP_HOME=/opt/rustwide/rustup-home" "-w" "/opt/rustwide/workdir" "-m" "1610612736" "--user" "0:0" "--network" "none" "ghcr.io/rust-lang/crates-build-env/linux@sha256:97d61d7686bf65f8ecb15491ab51835e82dc9176a96a831f143a431b191fc501" "/opt/rustwide/cargo-home/bin/cargo" "+1.69.0" "build" "--frozen" "--message-format=json", kill_on_drop: false }`
[INFO] [stdout] 993c6e1d09e64fc6a7a7b60e84a81eb1149b0073fe647c7e8b4d3ab18ca82156
[INFO] running `Command { std: "docker" "start" "-a" "993c6e1d09e64fc6a7a7b60e84a81eb1149b0073fe647c7e8b4d3ab18ca82156", kill_on_drop: false }`
[INFO] [stderr]    Compiling libc v0.2.142
[INFO] [stderr]    Compiling num-traits v0.2.15
[INFO] [stderr]    Compiling num-integer v0.1.45
[INFO] [stderr]    Compiling num-iter v0.1.43
[INFO] [stderr]    Compiling libm v0.2.6
[INFO] [stderr]    Compiling spin v0.5.2
[INFO] [stderr]    Compiling num-bigint-dig v0.8.2
[INFO] [stderr]    Compiling base64 v0.21.0
[INFO] [stderr]    Compiling lazy_static v1.4.0
[INFO] [stderr]    Compiling hex v0.4.3
[INFO] [stderr]    Compiling getrandom v0.2.9
[INFO] [stderr]    Compiling rand_core v0.6.4
[INFO] [stderr]    Compiling rand_chacha v0.3.1
[INFO] [stderr]    Compiling rand v0.8.5
[INFO] [stderr]    Compiling gm-rs v0.8.0 (/opt/rustwide/workdir)
[INFO] [stdout] warning: function `pre_vec_gen` is never used
[INFO] [stdout]    --> src/sm2/p256_ecc.rs:467:4
[INFO] [stdout]     |
[INFO] [stdout] 467 | fn pre_vec_gen(n: u32) -> [u32; 8] {
[INFO] [stdout]     |    ^^^^^^^^^^^
[INFO] [stdout]     |
[INFO] [stdout]     = note: `#[warn(dead_code)]` on by default
[INFO] [stdout] 
[INFO] [stdout] 
[INFO] [stdout] warning: function `pre_vec_gen2` is never used
[INFO] [stdout]    --> src/sm2/p256_ecc.rs:477:4
[INFO] [stdout]     |
[INFO] [stdout] 477 | fn pre_vec_gen2(n: u32) -> [u32; 8] {
[INFO] [stdout]     |    ^^^^^^^^^^^^
[INFO] [stdout] 
[INFO] [stdout] 
[INFO] [stdout] warning: 2 warnings emitted
[INFO] [stdout] 
[INFO] [stdout] 
[INFO] [stderr]     Finished dev [unoptimized + debuginfo] target(s) in 10.16s
[INFO] running `Command { std: "docker" "inspect" "993c6e1d09e64fc6a7a7b60e84a81eb1149b0073fe647c7e8b4d3ab18ca82156", kill_on_drop: false }`
[INFO] running `Command { std: "docker" "rm" "-f" "993c6e1d09e64fc6a7a7b60e84a81eb1149b0073fe647c7e8b4d3ab18ca82156", kill_on_drop: false }`
[INFO] [stdout] 993c6e1d09e64fc6a7a7b60e84a81eb1149b0073fe647c7e8b4d3ab18ca82156
[INFO] running `Command { std: "docker" "create" "-v" "/var/lib/crater-agent-workspace/builds/worker-4-tc1/target:/opt/rustwide/target:rw,Z" "-v" "/var/lib/crater-agent-workspace/builds/worker-4-tc1/source:/opt/rustwide/workdir:ro,Z" "-v" "/var/lib/crater-agent-workspace/cargo-home:/opt/rustwide/cargo-home:ro,Z" "-v" "/var/lib/crater-agent-workspace/rustup-home:/opt/rustwide/rustup-home:ro,Z" "-e" "SOURCE_DIR=/opt/rustwide/workdir" "-e" "CARGO_TARGET_DIR=/opt/rustwide/target" "-e" "CARGO_INCREMENTAL=0" "-e" "RUST_BACKTRACE=full" "-e" "RUSTFLAGS=--cap-lints=warn" "-e" "RUSTDOCFLAGS=--cap-lints=warn" "-e" "CARGO_HOME=/opt/rustwide/cargo-home" "-e" "RUSTUP_HOME=/opt/rustwide/rustup-home" "-w" "/opt/rustwide/workdir" "-m" "1610612736" "--user" "0:0" "--network" "none" "ghcr.io/rust-lang/crates-build-env/linux@sha256:97d61d7686bf65f8ecb15491ab51835e82dc9176a96a831f143a431b191fc501" "/opt/rustwide/cargo-home/bin/cargo" "+1.69.0" "test" "--frozen" "--no-run" "--message-format=json", kill_on_drop: false }`
[INFO] [stdout] 45a515e2d456415bbb70a5be06018b22bc11f766c42ab12912b72240ccaad7ff
[INFO] running `Command { std: "docker" "start" "-a" "45a515e2d456415bbb70a5be06018b22bc11f766c42ab12912b72240ccaad7ff", kill_on_drop: false }`
[INFO] [stderr]    Compiling libc v0.2.142
[INFO] [stderr]    Compiling crossbeam-utils v0.8.15
[INFO] [stderr]    Compiling memoffset v0.8.0
[INFO] [stderr]    Compiling crossbeam-epoch v0.9.14
[INFO] [stderr]    Compiling serde v1.0.160
[INFO] [stderr]    Compiling indexmap v1.9.3
[INFO] [stderr]    Compiling rayon-core v1.11.0
[INFO] [stderr]    Compiling either v1.8.1
[INFO] [stderr]    Compiling plotters-backend v0.3.4
[INFO] [stderr]    Compiling half v1.8.2
[INFO] [stderr]    Compiling ciborium-io v0.2.0
[INFO] [stderr]    Compiling ciborium-ll v0.2.0
[INFO] [stderr]    Compiling plotters-svg v0.3.3
[INFO] [stderr]    Compiling clap_lex v0.2.4
[INFO] [stderr]    Compiling itertools v0.10.5
[INFO] [stderr]    Compiling crossbeam-channel v0.5.8
[INFO] [stderr]    Compiling cast v0.3.0
[INFO] [stderr]    Compiling textwrap v0.16.0
[INFO] [stderr]    Compiling regex-syntax v0.7.1
[INFO] [stderr]    Compiling getrandom v0.2.9
[INFO] [stderr]    Compiling num_cpus v1.15.0
[INFO] [stderr]    Compiling crossbeam-deque v0.8.3
[INFO] [stderr]    Compiling rand_core v0.6.4
[INFO] [stderr]    Compiling clap v3.2.25
[INFO] [stderr]    Compiling atty v0.2.14
[INFO] [stderr]    Compiling rand_chacha v0.3.1
[INFO] [stderr]    Compiling plotters v0.3.4
[INFO] [stderr]    Compiling anes v0.1.6
[INFO] [stderr]    Compiling criterion-plot v0.5.0
[INFO] [stderr]    Compiling rand v0.8.5
[INFO] [stderr]    Compiling regex v1.8.1
[INFO] [stderr]    Compiling rayon v1.7.0
[INFO] [stderr]    Compiling oorandom v11.1.3
[INFO] [stderr]    Compiling hex-literal v0.3.4
[INFO] [stderr]    Compiling gm-rs v0.8.0 (/opt/rustwide/workdir)
[INFO] [stdout] warning: function `pre_vec_gen` is never used
[INFO] [stdout]    --> src/sm2/p256_ecc.rs:467:4
[INFO] [stdout]     |
[INFO] [stdout] 467 | fn pre_vec_gen(n: u32) -> [u32; 8] {
[INFO] [stdout]     |    ^^^^^^^^^^^
[INFO] [stdout]     |
[INFO] [stdout]     = note: `#[warn(dead_code)]` on by default
[INFO] [stdout] 
[INFO] [stdout] 
[INFO] [stdout] warning: function `pre_vec_gen2` is never used
[INFO] [stdout]    --> src/sm2/p256_ecc.rs:477:4
[INFO] [stdout]     |
[INFO] [stdout] 477 | fn pre_vec_gen2(n: u32) -> [u32; 8] {
[INFO] [stdout]     |    ^^^^^^^^^^^^
[INFO] [stdout] 
[INFO] [stdout] 
[INFO] [stderr]    Compiling serde_json v1.0.96
[INFO] [stderr]    Compiling ciborium v0.2.0
[INFO] [stdout] warning: 2 warnings emitted
[INFO] [stdout] 
[INFO] [stdout] 
[INFO] [stderr]    Compiling tinytemplate v1.2.1
[INFO] [stderr]    Compiling criterion v0.4.0
[INFO] [stderr]     Finished test [unoptimized + debuginfo] target(s) in 35.66s
[INFO] running `Command { std: "docker" "inspect" "45a515e2d456415bbb70a5be06018b22bc11f766c42ab12912b72240ccaad7ff", kill_on_drop: false }`
[INFO] running `Command { std: "docker" "rm" "-f" "45a515e2d456415bbb70a5be06018b22bc11f766c42ab12912b72240ccaad7ff", kill_on_drop: false }`
[INFO] [stdout] 45a515e2d456415bbb70a5be06018b22bc11f766c42ab12912b72240ccaad7ff
[INFO] running `Command { std: "docker" "create" "-v" "/var/lib/crater-agent-workspace/builds/worker-4-tc1/target:/opt/rustwide/target:rw,Z" "-v" "/var/lib/crater-agent-workspace/builds/worker-4-tc1/source:/opt/rustwide/workdir:ro,Z" "-v" "/var/lib/crater-agent-workspace/cargo-home:/opt/rustwide/cargo-home:ro,Z" "-v" "/var/lib/crater-agent-workspace/rustup-home:/opt/rustwide/rustup-home:ro,Z" "-e" "SOURCE_DIR=/opt/rustwide/workdir" "-e" "CARGO_TARGET_DIR=/opt/rustwide/target" "-e" "CARGO_INCREMENTAL=0" "-e" "RUST_BACKTRACE=full" "-e" "RUSTFLAGS=--cap-lints=warn" "-e" "RUSTDOCFLAGS=--cap-lints=warn" "-e" "CARGO_HOME=/opt/rustwide/cargo-home" "-e" "RUSTUP_HOME=/opt/rustwide/rustup-home" "-w" "/opt/rustwide/workdir" "-m" "1610612736" "--user" "0:0" "--network" "none" "ghcr.io/rust-lang/crates-build-env/linux@sha256:97d61d7686bf65f8ecb15491ab51835e82dc9176a96a831f143a431b191fc501" "/opt/rustwide/cargo-home/bin/cargo" "+1.69.0" "test" "--frozen", kill_on_drop: false }`
[INFO] [stdout] cf509c18432573bee9b68c584d2edb3929be53195e1d0e027345de7c10fe986a
[INFO] running `Command { std: "docker" "start" "-a" "cf509c18432573bee9b68c584d2edb3929be53195e1d0e027345de7c10fe986a", kill_on_drop: false }`
[INFO] [stderr] warning: function `pre_vec_gen` is never used
[INFO] [stderr]    --> src/sm2/p256_ecc.rs:467:4
[INFO] [stderr]     |
[INFO] [stderr] 467 | fn pre_vec_gen(n: u32) -> [u32; 8] {
[INFO] [stderr]     |    ^^^^^^^^^^^
[INFO] [stderr]     |
[INFO] [stderr]     = note: `#[warn(dead_code)]` on by default
[INFO] [stderr] 
[INFO] [stderr] warning: function `pre_vec_gen2` is never used
[INFO] [stderr]    --> src/sm2/p256_ecc.rs:477:4
[INFO] [stderr]     |
[INFO] [stderr] 477 | fn pre_vec_gen2(n: u32) -> [u32; 8] {
[INFO] [stderr]     |    ^^^^^^^^^^^^
[INFO] [stderr] 
[INFO] [stderr] warning: `gm-rs` (lib) generated 2 warnings
[INFO] [stderr]     Finished test [unoptimized + debuginfo] target(s) in 0.10s
[INFO] [stderr]      Running unittests src/lib.rs (/opt/rustwide/target/debug/deps/gm_rs-823d2d764d78b54f)
[INFO] [stdout] 
[INFO] [stdout] running 17 tests
[INFO] [stdout] test sm2::operation::test_op::test_mod_add ... ok
[INFO] [stdout] test sm2::operation::test_op::test_mod_inv ... ok
[INFO] [stdout] test sm2::operation::test_op::test_mod_mul ... ok
[INFO] [stdout] test sm2::montgomery::test_mont::test ... ok
[INFO] [stdout] test sm2::p256_ecc::test::test_r ... ok
[INFO] [stdout] test sm2::operation::test_op::test_mod_sub ... ok
[INFO] [stdout] test sm2::p256_field::test_fe::test_mod_mul ... ok
[INFO] [stdout] test sm3::test::test_hash_1 ... ok
[INFO] [stdout] test sm4::sm4test::test_en_1 ... ok
[INFO] [stdout] test sm3::test::test_hash_2 ... ok
[INFO] [stdout] test sm2::test_sm2::test_gen_keypair ... ok
[INFO] [stdout] test zuc::zuc_test::test ... ok
[INFO] [stdout] test sm2::test_sm2::test_sign_verify ... ok
[INFO] [stdout] test sm2::test_sm2::test_encrypt_decrypt ... ok
[INFO] [stdout] test sm2::test_sm2::test_key_exchange ... ok
[INFO] [stdout] test sm4::sm4test::test_en_2 ... ok
[INFO] [stderr]    Doc-tests gm-rs
[INFO] [stdout] test sm2::p256_ecc::test::test_g_table ... ok
[INFO] [stdout] 
[INFO] [stdout] test result: ok. 17 passed; 0 failed; 0 ignored; 0 measured; 0 filtered out; finished in 8.26s
[INFO] [stdout] 
[INFO] [stdout] 
[INFO] [stdout] running 7 tests
[INFO] [stdout] test src/lib.rs - (line 68) ... FAILED
[INFO] [stdout] test src/lib.rs - (line 19) ... FAILED
[INFO] [stdout] test src/lib.rs - (line 53) ... FAILED
[INFO] [stdout] test src/lib.rs - (line 38) ... FAILED
[INFO] [stdout] test src/lib.rs - (line 82) ... FAILED
[INFO] [stdout] test src/sm4.rs - sm4::Sm4Cipher (line 112) ... ok
[INFO] [stdout] test src/sm3.rs - sm3::sm3_hash (line 78) ... ok
[INFO] [stderr] error: doctest failed, to rerun pass `--doc`
[INFO] [stdout] 
[INFO] [stdout] failures:
[INFO] [stdout] 
[INFO] [stdout] ---- src/lib.rs - (line 68) stdout ----
[INFO] [stdout] error[E0432]: unresolved import `crate::sm2`
[INFO] [stdout]  --> src/lib.rs:69:12
[INFO] [stdout]   |
[INFO] [stdout] 2 | use crate::sm2::signature;
[INFO] [stdout]   |            ^^^
[INFO] [stdout]   |            |
[INFO] [stdout]   |            unresolved import
[INFO] [stdout]   |            help: a similar path exists: `gm_rs::sm2`
[INFO] [stdout] 
[INFO] [stdout] error[E0433]: failed to resolve: use of undeclared type `CompressModle`
[INFO] [stdout]  --> src/lib.rs:73:32
[INFO] [stdout]   |
[INFO] [stdout] 6 |     let (pk, sk) = gen_keypair(CompressModle::Compressed).unwrap();
[INFO] [stdout]   |                                ^^^^^^^^^^^^^ use of undeclared type `CompressModle`
[INFO] [stdout] 
[INFO] [stdout] error[E0425]: cannot find function `gen_keypair` in this scope
[INFO] [stdout]  --> src/lib.rs:73:20
[INFO] [stdout]   |
[INFO] [stdout] 6 |     let (pk, sk) = gen_keypair(CompressModle::Compressed).unwrap();
[INFO] [stdout]   |                    ^^^^^^^^^^^ not found in this scope
[INFO] [stdout]   |
[INFO] [stdout] help: consider importing this function
[INFO] [stdout]   |
[INFO] [stdout] 2 | use gm_rs::sm2::key::gen_keypair;
[INFO] [stdout]   |
[INFO] [stdout] 
[INFO] [stdout] error: aborting due to 3 previous errors
[INFO] [stdout] 
[INFO] [stdout] Some errors have detailed explanations: E0425, E0432, E0433.
[INFO] [stdout] For more information about an error, try `rustc --explain E0425`.
[INFO] [stdout] Couldn't compile the test.
[INFO] [stdout] ---- src/lib.rs - (line 19) stdout ----
[INFO] [stdout] error[E0432]: unresolved import `crate::sm4`
[INFO] [stdout]  --> src/lib.rs:20:12
[INFO] [stdout]   |
[INFO] [stdout] 2 | use crate::sm4::Sm4Cipher;
[INFO] [stdout]   |            ^^^
[INFO] [stdout]   |            |
[INFO] [stdout]   |            unresolved import
[INFO] [stdout]   |            help: a similar path exists: `gm_rs::sm4`
[INFO] [stdout] 
[INFO] [stdout] error: aborting due to previous error
[INFO] [stdout] 
[INFO] [stdout] For more information about this error, try `rustc --explain E0432`.
[INFO] [stdout] Couldn't compile the test.
[INFO] [stdout] ---- src/lib.rs - (line 53) stdout ----
[INFO] [stdout] error[E0433]: failed to resolve: unresolved import
[INFO] [stdout]  --> src/lib.rs:54:12
[INFO] [stdout]   |
[INFO] [stdout] 2 | use crate::sm2::key::{gen_keypair, CompressModle};
[INFO] [stdout]   |            ^^^
[INFO] [stdout]   |            |
[INFO] [stdout]   |            unresolved import
[INFO] [stdout]   |            help: a similar path exists: `gm_rs::sm2`
[INFO] [stdout] 
[INFO] [stdout] error: aborting due to previous error
[INFO] [stdout] 
[INFO] [stdout] For more information about this error, try `rustc --explain E0433`.
[INFO] [stdout] Couldn't compile the test.
[INFO] [stdout] ---- src/lib.rs - (line 38) stdout ----
[INFO] [stdout] error[E0432]: unresolved import `crate::sm3`
[INFO] [stdout]  --> src/lib.rs:39:12
[INFO] [stdout]   |
[INFO] [stdout] 2 | use crate::sm3::sm3_hash;
[INFO] [stdout]   |            ^^^
[INFO] [stdout]   |            |
[INFO] [stdout]   |            unresolved import
[INFO] [stdout]   |            help: a similar path exists: `gm_rs::sm3`
[INFO] [stdout] 
[INFO] [stdout] error: aborting due to previous error
[INFO] [stdout] 
[INFO] [stdout] For more information about this error, try `rustc --explain E0432`.
[INFO] [stdout] Couldn't compile the test.
[INFO] [stdout] ---- src/lib.rs - (line 82) stdout ----
[INFO] [stdout] error[E0433]: failed to resolve: unresolved import
[INFO] [stdout]  --> src/lib.rs:83:12
[INFO] [stdout]   |
[INFO] [stdout] 2 | use crate::sm2::exchange::Exchange;
[INFO] [stdout]   |            ^^^
[INFO] [stdout]   |            |
[INFO] [stdout]   |            unresolved import
[INFO] [stdout]   |            help: a similar path exists: `gm_rs::sm2`
[INFO] [stdout] 
[INFO] [stdout] error[E0433]: failed to resolve: use of undeclared type `CompressModle`
[INFO] [stdout]  --> src/lib.rs:89:36
[INFO] [stdout]   |
[INFO] [stdout] 8 |     let (pk_a, sk_a) = gen_keypair(CompressModle::Compressed).unwrap();
[INFO] [stdout]   |                                    ^^^^^^^^^^^^^ use of undeclared type `CompressModle`
[INFO] [stdout] 
[INFO] [stdout] error[E0433]: failed to resolve: use of undeclared type `CompressModle`
[INFO] [stdout]  --> src/lib.rs:90:36
[INFO] [stdout]   |
[INFO] [stdout] 9 |     let (pk_b, sk_b) = gen_keypair(CompressModle::Compressed).unwrap();
[INFO] [stdout]   |                                    ^^^^^^^^^^^^^ use of undeclared type `CompressModle`
[INFO] [stdout] 
[INFO] [stdout] error[E0425]: cannot find function `gen_keypair` in this scope
[INFO] [stdout]  --> src/lib.rs:89:24
[INFO] [stdout]   |
[INFO] [stdout] 8 |     let (pk_a, sk_a) = gen_keypair(CompressModle::Compressed).unwrap();
[INFO] [stdout]   |                        ^^^^^^^^^^^ not found in this scope
[INFO] [stdout]   |
[INFO] [stdout] help: consider importing this function
[INFO] [stdout]   |
[INFO] [stdout] 2 | use gm_rs::sm2::key::gen_keypair;
[INFO] [stdout]   |
[INFO] [stdout] 
[INFO] [stdout] error[E0425]: cannot find function `gen_keypair` in this scope
[INFO] [stdout]  --> src/lib.rs:90:24
[INFO] [stdout]   |
[INFO] [stdout] 9 |     let (pk_b, sk_b) = gen_keypair(CompressModle::Compressed).unwrap();
[INFO] [stdout]   |                        ^^^^^^^^^^^ not found in this scope
[INFO] [stdout]   |
[INFO] [stdout] help: consider importing this function
[INFO] [stdout]   |
[INFO] [stdout] 2 | use gm_rs::sm2::key::gen_keypair;
[INFO] [stdout]   |
[INFO] [stdout] 
[INFO] [stdout] error: aborting due to 5 previous errors
[INFO] [stdout] 
[INFO] [stdout] Some errors have detailed explanations: E0425, E0433.
[INFO] [stdout] For more information about an error, try `rustc --explain E0425`.
[INFO] [stdout] Couldn't compile the test.
[INFO] [stdout] 
[INFO] [stdout] failures:
[INFO] [stdout]     src/lib.rs - (line 19)
[INFO] [stdout]     src/lib.rs - (line 38)
[INFO] [stdout]     src/lib.rs - (line 53)
[INFO] [stdout]     src/lib.rs - (line 68)
[INFO] [stdout]     src/lib.rs - (line 82)
[INFO] [stdout] 
[INFO] [stdout] test result: FAILED. 2 passed; 5 failed; 0 ignored; 0 measured; 0 filtered out; finished in 0.81s
[INFO] [stdout] 
[INFO] running `Command { std: "docker" "inspect" "cf509c18432573bee9b68c584d2edb3929be53195e1d0e027345de7c10fe986a", kill_on_drop: false }`
[INFO] running `Command { std: "docker" "rm" "-f" "cf509c18432573bee9b68c584d2edb3929be53195e1d0e027345de7c10fe986a", kill_on_drop: false }`
[INFO] [stdout] cf509c18432573bee9b68c584d2edb3929be53195e1d0e027345de7c10fe986a
