[INFO] fetching crate glossa 0.0.1-alpha.9...
[INFO] testing glossa-0.0.1-alpha.9 against beta-2023-04-20 for beta-1.70-1
[INFO] extracting crate glossa 0.0.1-alpha.9 into /workspace/builds/worker-0-tc2/source
[INFO] validating manifest of crates.io crate glossa 0.0.1-alpha.9 on toolchain beta-2023-04-20
[INFO] running `Command { std: CARGO_HOME="/workspace/cargo-home" RUSTUP_HOME="/workspace/rustup-home" "/workspace/cargo-home/bin/cargo" "+beta-2023-04-20" "metadata" "--manifest-path" "Cargo.toml" "--no-deps", kill_on_drop: false }`
[INFO] started tweaking crates.io crate glossa 0.0.1-alpha.9
[INFO] finished tweaking crates.io crate glossa 0.0.1-alpha.9
[INFO] tweaked toml for crates.io crate glossa 0.0.1-alpha.9 written to /workspace/builds/worker-0-tc2/source/Cargo.toml
[INFO] crate crates.io crate glossa 0.0.1-alpha.9 already has a lockfile, it will not be regenerated
[INFO] running `Command { std: CARGO_HOME="/workspace/cargo-home" RUSTUP_HOME="/workspace/rustup-home" "/workspace/cargo-home/bin/cargo" "+beta-2023-04-20" "fetch" "--manifest-path" "Cargo.toml", kill_on_drop: false }`
[INFO] [stderr]     Updating crates.io index
[INFO] [stderr]  Downloading crates ...
[INFO] [stderr]   Downloaded unic-langid-macros v0.9.1
[INFO] [stderr]   Downloaded unic-langid-impl v0.9.1
[INFO] [stderr]   Downloaded sys-locale v0.3.0
[INFO] [stderr]   Downloaded spin v0.9.8
[INFO] [stderr]   Downloaded fluent-templates v0.8.0
[INFO] [stderr]   Downloaded intl-memoizer v0.5.1
[INFO] [stderr]   Downloaded fluent-langneg v0.13.0
[INFO] [stderr]   Downloaded getset v0.1.2
[INFO] [stderr]   Downloaded fluent-bundle v0.15.2
[INFO] [stderr]   Downloaded fluent v0.16.0
[INFO] [stderr]   Downloaded intl_pluralrules v7.0.2
[INFO] [stderr]   Downloaded fluent-syntax v0.11.0
[INFO] [stderr]   Downloaded fluent-template-macros v0.8.0
[INFO] [stderr]   Downloaded phf_codegen v0.11.1
[INFO] [stderr]   Downloaded unic-langid-macros-impl v0.9.1
[INFO] [stderr]   Downloaded unic-langid v0.9.1
[INFO] [stderr]   Downloaded lang-id v0.0.1-beta.3
[INFO] [stderr]   Downloaded type-map v0.4.0
[INFO] [stderr]   Downloaded glossa-codegen v0.0.1-alpha.4
[INFO] running `Command { std: "docker" "create" "-v" "/var/lib/crater-agent-workspace/builds/worker-0-tc2/target:/opt/rustwide/target:rw,Z" "-v" "/var/lib/crater-agent-workspace/builds/worker-0-tc2/source:/opt/rustwide/workdir:ro,Z" "-v" "/var/lib/crater-agent-workspace/cargo-home:/opt/rustwide/cargo-home:ro,Z" "-v" "/var/lib/crater-agent-workspace/rustup-home:/opt/rustwide/rustup-home:ro,Z" "-e" "SOURCE_DIR=/opt/rustwide/workdir" "-e" "CARGO_TARGET_DIR=/opt/rustwide/target" "-e" "CARGO_HOME=/opt/rustwide/cargo-home" "-e" "RUSTUP_HOME=/opt/rustwide/rustup-home" "-w" "/opt/rustwide/workdir" "-m" "1610612736" "--user" "0:0" "--network" "none" "ghcr.io/rust-lang/crates-build-env/linux@sha256:5ff2268d62e97bff2cde7d5815dd6ed5b47097566f13b8d0ca110b04b60e07ed" "/opt/rustwide/cargo-home/bin/cargo" "+beta-2023-04-20" "metadata" "--no-deps" "--format-version=1", kill_on_drop: false }`
[INFO] [stdout] f067ed5e9212f424ddaea9c3fd7d21647197e905198efeddec0697b2b6ea863c
[INFO] running `Command { std: "docker" "start" "-a" "f067ed5e9212f424ddaea9c3fd7d21647197e905198efeddec0697b2b6ea863c", kill_on_drop: false }`
[INFO] running `Command { std: "docker" "inspect" "f067ed5e9212f424ddaea9c3fd7d21647197e905198efeddec0697b2b6ea863c", kill_on_drop: false }`
[INFO] running `Command { std: "docker" "rm" "-f" "f067ed5e9212f424ddaea9c3fd7d21647197e905198efeddec0697b2b6ea863c", kill_on_drop: false }`
[INFO] [stdout] f067ed5e9212f424ddaea9c3fd7d21647197e905198efeddec0697b2b6ea863c
[INFO] running `Command { std: "docker" "create" "-v" "/var/lib/crater-agent-workspace/builds/worker-0-tc2/target:/opt/rustwide/target:rw,Z" "-v" "/var/lib/crater-agent-workspace/builds/worker-0-tc2/source:/opt/rustwide/workdir:ro,Z" "-v" "/var/lib/crater-agent-workspace/cargo-home:/opt/rustwide/cargo-home:ro,Z" "-v" "/var/lib/crater-agent-workspace/rustup-home:/opt/rustwide/rustup-home:ro,Z" "-e" "SOURCE_DIR=/opt/rustwide/workdir" "-e" "CARGO_TARGET_DIR=/opt/rustwide/target" "-e" "CARGO_INCREMENTAL=0" "-e" "RUST_BACKTRACE=full" "-e" "RUSTFLAGS=--cap-lints=warn" "-e" "RUSTDOCFLAGS=--cap-lints=warn" "-e" "CARGO_HOME=/opt/rustwide/cargo-home" "-e" "RUSTUP_HOME=/opt/rustwide/rustup-home" "-w" "/opt/rustwide/workdir" "-m" "1610612736" "--user" "0:0" "--network" "none" "ghcr.io/rust-lang/crates-build-env/linux@sha256:5ff2268d62e97bff2cde7d5815dd6ed5b47097566f13b8d0ca110b04b60e07ed" "/opt/rustwide/cargo-home/bin/cargo" "+beta-2023-04-20" "build" "--frozen" "--message-format=json", kill_on_drop: false }`
[INFO] [stdout] 9314211297b085e226f1c7a14f291caabd3f4f430136996b129a097be8794111
[INFO] running `Command { std: "docker" "start" "-a" "9314211297b085e226f1c7a14f291caabd3f4f430136996b129a097be8794111", kill_on_drop: false }`
[INFO] [stderr]    Compiling proc-macro2 v1.0.56
[INFO] [stderr]    Compiling unicode-ident v1.0.8
[INFO] [stderr]    Compiling quote v1.0.26
[INFO] [stderr]    Compiling rand_core v0.6.4
[INFO] [stderr]    Compiling siphasher v0.3.10
[INFO] [stderr]    Compiling serde_derive v1.0.160
[INFO] [stderr]    Compiling serde v1.0.160
[INFO] [stderr]    Compiling hashbrown v0.12.3
[INFO] [stderr]    Compiling log v0.4.17
[INFO] [stderr]    Compiling itoa v1.0.6
[INFO] [stderr]    Compiling ryu v1.0.13
[INFO] [stderr]    Compiling libc v0.2.141
[INFO] [stderr]    Compiling indexmap v1.9.3
[INFO] [stderr]    Compiling sys-locale v0.3.0
[INFO] [stderr]    Compiling once_cell v1.17.1
[INFO] [stderr]    Compiling unsafe-libyaml v0.2.8
[INFO] [stderr]    Compiling rand v0.8.5
[INFO] [stderr]    Compiling phf_shared v0.11.1
[INFO] [stderr]    Compiling ahash v0.8.3
[INFO] [stderr]    Compiling thiserror v1.0.40
[INFO] [stderr]    Compiling phf_generator v0.11.1
[INFO] [stderr]    Compiling phf_codegen v0.11.1
[INFO] [stderr]    Compiling syn v1.0.109
[INFO] [stderr]    Compiling syn v2.0.15
[INFO] [stderr]    Compiling proc-macro-error-attr v1.0.4
[INFO] [stderr]    Compiling getrandom v0.2.9
[INFO] [stderr]    Compiling thiserror-impl v1.0.40
[INFO] [stderr]    Compiling proc-macro-error v1.0.4
[INFO] [stderr]    Compiling displaydoc v0.2.3
[INFO] [stderr]    Compiling phf_macros v0.11.1
[INFO] [stderr]    Compiling getset v0.1.2
[INFO] [stderr]    Compiling tinystr v0.7.1
[INFO] [stderr]    Compiling phf v0.11.1
[INFO] [stderr]    Compiling unic-langid-impl v0.9.1
[INFO] [stderr]    Compiling unic-langid v0.9.1
[INFO] [stderr]    Compiling lang-id v0.0.1-beta.3
[INFO] [stderr]    Compiling serde_yaml v0.9.21
[INFO] [stderr]    Compiling glossa-codegen v0.0.1-alpha.4
[INFO] [stderr]    Compiling glossa v0.0.1-alpha.9 (/opt/rustwide/workdir)
[INFO] [stderr]     Finished dev [unoptimized + debuginfo] target(s) in 12.26s
[INFO] running `Command { std: "docker" "inspect" "9314211297b085e226f1c7a14f291caabd3f4f430136996b129a097be8794111", kill_on_drop: false }`
[INFO] running `Command { std: "docker" "rm" "-f" "9314211297b085e226f1c7a14f291caabd3f4f430136996b129a097be8794111", kill_on_drop: false }`
[INFO] [stdout] 9314211297b085e226f1c7a14f291caabd3f4f430136996b129a097be8794111
[INFO] running `Command { std: "docker" "create" "-v" "/var/lib/crater-agent-workspace/builds/worker-0-tc2/target:/opt/rustwide/target:rw,Z" "-v" "/var/lib/crater-agent-workspace/builds/worker-0-tc2/source:/opt/rustwide/workdir:ro,Z" "-v" "/var/lib/crater-agent-workspace/cargo-home:/opt/rustwide/cargo-home:ro,Z" "-v" "/var/lib/crater-agent-workspace/rustup-home:/opt/rustwide/rustup-home:ro,Z" "-e" "SOURCE_DIR=/opt/rustwide/workdir" "-e" "CARGO_TARGET_DIR=/opt/rustwide/target" "-e" "CARGO_INCREMENTAL=0" "-e" "RUST_BACKTRACE=full" "-e" "RUSTFLAGS=--cap-lints=warn" "-e" "RUSTDOCFLAGS=--cap-lints=warn" "-e" "CARGO_HOME=/opt/rustwide/cargo-home" "-e" "RUSTUP_HOME=/opt/rustwide/rustup-home" "-w" "/opt/rustwide/workdir" "-m" "1610612736" "--user" "0:0" "--network" "none" "ghcr.io/rust-lang/crates-build-env/linux@sha256:5ff2268d62e97bff2cde7d5815dd6ed5b47097566f13b8d0ca110b04b60e07ed" "/opt/rustwide/cargo-home/bin/cargo" "+beta-2023-04-20" "test" "--frozen" "--no-run" "--message-format=json", kill_on_drop: false }`
[INFO] [stdout] 8202468f3c3f157cd9f3e71ac27b94aad8573bbd59d2231cb15d853f3a8b5e0d
[INFO] running `Command { std: "docker" "start" "-a" "8202468f3c3f157cd9f3e71ac27b94aad8573bbd59d2231cb15d853f3a8b5e0d", kill_on_drop: false }`
[INFO] [stderr]    Compiling io-lifetimes v1.0.10
[INFO] [stderr]    Compiling rustix v0.37.13
[INFO] [stderr]    Compiling linux-raw-sys v0.3.3
[INFO] [stderr]    Compiling anyhow v1.0.70
[INFO] [stderr]    Compiling humantime v2.1.0
[INFO] [stderr]    Compiling is-terminal v0.4.7
[INFO] [stderr]    Compiling env_logger v0.10.0
[INFO] [stderr]    Compiling glossa v0.0.1-alpha.9 (/opt/rustwide/workdir)
[INFO] [stderr]     Finished test [unoptimized + debuginfo] target(s) in 6.00s
[INFO] running `Command { std: "docker" "inspect" "8202468f3c3f157cd9f3e71ac27b94aad8573bbd59d2231cb15d853f3a8b5e0d", kill_on_drop: false }`
[INFO] running `Command { std: "docker" "rm" "-f" "8202468f3c3f157cd9f3e71ac27b94aad8573bbd59d2231cb15d853f3a8b5e0d", kill_on_drop: false }`
[INFO] [stdout] 8202468f3c3f157cd9f3e71ac27b94aad8573bbd59d2231cb15d853f3a8b5e0d
[INFO] running `Command { std: "docker" "create" "-v" "/var/lib/crater-agent-workspace/builds/worker-0-tc2/target:/opt/rustwide/target:rw,Z" "-v" "/var/lib/crater-agent-workspace/builds/worker-0-tc2/source:/opt/rustwide/workdir:ro,Z" "-v" "/var/lib/crater-agent-workspace/cargo-home:/opt/rustwide/cargo-home:ro,Z" "-v" "/var/lib/crater-agent-workspace/rustup-home:/opt/rustwide/rustup-home:ro,Z" "-e" "SOURCE_DIR=/opt/rustwide/workdir" "-e" "CARGO_TARGET_DIR=/opt/rustwide/target" "-e" "CARGO_INCREMENTAL=0" "-e" "RUST_BACKTRACE=full" "-e" "RUSTFLAGS=--cap-lints=warn" "-e" "RUSTDOCFLAGS=--cap-lints=warn" "-e" "CARGO_HOME=/opt/rustwide/cargo-home" "-e" "RUSTUP_HOME=/opt/rustwide/rustup-home" "-w" "/opt/rustwide/workdir" "-m" "1610612736" "--user" "0:0" "--network" "none" "ghcr.io/rust-lang/crates-build-env/linux@sha256:5ff2268d62e97bff2cde7d5815dd6ed5b47097566f13b8d0ca110b04b60e07ed" "/opt/rustwide/cargo-home/bin/cargo" "+beta-2023-04-20" "test" "--frozen", kill_on_drop: false }`
[INFO] [stdout] ca94df8f6233f76d6de1764fd95f3f300a8a6bafa7872c1c260dfc89cc2432df
[INFO] running `Command { std: "docker" "start" "-a" "ca94df8f6233f76d6de1764fd95f3f300a8a6bafa7872c1c260dfc89cc2432df", kill_on_drop: false }`
[INFO] [stderr]     Finished test [unoptimized + debuginfo] target(s) in 0.08s
[INFO] [stderr]      Running unittests src/lib.rs (/opt/rustwide/target/debug/deps/glossa-4f3bc100d6aaab36)
[INFO] [stdout] 
[INFO] [stdout] running 10 tests
[INFO] [stderr] [2023-04-30T03:27:46Z ERROR glossa::error::tests] hello
[INFO] [stderr] [2023-04-30T03:27:46Z DEBUG glossa::map_loader::from] Current lang id: en
[INFO] [stderr] [2023-04-30T03:27:46Z DEBUG glossa::map_loader::from] lang id: en
[INFO] [stderr] [2023-04-30T03:27:46Z TRACE glossa::map_loader::get] Try to get the sub-map for the current language from the main map.
[INFO] [stderr] [2023-04-30T03:27:46Z TRACE glossa::map_loader::get] Found localised string for ('map_name: err, key: test-err-msg')
[INFO] [stderr] [2023-04-30T03:27:46Z TRACE glossa::map_loader::get] Iterate over the languages in the fallback chain until we find one that contains the localised string
[INFO] [stderr] [2023-04-30T03:27:46Z TRACE glossa::fallback] Check if a custom fallback chain was provided
[INFO] [stderr] [2023-04-30T03:27:46Z DEBUG glossa::fallback] Getting fallback chain ...
[INFO] [stderr] [2023-04-30T03:27:46Z DEBUG glossa::fallback] The fallback chain is being generated from the language resources ...
[INFO] [stderr] [2023-04-30T03:27:46Z DEBUG glossa::fallback] Call `get_locale_list()` to generate a list of current similar languages
[INFO] [stderr] [2023-04-30T03:27:46Z TRACE glossa::map_loader::traits] About to get the locale list
[INFO] [stderr] [2023-04-30T03:27:46Z DEBUG glossa::map_loader::traits] en
[INFO] [stderr] [2023-04-30T03:27:46Z DEBUG glossa::fallback] Locale list: [LanguageIdentifier { language: Language(Some("en")), script: None, region: Some(Region("GB")), variants: None }]
[INFO] [stderr] [2023-04-30T03:27:46Z DEBUG glossa::fallback] About to sort the fallback chain
[INFO] [stderr] [2023-04-30T03:27:46Z TRACE glossa::fallback] Set a mutable variable with the value `en`
[INFO] [stderr] [2023-04-30T03:27:46Z INFO  glossa::fallback] current: en, Some(Script("Latn")), Some(Region("US"))
[INFO] [stderr] [2023-04-30T03:27:46Z TRACE glossa::fallback] Remove duplicate entries from the sorted fallback chain.
[INFO] [stderr] [2023-04-30T03:27:46Z DEBUG glossa::fallback] Adding the default language:(en, None, None) to the provided fallback chain
[INFO] [stderr] [2023-04-30T03:27:46Z DEBUG glossa::fallback] chain: [LanguageIdentifier { language: Language(Some("en")), script: None, region: Some(Region("GB")), variants: None }, LanguageIdentifier { language: Language(Some("en")), script: None, region: None, variants: None }]
[INFO] [stderr] [2023-04-30T03:27:46Z TRACE glossa::map_loader::get] Found localised string for 'err:test-err-msg' in language LanguageIdentifier { language: Language(Some("en")), script: None, region: Some(Region("GB")), variants: None }
[INFO] [stderr] [2023-04-30T03:27:46Z TRACE glossa::map_loader::get] Try to get the localised string from the sub-map for the given map-name.
[INFO] [stderr] [2023-04-30T03:27:46Z TRACE glossa::map_loader::get] Found localised string for 'err:test-err-msg' in language LanguageIdentifier { language: Language(Some("en")), script: None, region: None, variants: None }
[INFO] [stderr] [2023-04-30T03:27:46Z TRACE glossa::map_loader::get] Try to get the localised string from the sub-map for the given map-name.
[INFO] [stderr] [2023-04-30T03:27:46Z TRACE glossa::error] Retrieving static localised error message...
[INFO] [stderr] [2023-04-30T03:27:46Z TRACE glossa::map_loader::get] Try to get the sub-map for the current language from the main map.
[INFO] [stderr] [2023-04-30T03:27:46Z TRACE glossa::map_loader::get] Found localised string for ('map_name: error, key: text-not-found')
[INFO] [stderr] [2023-04-30T03:27:46Z WARN  glossa::error] No localized text found (key: "hello")
[INFO] [stderr] [2023-04-30T03:27:46Z TRACE glossa::error] Retrieving static localised error message...
[INFO] [stderr] [2023-04-30T03:27:46Z TRACE glossa::map_loader::get] Try to get the sub-map for the current language from the main map.
[INFO] [stdout] test assets::tests::get_l10n_map ... ok
[INFO] [stderr] [2023-04-30T03:27:46Z TRACE glossa::map_loader::get] Found localised string for ('map_name: map-name, key: key-name')
[INFO] [stdout] test error::tests::any_error ... FAILED
[INFO] [stderr] [2023-04-30T03:27:46Z TRACE glossa::map_loader::get] Iterate over the languages in the fallback chain until we find one that contains the localised string
[INFO] [stdout] test error::tests::text_not_found ... ok
[INFO] [stderr] [2023-04-30T03:27:46Z TRACE glossa::map_loader::get] Found localised string for 'map-name:key-name' in language LanguageIdentifier { language: Language(Some("en")), script: None, region: Some(Region("GB")), variants: None }
[INFO] [stderr] [2023-04-30T03:27:46Z TRACE glossa::map_loader::get] Try to get the localised string from the sub-map for the given map-name.
[INFO] [stderr] [2023-04-30T03:27:46Z TRACE glossa::map_loader::get] Found localised string for 'map-name:key-name' in language LanguageIdentifier { language: Language(Some("en")), script: None, region: None, variants: None }
[INFO] [stderr] [2023-04-30T03:27:46Z TRACE glossa::map_loader::get] Try to get the localised string from the sub-map for the given map-name.
[INFO] [stdout] 
[INFO] [stderr] [2023-04-30T03:27:46Z DEBUG glossa::map_loader::from] Current lang id: en
[INFO] [stdout] current:  en
[INFO] [stderr] [2023-04-30T03:27:46Z DEBUG glossa::map_loader::from] lang id: en
[INFO] [stdout] Fallback:
[INFO] [stderr] [2023-04-30T03:27:46Z TRACE glossa::map_loader::get] Try to get the sub-map for the current language from the main map.
[INFO] [stderr] [2023-04-30T03:27:46Z TRACE glossa::map_loader::get] Found localised string for ('map_name: error, key: text-not-found')
[INFO] [stderr] [2023-04-30T03:27:46Z DEBUG glossa::fallback] About to lock the standard output stream
[INFO] [stderr] [2023-04-30T03:27:46Z TRACE glossa::fallback] current:  en 
[INFO] [stderr]     Fallback:
[INFO] [stderr] [2023-04-30T03:27:46Z TRACE glossa::fallback] Check if a custom fallback chain was provided
[INFO] [stderr] [2023-04-30T03:27:46Z DEBUG glossa::fallback] Getting fallback chain ...
[INFO] [stderr] [2023-04-30T03:27:46Z DEBUG glossa::fallback] The fallback chain is being generated from the language resources ...
[INFO] [stderr] [2023-04-30T03:27:46Z DEBUG glossa::fallback] Call `get_locale_list()` to generate a list of current similar languages
[INFO] [stderr] [2023-04-30T03:27:46Z TRACE glossa::map_loader::traits] About to get the locale list
[INFO] [stderr] [2023-04-30T03:27:46Z DEBUG glossa::map_loader::traits] en
[INFO] [stderr] [2023-04-30T03:27:46Z DEBUG glossa::fallback] Locale list: [LanguageIdentifier { language: Language(Some("en")), script: None, region: Some(Region("GB")), variants: None }]
[INFO] [stderr] [2023-04-30T03:27:46Z DEBUG glossa::fallback] About to sort the fallback chain
[INFO] [stderr] [2023-04-30T03:27:46Z TRACE glossa::fallback] Set a mutable variable with the value `en`
[INFO] [stderr] [2023-04-30T03:27:46Z INFO  glossa::fallback] current: en, Some(Script("Latn")), Some(Region("US"))
[INFO] [stderr] [2023-04-30T03:27:46Z TRACE glossa::fallback] Remove duplicate entries from the sorted fallback chain.
[INFO] [stderr] [2023-04-30T03:27:46Z DEBUG glossa::fallback] Adding the default language:(en, None, None) to the provided fallback chain
[INFO] [stderr] [2023-04-30T03:27:46Z DEBUG glossa::fallback] chain: [LanguageIdentifier { language: Language(Some("en")), script: None, region: Some(Region("GB")), variants: None }, LanguageIdentifier { language: Language(Some("en")), script: None, region: None, variants: None }]
[INFO] [stderr] [2023-04-30T03:27:46Z DEBUG glossa::fallback] Chain iteration 1: en-GB
[INFO] [stderr] [2023-04-30T03:27:46Z DEBUG glossa::fallback] Chain iteration 2: en
[INFO] [stderr] [2023-04-30T03:27:46Z DEBUG glossa::fallback] About to flush the standard output stream
[INFO] [stderr] [2023-04-30T03:27:46Z DEBUG glossa::map_loader::from] Current lang id: en
[INFO] [stdout] 1:	en-GB
[INFO] [stderr] [2023-04-30T03:27:46Z DEBUG glossa::map_loader::from] lang id: en
[INFO] [stdout] 2:	en
[INFO] [stderr] [2023-04-30T03:27:46Z DEBUG glossa::fallback] About to lock the standard output stream
[INFO] [stdout] 
[INFO] [stderr] [2023-04-30T03:27:46Z TRACE glossa::fallback] current:  en 
[INFO] [stdout] current:  en
[INFO] [stderr]     Fallback:
[INFO] [stdout] Fallback:
[INFO] [stderr] [2023-04-30T03:27:46Z TRACE glossa::fallback] Check if a custom fallback chain was provided
[INFO] [stderr] [2023-04-30T03:27:46Z DEBUG glossa::fallback] Getting fallback chain ...
[INFO] [stderr] [2023-04-30T03:27:46Z DEBUG glossa::fallback] The fallback chain is being generated from the language resources ...
[INFO] [stderr] [2023-04-30T03:27:46Z DEBUG glossa::fallback] Call `get_locale_list()` to generate a list of current similar languages
[INFO] [stderr] [2023-04-30T03:27:46Z TRACE glossa::map_loader::traits] About to get the locale list
[INFO] [stderr] [2023-04-30T03:27:46Z DEBUG glossa::map_loader::traits] en
[INFO] [stdout] 1:	en-GB
[INFO] [stderr] [2023-04-30T03:27:46Z DEBUG glossa::fallback] Locale list: [LanguageIdentifier { language: Language(Some("en")), script: None, region: Some(Region("GB")), variants: None }]
[INFO] [stdout] 2:	en
[INFO] [stderr] [2023-04-30T03:27:46Z DEBUG glossa::fallback] About to sort the fallback chain
[INFO] [stderr] [2023-04-30T03:27:46Z TRACE glossa::fallback] Set a mutable variable with the value `en`
[INFO] [stderr] [2023-04-30T03:27:46Z INFO  glossa::fallback] current: en, Some(Script("Latn")), Some(Region("US"))
[INFO] [stderr] [2023-04-30T03:27:46Z TRACE glossa::fallback] Remove duplicate entries from the sorted fallback chain.
[INFO] [stderr] [2023-04-30T03:27:46Z DEBUG glossa::fallback] Adding the default language:(en, None, None) to the provided fallback chain
[INFO] [stderr] [2023-04-30T03:27:46Z DEBUG glossa::fallback] chain: [LanguageIdentifier { language: Language(Some("en")), script: None, region: Some(Region("GB")), variants: None }, LanguageIdentifier { language: Language(Some("en")), script: None, region: None, variants: None }]
[INFO] [stderr] [2023-04-30T03:27:46Z DEBUG glossa::fallback] Chain iteration 1: en-GB
[INFO] [stderr] [2023-04-30T03:27:46Z DEBUG glossa::fallback] Chain iteration 2: en
[INFO] [stderr] [2023-04-30T03:27:46Z DEBUG glossa::fallback] About to flush the standard output stream
[INFO] [stderr] [2023-04-30T03:27:46Z TRACE glossa::map_loader::get] Try to get the sub-map for the current language from the main map.
[INFO] [stderr] [2023-04-30T03:27:46Z TRACE glossa::map_loader::get] Found localised string for ('map_name: test, key: hello')
[INFO] [stdout] test l10n::tests::static_loader ... ok
[INFO] [stdout] test map_loader::from::tests::new_map_loader ... ok
[INFO] [stdout] test map_loader::from::tests::new_loader ... ok
[INFO] [stderr] [2023-04-30T03:27:46Z DEBUG glossa::fallback] About to lock the standard output stream
[INFO] [stdout] 
[INFO] [stderr] [2023-04-30T03:27:46Z TRACE glossa::fallback] current:  el 
[INFO] [stdout] current:  el
[INFO] [stderr]     Fallback:
[INFO] [stdout] Fallback:
[INFO] [stderr] [2023-04-30T03:27:46Z TRACE glossa::fallback] Check if a custom fallback chain was provided
[INFO] [stderr] [2023-04-30T03:27:46Z DEBUG glossa::fallback] Getting fallback chain ...
[INFO] [stderr] [2023-04-30T03:27:46Z DEBUG glossa::fallback] The fallback chain is being generated from the language resources ...
[INFO] [stderr] [2023-04-30T03:27:46Z DEBUG glossa::fallback] Call `get_locale_list()` to generate a list of current similar languages
[INFO] [stderr] [2023-04-30T03:27:46Z TRACE glossa::map_loader::traits] About to get the locale list
[INFO] [stderr] [2023-04-30T03:27:46Z DEBUG glossa::map_loader::traits] el
[INFO] [stderr] [2023-04-30T03:27:46Z DEBUG glossa::fallback] Locale list: []
[INFO] [stderr] [2023-04-30T03:27:46Z DEBUG glossa::fallback] About to sort the fallback chain
[INFO] [stderr] [2023-04-30T03:27:46Z TRACE glossa::fallback] Set a mutable variable with the value `en`
[INFO] [stderr] [2023-04-30T03:27:46Z INFO  glossa::fallback] current: el, Some(Script("Grek")), Some(Region("GR"))
[INFO] [stdout] 1:	en
[INFO] [stderr] [2023-04-30T03:27:46Z TRACE glossa::fallback] Remove duplicate entries from the sorted fallback chain.
[INFO] [stderr] [2023-04-30T03:27:46Z DEBUG glossa::fallback] Adding the default language:(en, None, None) to the provided fallback chain
[INFO] [stderr] [2023-04-30T03:27:46Z DEBUG glossa::fallback] chain: [LanguageIdentifier { language: Language(Some("en")), script: None, region: None, variants: None }]
[INFO] [stderr] [2023-04-30T03:27:46Z DEBUG glossa::fallback] Chain iteration 1: en
[INFO] [stderr] [2023-04-30T03:27:46Z DEBUG glossa::fallback] About to flush the standard output stream
[INFO] [stderr] [2023-04-30T03:27:46Z TRACE glossa::map_loader::get] Try to get the sub-map for the current language from the main map.
[INFO] [stderr] [2023-04-30T03:27:46Z TRACE glossa::map_loader::get] Found localised string for ('map_name: test, key: not-found')
[INFO] [stderr] [2023-04-30T03:27:46Z TRACE glossa::map_loader::get] Iterate over the languages in the fallback chain until we find one that contains the localised string
[INFO] [stderr] [2023-04-30T03:27:46Z TRACE glossa::map_loader::get] Found localised string for 'test:not-found' in language LanguageIdentifier { language: Language(Some("en")), script: None, region: None, variants: None }
[INFO] [stderr] [2023-04-30T03:27:46Z TRACE glossa::map_loader::get] Try to get the localised string from the sub-map for the given map-name.
[INFO] [stderr] [2023-04-30T03:27:46Z TRACE glossa::error] Retrieving static localised error message...
[INFO] [stderr] [2023-04-30T03:27:46Z WARN  glossa::error] No localized text found (map: "test", key: "not-found")
[INFO] [stderr] [2023-04-30T03:27:46Z TRACE glossa::error] Retrieving static localised error message...
[INFO] [stderr] [2023-04-30T03:27:46Z DEBUG glossa::map_loader::get] Failed to find localised string for ('map: test, key: not-found')
[INFO] [stderr]      Err: No localized text found (map: `test`, key: `not-found`)
[INFO] [stderr] [2023-04-30T03:27:46Z TRACE glossa::error] Retrieving static localised error message...
[INFO] [stderr] [2023-04-30T03:27:46Z WARN  glossa::error] No localized text found (map: "test", key: "not-found")
[INFO] [stderr] [2023-04-30T03:27:46Z TRACE glossa::error] Retrieving static localised error message...
[INFO] [stdout] test map_loader::from::tests::from_lang_id_and_map ... ok
[INFO] [stderr] [2023-04-30T03:27:46Z DEBUG glossa::map_loader::from] Current lang id: en
[INFO] [stdout] test map_loader::get::tests::get_error_msg ... FAILED
[INFO] [stderr] [2023-04-30T03:27:46Z DEBUG glossa::map_loader::from] lang id: en
[INFO] [stdout] test map_loader::get::tests::use_ahash_and_std_maps ... ok
[INFO] [stderr] [2023-04-30T03:27:46Z TRACE glossa::map_loader::get] Try to get the sub-map for the current language from the main map.
[INFO] [stderr] [2023-04-30T03:27:46Z TRACE glossa::map_loader::get] Found localised string for ('map_name: error, key: text-not-found 1')
[INFO] [stderr] [2023-04-30T03:27:46Z TRACE glossa::map_loader::get] Iterate over the languages in the fallback chain until we find one that contains the localised string
[INFO] [stderr] [2023-04-30T03:27:46Z TRACE glossa::fallback] Check if a custom fallback chain was provided
[INFO] [stderr] [2023-04-30T03:27:46Z DEBUG glossa::fallback] Getting fallback chain ...
[INFO] [stderr] [2023-04-30T03:27:46Z DEBUG glossa::fallback] The fallback chain is being generated from the language resources ...
[INFO] [stderr] [2023-04-30T03:27:46Z DEBUG glossa::fallback] Call `get_locale_list()` to generate a list of current similar languages
[INFO] [stderr] [2023-04-30T03:27:46Z TRACE glossa::map_loader::traits] About to get the locale list
[INFO] [stderr] [2023-04-30T03:27:46Z DEBUG glossa::map_loader::traits] en
[INFO] [stderr] [2023-04-30T03:27:46Z DEBUG glossa::map_loader::from] Current lang id: en
[INFO] [stderr] [2023-04-30T03:27:46Z DEBUG glossa::map_loader::from] lang id: en
[INFO] [stderr] [2023-04-30T03:27:46Z TRACE glossa::map_loader::get] Try to get the sub-map for the current language from the main map.
[INFO] [stderr] [2023-04-30T03:27:46Z TRACE glossa::map_loader::get] Found localised string for ('map_name: error, key: not-found')
[INFO] [stderr] [2023-04-30T03:27:46Z TRACE glossa::map_loader::get] Iterate over the languages in the fallback chain until we find one that contains the localised string
[INFO] [stderr] [2023-04-30T03:27:46Z TRACE glossa::fallback] Check if a custom fallback chain was provided
[INFO] [stderr] [2023-04-30T03:27:46Z DEBUG glossa::fallback] Getting fallback chain ...
[INFO] [stderr] [2023-04-30T03:27:46Z DEBUG glossa::fallback] The fallback chain is being generated from the language resources ...
[INFO] [stderr] [2023-04-30T03:27:46Z DEBUG glossa::fallback] Call `get_locale_list()` to generate a list of current similar languages
[INFO] [stderr] [2023-04-30T03:27:46Z TRACE glossa::map_loader::traits] About to get the locale list
[INFO] [stderr] [2023-04-30T03:27:46Z DEBUG glossa::map_loader::traits] en
[INFO] [stderr] [2023-04-30T03:27:46Z DEBUG glossa::fallback] Locale list: [LanguageIdentifier { language: Language(Some("en")), script: None, region: Some(Region("GB")), variants: None }]
[INFO] [stderr] [2023-04-30T03:27:46Z DEBUG glossa::fallback] About to sort the fallback chain
[INFO] [stderr] [2023-04-30T03:27:46Z TRACE glossa::fallback] Set a mutable variable with the value `en`
[INFO] [stderr] [2023-04-30T03:27:46Z INFO  glossa::fallback] current: en, Some(Script("Latn")), Some(Region("US"))
[INFO] [stderr] [2023-04-30T03:27:46Z TRACE glossa::fallback] Remove duplicate entries from the sorted fallback chain.
[INFO] [stderr] [2023-04-30T03:27:46Z DEBUG glossa::fallback] Adding the default language:(en, None, None) to the provided fallback chain
[INFO] [stderr] [2023-04-30T03:27:46Z DEBUG glossa::fallback] chain: [LanguageIdentifier { language: Language(Some("en")), script: None, region: Some(Region("GB")), variants: None }, LanguageIdentifier { language: Language(Some("en")), script: None, region: None, variants: None }]
[INFO] [stderr] [2023-04-30T03:27:46Z TRACE glossa::map_loader::get] Found localised string for 'error:not-found' in language LanguageIdentifier { language: Language(Some("en")), script: None, region: Some(Region("GB")), variants: None }
[INFO] [stderr] [2023-04-30T03:27:46Z TRACE glossa::map_loader::get] Try to get the localised string from the sub-map for the given map-name.
[INFO] [stderr] [2023-04-30T03:27:46Z TRACE glossa::map_loader::get] Found localised string for 'error:not-found' in language LanguageIdentifier { language: Language(Some("en")), script: None, region: None, variants: None }
[INFO] [stderr] [2023-04-30T03:27:46Z TRACE glossa::map_loader::get] Try to get the localised string from the sub-map for the given map-name.
[INFO] [stderr] [2023-04-30T03:27:46Z TRACE glossa::error] Retrieving static localised error message...
[INFO] [stderr] [2023-04-30T03:27:46Z WARN  glossa::error] No localized text found (map: "error", key: "not-found")
[INFO] [stderr] [2023-04-30T03:27:46Z TRACE glossa::error] Retrieving static localised error message...
[INFO] [stderr] [2023-04-30T03:27:46Z DEBUG glossa::fallback] Locale list: [LanguageIdentifier { language: Language(Some("en")), script: None, region: Some(Region("GB")), variants: None }]
[INFO] [stderr] [2023-04-30T03:27:46Z DEBUG glossa::fallback] About to sort the fallback chain
[INFO] [stderr] [2023-04-30T03:27:46Z TRACE glossa::fallback] Set a mutable variable with the value `en`
[INFO] [stderr] [2023-04-30T03:27:46Z INFO  glossa::fallback] current: en, Some(Script("Latn")), Some(Region("US"))
[INFO] [stderr] [2023-04-30T03:27:46Z TRACE glossa::fallback] Remove duplicate entries from the sorted fallback chain.
[INFO] [stderr] [2023-04-30T03:27:46Z DEBUG glossa::fallback] Adding the default language:(en, None, None) to the provided fallback chain
[INFO] [stderr] [2023-04-30T03:27:46Z DEBUG glossa::fallback] chain: [LanguageIdentifier { language: Language(Some("en")), script: None, region: Some(Region("GB")), variants: None }, LanguageIdentifier { language: Language(Some("en")), script: None, region: None, variants: None }]
[INFO] [stderr] [2023-04-30T03:27:46Z TRACE glossa::map_loader::get] Found localised string for 'error:text-not-found 1' in language LanguageIdentifier { language: Language(Some("en")), script: None, region: Some(Region("GB")), variants: None }
[INFO] [stderr] [2023-04-30T03:27:46Z TRACE glossa::map_loader::get] Try to get the localised string from the sub-map for the given map-name.
[INFO] [stderr] [2023-04-30T03:27:46Z TRACE glossa::map_loader::get] Found localised string for 'error:text-not-found 1' in language LanguageIdentifier { language: Language(Some("en")), script: None, region: None, variants: None }
[INFO] [stderr] [2023-04-30T03:27:46Z TRACE glossa::map_loader::get] Try to get the localised string from the sub-map for the given map-name.
[INFO] [stderr] [2023-04-30T03:27:46Z TRACE glossa::error] Retrieving static localised error message...
[INFO] [stderr] [2023-04-30T03:27:46Z WARN  glossa::error] No localized text found (map: "error", key: "text-not-found 1")
[INFO] [stderr] [2023-04-30T03:27:46Z TRACE glossa::error] Retrieving static localised error message...
[INFO] [stderr] [2023-04-30T03:27:46Z DEBUG glossa::map_loader::get] Failed to find localised string for ('map: error, key: text-not-found 1')
[INFO] [stderr]      Err: No localized text found (map: `error`, key: `text-not-found 1`)
[INFO] [stderr] [2023-04-30T03:27:46Z TRACE glossa::error] Retrieving static localised error message...
[INFO] [stderr] [2023-04-30T03:27:46Z WARN  glossa::error] No localized text found (map: "error", key: "text-not-found 1")
[INFO] [stderr] [2023-04-30T03:27:46Z TRACE glossa::error] Retrieving static localised error message...
[INFO] [stderr] [2023-04-30T03:27:46Z TRACE glossa::map_loader::get] Try to get the sub-map for the current language from the main map.
[INFO] [stderr] [2023-04-30T03:27:46Z TRACE glossa::map_loader::get] Found localised string for ('map_name: error, key: text-not-found 2')
[INFO] [stderr] [2023-04-30T03:27:46Z TRACE glossa::map_loader::get] Iterate over the languages in the fallback chain until we find one that contains the localised string
[INFO] [stderr] [2023-04-30T03:27:46Z TRACE glossa::map_loader::get] Found localised string for 'error:text-not-found 2' in language LanguageIdentifier { language: Language(Some("en")), script: None, region: Some(Region("GB")), variants: None }
[INFO] [stderr] [2023-04-30T03:27:46Z TRACE glossa::map_loader::get] Try to get the localised string from the sub-map for the given map-name.
[INFO] [stderr] [2023-04-30T03:27:46Z TRACE glossa::map_loader::get] Found localised string for 'error:text-not-found 2' in language LanguageIdentifier { language: Language(Some("en")), script: None, region: None, variants: None }
[INFO] [stderr] [2023-04-30T03:27:46Z TRACE glossa::map_loader::get] Try to get the localised string from the sub-map for the given map-name.
[INFO] [stderr] [2023-04-30T03:27:46Z TRACE glossa::error] Retrieving static localised error message...
[INFO] [stderr] [2023-04-30T03:27:46Z WARN  glossa::error] No localized text found (map: "error", key: "text-not-found 2")
[INFO] [stderr] [2023-04-30T03:27:46Z TRACE glossa::error] Retrieving static localised error message...
[INFO] [stderr] [2023-04-30T03:27:46Z DEBUG glossa::map_loader::get] Failed to find localised string for ('map: error, key: text-not-found 2')
[INFO] [stderr]      Err: No localized text found (map: `error`, key: `text-not-found 2`)
[INFO] [stderr] [2023-04-30T03:27:46Z TRACE glossa::error] Retrieving static localised error message...
[INFO] [stderr] [2023-04-30T03:27:46Z WARN  glossa::error] No localized text found (map: "error", key: "text-not-found 2")
[INFO] [stderr] [2023-04-30T03:27:46Z TRACE glossa::error] Retrieving static localised error message...
[INFO] [stdout] test error::tests::get_or_default_msg ... FAILED
[INFO] [stdout] 
[INFO] [stdout] failures:
[INFO] [stdout] 
[INFO] [stdout] ---- error::tests::any_error stdout ----
[INFO] [stdout] Error: MapTextNotFound("err", "test-err-msg")
[INFO] [stdout] 
[INFO] [stdout] ---- map_loader::get::tests::get_error_msg stdout ----
[INFO] [stdout] Error: No localized text found (map: `error`, key: `not-found`)
[INFO] [stdout] 
[INFO] [stdout] ---- error::tests::get_or_default_msg stdout ----
[INFO] [stdout] thread 'error::tests::get_or_default_msg' panicked at 'env_logger::init should not be called after logger initialized: SetLoggerError(())', /opt/rustwide/cargo-home/registry/src/index.crates.io-6f17d22bba15001f/env_logger-0.10.0/src/lib.rs:1154:16
[INFO] [stdout] stack backtrace:
[INFO] [stdout]    0:     0x562403042cfa - std::backtrace_rs::backtrace::libunwind::trace::h2f05d0192276a8f6
[INFO] [stdout]                                at /rustc/1b7dd2252b99671ce5d1cb9664c5f8636329436d/library/std/src/../../backtrace/src/backtrace/libunwind.rs:93:5
[INFO] [stdout]    1:     0x562403042cfa - std::backtrace_rs::backtrace::trace_unsynchronized::hedc23dff7a1af150
[INFO] [stdout]                                at /rustc/1b7dd2252b99671ce5d1cb9664c5f8636329436d/library/std/src/../../backtrace/src/backtrace/mod.rs:66:5
[INFO] [stdout]    2:     0x562403042cfa - std::sys_common::backtrace::_print_fmt::h17541ef7592f3ce2
[INFO] [stdout]                                at /rustc/1b7dd2252b99671ce5d1cb9664c5f8636329436d/library/std/src/sys_common/backtrace.rs:65:5
[INFO] [stdout]    3:     0x562403042cfa - <std::sys_common::backtrace::_print::DisplayBacktrace as core::fmt::Display>::fmt::h20f75df5ab0c0792
[INFO] [stdout]                                at /rustc/1b7dd2252b99671ce5d1cb9664c5f8636329436d/library/std/src/sys_common/backtrace.rs:44:22
[INFO] [stdout]    4:     0x562403066ddf - core::fmt::write::h78109e6f466b3af6
[INFO] [stdout]                                at /rustc/1b7dd2252b99671ce5d1cb9664c5f8636329436d/library/core/src/fmt/mod.rs:1254:17
[INFO] [stdout]    5:     0x562403040045 - std::io::Write::write_fmt::hd24bfb68a1b35a25
[INFO] [stdout]                                at /rustc/1b7dd2252b99671ce5d1cb9664c5f8636329436d/library/std/src/io/mod.rs:1698:15
[INFO] [stdout]    6:     0x562403042ac5 - std::sys_common::backtrace::_print::h8dac57a9f8fbf9a5
[INFO] [stdout]                                at /rustc/1b7dd2252b99671ce5d1cb9664c5f8636329436d/library/std/src/sys_common/backtrace.rs:47:5
[INFO] [stdout]    7:     0x562403042ac5 - std::sys_common::backtrace::print::hf9ecbf41d1aa712f
[INFO] [stdout]                                at /rustc/1b7dd2252b99671ce5d1cb9664c5f8636329436d/library/std/src/sys_common/backtrace.rs:34:9
[INFO] [stdout]    8:     0x56240304477e - std::panicking::default_hook::{{closure}}::h04c07acfc84ca028
[INFO] [stdout]                                at /rustc/1b7dd2252b99671ce5d1cb9664c5f8636329436d/library/std/src/panicking.rs:269:22
[INFO] [stdout]    9:     0x5624030444b1 - std::panicking::default_hook::h01f6bb23e1eceb2c
[INFO] [stdout]                                at /rustc/1b7dd2252b99671ce5d1cb9664c5f8636329436d/library/std/src/panicking.rs:285:9
[INFO] [stdout]   10:     0x562402ff2ddb - <alloc::boxed::Box<F,A> as core::ops::function::Fn<Args>>::call::h87fe9f7b2fd49e4c
[INFO] [stdout]                                at /rustc/1b7dd2252b99671ce5d1cb9664c5f8636329436d/library/alloc/src/boxed.rs:1987:9
[INFO] [stdout]   11:     0x562402ff2ddb - test::test_main::{{closure}}::he94d679243a7531b
[INFO] [stdout]                                at /rustc/1b7dd2252b99671ce5d1cb9664c5f8636329436d/library/test/src/lib.rs:134:21
[INFO] [stdout]   12:     0x562403044e64 - <alloc::boxed::Box<F,A> as core::ops::function::Fn<Args>>::call::h3f2d6d8b14c4769f
[INFO] [stdout]                                at /rustc/1b7dd2252b99671ce5d1cb9664c5f8636329436d/library/alloc/src/boxed.rs:1987:9
[INFO] [stdout]   13:     0x562403044e64 - std::panicking::rust_panic_with_hook::h2bb3722bbaf2f6df
[INFO] [stdout]                                at /rustc/1b7dd2252b99671ce5d1cb9664c5f8636329436d/library/std/src/panicking.rs:695:13
[INFO] [stdout]   14:     0x562403044bd9 - std::panicking::begin_panic_handler::{{closure}}::h91bc7f36a4be011b
[INFO] [stdout]                                at /rustc/1b7dd2252b99671ce5d1cb9664c5f8636329436d/library/std/src/panicking.rs:582:13
[INFO] [stdout]   15:     0x562403043166 - std::sys_common::backtrace::__rust_end_short_backtrace::h8b3d3717114f9e59
[INFO] [stdout]                                at /rustc/1b7dd2252b99671ce5d1cb9664c5f8636329436d/library/std/src/sys_common/backtrace.rs:150:18
[INFO] [stdout]   16:     0x562403044932 - rust_begin_unwind
[INFO] [stdout]                                at /rustc/1b7dd2252b99671ce5d1cb9664c5f8636329436d/library/std/src/panicking.rs:578:5
[INFO] [stdout]   17:     0x562402f62d73 - core::panicking::panic_fmt::hfd368e3fbdabea26
[INFO] [stdout]                                at /rustc/1b7dd2252b99671ce5d1cb9664c5f8636329436d/library/core/src/panicking.rs:67:14
[INFO] [stdout]   18:     0x562402f632b3 - core::result::unwrap_failed::he54eb4b2f125b26f
[INFO] [stdout]                                at /rustc/1b7dd2252b99671ce5d1cb9664c5f8636329436d/library/core/src/result.rs:1687:5
[INFO] [stdout]   19:     0x562402f9279e - core::result::Result<T,E>::expect::h98813cca5aec0e41
[INFO] [stdout]                                at /rustc/1b7dd2252b99671ce5d1cb9664c5f8636329436d/library/core/src/result.rs:1046:23
[INFO] [stdout]   20:     0x562402f97e39 - env_logger::init::h3c380efcc3cb9466
[INFO] [stdout]                                at /opt/rustwide/cargo-home/registry/src/index.crates.io-6f17d22bba15001f/env_logger-0.10.0/src/lib.rs:1154:5
[INFO] [stdout]   21:     0x562402f6c392 - glossa::error::tests::get_or_default_msg::h77241c9a0b4d87e5
[INFO] [stdout]                                at /opt/rustwide/workdir/src/error.rs:78:9
[INFO] [stdout]   22:     0x562402f6c347 - glossa::error::tests::get_or_default_msg::{{closure}}::hf6b4fac8e2cb7564
[INFO] [stdout]                                at /opt/rustwide/workdir/src/error.rs:76:29
[INFO] [stdout]   23:     0x562402f6da35 - core::ops::function::FnOnce::call_once::h7d62c5ae0167f5e4
[INFO] [stdout]                                at /rustc/1b7dd2252b99671ce5d1cb9664c5f8636329436d/library/core/src/ops/function.rs:250:5
[INFO] [stdout]   24:     0x562402ff7caf - core::ops::function::FnOnce::call_once::ha6a70e79f7481a7e
[INFO] [stdout]                                at /rustc/1b7dd2252b99671ce5d1cb9664c5f8636329436d/library/core/src/ops/function.rs:250:5
[INFO] [stdout]   25:     0x562402ff7caf - test::__rust_begin_short_backtrace::hce33033019b61e69
[INFO] [stdout]                                at /rustc/1b7dd2252b99671ce5d1cb9664c5f8636329436d/library/test/src/lib.rs:655:18
[INFO] [stdout]   26:     0x562402fc549c - test::run_test::{{closure}}::h858d3528838ae3e5
[INFO] [stdout]                                at /rustc/1b7dd2252b99671ce5d1cb9664c5f8636329436d/library/test/src/lib.rs:646:30
[INFO] [stdout]   27:     0x562402fc549c - core::ops::function::FnOnce::call_once{{vtable.shim}}::he8ac2b00f01ae79e
[INFO] [stdout]                                at /rustc/1b7dd2252b99671ce5d1cb9664c5f8636329436d/library/core/src/ops/function.rs:250:5
[INFO] [stdout]   28:     0x562402ff6d86 - <alloc::boxed::Box<F,A> as core::ops::function::FnOnce<Args>>::call_once::h8093d25b522725ef
[INFO] [stdout]                                at /rustc/1b7dd2252b99671ce5d1cb9664c5f8636329436d/library/alloc/src/boxed.rs:1973:9
[INFO] [stdout]   29:     0x562402ff6d86 - <core::panic::unwind_safe::AssertUnwindSafe<F> as core::ops::function::FnOnce<()>>::call_once::h5c334c204e4a3913
[INFO] [stdout]                                at /rustc/1b7dd2252b99671ce5d1cb9664c5f8636329436d/library/core/src/panic/unwind_safe.rs:271:9
[INFO] [stdout]   30:     0x562402ff6d86 - std::panicking::try::do_call::ha8b740c7b9478074
[INFO] [stdout]                                at /rustc/1b7dd2252b99671ce5d1cb9664c5f8636329436d/library/std/src/panicking.rs:485:40
[INFO] [stdout]   31:     0x562402ff6d86 - std::panicking::try::h5d34f63d0e41b64e
[INFO] [stdout]                                at /rustc/1b7dd2252b99671ce5d1cb9664c5f8636329436d/library/std/src/panicking.rs:449:19
[INFO] [stdout]   32:     0x562402ff6d86 - std::panic::catch_unwind::hcfbb511e1aa7fc67
[INFO] [stdout]                                at /rustc/1b7dd2252b99671ce5d1cb9664c5f8636329436d/library/std/src/panic.rs:140:14
[INFO] [stdout]   33:     0x562402ff6d86 - test::run_test_in_process::h9abda90f802eaf21
[INFO] [stdout]                                at /rustc/1b7dd2252b99671ce5d1cb9664c5f8636329436d/library/test/src/lib.rs:678:27
[INFO] [stdout]   34:     0x562402ff6d86 - test::run_test::run_test_inner::{{closure}}::h0f058de91f6c6edf
[INFO] [stdout]                                at /rustc/1b7dd2252b99671ce5d1cb9664c5f8636329436d/library/test/src/lib.rs:572:39
[INFO] [stdout]   35:     0x562402fbfca5 - test::run_test::run_test_inner::{{closure}}::h5ca48a4c59c6c1fb
[INFO] [stdout]                                at /rustc/1b7dd2252b99671ce5d1cb9664c5f8636329436d/library/test/src/lib.rs:599:37
[INFO] [stdout]   36:     0x562402fbfca5 - std::sys_common::backtrace::__rust_begin_short_backtrace::h32bd51e1495d4a33
[INFO] [stdout]                                at /rustc/1b7dd2252b99671ce5d1cb9664c5f8636329436d/library/std/src/sys_common/backtrace.rs:134:18
[INFO] [stdout]   37:     0x562402fc51e1 - std::thread::Builder::spawn_unchecked_::{{closure}}::{{closure}}::hc086fae9b128b2db
[INFO] [stdout]                                at /rustc/1b7dd2252b99671ce5d1cb9664c5f8636329436d/library/std/src/thread/mod.rs:526:17
[INFO] [stdout]   38:     0x562402fc51e1 - <core::panic::unwind_safe::AssertUnwindSafe<F> as core::ops::function::FnOnce<()>>::call_once::hb66571888d270d43
[INFO] [stdout]                                at /rustc/1b7dd2252b99671ce5d1cb9664c5f8636329436d/library/core/src/panic/unwind_safe.rs:271:9
[INFO] [stdout]   39:     0x562402fc51e1 - std::panicking::try::do_call::h4fa2ef4f6e51fecf
[INFO] [stdout]                                at /rustc/1b7dd2252b99671ce5d1cb9664c5f8636329436d/library/std/src/panicking.rs:485:40
[INFO] [stdout]   40:     0x562402fc51e1 - std::panicking::try::h1e9e22b8584489b5
[INFO] [stdout]                                at /rustc/1b7dd2252b99671ce5d1cb9664c5f8636329436d/library/std/src/panicking.rs:449:19
[INFO] [stdout]   41:     0x562402fc51e1 - std::panic::catch_unwind::h44698a3de0e0769e
[INFO] [stdout]                                at /rustc/1b7dd2252b99671ce5d1cb9664c5f8636329436d/library/std/src/panic.rs:140:14
[INFO] [stdout]   42:     0x562402fc51e1 - std::thread::Builder::spawn_unchecked_::{{closure}}::h50153abde3fe239e
[INFO] [stdout]                                at /rustc/1b7dd2252b99671ce5d1cb9664c5f8636329436d/library/std/src/thread/mod.rs:525:30
[INFO] [stdout]   43:     0x562402fc51e1 - core::ops::function::FnOnce::call_once{{vtable.shim}}::hbe5bbf6f38394364
[INFO] [stdout]                                at /rustc/1b7dd2252b99671ce5d1cb9664c5f8636329436d/library/core/src/ops/function.rs:250:5
[INFO] [stdout]   44:     0x562403049445 - <alloc::boxed::Box<F,A> as core::ops::function::FnOnce<Args>>::call_once::h0d83cb2920a49046
[INFO] [stdout]                                at /rustc/1b7dd2252b99671ce5d1cb9664c5f8636329436d/library/alloc/src/boxed.rs:1973:9
[INFO] [stdout]   45:     0x562403049445 - <alloc::boxed::Box<F,A> as core::ops::function::FnOnce<Args>>::call_once::hbe0a008aa7d9ef59
[INFO] [stdout]                                at /rustc/1b7dd2252b99671ce5d1cb9664c5f8636329436d/library/alloc/src/boxed.rs:1973:9
[INFO] [stdout]   46:     0x562403049445 - std::sys::unix::thread::Thread::new::thread_start::h3a466996bdf6b1f9
[INFO] [stdout]                                at /rustc/1b7dd2252b99671ce5d1cb9664c5f8636329436d/library/std/src/sys/unix/thread.rs:108:17
[INFO] [stdout]   47:     0x7fa9090ccb43 - <unknown>
[INFO] [stdout]   48:     0x7fa90915dbb4 - __clone
[INFO] [stdout]   49:                0x0 - <unknown>
[INFO] [stdout] 
[INFO] [stdout] 
[INFO] [stdout] failures:
[INFO] [stdout]     error::tests::any_error
[INFO] [stdout]     error::tests::get_or_default_msg
[INFO] [stdout]     map_loader::get::tests::get_error_msg
[INFO] [stdout] 
[INFO] [stdout] test result: FAILED. 7 passed; 3 failed; 0 ignored; 0 measured; 0 filtered out; finished in 0.04s
[INFO] [stdout] 
[INFO] [stderr] error: test failed, to rerun pass `--lib`
[INFO] running `Command { std: "docker" "inspect" "ca94df8f6233f76d6de1764fd95f3f300a8a6bafa7872c1c260dfc89cc2432df", kill_on_drop: false }`
[INFO] running `Command { std: "docker" "rm" "-f" "ca94df8f6233f76d6de1764fd95f3f300a8a6bafa7872c1c260dfc89cc2432df", kill_on_drop: false }`
[INFO] [stdout] ca94df8f6233f76d6de1764fd95f3f300a8a6bafa7872c1c260dfc89cc2432df
