[INFO] fetching crate gitnu 0.6.1...
[INFO] testing gitnu-0.6.1 against beta-2023-04-20 for beta-1.70-1
[INFO] extracting crate gitnu 0.6.1 into /workspace/builds/worker-2-tc2/source
[INFO] validating manifest of crates.io crate gitnu 0.6.1 on toolchain beta-2023-04-20
[INFO] running `Command { std: CARGO_HOME="/workspace/cargo-home" RUSTUP_HOME="/workspace/rustup-home" "/workspace/cargo-home/bin/cargo" "+beta-2023-04-20" "metadata" "--manifest-path" "Cargo.toml" "--no-deps", kill_on_drop: false }`
[INFO] started tweaking crates.io crate gitnu 0.6.1
[INFO] finished tweaking crates.io crate gitnu 0.6.1
[INFO] tweaked toml for crates.io crate gitnu 0.6.1 written to /workspace/builds/worker-2-tc2/source/Cargo.toml
[INFO] crate crates.io crate gitnu 0.6.1 already has a lockfile, it will not be regenerated
[INFO] running `Command { std: CARGO_HOME="/workspace/cargo-home" RUSTUP_HOME="/workspace/rustup-home" "/workspace/cargo-home/bin/cargo" "+beta-2023-04-20" "fetch" "--manifest-path" "Cargo.toml", kill_on_drop: false }`
[INFO] [stderr]     Blocking waiting for file lock on package cache
[INFO] running `Command { std: "docker" "create" "-v" "/var/lib/crater-agent-workspace/builds/worker-2-tc2/target:/opt/rustwide/target:rw,Z" "-v" "/var/lib/crater-agent-workspace/builds/worker-2-tc2/source:/opt/rustwide/workdir:ro,Z" "-v" "/var/lib/crater-agent-workspace/cargo-home:/opt/rustwide/cargo-home:ro,Z" "-v" "/var/lib/crater-agent-workspace/rustup-home:/opt/rustwide/rustup-home:ro,Z" "-e" "SOURCE_DIR=/opt/rustwide/workdir" "-e" "CARGO_TARGET_DIR=/opt/rustwide/target" "-e" "CARGO_HOME=/opt/rustwide/cargo-home" "-e" "RUSTUP_HOME=/opt/rustwide/rustup-home" "-w" "/opt/rustwide/workdir" "-m" "1610612736" "--user" "0:0" "--network" "none" "ghcr.io/rust-lang/crates-build-env/linux@sha256:5ff2268d62e97bff2cde7d5815dd6ed5b47097566f13b8d0ca110b04b60e07ed" "/opt/rustwide/cargo-home/bin/cargo" "+beta-2023-04-20" "metadata" "--no-deps" "--format-version=1", kill_on_drop: false }`
[INFO] [stdout] dbac72b246ff790771dc9d391798800e01115d06797735c720fd34d717fb959e
[INFO] running `Command { std: "docker" "start" "-a" "dbac72b246ff790771dc9d391798800e01115d06797735c720fd34d717fb959e", kill_on_drop: false }`
[INFO] running `Command { std: "docker" "inspect" "dbac72b246ff790771dc9d391798800e01115d06797735c720fd34d717fb959e", kill_on_drop: false }`
[INFO] running `Command { std: "docker" "rm" "-f" "dbac72b246ff790771dc9d391798800e01115d06797735c720fd34d717fb959e", kill_on_drop: false }`
[INFO] [stdout] dbac72b246ff790771dc9d391798800e01115d06797735c720fd34d717fb959e
[INFO] running `Command { std: "docker" "create" "-v" "/var/lib/crater-agent-workspace/builds/worker-2-tc2/target:/opt/rustwide/target:rw,Z" "-v" "/var/lib/crater-agent-workspace/builds/worker-2-tc2/source:/opt/rustwide/workdir:ro,Z" "-v" "/var/lib/crater-agent-workspace/cargo-home:/opt/rustwide/cargo-home:ro,Z" "-v" "/var/lib/crater-agent-workspace/rustup-home:/opt/rustwide/rustup-home:ro,Z" "-e" "SOURCE_DIR=/opt/rustwide/workdir" "-e" "CARGO_TARGET_DIR=/opt/rustwide/target" "-e" "CARGO_INCREMENTAL=0" "-e" "RUST_BACKTRACE=full" "-e" "RUSTFLAGS=--cap-lints=warn" "-e" "RUSTDOCFLAGS=--cap-lints=warn" "-e" "CARGO_HOME=/opt/rustwide/cargo-home" "-e" "RUSTUP_HOME=/opt/rustwide/rustup-home" "-w" "/opt/rustwide/workdir" "-m" "1610612736" "--user" "0:0" "--network" "none" "ghcr.io/rust-lang/crates-build-env/linux@sha256:5ff2268d62e97bff2cde7d5815dd6ed5b47097566f13b8d0ca110b04b60e07ed" "/opt/rustwide/cargo-home/bin/cargo" "+beta-2023-04-20" "build" "--frozen" "--message-format=json", kill_on_drop: false }`
[INFO] [stdout] e385084b8e8205d0a7b89da4801785043bc28a518c5516d7cf021fd7cb38e41d
[INFO] running `Command { std: "docker" "start" "-a" "e385084b8e8205d0a7b89da4801785043bc28a518c5516d7cf021fd7cb38e41d", kill_on_drop: false }`
[INFO] [stderr]    Compiling libc v0.2.137
[INFO] [stderr]    Compiling atty v0.2.14
[INFO] [stderr]    Compiling gitnu v0.6.1 (/opt/rustwide/workdir)
[INFO] [stderr]     Finished dev [unoptimized + debuginfo] target(s) in 2.79s
[INFO] running `Command { std: "docker" "inspect" "e385084b8e8205d0a7b89da4801785043bc28a518c5516d7cf021fd7cb38e41d", kill_on_drop: false }`
[INFO] running `Command { std: "docker" "rm" "-f" "e385084b8e8205d0a7b89da4801785043bc28a518c5516d7cf021fd7cb38e41d", kill_on_drop: false }`
[INFO] [stdout] e385084b8e8205d0a7b89da4801785043bc28a518c5516d7cf021fd7cb38e41d
[INFO] running `Command { std: "docker" "create" "-v" "/var/lib/crater-agent-workspace/builds/worker-2-tc2/target:/opt/rustwide/target:rw,Z" "-v" "/var/lib/crater-agent-workspace/builds/worker-2-tc2/source:/opt/rustwide/workdir:ro,Z" "-v" "/var/lib/crater-agent-workspace/cargo-home:/opt/rustwide/cargo-home:ro,Z" "-v" "/var/lib/crater-agent-workspace/rustup-home:/opt/rustwide/rustup-home:ro,Z" "-e" "SOURCE_DIR=/opt/rustwide/workdir" "-e" "CARGO_TARGET_DIR=/opt/rustwide/target" "-e" "CARGO_INCREMENTAL=0" "-e" "RUST_BACKTRACE=full" "-e" "RUSTFLAGS=--cap-lints=warn" "-e" "RUSTDOCFLAGS=--cap-lints=warn" "-e" "CARGO_HOME=/opt/rustwide/cargo-home" "-e" "RUSTUP_HOME=/opt/rustwide/rustup-home" "-w" "/opt/rustwide/workdir" "-m" "1610612736" "--user" "0:0" "--network" "none" "ghcr.io/rust-lang/crates-build-env/linux@sha256:5ff2268d62e97bff2cde7d5815dd6ed5b47097566f13b8d0ca110b04b60e07ed" "/opt/rustwide/cargo-home/bin/cargo" "+beta-2023-04-20" "test" "--frozen" "--no-run" "--message-format=json", kill_on_drop: false }`
[INFO] [stdout] 9dbc760ab32118cd306bebe79e07258de762f4ab9c79524dba80e5b45a938c0e
[INFO] running `Command { std: "docker" "start" "-a" "9dbc760ab32118cd306bebe79e07258de762f4ab9c79524dba80e5b45a938c0e", kill_on_drop: false }`
[INFO] [stderr]    Compiling autocfg v1.1.0
[INFO] [stderr]    Compiling proc-macro2 v1.0.47
[INFO] [stderr]    Compiling unicode-ident v1.0.5
[INFO] [stderr]    Compiling quote v1.0.21
[INFO] [stderr]    Compiling syn v1.0.103
[INFO] [stderr]    Compiling crossbeam-utils v0.8.14
[INFO] [stderr]    Compiling libc v0.2.137
[INFO] [stderr]    Compiling serde_derive v1.0.147
[INFO] [stderr]    Compiling cfg-if v1.0.0
[INFO] [stderr]    Compiling serde v1.0.147
[INFO] [stderr]    Compiling scopeguard v1.1.0
[INFO] [stderr]    Compiling either v1.8.0
[INFO] [stderr]    Compiling rayon-core v1.10.1
[INFO] [stderr]    Compiling serde_json v1.0.89
[INFO] [stderr]    Compiling ciborium-io v0.2.0
[INFO] [stderr]    Compiling ryu v1.0.11
[INFO] [stderr]    Compiling itoa v1.0.4
[INFO] [stderr]    Compiling half v1.8.2
[INFO] [stderr]    Compiling plotters-backend v0.3.4
[INFO] [stderr]    Compiling hashbrown v0.12.3
[INFO] [stderr]    Compiling os_str_bytes v6.4.1
[INFO] [stderr]    Compiling itertools v0.10.5
[INFO] [stderr]    Compiling textwrap v0.16.0
[INFO] [stderr]    Compiling same-file v1.0.6
[INFO] [stderr]    Compiling memoffset v0.7.1
[INFO] [stderr]    Compiling crossbeam-epoch v0.9.13
[INFO] [stderr]    Compiling num-traits v0.2.15
[INFO] [stderr]    Compiling indexmap v1.9.2
[INFO] [stderr]    Compiling clap_lex v0.2.4
[INFO] [stderr]    Compiling plotters-svg v0.3.3
[INFO] [stderr]    Compiling ciborium-ll v0.2.0
[INFO] [stderr]    Compiling bitflags v1.3.2
[INFO] [stderr]    Compiling regex-syntax v0.6.28
[INFO] [stderr]    Compiling cast v0.3.0
[INFO] [stderr]    Compiling walkdir v2.3.2
[INFO] [stderr]    Compiling crossbeam-channel v0.5.6
[INFO] [stderr]    Compiling lazy_static v1.4.0
[INFO] [stderr]    Compiling oorandom v11.1.3
[INFO] [stderr]    Compiling anes v0.1.6
[INFO] [stderr]    Compiling num_cpus v1.14.0
[INFO] [stderr]    Compiling atty v0.2.14
[INFO] [stderr]    Compiling crossbeam-deque v0.8.2
[INFO] [stderr]    Compiling clap v3.2.23
[INFO] [stderr]    Compiling regex v1.7.0
[INFO] [stderr]    Compiling criterion-plot v0.5.0
[INFO] [stderr]    Compiling rayon v1.6.0
[INFO] [stderr]    Compiling plotters v0.3.4
[INFO] [stderr]    Compiling ciborium v0.2.0
[INFO] [stderr]    Compiling tinytemplate v1.2.1
[INFO] [stderr]    Compiling criterion v0.4.0
[INFO] [stderr]    Compiling gitnu v0.6.1 (/opt/rustwide/workdir)
[INFO] [stderr]     Finished test [unoptimized + debuginfo] target(s) in 22.60s
[INFO] running `Command { std: "docker" "inspect" "9dbc760ab32118cd306bebe79e07258de762f4ab9c79524dba80e5b45a938c0e", kill_on_drop: false }`
[INFO] running `Command { std: "docker" "rm" "-f" "9dbc760ab32118cd306bebe79e07258de762f4ab9c79524dba80e5b45a938c0e", kill_on_drop: false }`
[INFO] [stdout] 9dbc760ab32118cd306bebe79e07258de762f4ab9c79524dba80e5b45a938c0e
[INFO] running `Command { std: "docker" "create" "-v" "/var/lib/crater-agent-workspace/builds/worker-2-tc2/target:/opt/rustwide/target:rw,Z" "-v" "/var/lib/crater-agent-workspace/builds/worker-2-tc2/source:/opt/rustwide/workdir:ro,Z" "-v" "/var/lib/crater-agent-workspace/cargo-home:/opt/rustwide/cargo-home:ro,Z" "-v" "/var/lib/crater-agent-workspace/rustup-home:/opt/rustwide/rustup-home:ro,Z" "-e" "SOURCE_DIR=/opt/rustwide/workdir" "-e" "CARGO_TARGET_DIR=/opt/rustwide/target" "-e" "CARGO_INCREMENTAL=0" "-e" "RUST_BACKTRACE=full" "-e" "RUSTFLAGS=--cap-lints=warn" "-e" "RUSTDOCFLAGS=--cap-lints=warn" "-e" "CARGO_HOME=/opt/rustwide/cargo-home" "-e" "RUSTUP_HOME=/opt/rustwide/rustup-home" "-w" "/opt/rustwide/workdir" "-m" "1610612736" "--user" "0:0" "--network" "none" "ghcr.io/rust-lang/crates-build-env/linux@sha256:5ff2268d62e97bff2cde7d5815dd6ed5b47097566f13b8d0ca110b04b60e07ed" "/opt/rustwide/cargo-home/bin/cargo" "+beta-2023-04-20" "test" "--frozen", kill_on_drop: false }`
[INFO] [stdout] 0387d65ed52a043507b0f814b745afd1868b1c24776a859e4b198f859e62c153
[INFO] running `Command { std: "docker" "start" "-a" "0387d65ed52a043507b0f814b745afd1868b1c24776a859e4b198f859e62c153", kill_on_drop: false }`
[INFO] [stderr]     Blocking waiting for file lock on package cache
[INFO] [stderr]     Blocking waiting for file lock on package cache
[INFO] [stderr]     Blocking waiting for file lock on package cache
[INFO] [stderr]     Finished test [unoptimized + debuginfo] target(s) in 0.44s
[INFO] [stderr]      Running unittests core/lib.rs (/opt/rustwide/target/debug/deps/gitnu-238c825674cee6ae)
[INFO] [stdout] 
[INFO] [stdout] running 26 tests
[INFO] [stdout] test line::after_first_sequence_test ... ok
[INFO] [stdout] test line::after_last_test ... ok
[INFO] [stdout] test line::after_first_test ... ok
[INFO] [stdout] test line::trim_left_while ... ok
[INFO] [stdout] test parser::test_status ... ok
[INFO] [stdout] test parser::test_zeroes_2 ... ok
[INFO] [stdout] test parser::test_single ... ok
[INFO] [stdout] test parser::test_mix ... ok
[INFO] [stdout] test parser::test_double_dash ... ok
[INFO] [stdout] test parser::test_overlap ... ok
[INFO] [stdout] test parser::test_range ... ok
[INFO] [stdout] test parser::test_zeroes_3 ... ok
[INFO] [stdout] test parser::test_zeroes_1 ... ok
[INFO] [stderr] fatal: not a git repository (or any of the parent directories): .git
[INFO] [stdout] test tests::dont_create_cache_file_without_repo ... ok
[INFO] [stdout] test tests::add_unindexed_number ... ok
[INFO] [stdout] test tests::range_overlap ... ok
[INFO] [stdout] test tests::not_at_workspace_root ... ok
[INFO] [stdout] test tests::add_and_status_diff_dirs ... ok
[INFO] [stdout] test tests::skip_short_flags ... ok
[INFO] [stdout] test tests::staging_files_with_numbers ... ok
[INFO] [stdout] test tests::support_aliases ... ok
[INFO] [stdout] test tests::status_display ... FAILED
[INFO] [stdout] test tests::detached_head_display ... FAILED
[INFO] [stdout] test tests::different_workspace ... ok
[INFO] [stdout] test tests::exit_codes ... ok
[INFO] [stdout] test tests::merge_conflict_display ... FAILED
[INFO] [stdout] 
[INFO] [stdout] failures:
[INFO] [stdout] 
[INFO] [stdout] ---- tests::status_display stdout ----
[INFO] [stdout] [/tmp/gitnu-tests/gitnu::tests::status_display::f/] git init
[INFO] [stdout] [stdout] (Initialized empty Git repository in /tmp/gitnu-tests/gitnu::tests::status_display::f/.git/
[INFO] [stdout] )
[INFO] [stdout] [stderr] (hint: Using 'master' as the name for the initial branch. This default branch name
[INFO] [stdout] hint: is subject to change. To configure the initial branch name to use in all
[INFO] [stdout] hint: of your new repositories, which will suppress this warning, call:
[INFO] [stdout] hint: 
[INFO] [stdout] hint: 	git config --global init.defaultBranch <name>
[INFO] [stdout] hint: 
[INFO] [stdout] hint: Names commonly chosen instead of 'master' are 'main', 'trunk' and
[INFO] [stdout] hint: 'development'. The just-created branch can be renamed via this command:
[INFO] [stdout] hint: 
[INFO] [stdout] hint: 	git branch -m <name>
[INFO] [stdout] )
[INFO] [stdout] [/tmp/gitnu-tests/gitnu::tests::status_display::f/] git add B C D E G H I
[INFO] [stdout] [stdout] ()
[INFO] [stdout] [stderr] ()
[INFO] [stdout] [/tmp/gitnu-tests/gitnu::tests::status_display::f/] git commit -m pre
[INFO] [stdout] [stdout] ()
[INFO] [stdout] [stderr] (Author identity unknown
[INFO] [stdout] 
[INFO] [stdout] *** Please tell me who you are.
[INFO] [stdout] 
[INFO] [stdout] Run
[INFO] [stdout] 
[INFO] [stdout]   git config --global user.email "you@example.com"
[INFO] [stdout]   git config --global user.name "Your Name"
[INFO] [stdout] 
[INFO] [stdout] to set your account's default identity.
[INFO] [stdout] Omit --global to set the identity only in this repository.
[INFO] [stdout] 
[INFO] [stdout] fatal: unable to auto-detect email address (got 'root@0387d65ed52a.(none)')
[INFO] [stdout] )
[INFO] [stdout] [/tmp/gitnu-tests/gitnu::tests::status_display::f/] git add A B C D E _E
[INFO] [stdout] [stdout] ()
[INFO] [stdout] [stderr] ()
[INFO] [stdout] [/tmp/gitnu-tests/gitnu::tests::status_display::f/] /opt/rustwide/target/debug/git-nu status
[INFO] [stdout] [stdout] (On branch master
[INFO] [stdout] 
[INFO] [stdout] No commits yet
[INFO] [stdout] 
[INFO] [stdout] Changes to be committed:
[INFO] [stdout]   (use "git rm --cached <file>..." to unstage)
[INFO] [stdout] 1	new file:   A
[INFO] [stdout] 2	new file:   B
[INFO] [stdout] 3	new file:   D
[INFO] [stdout] 4	new file:   G
[INFO] [stdout] 5	new file:   H
[INFO] [stdout] 6	new file:   I
[INFO] [stdout] 7	new file:   _E
[INFO] [stdout] 
[INFO] [stdout] Changes not staged for commit:
[INFO] [stdout]   (use "git add/rm <file>..." to update what will be committed)
[INFO] [stdout]   (use "git restore <file>..." to discard changes in working directory)
[INFO] [stdout] 8	modified:   G
[INFO] [stdout] 9	typechange: H
[INFO] [stdout] 10	deleted:    I
[INFO] [stdout] 
[INFO] [stdout] Untracked files:
[INFO] [stdout]   (use "git add <file>..." to include in what will be committed)
[INFO] [stdout] 11	F
[INFO] [stdout] 12	_I
[INFO] [stdout] 
[INFO] [stdout] )
[INFO] [stdout] [stderr] ()
[INFO] [stdout] thread 'tests::status_display' panicked at 'assertion failed: `(left == right)`
[INFO] [stdout]   left: `"On branch master\n\nNo commits yet\n\nChanges to be committed:\n  (use \"git rm --cached <file>...\" to unstage)\n1\tnew file:   A\n2\tnew file:   B\n3\tnew file:   D\n4\tnew file:   G\n5\tnew file:   H\n6\tnew file:   I\n7\tnew file:   _E\n\nChanges not staged for commit:\n  (use \"git add/rm <file>...\" to update what will be committed)\n  (use \"git restore <file>...\" to discard changes in working directory)\n8\tmodified:   G\n9\ttypechange: H\n10\tdeleted:    I\n\nUntracked files:\n  (use \"git add <file>...\" to include in what will be committed)\n11\tF\n12\t_I\n\n"`,
[INFO] [stdout]  right: `"On branch main\nChanges to be committed:\n1\tnew file:   A\n2\tmodified:   B\n3\tdeleted:    C\n4\ttypechange: D\n5\trenamed:    E -> _E\n\nChanges not staged for commit:\n6\tmodified:   G\n7\ttypechange: H\n8\tdeleted:    I\n\nUntracked files:\n9\tF\n10\t_I\n\n"`', core/tests/mod.rs:137:5
[INFO] [stdout] stack backtrace:
[INFO] [stdout]    0:     0x55d7267e261a - std::backtrace_rs::backtrace::libunwind::trace::h2f05d0192276a8f6
[INFO] [stdout]                                at /rustc/1b7dd2252b99671ce5d1cb9664c5f8636329436d/library/std/src/../../backtrace/src/backtrace/libunwind.rs:93:5
[INFO] [stdout]    1:     0x55d7267e261a - std::backtrace_rs::backtrace::trace_unsynchronized::hedc23dff7a1af150
[INFO] [stdout]                                at /rustc/1b7dd2252b99671ce5d1cb9664c5f8636329436d/library/std/src/../../backtrace/src/backtrace/mod.rs:66:5
[INFO] [stdout]    2:     0x55d7267e261a - std::sys_common::backtrace::_print_fmt::h17541ef7592f3ce2
[INFO] [stdout]                                at /rustc/1b7dd2252b99671ce5d1cb9664c5f8636329436d/library/std/src/sys_common/backtrace.rs:65:5
[INFO] [stdout]    3:     0x55d7267e261a - <std::sys_common::backtrace::_print::DisplayBacktrace as core::fmt::Display>::fmt::h20f75df5ab0c0792
[INFO] [stdout]                                at /rustc/1b7dd2252b99671ce5d1cb9664c5f8636329436d/library/std/src/sys_common/backtrace.rs:44:22
[INFO] [stdout]    4:     0x55d72680726f - core::fmt::write::h78109e6f466b3af6
[INFO] [stdout]                                at /rustc/1b7dd2252b99671ce5d1cb9664c5f8636329436d/library/core/src/fmt/mod.rs:1254:17
[INFO] [stdout]    5:     0x55d7267df475 - std::io::Write::write_fmt::hd24bfb68a1b35a25
[INFO] [stdout]                                at /rustc/1b7dd2252b99671ce5d1cb9664c5f8636329436d/library/std/src/io/mod.rs:1698:15
[INFO] [stdout]    6:     0x55d7267e23e5 - std::sys_common::backtrace::_print::h8dac57a9f8fbf9a5
[INFO] [stdout]                                at /rustc/1b7dd2252b99671ce5d1cb9664c5f8636329436d/library/std/src/sys_common/backtrace.rs:47:5
[INFO] [stdout]    7:     0x55d7267e23e5 - std::sys_common::backtrace::print::hf9ecbf41d1aa712f
[INFO] [stdout]                                at /rustc/1b7dd2252b99671ce5d1cb9664c5f8636329436d/library/std/src/sys_common/backtrace.rs:34:9
[INFO] [stdout]    8:     0x55d7267e409e - std::panicking::default_hook::{{closure}}::h04c07acfc84ca028
[INFO] [stdout]                                at /rustc/1b7dd2252b99671ce5d1cb9664c5f8636329436d/library/std/src/panicking.rs:269:22
[INFO] [stdout]    9:     0x55d7267e3dd1 - std::panicking::default_hook::h01f6bb23e1eceb2c
[INFO] [stdout]                                at /rustc/1b7dd2252b99671ce5d1cb9664c5f8636329436d/library/std/src/panicking.rs:285:9
[INFO] [stdout]   10:     0x55d7267b661b - <alloc::boxed::Box<F,A> as core::ops::function::Fn<Args>>::call::h87fe9f7b2fd49e4c
[INFO] [stdout]                                at /rustc/1b7dd2252b99671ce5d1cb9664c5f8636329436d/library/alloc/src/boxed.rs:1987:9
[INFO] [stdout]   11:     0x55d7267b661b - test::test_main::{{closure}}::he94d679243a7531b
[INFO] [stdout]                                at /rustc/1b7dd2252b99671ce5d1cb9664c5f8636329436d/library/test/src/lib.rs:134:21
[INFO] [stdout]   12:     0x55d7267e4784 - <alloc::boxed::Box<F,A> as core::ops::function::Fn<Args>>::call::h3f2d6d8b14c4769f
[INFO] [stdout]                                at /rustc/1b7dd2252b99671ce5d1cb9664c5f8636329436d/library/alloc/src/boxed.rs:1987:9
[INFO] [stdout]   13:     0x55d7267e4784 - std::panicking::rust_panic_with_hook::h2bb3722bbaf2f6df
[INFO] [stdout]                                at /rustc/1b7dd2252b99671ce5d1cb9664c5f8636329436d/library/std/src/panicking.rs:695:13
[INFO] [stdout]   14:     0x55d7267e44f9 - std::panicking::begin_panic_handler::{{closure}}::h91bc7f36a4be011b
[INFO] [stdout]                                at /rustc/1b7dd2252b99671ce5d1cb9664c5f8636329436d/library/std/src/panicking.rs:582:13
[INFO] [stdout]   15:     0x55d7267e2a86 - std::sys_common::backtrace::__rust_end_short_backtrace::h8b3d3717114f9e59
[INFO] [stdout]                                at /rustc/1b7dd2252b99671ce5d1cb9664c5f8636329436d/library/std/src/sys_common/backtrace.rs:150:18
[INFO] [stdout]   16:     0x55d7267e4252 - rust_begin_unwind
[INFO] [stdout]                                at /rustc/1b7dd2252b99671ce5d1cb9664c5f8636329436d/library/std/src/panicking.rs:578:5
[INFO] [stdout]   17:     0x55d726704513 - core::panicking::panic_fmt::hfd368e3fbdabea26
[INFO] [stdout]                                at /rustc/1b7dd2252b99671ce5d1cb9664c5f8636329436d/library/core/src/panicking.rs:67:14
[INFO] [stdout]   18:     0x55d7267048df - core::panicking::assert_failed_inner::haef49168e1798a91
[INFO] [stdout]   19:     0x55d7267429ae - core::panicking::assert_failed::hac9e356c1f73a2fe
[INFO] [stdout]                                at /rustc/1b7dd2252b99671ce5d1cb9664c5f8636329436d/library/core/src/panicking.rs:228:5
[INFO] [stdout]   20:     0x55d726717912 - gitnu::tests::status_display::{{closure}}::h2c6dfc65f4624db8
[INFO] [stdout]                                at /opt/rustwide/workdir/core/tests/mod.rs:137:5
[INFO] [stdout]   21:     0x55d7267166af - gitnu::tests::status_display::he475a6e638db0a67
[INFO] [stdout]                                at /opt/rustwide/workdir/core/tests/util.rs:63:13
[INFO] [stdout]   22:     0x55d7267161d7 - gitnu::tests::status_display::{{closure}}::hebbd59656c634e28
[INFO] [stdout]                                at /opt/rustwide/workdir/core/tests/util.rs:39:20
[INFO] [stdout]   23:     0x55d726745405 - core::ops::function::FnOnce::call_once::h564271b46cd63e81
[INFO] [stdout]                                at /rustc/1b7dd2252b99671ce5d1cb9664c5f8636329436d/library/core/src/ops/function.rs:250:5
[INFO] [stdout]   24:     0x55d7267bb4ef - core::ops::function::FnOnce::call_once::ha6a70e79f7481a7e
[INFO] [stdout]                                at /rustc/1b7dd2252b99671ce5d1cb9664c5f8636329436d/library/core/src/ops/function.rs:250:5
[INFO] [stdout]   25:     0x55d7267bb4ef - test::__rust_begin_short_backtrace::hce33033019b61e69
[INFO] [stdout]                                at /rustc/1b7dd2252b99671ce5d1cb9664c5f8636329436d/library/test/src/lib.rs:655:18
[INFO] [stdout]   26:     0x55d726788cdc - test::run_test::{{closure}}::h858d3528838ae3e5
[INFO] [stdout]                                at /rustc/1b7dd2252b99671ce5d1cb9664c5f8636329436d/library/test/src/lib.rs:646:30
[INFO] [stdout]   27:     0x55d726788cdc - core::ops::function::FnOnce::call_once{{vtable.shim}}::he8ac2b00f01ae79e
[INFO] [stdout]                                at /rustc/1b7dd2252b99671ce5d1cb9664c5f8636329436d/library/core/src/ops/function.rs:250:5
[INFO] [stdout]   28:     0x55d7267ba5c6 - <alloc::boxed::Box<F,A> as core::ops::function::FnOnce<Args>>::call_once::h8093d25b522725ef
[INFO] [stdout]                                at /rustc/1b7dd2252b99671ce5d1cb9664c5f8636329436d/library/alloc/src/boxed.rs:1973:9
[INFO] [stdout]   29:     0x55d7267ba5c6 - <core::panic::unwind_safe::AssertUnwindSafe<F> as core::ops::function::FnOnce<()>>::call_once::h5c334c204e4a3913
[INFO] [stdout]                                at /rustc/1b7dd2252b99671ce5d1cb9664c5f8636329436d/library/core/src/panic/unwind_safe.rs:271:9
[INFO] [stdout]   30:     0x55d7267ba5c6 - std::panicking::try::do_call::ha8b740c7b9478074
[INFO] [stdout]                                at /rustc/1b7dd2252b99671ce5d1cb9664c5f8636329436d/library/std/src/panicking.rs:485:40
[INFO] [stdout]   31:     0x55d7267ba5c6 - std::panicking::try::h5d34f63d0e41b64e
[INFO] [stdout]                                at /rustc/1b7dd2252b99671ce5d1cb9664c5f8636329436d/library/std/src/panicking.rs:449:19
[INFO] [stdout]   32:     0x55d7267ba5c6 - std::panic::catch_unwind::hcfbb511e1aa7fc67
[INFO] [stdout]                                at /rustc/1b7dd2252b99671ce5d1cb9664c5f8636329436d/library/std/src/panic.rs:140:14
[INFO] [stdout]   33:     0x55d7267ba5c6 - test::run_test_in_process::h9abda90f802eaf21
[INFO] [stdout]                                at /rustc/1b7dd2252b99671ce5d1cb9664c5f8636329436d/library/test/src/lib.rs:678:27
[INFO] [stdout]   34:     0x55d7267ba5c6 - test::run_test::run_test_inner::{{closure}}::h0f058de91f6c6edf
[INFO] [stdout]                                at /rustc/1b7dd2252b99671ce5d1cb9664c5f8636329436d/library/test/src/lib.rs:572:39
[INFO] [stdout]   35:     0x55d7267834e5 - test::run_test::run_test_inner::{{closure}}::h5ca48a4c59c6c1fb
[INFO] [stdout]                                at /rustc/1b7dd2252b99671ce5d1cb9664c5f8636329436d/library/test/src/lib.rs:599:37
[INFO] [stdout]   36:     0x55d7267834e5 - std::sys_common::backtrace::__rust_begin_short_backtrace::h32bd51e1495d4a33
[INFO] [stdout]                                at /rustc/1b7dd2252b99671ce5d1cb9664c5f8636329436d/library/std/src/sys_common/backtrace.rs:134:18
[INFO] [stdout]   37:     0x55d726788a21 - std::thread::Builder::spawn_unchecked_::{{closure}}::{{closure}}::hc086fae9b128b2db
[INFO] [stdout]                                at /rustc/1b7dd2252b99671ce5d1cb9664c5f8636329436d/library/std/src/thread/mod.rs:526:17
[INFO] [stdout]   38:     0x55d726788a21 - <core::panic::unwind_safe::AssertUnwindSafe<F> as core::ops::function::FnOnce<()>>::call_once::hb66571888d270d43
[INFO] [stdout]                                at /rustc/1b7dd2252b99671ce5d1cb9664c5f8636329436d/library/core/src/panic/unwind_safe.rs:271:9
[INFO] [stdout]   39:     0x55d726788a21 - std::panicking::try::do_call::h4fa2ef4f6e51fecf
[INFO] [stdout]                                at /rustc/1b7dd2252b99671ce5d1cb9664c5f8636329436d/library/std/src/panicking.rs:485:40
[INFO] [stdout]   40:     0x55d726788a21 - std::panicking::try::h1e9e22b8584489b5
[INFO] [stdout]                                at /rustc/1b7dd2252b99671ce5d1cb9664c5f8636329436d/library/std/src/panicking.rs:449:19
[INFO] [stdout]   41:     0x55d726788a21 - std::panic::catch_unwind::h44698a3de0e0769e
[INFO] [stdout]                                at /rustc/1b7dd2252b99671ce5d1cb9664c5f8636329436d/library/std/src/panic.rs:140:14
[INFO] [stdout]   42:     0x55d726788a21 - std::thread::Builder::spawn_unchecked_::{{closure}}::h50153abde3fe239e
[INFO] [stdout]                                at /rustc/1b7dd2252b99671ce5d1cb9664c5f8636329436d/library/std/src/thread/mod.rs:525:30
[INFO] [stdout]   43:     0x55d726788a21 - core::ops::function::FnOnce::call_once{{vtable.shim}}::hbe5bbf6f38394364
[INFO] [stdout]                                at /rustc/1b7dd2252b99671ce5d1cb9664c5f8636329436d/library/core/src/ops/function.rs:250:5
[INFO] [stdout]   44:     0x55d7267e9b45 - <alloc::boxed::Box<F,A> as core::ops::function::FnOnce<Args>>::call_once::h0d83cb2920a49046
[INFO] [stdout]                                at /rustc/1b7dd2252b99671ce5d1cb9664c5f8636329436d/library/alloc/src/boxed.rs:1973:9
[INFO] [stdout]   45:     0x55d7267e9b45 - <alloc::boxed::Box<F,A> as core::ops::function::FnOnce<Args>>::call_once::hbe0a008aa7d9ef59
[INFO] [stdout]                                at /rustc/1b7dd2252b99671ce5d1cb9664c5f8636329436d/library/alloc/src/boxed.rs:1973:9
[INFO] [stdout]   46:     0x55d7267e9b45 - std::sys::unix::thread::Thread::new::thread_start::h3a466996bdf6b1f9
[INFO] [stdout]                                at /rustc/1b7dd2252b99671ce5d1cb9664c5f8636329436d/library/std/src/sys/unix/thread.rs:108:17
[INFO] [stdout]   47:     0x7fa4060bdb43 - <unknown>
[INFO] [stdout]   48:     0x7fa40614ebb4 - __clone
[INFO] [stdout]   49:                0x0 - <unknown>
[INFO] [stdout] 
[INFO] [stdout] ---- tests::detached_head_display stdout ----
[INFO] [stdout] [/tmp/gitnu-tests/gitnu::tests::detached_head_display::f/] git init
[INFO] [stdout] [stdout] (Initialized empty Git repository in /tmp/gitnu-tests/gitnu::tests::detached_head_display::f/.git/
[INFO] [stdout] )
[INFO] [stdout] [stderr] (hint: Using 'master' as the name for the initial branch. This default branch name
[INFO] [stdout] hint: is subject to change. To configure the initial branch name to use in all
[INFO] [stdout] hint: of your new repositories, which will suppress this warning, call:
[INFO] [stdout] hint: 
[INFO] [stdout] hint: 	git config --global init.defaultBranch <name>
[INFO] [stdout] hint: 
[INFO] [stdout] hint: Names commonly chosen instead of 'master' are 'main', 'trunk' and
[INFO] [stdout] hint: 'development'. The just-created branch can be renamed via this command:
[INFO] [stdout] hint: 
[INFO] [stdout] hint: 	git branch -m <name>
[INFO] [stdout] )
[INFO] [stdout] [/tmp/gitnu-tests/gitnu::tests::detached_head_display::f/] touch A && git add A && git commit -m 'A'
[INFO] [stdout] [stdout] ()
[INFO] [stdout] [stderr] (Author identity unknown
[INFO] [stdout] 
[INFO] [stdout] *** Please tell me who you are.
[INFO] [stdout] 
[INFO] [stdout] Run
[INFO] [stdout] 
[INFO] [stdout]   git config --global user.email "you@example.com"
[INFO] [stdout]   git config --global user.name "Your Name"
[INFO] [stdout] 
[INFO] [stdout] to set your account's default identity.
[INFO] [stdout] Omit --global to set the identity only in this repository.
[INFO] [stdout] 
[INFO] [stdout] fatal: unable to auto-detect email address (got 'root@0387d65ed52a.(none)')
[INFO] [stdout] )
[INFO] [stdout] [/tmp/gitnu-tests/gitnu::tests::detached_head_display::f/] touch B && git add B && git commit -m 'B'
[INFO] [stdout] [stdout] ()
[INFO] [stdout] [stderr] (Author identity unknown
[INFO] [stdout] 
[INFO] [stdout] *** Please tell me who you are.
[INFO] [stdout] 
[INFO] [stdout] Run
[INFO] [stdout] 
[INFO] [stdout]   git config --global user.email "you@example.com"
[INFO] [stdout]   git config --global user.name "Your Name"
[INFO] [stdout] 
[INFO] [stdout] to set your account's default identity.
[INFO] [stdout] Omit --global to set the identity only in this repository.
[INFO] [stdout] 
[INFO] [stdout] fatal: unable to auto-detect email address (got 'root@0387d65ed52a.(none)')
[INFO] [stdout] )
[INFO] [stdout] [/tmp/gitnu-tests/gitnu::tests::detached_head_display::f/] git checkout HEAD~1
[INFO] [stdout] [stdout] ()
[INFO] [stdout] [stderr] (error: pathspec 'HEAD~1' did not match any file(s) known to git
[INFO] [stdout] )
[INFO] [stdout] [/tmp/gitnu-tests/gitnu::tests::detached_head_display::f/] touch gold silver
[INFO] [stdout] [stdout] ()
[INFO] [stdout] [stderr] ()
[INFO] [stdout] [/tmp/gitnu-tests/gitnu::tests::detached_head_display::f/] git rev-parse --short HEAD
[INFO] [stdout] [stdout] ()
[INFO] [stdout] [stderr] (fatal: Needed a single revision
[INFO] [stdout] )
[INFO] [stdout] [/tmp/gitnu-tests/gitnu::tests::detached_head_display::f/] /opt/rustwide/target/debug/git-nu status
[INFO] [stdout] [stdout] (On branch master
[INFO] [stdout] 
[INFO] [stdout] No commits yet
[INFO] [stdout] 
[INFO] [stdout] Changes to be committed:
[INFO] [stdout]   (use "git rm --cached <file>..." to unstage)
[INFO] [stdout] 1	new file:   A
[INFO] [stdout] 2	new file:   B
[INFO] [stdout] 
[INFO] [stdout] Untracked files:
[INFO] [stdout]   (use "git add <file>..." to include in what will be committed)
[INFO] [stdout] 3	gold
[INFO] [stdout] 4	silver
[INFO] [stdout] 
[INFO] [stdout] )
[INFO] [stdout] [stderr] ()
[INFO] [stdout] thread 'tests::detached_head_display' panicked at 'Printed outputs differ!
[INFO] [stdout] 
[INFO] [stdout] received ↓
[INFO] [stdout] <<<<<<<<<<<<<<<<<<<<<<<<<<<<<<<<<<<<<<<<<<<<<<<<<<<<<<<<<<<<
[INFO] [stdout] On branch master
[INFO] [stdout] 
[INFO] [stdout] No commits yet
[INFO] [stdout] 
[INFO] [stdout] Changes to be committed:
[INFO] [stdout]   (use "git rm --cached <file>..." to unstage)
[INFO] [stdout] 1	new file:   A
[INFO] [stdout] 2	new file:   B
[INFO] [stdout] 
[INFO] [stdout] Untracked files:
[INFO] [stdout]   (use "git add <file>..." to include in what will be committed)
[INFO] [stdout] 3	gold
[INFO] [stdout] 4	silver
[INFO] [stdout] 
[INFO] [stdout] 
[INFO] [stdout] ============================================================
[INFO] [stdout] HEAD detached at 
[INFO] [stdout] Untracked files:
[INFO] [stdout] 1	gold
[INFO] [stdout] 2	silver
[INFO] [stdout] 
[INFO] [stdout] nothing added to commit but untracked files present
[INFO] [stdout] 
[INFO] [stdout] >>>>>>>>>>>>>>>>>>>>>>>>>>>>>>>>>>>>>>>>>>>>>>>>>>>>>>>>>>>>
[INFO] [stdout] expected ↑
[INFO] [stdout] ', core/tests/mod.rs:215:5
[INFO] [stdout] stack backtrace:
[INFO] [stdout]    0:     0x55d7267e261a - std::backtrace_rs::backtrace::libunwind::trace::h2f05d0192276a8f6
[INFO] [stdout]                                at /rustc/1b7dd2252b99671ce5d1cb9664c5f8636329436d/library/std/src/../../backtrace/src/backtrace/libunwind.rs:93:5
[INFO] [stdout]    1:     0x55d7267e261a - std::backtrace_rs::backtrace::trace_unsynchronized::hedc23dff7a1af150
[INFO] [stdout]                                at /rustc/1b7dd2252b99671ce5d1cb9664c5f8636329436d/library/std/src/../../backtrace/src/backtrace/mod.rs:66:5
[INFO] [stdout]    2:     0x55d7267e261a - std::sys_common::backtrace::_print_fmt::h17541ef7592f3ce2
[INFO] [stdout]                                at /rustc/1b7dd2252b99671ce5d1cb9664c5f8636329436d/library/std/src/sys_common/backtrace.rs:65:5
[INFO] [stdout]    3:     0x55d7267e261a - <std::sys_common::backtrace::_print::DisplayBacktrace as core::fmt::Display>::fmt::h20f75df5ab0c0792
[INFO] [stdout]                                at /rustc/1b7dd2252b99671ce5d1cb9664c5f8636329436d/library/std/src/sys_common/backtrace.rs:44:22
[INFO] [stdout]    4:     0x55d72680726f - core::fmt::write::h78109e6f466b3af6
[INFO] [stdout]                                at /rustc/1b7dd2252b99671ce5d1cb9664c5f8636329436d/library/core/src/fmt/mod.rs:1254:17
[INFO] [stdout]    5:     0x55d7267df475 - std::io::Write::write_fmt::hd24bfb68a1b35a25
[INFO] [stdout]                                at /rustc/1b7dd2252b99671ce5d1cb9664c5f8636329436d/library/std/src/io/mod.rs:1698:15
[INFO] [stdout]    6:     0x55d7267e23e5 - std::sys_common::backtrace::_print::h8dac57a9f8fbf9a5
[INFO] [stdout]                                at /rustc/1b7dd2252b99671ce5d1cb9664c5f8636329436d/library/std/src/sys_common/backtrace.rs:47:5
[INFO] [stdout]    7:     0x55d7267e23e5 - std::sys_common::backtrace::print::hf9ecbf41d1aa712f
[INFO] [stdout]                                at /rustc/1b7dd2252b99671ce5d1cb9664c5f8636329436d/library/std/src/sys_common/backtrace.rs:34:9
[INFO] [stdout]    8:     0x55d7267e409e - std::panicking::default_hook::{{closure}}::h04c07acfc84ca028
[INFO] [stdout]                                at /rustc/1b7dd2252b99671ce5d1cb9664c5f8636329436d/library/std/src/panicking.rs:269:22
[INFO] [stdout]    9:     0x55d7267e3dd1 - std::panicking::default_hook::h01f6bb23e1eceb2c
[INFO] [stdout]                                at /rustc/1b7dd2252b99671ce5d1cb9664c5f8636329436d/library/std/src/panicking.rs:285:9
[INFO] [stdout]   10:     0x55d7267b661b - <alloc::boxed::Box<F,A> as core::ops::function::Fn<Args>>::call::h87fe9f7b2fd49e4c
[INFO] [stdout]                                at /rustc/1b7dd2252b99671ce5d1cb9664c5f8636329436d/library/alloc/src/boxed.rs:1987:9
[INFO] [stdout]   11:     0x55d7267b661b - test::test_main::{{closure}}::he94d679243a7531b
[INFO] [stdout]                                at /rustc/1b7dd2252b99671ce5d1cb9664c5f8636329436d/library/test/src/lib.rs:134:21
[INFO] [stdout]   12:     0x55d7267e4784 - <alloc::boxed::Box<F,A> as core::ops::function::Fn<Args>>::call::h3f2d6d8b14c4769f
[INFO] [stdout]                                at /rustc/1b7dd2252b99671ce5d1cb9664c5f8636329436d/library/alloc/src/boxed.rs:1987:9
[INFO] [stdout]   13:     0x55d7267e4784 - std::panicking::rust_panic_with_hook::h2bb3722bbaf2f6df
[INFO] [stdout]                                at /rustc/1b7dd2252b99671ce5d1cb9664c5f8636329436d/library/std/src/panicking.rs:695:13
[INFO] [stdout]   14:     0x55d7267e44f9 - std::panicking::begin_panic_handler::{{closure}}::h91bc7f36a4be011b
[INFO] [stdout]                                at /rustc/1b7dd2252b99671ce5d1cb9664c5f8636329436d/library/std/src/panicking.rs:582:13
[INFO] [stdout]   15:     0x55d7267e2a86 - std::sys_common::backtrace::__rust_end_short_backtrace::h8b3d3717114f9e59
[INFO] [stdout]                                at /rustc/1b7dd2252b99671ce5d1cb9664c5f8636329436d/library/std/src/sys_common/backtrace.rs:150:18
[INFO] [stdout]   16:     0x55d7267e4252 - rust_begin_unwind
[INFO] [stdout]                                at /rustc/1b7dd2252b99671ce5d1cb9664c5f8636329436d/library/std/src/panicking.rs:578:5
[INFO] [stdout]   17:     0x55d726704513 - core::panicking::panic_fmt::hfd368e3fbdabea26
[INFO] [stdout]                                at /rustc/1b7dd2252b99671ce5d1cb9664c5f8636329436d/library/core/src/panicking.rs:67:14
[INFO] [stdout]   18:     0x55d72672208d - gitnu::tests::detached_head_display::{{closure}}::he263c88a1154b516
[INFO] [stdout]                                at /opt/rustwide/workdir/core/tests/mod.rs:215:5
[INFO] [stdout]   19:     0x55d726720f9f - gitnu::tests::detached_head_display::h1733c5a1b054dee6
[INFO] [stdout]                                at /opt/rustwide/workdir/core/tests/util.rs:63:13
[INFO] [stdout]   20:     0x55d726720ac7 - gitnu::tests::detached_head_display::{{closure}}::hd56d60933ea11897
[INFO] [stdout]                                at /opt/rustwide/workdir/core/tests/util.rs:39:20
[INFO] [stdout]   21:     0x55d726745755 - core::ops::function::FnOnce::call_once::h9bac1c8ff5a1fc60
[INFO] [stdout]                                at /rustc/1b7dd2252b99671ce5d1cb9664c5f8636329436d/library/core/src/ops/function.rs:250:5
[INFO] [stdout]   22:     0x55d7267bb4ef - core::ops::function::FnOnce::call_once::ha6a70e79f7481a7e
[INFO] [stdout]                                at /rustc/1b7dd2252b99671ce5d1cb9664c5f8636329436d/library/core/src/ops/function.rs:250:5
[INFO] [stdout]   23:     0x55d7267bb4ef - test::__rust_begin_short_backtrace::hce33033019b61e69
[INFO] [stdout]                                at /rustc/1b7dd2252b99671ce5d1cb9664c5f8636329436d/library/test/src/lib.rs:655:18
[INFO] [stdout]   24:     0x55d726788cdc - test::run_test::{{closure}}::h858d3528838ae3e5
[INFO] [stdout]                                at /rustc/1b7dd2252b99671ce5d1cb9664c5f8636329436d/library/test/src/lib.rs:646:30
[INFO] [stdout]   25:     0x55d726788cdc - core::ops::function::FnOnce::call_once{{vtable.shim}}::he8ac2b00f01ae79e
[INFO] [stdout]                                at /rustc/1b7dd2252b99671ce5d1cb9664c5f8636329436d/library/core/src/ops/function.rs:250:5
[INFO] [stdout]   26:     0x55d7267ba5c6 - <alloc::boxed::Box<F,A> as core::ops::function::FnOnce<Args>>::call_once::h8093d25b522725ef
[INFO] [stdout]                                at /rustc/1b7dd2252b99671ce5d1cb9664c5f8636329436d/library/alloc/src/boxed.rs:1973:9
[INFO] [stdout]   27:     0x55d7267ba5c6 - <core::panic::unwind_safe::AssertUnwindSafe<F> as core::ops::function::FnOnce<()>>::call_once::h5c334c204e4a3913
[INFO] [stdout]                                at /rustc/1b7dd2252b99671ce5d1cb9664c5f8636329436d/library/core/src/panic/unwind_safe.rs:271:9
[INFO] [stdout]   28:     0x55d7267ba5c6 - std::panicking::try::do_call::ha8b740c7b9478074
[INFO] [stdout]                                at /rustc/1b7dd2252b99671ce5d1cb9664c5f8636329436d/library/std/src/panicking.rs:485:40
[INFO] [stdout]   29:     0x55d7267ba5c6 - std::panicking::try::h5d34f63d0e41b64e
[INFO] [stdout]                                at /rustc/1b7dd2252b99671ce5d1cb9664c5f8636329436d/library/std/src/panicking.rs:449:19
[INFO] [stdout]   30:     0x55d7267ba5c6 - std::panic::catch_unwind::hcfbb511e1aa7fc67
[INFO] [stdout]                                at /rustc/1b7dd2252b99671ce5d1cb9664c5f8636329436d/library/std/src/panic.rs:140:14
[INFO] [stdout]   31:     0x55d7267ba5c6 - test::run_test_in_process::h9abda90f802eaf21
[INFO] [stdout]                                at /rustc/1b7dd2252b99671ce5d1cb9664c5f8636329436d/library/test/src/lib.rs:678:27
[INFO] [stdout]   32:     0x55d7267ba5c6 - test::run_test::run_test_inner::{{closure}}::h0f058de91f6c6edf
[INFO] [stdout]                                at /rustc/1b7dd2252b99671ce5d1cb9664c5f8636329436d/library/test/src/lib.rs:572:39
[INFO] [stdout]   33:     0x55d7267834e5 - test::run_test::run_test_inner::{{closure}}::h5ca48a4c59c6c1fb
[INFO] [stdout]                                at /rustc/1b7dd2252b99671ce5d1cb9664c5f8636329436d/library/test/src/lib.rs:599:37
[INFO] [stdout]   34:     0x55d7267834e5 - std::sys_common::backtrace::__rust_begin_short_backtrace::h32bd51e1495d4a33
[INFO] [stdout]                                at /rustc/1b7dd2252b99671ce5d1cb9664c5f8636329436d/library/std/src/sys_common/backtrace.rs:134:18
[INFO] [stdout]   35:     0x55d726788a21 - std::thread::Builder::spawn_unchecked_::{{closure}}::{{closure}}::hc086fae9b128b2db
[INFO] [stdout]                                at /rustc/1b7dd2252b99671ce5d1cb9664c5f8636329436d/library/std/src/thread/mod.rs:526:17
[INFO] [stdout]   36:     0x55d726788a21 - <core::panic::unwind_safe::AssertUnwindSafe<F> as core::ops::function::FnOnce<()>>::call_once::hb66571888d270d43
[INFO] [stdout]                                at /rustc/1b7dd2252b99671ce5d1cb9664c5f8636329436d/library/core/src/panic/unwind_safe.rs:271:9
[INFO] [stdout]   37:     0x55d726788a21 - std::panicking::try::do_call::h4fa2ef4f6e51fecf
[INFO] [stdout]                                at /rustc/1b7dd2252b99671ce5d1cb9664c5f8636329436d/library/std/src/panicking.rs:485:40
[INFO] [stdout]   38:     0x55d726788a21 - std::panicking::try::h1e9e22b8584489b5
[INFO] [stdout]                                at /rustc/1b7dd2252b99671ce5d1cb9664c5f8636329436d/library/std/src/panicking.rs:449:19
[INFO] [stdout]   39:     0x55d726788a21 - std::panic::catch_unwind::h44698a3de0e0769e
[INFO] [stdout]                                at /rustc/1b7dd2252b99671ce5d1cb9664c5f8636329436d/library/std/src/panic.rs:140:14
[INFO] [stdout]   40:     0x55d726788a21 - std::thread::Builder::spawn_unchecked_::{{closure}}::h50153abde3fe239e
[INFO] [stdout]                                at /rustc/1b7dd2252b99671ce5d1cb9664c5f8636329436d/library/std/src/thread/mod.rs:525:30
[INFO] [stdout]   41:     0x55d726788a21 - core::ops::function::FnOnce::call_once{{vtable.shim}}::hbe5bbf6f38394364
[INFO] [stdout]                                at /rustc/1b7dd2252b99671ce5d1cb9664c5f8636329436d/library/core/src/ops/function.rs:250:5
[INFO] [stdout]   42:     0x55d7267e9b45 - <alloc::boxed::Box<F,A> as core::ops::function::FnOnce<Args>>::call_once::h0d83cb2920a49046
[INFO] [stdout]                                at /rustc/1b7dd2252b99671ce5d1cb9664c5f8636329436d/library/alloc/src/boxed.rs:1973:9
[INFO] [stdout]   43:     0x55d7267e9b45 - <alloc::boxed::Box<F,A> as core::ops::function::FnOnce<Args>>::call_once::hbe0a008aa7d9ef59
[INFO] [stdout]                                at /rustc/1b7dd2252b99671ce5d1cb9664c5f8636329436d/library/alloc/src/boxed.rs:1973:9
[INFO] [stdout]   44:     0x55d7267e9b45 - std::sys::unix::thread::Thread::new::thread_start::h3a466996bdf6b1f9
[INFO] [stdout]                                at /rustc/1b7dd2252b99671ce5d1cb9664c5f8636329436d/library/std/src/sys/unix/thread.rs:108:17
[INFO] [stdout]   45:     0x7fa4060bdb43 - <unknown>
[INFO] [stdout]   46:     0x7fa40614ebb4 - __clone
[INFO] [stdout]   47:                0x0 - <unknown>
[INFO] [stdout] 
[INFO] [stdout] ---- tests::merge_conflict_display stdout ----
[INFO] [stdout] [/tmp/gitnu-tests/gitnu::tests::merge_conflict_display::f/] git init
[INFO] [stdout] [stdout] (Initialized empty Git repository in /tmp/gitnu-tests/gitnu::tests::merge_conflict_display::f/.git/
[INFO] [stdout] )
[INFO] [stdout] [stderr] (hint: Using 'master' as the name for the initial branch. This default branch name
[INFO] [stdout] hint: is subject to change. To configure the initial branch name to use in all
[INFO] [stdout] hint: of your new repositories, which will suppress this warning, call:
[INFO] [stdout] hint: 
[INFO] [stdout] hint: 	git config --global init.defaultBranch <name>
[INFO] [stdout] hint: 
[INFO] [stdout] hint: Names commonly chosen instead of 'master' are 'main', 'trunk' and
[INFO] [stdout] hint: 'development'. The just-created branch can be renamed via this command:
[INFO] [stdout] hint: 
[INFO] [stdout] hint: 	git branch -m <name>
[INFO] [stdout] )
[INFO] [stdout] [/tmp/gitnu-tests/gitnu::tests::merge_conflict_display::f/] touch base
[INFO] [stdout] [stdout] ()
[INFO] [stdout] [stderr] ()
[INFO] [stdout] [/tmp/gitnu-tests/gitnu::tests::merge_conflict_display::f/] git add --all
[INFO] [stdout] [stdout] ()
[INFO] [stdout] [stderr] ()
[INFO] [stdout] [/tmp/gitnu-tests/gitnu::tests::merge_conflict_display::f/] git commit -m 'base commit'
[INFO] [stdout] [stdout] ()
[INFO] [stdout] [stderr] (Author identity unknown
[INFO] [stdout] 
[INFO] [stdout] *** Please tell me who you are.
[INFO] [stdout] 
[INFO] [stdout] Run
[INFO] [stdout] 
[INFO] [stdout]   git config --global user.email "you@example.com"
[INFO] [stdout]   git config --global user.name "Your Name"
[INFO] [stdout] 
[INFO] [stdout] to set your account's default identity.
[INFO] [stdout] Omit --global to set the identity only in this repository.
[INFO] [stdout] 
[INFO] [stdout] fatal: unable to auto-detect email address (got 'root@0387d65ed52a.(none)')
[INFO] [stdout] )
[INFO] [stdout] [/tmp/gitnu-tests/gitnu::tests::merge_conflict_display::f/] git branch -m LEFT
[INFO] [stdout] [stdout] ()
[INFO] [stdout] [stderr] ()
[INFO] [stdout] [/tmp/gitnu-tests/gitnu::tests::merge_conflict_display::f/] git add conflict_file
[INFO] [stdout] [stdout] ()
[INFO] [stdout] [stderr] ()
[INFO] [stdout] [/tmp/gitnu-tests/gitnu::tests::merge_conflict_display::f/] git commit -m 'left commit'
[INFO] [stdout] [stdout] ()
[INFO] [stdout] [stderr] (Author identity unknown
[INFO] [stdout] 
[INFO] [stdout] *** Please tell me who you are.
[INFO] [stdout] 
[INFO] [stdout] Run
[INFO] [stdout] 
[INFO] [stdout]   git config --global user.email "you@example.com"
[INFO] [stdout]   git config --global user.name "Your Name"
[INFO] [stdout] 
[INFO] [stdout] to set your account's default identity.
[INFO] [stdout] Omit --global to set the identity only in this repository.
[INFO] [stdout] 
[INFO] [stdout] fatal: unable to auto-detect email address (got 'root@0387d65ed52a.(none)')
[INFO] [stdout] )
[INFO] [stdout] [/tmp/gitnu-tests/gitnu::tests::merge_conflict_display::f/] git checkout -b RIGHT
[INFO] [stdout] [stdout] ()
[INFO] [stdout] [stderr] (Switched to a new branch 'RIGHT'
[INFO] [stdout] )
[INFO] [stdout] [/tmp/gitnu-tests/gitnu::tests::merge_conflict_display::f/] git reset --hard HEAD~1
[INFO] [stdout] [stdout] ()
[INFO] [stdout] [stderr] (fatal: ambiguous argument 'HEAD~1': unknown revision or path not in the working tree.
[INFO] [stdout] Use '--' to separate paths from revisions, like this:
[INFO] [stdout] 'git <command> [<revision>...] -- [<file>...]'
[INFO] [stdout] )
[INFO] [stdout] [/tmp/gitnu-tests/gitnu::tests::merge_conflict_display::f/] git add conflict_file
[INFO] [stdout] [stdout] ()
[INFO] [stdout] [stderr] ()
[INFO] [stdout] [/tmp/gitnu-tests/gitnu::tests::merge_conflict_display::f/] git commit -m 'right commit'
[INFO] [stdout] [stdout] ()
[INFO] [stdout] [stderr] (Author identity unknown
[INFO] [stdout] 
[INFO] [stdout] *** Please tell me who you are.
[INFO] [stdout] 
[INFO] [stdout] Run
[INFO] [stdout] 
[INFO] [stdout]   git config --global user.email "you@example.com"
[INFO] [stdout]   git config --global user.name "Your Name"
[INFO] [stdout] 
[INFO] [stdout] to set your account's default identity.
[INFO] [stdout] Omit --global to set the identity only in this repository.
[INFO] [stdout] 
[INFO] [stdout] fatal: unable to auto-detect email address (got 'root@0387d65ed52a.(none)')
[INFO] [stdout] )
[INFO] [stdout] [/tmp/gitnu-tests/gitnu::tests::merge_conflict_display::f/] git merge LEFT
[INFO] [stdout] [stdout] ()
[INFO] [stdout] [stderr] (merge: LEFT - not something we can merge
[INFO] [stdout] )
[INFO] [stderr] error: test failed, to rerun pass `--lib`
[INFO] [stdout] [/tmp/gitnu-tests/gitnu::tests::merge_conflict_display::f/] touch fresh
[INFO] [stdout] [stdout] ()
[INFO] [stdout] [stderr] ()
[INFO] [stdout] [/tmp/gitnu-tests/gitnu::tests::merge_conflict_display::f/] git add fresh
[INFO] [stdout] [stdout] ()
[INFO] [stdout] [stderr] ()
[INFO] [stdout] On branch RIGHT
[INFO] [stdout] 
[INFO] [stdout] No commits yet
[INFO] [stdout] 
[INFO] [stdout] Changes to be committed:
[INFO] [stdout]   (use "git rm --cached <file>..." to unstage)
[INFO] [stdout] 1	new file:   base
[INFO] [stdout] 2	new file:   conflict_file
[INFO] [stdout] 3	new file:   fresh
[INFO] [stdout] 
[INFO] [stdout] [/tmp/gitnu-tests/gitnu::tests::merge_conflict_display::f/] /opt/rustwide/target/debug/git-nu status
[INFO] [stdout] [stdout] (On branch RIGHT
[INFO] [stdout] 
[INFO] [stdout] No commits yet
[INFO] [stdout] 
[INFO] [stdout] Changes to be committed:
[INFO] [stdout]   (use "git rm --cached <file>..." to unstage)
[INFO] [stdout] 1	new file:   base
[INFO] [stdout] 2	new file:   conflict_file
[INFO] [stdout] 3	new file:   fresh
[INFO] [stdout] 
[INFO] [stdout] )
[INFO] [stdout] [stderr] ()
[INFO] [stdout] thread 'tests::merge_conflict_display' panicked at 'Printed outputs differ!
[INFO] [stdout] 
[INFO] [stdout] received ↓
[INFO] [stdout] <<<<<<<<<<<<<<<<<<<<<<<<<<<<<<<<<<<<<<<<<<<<<<<<<<<<<<<<<<<<
[INFO] [stdout] On branch RIGHT
[INFO] [stdout] 
[INFO] [stdout] No commits yet
[INFO] [stdout] 
[INFO] [stdout] Changes to be committed:
[INFO] [stdout]   (use "git rm --cached <file>..." to unstage)
[INFO] [stdout] 1	new file:   base
[INFO] [stdout] 2	new file:   conflict_file
[INFO] [stdout] 3	new file:   fresh
[INFO] [stdout] 
[INFO] [stdout] 
[INFO] [stdout] ============================================================
[INFO] [stdout] On branch RIGHT
[INFO] [stdout] All conflicts fixed but you are still merging.
[INFO] [stdout] 
[INFO] [stdout] Changes to be committed:
[INFO] [stdout] 1	modified:   conflict_file
[INFO] [stdout] 2	new file:   fresh
[INFO] [stdout] 
[INFO] [stdout] 
[INFO] [stdout] >>>>>>>>>>>>>>>>>>>>>>>>>>>>>>>>>>>>>>>>>>>>>>>>>>>>>>>>>>>>
[INFO] [stdout] expected ↑
[INFO] [stdout] ', core/tests/mod.rs:190:5
[INFO] [stdout] stack backtrace:
[INFO] [stdout]    0:     0x55d7267e261a - std::backtrace_rs::backtrace::libunwind::trace::h2f05d0192276a8f6
[INFO] [stdout]                                at /rustc/1b7dd2252b99671ce5d1cb9664c5f8636329436d/library/std/src/../../backtrace/src/backtrace/libunwind.rs:93:5
[INFO] [stdout]    1:     0x55d7267e261a - std::backtrace_rs::backtrace::trace_unsynchronized::hedc23dff7a1af150
[INFO] [stdout]                                at /rustc/1b7dd2252b99671ce5d1cb9664c5f8636329436d/library/std/src/../../backtrace/src/backtrace/mod.rs:66:5
[INFO] [stdout]    2:     0x55d7267e261a - std::sys_common::backtrace::_print_fmt::h17541ef7592f3ce2
[INFO] [stdout]                                at /rustc/1b7dd2252b99671ce5d1cb9664c5f8636329436d/library/std/src/sys_common/backtrace.rs:65:5
[INFO] [stdout]    3:     0x55d7267e261a - <std::sys_common::backtrace::_print::DisplayBacktrace as core::fmt::Display>::fmt::h20f75df5ab0c0792
[INFO] [stdout]                                at /rustc/1b7dd2252b99671ce5d1cb9664c5f8636329436d/library/std/src/sys_common/backtrace.rs:44:22
[INFO] [stdout]    4:     0x55d72680726f - core::fmt::write::h78109e6f466b3af6
[INFO] [stdout]                                at /rustc/1b7dd2252b99671ce5d1cb9664c5f8636329436d/library/core/src/fmt/mod.rs:1254:17
[INFO] [stdout]    5:     0x55d7267df475 - std::io::Write::write_fmt::hd24bfb68a1b35a25
[INFO] [stdout]                                at /rustc/1b7dd2252b99671ce5d1cb9664c5f8636329436d/library/std/src/io/mod.rs:1698:15
[INFO] [stdout]    6:     0x55d7267e23e5 - std::sys_common::backtrace::_print::h8dac57a9f8fbf9a5
[INFO] [stdout]                                at /rustc/1b7dd2252b99671ce5d1cb9664c5f8636329436d/library/std/src/sys_common/backtrace.rs:47:5
[INFO] [stdout]    7:     0x55d7267e23e5 - std::sys_common::backtrace::print::hf9ecbf41d1aa712f
[INFO] [stdout]                                at /rustc/1b7dd2252b99671ce5d1cb9664c5f8636329436d/library/std/src/sys_common/backtrace.rs:34:9
[INFO] [stdout]    8:     0x55d7267e409e - std::panicking::default_hook::{{closure}}::h04c07acfc84ca028
[INFO] [stdout]                                at /rustc/1b7dd2252b99671ce5d1cb9664c5f8636329436d/library/std/src/panicking.rs:269:22
[INFO] [stdout]    9:     0x55d7267e3dd1 - std::panicking::default_hook::h01f6bb23e1eceb2c
[INFO] [stdout]                                at /rustc/1b7dd2252b99671ce5d1cb9664c5f8636329436d/library/std/src/panicking.rs:285:9
[INFO] [stdout]   10:     0x55d7267b661b - <alloc::boxed::Box<F,A> as core::ops::function::Fn<Args>>::call::h87fe9f7b2fd49e4c
[INFO] [stdout]                                at /rustc/1b7dd2252b99671ce5d1cb9664c5f8636329436d/library/alloc/src/boxed.rs:1987:9
[INFO] [stdout]   11:     0x55d7267b661b - test::test_main::{{closure}}::he94d679243a7531b
[INFO] [stdout]                                at /rustc/1b7dd2252b99671ce5d1cb9664c5f8636329436d/library/test/src/lib.rs:134:21
[INFO] [stdout]   12:     0x55d7267e4784 - <alloc::boxed::Box<F,A> as core::ops::function::Fn<Args>>::call::h3f2d6d8b14c4769f
[INFO] [stdout]                                at /rustc/1b7dd2252b99671ce5d1cb9664c5f8636329436d/library/alloc/src/boxed.rs:1987:9
[INFO] [stdout]   13:     0x55d7267e4784 - std::panicking::rust_panic_with_hook::h2bb3722bbaf2f6df
[INFO] [stdout]                                at /rustc/1b7dd2252b99671ce5d1cb9664c5f8636329436d/library/std/src/panicking.rs:695:13
[INFO] [stdout]   14:     0x55d7267e44f9 - std::panicking::begin_panic_handler::{{closure}}::h91bc7f36a4be011b
[INFO] [stdout]                                at /rustc/1b7dd2252b99671ce5d1cb9664c5f8636329436d/library/std/src/panicking.rs:582:13
[INFO] [stdout]   15:     0x55d7267e2a86 - std::sys_common::backtrace::__rust_end_short_backtrace::h8b3d3717114f9e59
[INFO] [stdout]                                at /rustc/1b7dd2252b99671ce5d1cb9664c5f8636329436d/library/std/src/sys_common/backtrace.rs:150:18
[INFO] [stdout]   16:     0x55d7267e4252 - rust_begin_unwind
[INFO] [stdout]                                at /rustc/1b7dd2252b99671ce5d1cb9664c5f8636329436d/library/std/src/panicking.rs:578:5
[INFO] [stdout]   17:     0x55d726704513 - core::panicking::panic_fmt::hfd368e3fbdabea26
[INFO] [stdout]                                at /rustc/1b7dd2252b99671ce5d1cb9664c5f8636329436d/library/core/src/panicking.rs:67:14
[INFO] [stdout]   18:     0x55d72671ba0a - gitnu::tests::merge_conflict_display::{{closure}}::h4e0c31a82b10826b
[INFO] [stdout]                                at /opt/rustwide/workdir/core/tests/mod.rs:190:5
[INFO] [stdout]   19:     0x55d72671998f - gitnu::tests::merge_conflict_display::hc13e2d33202f9122
[INFO] [stdout]                                at /opt/rustwide/workdir/core/tests/util.rs:63:13
[INFO] [stdout]   20:     0x55d7267194b7 - gitnu::tests::merge_conflict_display::{{closure}}::h28d619ae3baf33bf
[INFO] [stdout]                                at /opt/rustwide/workdir/core/tests/util.rs:39:20
[INFO] [stdout]   21:     0x55d7267459d5 - core::ops::function::FnOnce::call_once::hfef6d94a57938871
[INFO] [stdout]                                at /rustc/1b7dd2252b99671ce5d1cb9664c5f8636329436d/library/core/src/ops/function.rs:250:5
[INFO] [stdout]   22:     0x55d7267bb4ef - core::ops::function::FnOnce::call_once::ha6a70e79f7481a7e
[INFO] [stdout]                                at /rustc/1b7dd2252b99671ce5d1cb9664c5f8636329436d/library/core/src/ops/function.rs:250:5
[INFO] [stdout]   23:     0x55d7267bb4ef - test::__rust_begin_short_backtrace::hce33033019b61e69
[INFO] [stdout]                                at /rustc/1b7dd2252b99671ce5d1cb9664c5f8636329436d/library/test/src/lib.rs:655:18
[INFO] [stdout]   24:     0x55d726788cdc - test::run_test::{{closure}}::h858d3528838ae3e5
[INFO] [stdout]                                at /rustc/1b7dd2252b99671ce5d1cb9664c5f8636329436d/library/test/src/lib.rs:646:30
[INFO] [stdout]   25:     0x55d726788cdc - core::ops::function::FnOnce::call_once{{vtable.shim}}::he8ac2b00f01ae79e
[INFO] [stdout]                                at /rustc/1b7dd2252b99671ce5d1cb9664c5f8636329436d/library/core/src/ops/function.rs:250:5
[INFO] [stdout]   26:     0x55d7267ba5c6 - <alloc::boxed::Box<F,A> as core::ops::function::FnOnce<Args>>::call_once::h8093d25b522725ef
[INFO] [stdout]                                at /rustc/1b7dd2252b99671ce5d1cb9664c5f8636329436d/library/alloc/src/boxed.rs:1973:9
[INFO] [stdout]   27:     0x55d7267ba5c6 - <core::panic::unwind_safe::AssertUnwindSafe<F> as core::ops::function::FnOnce<()>>::call_once::h5c334c204e4a3913
[INFO] [stdout]                                at /rustc/1b7dd2252b99671ce5d1cb9664c5f8636329436d/library/core/src/panic/unwind_safe.rs:271:9
[INFO] [stdout]   28:     0x55d7267ba5c6 - std::panicking::try::do_call::ha8b740c7b9478074
[INFO] [stdout]                                at /rustc/1b7dd2252b99671ce5d1cb9664c5f8636329436d/library/std/src/panicking.rs:485:40
[INFO] [stdout]   29:     0x55d7267ba5c6 - std::panicking::try::h5d34f63d0e41b64e
[INFO] [stdout]                                at /rustc/1b7dd2252b99671ce5d1cb9664c5f8636329436d/library/std/src/panicking.rs:449:19
[INFO] [stdout]   30:     0x55d7267ba5c6 - std::panic::catch_unwind::hcfbb511e1aa7fc67
[INFO] [stdout]                                at /rustc/1b7dd2252b99671ce5d1cb9664c5f8636329436d/library/std/src/panic.rs:140:14
[INFO] [stdout]   31:     0x55d7267ba5c6 - test::run_test_in_process::h9abda90f802eaf21
[INFO] [stdout]                                at /rustc/1b7dd2252b99671ce5d1cb9664c5f8636329436d/library/test/src/lib.rs:678:27
[INFO] [stdout]   32:     0x55d7267ba5c6 - test::run_test::run_test_inner::{{closure}}::h0f058de91f6c6edf
[INFO] [stdout]                                at /rustc/1b7dd2252b99671ce5d1cb9664c5f8636329436d/library/test/src/lib.rs:572:39
[INFO] [stdout]   33:     0x55d7267834e5 - test::run_test::run_test_inner::{{closure}}::h5ca48a4c59c6c1fb
[INFO] [stdout]                                at /rustc/1b7dd2252b99671ce5d1cb9664c5f8636329436d/library/test/src/lib.rs:599:37
[INFO] [stdout]   34:     0x55d7267834e5 - std::sys_common::backtrace::__rust_begin_short_backtrace::h32bd51e1495d4a33
[INFO] [stdout]                                at /rustc/1b7dd2252b99671ce5d1cb9664c5f8636329436d/library/std/src/sys_common/backtrace.rs:134:18
[INFO] [stdout]   35:     0x55d726788a21 - std::thread::Builder::spawn_unchecked_::{{closure}}::{{closure}}::hc086fae9b128b2db
[INFO] [stdout]                                at /rustc/1b7dd2252b99671ce5d1cb9664c5f8636329436d/library/std/src/thread/mod.rs:526:17
[INFO] [stdout]   36:     0x55d726788a21 - <core::panic::unwind_safe::AssertUnwindSafe<F> as core::ops::function::FnOnce<()>>::call_once::hb66571888d270d43
[INFO] [stdout]                                at /rustc/1b7dd2252b99671ce5d1cb9664c5f8636329436d/library/core/src/panic/unwind_safe.rs:271:9
[INFO] [stdout]   37:     0x55d726788a21 - std::panicking::try::do_call::h4fa2ef4f6e51fecf
[INFO] [stdout]                                at /rustc/1b7dd2252b99671ce5d1cb9664c5f8636329436d/library/std/src/panicking.rs:485:40
[INFO] [stdout]   38:     0x55d726788a21 - std::panicking::try::h1e9e22b8584489b5
[INFO] [stdout]                                at /rustc/1b7dd2252b99671ce5d1cb9664c5f8636329436d/library/std/src/panicking.rs:449:19
[INFO] [stdout]   39:     0x55d726788a21 - std::panic::catch_unwind::h44698a3de0e0769e
[INFO] [stdout]                                at /rustc/1b7dd2252b99671ce5d1cb9664c5f8636329436d/library/std/src/panic.rs:140:14
[INFO] [stdout]   40:     0x55d726788a21 - std::thread::Builder::spawn_unchecked_::{{closure}}::h50153abde3fe239e
[INFO] [stdout]                                at /rustc/1b7dd2252b99671ce5d1cb9664c5f8636329436d/library/std/src/thread/mod.rs:525:30
[INFO] [stdout]   41:     0x55d726788a21 - core::ops::function::FnOnce::call_once{{vtable.shim}}::hbe5bbf6f38394364
[INFO] [stdout]                                at /rustc/1b7dd2252b99671ce5d1cb9664c5f8636329436d/library/core/src/ops/function.rs:250:5
[INFO] [stdout]   42:     0x55d7267e9b45 - <alloc::boxed::Box<F,A> as core::ops::function::FnOnce<Args>>::call_once::h0d83cb2920a49046
[INFO] [stdout]                                at /rustc/1b7dd2252b99671ce5d1cb9664c5f8636329436d/library/alloc/src/boxed.rs:1973:9
[INFO] [stdout]   43:     0x55d7267e9b45 - <alloc::boxed::Box<F,A> as core::ops::function::FnOnce<Args>>::call_once::hbe0a008aa7d9ef59
[INFO] [stdout]                                at /rustc/1b7dd2252b99671ce5d1cb9664c5f8636329436d/library/alloc/src/boxed.rs:1973:9
[INFO] [stdout]   44:     0x55d7267e9b45 - std::sys::unix::thread::Thread::new::thread_start::h3a466996bdf6b1f9
[INFO] [stdout]                                at /rustc/1b7dd2252b99671ce5d1cb9664c5f8636329436d/library/std/src/sys/unix/thread.rs:108:17
[INFO] [stdout]   45:     0x7fa4060bdb43 - <unknown>
[INFO] [stdout]   46:     0x7fa40614ebb4 - __clone
[INFO] [stdout]   47:                0x0 - <unknown>
[INFO] [stdout] 
[INFO] [stdout] 
[INFO] [stdout] failures:
[INFO] [stdout]     tests::detached_head_display
[INFO] [stdout]     tests::merge_conflict_display
[INFO] [stdout]     tests::status_display
[INFO] [stdout] 
[INFO] [stdout] test result: FAILED. 23 passed; 3 failed; 0 ignored; 0 measured; 0 filtered out; finished in 0.08s
[INFO] [stdout] 
[INFO] running `Command { std: "docker" "inspect" "0387d65ed52a043507b0f814b745afd1868b1c24776a859e4b198f859e62c153", kill_on_drop: false }`
[INFO] running `Command { std: "docker" "rm" "-f" "0387d65ed52a043507b0f814b745afd1868b1c24776a859e4b198f859e62c153", kill_on_drop: false }`
[INFO] [stdout] 0387d65ed52a043507b0f814b745afd1868b1c24776a859e4b198f859e62c153
