[INFO] fetching crate git-kit 0.0.22...
[INFO] testing git-kit-0.0.22 against beta-2023-04-20 for beta-1.70-1
[INFO] extracting crate git-kit 0.0.22 into /workspace/builds/worker-0-tc2/source
[INFO] validating manifest of crates.io crate git-kit 0.0.22 on toolchain beta-2023-04-20
[INFO] running `Command { std: CARGO_HOME="/workspace/cargo-home" RUSTUP_HOME="/workspace/rustup-home" "/workspace/cargo-home/bin/cargo" "+beta-2023-04-20" "metadata" "--manifest-path" "Cargo.toml" "--no-deps", kill_on_drop: false }`
[INFO] started tweaking crates.io crate git-kit 0.0.22
[INFO] finished tweaking crates.io crate git-kit 0.0.22
[INFO] tweaked toml for crates.io crate git-kit 0.0.22 written to /workspace/builds/worker-0-tc2/source/Cargo.toml
[INFO] crate crates.io crate git-kit 0.0.22 already has a lockfile, it will not be regenerated
[INFO] running `Command { std: CARGO_HOME="/workspace/cargo-home" RUSTUP_HOME="/workspace/rustup-home" "/workspace/cargo-home/bin/cargo" "+beta-2023-04-20" "fetch" "--manifest-path" "Cargo.toml", kill_on_drop: false }`
[INFO] [stderr]     Updating crates.io index
[INFO] [stderr]  Downloading crates ...
[INFO] [stderr]   Downloaded dunce v1.0.4
[INFO] [stderr]   Downloaded newline-converter v0.2.2
[INFO] [stderr]   Downloaded rusqlite_migration v1.0.2
[INFO] [stderr]   Downloaded directories v4.0.1
[INFO] [stderr]   Downloaded rusqlite v0.28.0
[INFO] [stderr]   Downloaded fake v2.5.0
[INFO] [stderr]   Downloaded crossterm v0.25.0
[INFO] [stderr]   Downloaded unsafe-libyaml v0.2.8
[INFO] [stderr]   Downloaded serde_yaml v0.9.21
[INFO] [stderr]   Downloaded inquire v0.5.3
[INFO] [stderr]   Downloaded libsqlite3-sys v0.25.2
[INFO] [stderr]   Downloaded uuid v1.3.1
[INFO] running `Command { std: "docker" "create" "-v" "/var/lib/crater-agent-workspace/builds/worker-0-tc2/target:/opt/rustwide/target:rw,Z" "-v" "/var/lib/crater-agent-workspace/builds/worker-0-tc2/source:/opt/rustwide/workdir:ro,Z" "-v" "/var/lib/crater-agent-workspace/cargo-home:/opt/rustwide/cargo-home:ro,Z" "-v" "/var/lib/crater-agent-workspace/rustup-home:/opt/rustwide/rustup-home:ro,Z" "-e" "SOURCE_DIR=/opt/rustwide/workdir" "-e" "CARGO_TARGET_DIR=/opt/rustwide/target" "-e" "CARGO_HOME=/opt/rustwide/cargo-home" "-e" "RUSTUP_HOME=/opt/rustwide/rustup-home" "-w" "/opt/rustwide/workdir" "-m" "1610612736" "--user" "0:0" "--network" "none" "ghcr.io/rust-lang/crates-build-env/linux@sha256:5ff2268d62e97bff2cde7d5815dd6ed5b47097566f13b8d0ca110b04b60e07ed" "/opt/rustwide/cargo-home/bin/cargo" "+beta-2023-04-20" "metadata" "--no-deps" "--format-version=1", kill_on_drop: false }`
[INFO] [stdout] 6af06539e86319430828396ace2f4941b5abe0bc62d4bd425b1fed5aaf874b09
[INFO] running `Command { std: "docker" "start" "-a" "6af06539e86319430828396ace2f4941b5abe0bc62d4bd425b1fed5aaf874b09", kill_on_drop: false }`
[INFO] running `Command { std: "docker" "inspect" "6af06539e86319430828396ace2f4941b5abe0bc62d4bd425b1fed5aaf874b09", kill_on_drop: false }`
[INFO] running `Command { std: "docker" "rm" "-f" "6af06539e86319430828396ace2f4941b5abe0bc62d4bd425b1fed5aaf874b09", kill_on_drop: false }`
[INFO] [stdout] 6af06539e86319430828396ace2f4941b5abe0bc62d4bd425b1fed5aaf874b09
[INFO] running `Command { std: "docker" "create" "-v" "/var/lib/crater-agent-workspace/builds/worker-0-tc2/target:/opt/rustwide/target:rw,Z" "-v" "/var/lib/crater-agent-workspace/builds/worker-0-tc2/source:/opt/rustwide/workdir:ro,Z" "-v" "/var/lib/crater-agent-workspace/cargo-home:/opt/rustwide/cargo-home:ro,Z" "-v" "/var/lib/crater-agent-workspace/rustup-home:/opt/rustwide/rustup-home:ro,Z" "-e" "SOURCE_DIR=/opt/rustwide/workdir" "-e" "CARGO_TARGET_DIR=/opt/rustwide/target" "-e" "CARGO_INCREMENTAL=0" "-e" "RUST_BACKTRACE=full" "-e" "RUSTFLAGS=--cap-lints=warn" "-e" "RUSTDOCFLAGS=--cap-lints=warn" "-e" "CARGO_HOME=/opt/rustwide/cargo-home" "-e" "RUSTUP_HOME=/opt/rustwide/rustup-home" "-w" "/opt/rustwide/workdir" "-m" "1610612736" "--user" "0:0" "--network" "none" "ghcr.io/rust-lang/crates-build-env/linux@sha256:5ff2268d62e97bff2cde7d5815dd6ed5b47097566f13b8d0ca110b04b60e07ed" "/opt/rustwide/cargo-home/bin/cargo" "+beta-2023-04-20" "build" "--frozen" "--message-format=json", kill_on_drop: false }`
[INFO] [stdout] 25e11ed80525e2a94502dcb7f92cccc688e1734e7b972b8de19b6a0a529cb788
[INFO] running `Command { std: "docker" "start" "-a" "25e11ed80525e2a94502dcb7f92cccc688e1734e7b972b8de19b6a0a529cb788", kill_on_drop: false }`
[INFO] [stderr]    Compiling libc v0.2.142
[INFO] [stderr]    Compiling version_check v0.9.4
[INFO] [stderr]    Compiling proc-macro2 v1.0.56
[INFO] [stderr]    Compiling unicode-ident v1.0.8
[INFO] [stderr]    Compiling quote v1.0.26
[INFO] [stderr]    Compiling smallvec v1.10.0
[INFO] [stderr]    Compiling pkg-config v0.3.26
[INFO] [stderr]    Compiling vcpkg v0.2.15
[INFO] [stderr]    Compiling cc v1.0.79
[INFO] [stderr]    Compiling once_cell v1.17.1
[INFO] [stderr]    Compiling log v0.4.17
[INFO] [stderr]    Compiling ahash v0.7.6
[INFO] [stderr]    Compiling fallible-iterator v0.2.0
[INFO] [stderr]    Compiling fallible-streaming-iterator v0.1.9
[INFO] [stderr]    Compiling proc-macro-error-attr v1.0.4
[INFO] [stderr]    Compiling lock_api v0.4.9
[INFO] [stderr]    Compiling parking_lot_core v0.9.7
[INFO] [stderr]    Compiling memchr v2.5.0
[INFO] [stderr]    Compiling syn v1.0.109
[INFO] [stderr]    Compiling signal-hook v0.3.15
[INFO] [stderr]    Compiling getrandom v0.2.9
[INFO] [stderr]    Compiling syn v2.0.15
[INFO] [stderr]    Compiling signal-hook-registry v1.4.1
[INFO] [stderr]    Compiling libsqlite3-sys v0.25.2
[INFO] [stderr]    Compiling hashbrown v0.12.3
[INFO] [stderr]    Compiling proc-macro-error v1.0.4
[INFO] [stderr]    Compiling indexmap v1.9.3
[INFO] [stderr]    Compiling num-traits v0.2.15
[INFO] [stderr]    Compiling serde_derive v1.0.160
[INFO] [stderr]    Compiling hashlink v0.8.1
[INFO] [stderr]    Compiling anyhow v1.0.70
[INFO] [stderr]    Compiling scopeguard v1.1.0
[INFO] [stderr]    Compiling dirs-sys v0.3.7
[INFO] [stderr]    Compiling atty v0.2.14
[INFO] [stderr]    Compiling mio v0.8.6
[INFO] [stderr]    Compiling num-integer v0.1.45
[INFO] [stderr]    Compiling serde v1.0.160
[INFO] [stderr]    Compiling thiserror v1.0.40
[INFO] [stderr]    Compiling signal-hook-mio v0.2.3
[INFO] [stderr]    Compiling aho-corasick v1.0.1
[INFO] [stderr]    Compiling directories v4.0.1
[INFO] [stderr]    Compiling parking_lot v0.12.1
[INFO] [stderr]    Compiling unicode-segmentation v1.10.1
[INFO] [stderr]    Compiling lazy_static v1.4.0
[INFO] [stderr]    Compiling heck v0.4.1
[INFO] [stderr]    Compiling regex-syntax v0.7.1
[INFO] [stderr]    Compiling os_str_bytes v6.5.0
[INFO] [stderr]    Compiling thiserror-impl v1.0.40
[INFO] [stderr]    Compiling termcolor v1.2.0
[INFO] [stderr]    Compiling clap_lex v0.2.4
[INFO] [stderr]    Compiling newline-converter v0.2.2
[INFO] [stderr]    Compiling crossterm v0.25.0
[INFO] [stderr]    Compiling time v0.1.45
[INFO] [stderr]    Compiling regex v1.8.1
[INFO] [stderr]    Compiling strsim v0.10.0
[INFO] [stderr]    Compiling iana-time-zone v0.1.56
[INFO] [stderr]    Compiling textwrap v0.16.0
[INFO] [stderr]    Compiling itoa v1.0.6
[INFO] [stderr]    Compiling unsafe-libyaml v0.2.8
[INFO] [stderr]    Compiling dyn-clone v1.0.11
[INFO] [stderr]    Compiling unicode-width v0.1.10
[INFO] [stderr]    Compiling ryu v1.0.13
[INFO] [stderr]    Compiling humantime v2.1.0
[INFO] [stderr]    Compiling inquire v0.5.3
[INFO] [stderr]    Compiling env_logger v0.9.3
[INFO] [stderr]    Compiling clap_derive v3.2.18
[INFO] [stderr]    Compiling chrono v0.4.24
[INFO] [stderr]    Compiling colored v2.0.0
[INFO] [stderr]    Compiling uuid v1.3.1
[INFO] [stderr]    Compiling dunce v1.0.4
[INFO] [stderr]    Compiling clap v3.2.23
[INFO] [stderr]    Compiling rusqlite v0.28.0
[INFO] [stderr]    Compiling rusqlite_migration v1.0.2
[INFO] [stderr]    Compiling git-kit v0.0.22 (/opt/rustwide/workdir)
[INFO] [stderr]    Compiling serde_yaml v0.9.21
[INFO] [stderr]     Finished dev [unoptimized + debuginfo] target(s) in 1m 11s
[INFO] running `Command { std: "docker" "inspect" "25e11ed80525e2a94502dcb7f92cccc688e1734e7b972b8de19b6a0a529cb788", kill_on_drop: false }`
[INFO] running `Command { std: "docker" "rm" "-f" "25e11ed80525e2a94502dcb7f92cccc688e1734e7b972b8de19b6a0a529cb788", kill_on_drop: false }`
[INFO] [stdout] 25e11ed80525e2a94502dcb7f92cccc688e1734e7b972b8de19b6a0a529cb788
[INFO] running `Command { std: "docker" "create" "-v" "/var/lib/crater-agent-workspace/builds/worker-0-tc2/target:/opt/rustwide/target:rw,Z" "-v" "/var/lib/crater-agent-workspace/builds/worker-0-tc2/source:/opt/rustwide/workdir:ro,Z" "-v" "/var/lib/crater-agent-workspace/cargo-home:/opt/rustwide/cargo-home:ro,Z" "-v" "/var/lib/crater-agent-workspace/rustup-home:/opt/rustwide/rustup-home:ro,Z" "-e" "SOURCE_DIR=/opt/rustwide/workdir" "-e" "CARGO_TARGET_DIR=/opt/rustwide/target" "-e" "CARGO_INCREMENTAL=0" "-e" "RUST_BACKTRACE=full" "-e" "RUSTFLAGS=--cap-lints=warn" "-e" "RUSTDOCFLAGS=--cap-lints=warn" "-e" "CARGO_HOME=/opt/rustwide/cargo-home" "-e" "RUSTUP_HOME=/opt/rustwide/rustup-home" "-w" "/opt/rustwide/workdir" "-m" "1610612736" "--user" "0:0" "--network" "none" "ghcr.io/rust-lang/crates-build-env/linux@sha256:5ff2268d62e97bff2cde7d5815dd6ed5b47097566f13b8d0ca110b04b60e07ed" "/opt/rustwide/cargo-home/bin/cargo" "+beta-2023-04-20" "test" "--frozen" "--no-run" "--message-format=json", kill_on_drop: false }`
[INFO] [stdout] 01bf49d26f3a6006ce0a6d6b92af54919ab844045d108bb2aad97ab4515e4349
[INFO] running `Command { std: "docker" "start" "-a" "01bf49d26f3a6006ce0a6d6b92af54919ab844045d108bb2aad97ab4515e4349", kill_on_drop: false }`
[INFO] [stderr]    Compiling getrandom v0.2.9
[INFO] [stderr]    Compiling ppv-lite86 v0.2.17
[INFO] [stderr]    Compiling ahash v0.7.6
[INFO] [stderr]    Compiling rand_core v0.6.4
[INFO] [stderr]    Compiling uuid v1.3.1
[INFO] [stderr]    Compiling hashbrown v0.12.3
[INFO] [stderr]    Compiling rand_chacha v0.3.1
[INFO] [stderr]    Compiling rand v0.8.5
[INFO] [stderr]    Compiling hashlink v0.8.1
[INFO] [stderr]    Compiling indexmap v1.9.3
[INFO] [stderr]    Compiling rusqlite v0.28.0
[INFO] [stderr]    Compiling serde_yaml v0.9.21
[INFO] [stderr]    Compiling clap v3.2.23
[INFO] [stderr]    Compiling fake v2.5.0
[INFO] [stderr]    Compiling rusqlite_migration v1.0.2
[INFO] [stderr]    Compiling git-kit v0.0.22 (/opt/rustwide/workdir)
[INFO] [stderr]     Finished test [unoptimized + debuginfo] target(s) in 33.02s
[INFO] running `Command { std: "docker" "inspect" "01bf49d26f3a6006ce0a6d6b92af54919ab844045d108bb2aad97ab4515e4349", kill_on_drop: false }`
[INFO] running `Command { std: "docker" "rm" "-f" "01bf49d26f3a6006ce0a6d6b92af54919ab844045d108bb2aad97ab4515e4349", kill_on_drop: false }`
[INFO] [stdout] 01bf49d26f3a6006ce0a6d6b92af54919ab844045d108bb2aad97ab4515e4349
[INFO] running `Command { std: "docker" "create" "-v" "/var/lib/crater-agent-workspace/builds/worker-0-tc2/target:/opt/rustwide/target:rw,Z" "-v" "/var/lib/crater-agent-workspace/builds/worker-0-tc2/source:/opt/rustwide/workdir:ro,Z" "-v" "/var/lib/crater-agent-workspace/cargo-home:/opt/rustwide/cargo-home:ro,Z" "-v" "/var/lib/crater-agent-workspace/rustup-home:/opt/rustwide/rustup-home:ro,Z" "-e" "SOURCE_DIR=/opt/rustwide/workdir" "-e" "CARGO_TARGET_DIR=/opt/rustwide/target" "-e" "CARGO_INCREMENTAL=0" "-e" "RUST_BACKTRACE=full" "-e" "RUSTFLAGS=--cap-lints=warn" "-e" "RUSTDOCFLAGS=--cap-lints=warn" "-e" "CARGO_HOME=/opt/rustwide/cargo-home" "-e" "RUSTUP_HOME=/opt/rustwide/rustup-home" "-w" "/opt/rustwide/workdir" "-m" "1610612736" "--user" "0:0" "--network" "none" "ghcr.io/rust-lang/crates-build-env/linux@sha256:5ff2268d62e97bff2cde7d5815dd6ed5b47097566f13b8d0ca110b04b60e07ed" "/opt/rustwide/cargo-home/bin/cargo" "+beta-2023-04-20" "test" "--frozen", kill_on_drop: false }`
[INFO] [stdout] 99a531bee3d7b59f4589845ee3066051b87e85649123662fb72c95c0240d2f5c
[INFO] running `Command { std: "docker" "start" "-a" "99a531bee3d7b59f4589845ee3066051b87e85649123662fb72c95c0240d2f5c", kill_on_drop: false }`
[INFO] [stderr]     Finished test [unoptimized + debuginfo] target(s) in 0.19s
[INFO] [stderr]      Running unittests src/lib.rs (/opt/rustwide/target/debug/deps/git_kit-aa7174e58d7cc7bc)
[INFO] [stdout] 
[INFO] [stdout] running 79 tests
[INFO] [stdout] test adapters::git::git_adapter::tests::commit_with_template_errors_on_invalid_path ... ok
[INFO] [stdout] test adapters::git::git_adapter::tests::commit_with_template_errors_on_failed_get_output_system_command ... ok
[INFO] [stdout] test adapters::git::git_adapter::tests::commit_with_template_with_incomplete_status_adds_expected_options ... ok
[INFO] [stdout] test adapters::git::git_adapter::tests::branch_name_error_on_get_output_system_command ... ok
[INFO] [stdout] test adapters::git::git_adapter::tests::checkout_new_branch_adds_expected_git_options ... ok
[INFO] [stdout] test adapters::git::git_adapter::tests::checkout_errors_on_get_status_system_command_fail ... ok
[INFO] [stdout] test adapters::git::git_adapter::tests::branch_name_add_expected_git_options ... ok
[INFO] [stdout] test adapters::git::git_adapter::tests::checkout_existing_branch_adds_expected_git_options ... ok
[INFO] [stdout] test adapters::git::git_adapter::tests::commit_with_template_with_completed_status_adds_expected_options ... ok
[INFO] [stdout] test adapters::git::git_adapter::tests::repository_name_returns_this_repo_name ... ignored
[INFO] [stdout] test adapters::prompt::tests::filter_matches_on_contains_value ... ok
[INFO] [stdout] test adapters::prompt::tests::non_matching_are_filtered_out ... ok
[INFO] [stdout] test adapters::git::git_adapter::tests::repository_name_errors_on_get_output_system_command ... ok
[INFO] [stdout] test adapters::git::git_adapter::tests::root_repository_adds_expected_git_options ... ok
[INFO] [stdout] test adapters::store::sqlite::tests::corrupted_path_returns_corrupted_error_on_get ... ok
[INFO] [stdout] test adapters::store::sqlite::tests::get_branch_retrieves_correct_branch ... ok
[INFO] [stdout] test adapters::git::git_adapter::tests::root_repository_errors_on_system_command_failure ... ok
[INFO] [stdout] test adapters::store::sqlite::tests::corrupted_config_status_returns_corrupted_error_on_get ... ok
[INFO] [stdout] test adapters::store::sqlite::tests::get_branch_trims_branch_name_before_retrieving ... ok
[INFO] [stdout] test adapters::store::sqlite::tests::get_config_by_key_that_does_not_exist ... ok
[INFO] [stdout] test adapters::store::sqlite::tests::get_list_of_registered_configs ... ok
[INFO] [stdout] test adapters::store::sqlite::tests::invalid_stored_created_date_returns_corrupted_error ... ok
[INFO] [stdout] test adapters::store::sqlite::tests::get_config_by_key_success ... ok
[INFO] [stdout] test adapters::store::sqlite::tests::get_config_by_active ... ok
[INFO] [stdout] test adapters::store::sqlite::tests::persist_branch_updates_an_existing_item ... ok
[INFO] [stdout] test adapters::store::sqlite::tests::persist_config_creates_a_new_item_if_not_exists ... ok
[INFO] [stdout] test adapters::store::sqlite::tests::set_active_checks_row_exists_before_clearing_status ... ok
[INFO] [stdout] test adapters::store::sqlite::tests::on_no_active_config_not_found_thrown ... ok
[INFO] [stdout] test adapters::store::sqlite::tests::set_active_config_sets_any_active_configs_to_disabled ... ok
[INFO] [stdout] test app_config::tests::no_user_path_or_valid_repo_dir_defaults_priority_4 ... ok
[INFO] [stdout] test adapters::store::sqlite::tests::persist_config_updates_an_existing_item ... ok
[INFO] [stdout] test cli::checkout::args::tests::try_into_domain_with_interactive_prompt_is_not_used_if_value_is_already_provided ... ok
[INFO] [stdout] test adapters::store::sqlite::tests::set_active_config_success ... ok
[INFO] [stdout] test adapters::store::sqlite::tests::persist_branch_creates_a_new_item_if_not_exists ... ok
[INFO] [stdout] test adapters::store::sqlite::tests::with_no_stored_configs_an_empty_list_is_returned ... ok
[INFO] [stdout] test app_config::tests::repo_dir_with_config_file_overrides_any_user_or_default_config_has_priority_2 ... ok
[INFO] [stdout] test adapters::store::sqlite::tests::attempt_to_get_non_existent_branch_throws_not_found ... ok
[INFO] [stdout] test app_config::tests::user_sets_config_file_and_no_config_or_once_off_config_priority_3 ... ok
[INFO] [stdout] test cli::checkout::args::tests::try_into_domain_with_no_interactive_prompts ... ok
[INFO] [stdout] test cli::checkout::args::tests::try_into_domain_with_interactive_prompt_is_used_if_none ... ok
[INFO] [stdout] test cli::commit::args::tests::try_into_domain_with_interactive_prompt_is_not_used_if_value_is_already_provided ... ok
[INFO] [stdout] test cli::context::args::tests::try_into_domain_with_interactive_prompt_is_not_used_if_value_is_already_provided ... ok
[INFO] [stdout] test cli::context::args::tests::try_into_domain_with_interactive_prompt_is_used_if_none ... ok
[INFO] [stdout] test cli::commit::args::tests::try_into_domain_with_no_interactive_prompts ... ok
[INFO] [stdout] test domain::commands::commit::args::tests::commit_message_with_both_args_are_populated ... ok
[INFO] [stdout] test cli::context::args::tests::try_into_domain_with_no_interactive_prompts ... ok
[INFO] [stdout] test domain::commands::commit::args::tests::commit_template_message_is_replaced_with_empty_str ... ok
[INFO] [stdout] test cli::config::args::tests::with_interactive_disabled_select_prompt_errors ... ok
[INFO] [stdout] test cli::commit::args::tests::try_into_domain_with_interactive_prompt_disabled_and_no_template_provided_an_error_is_thrown ... ok
[INFO] [stdout] test cli::config::args::tests::with_interactive_enabled_select_prompt_is_used ... ok
[INFO] [stdout] test domain::commands::commit::args::tests::commit_template_ticket_num_is_replaced_with_branch_name ... ok
[INFO] [stdout] test domain::commands::commit::args::tests::empty_scope_removes_parentheses ... ok
[INFO] [stdout] test domain::commands::commit::args::tests::empty_ticket_num_removes_square_brackets ... ok
[INFO] [stdout] test cli::commit::args::tests::try_into_domain_with_interactive_prompt_is_used_if_none ... ok
[INFO] [stdout] test domain::commands::commit::args::tests::commit_template_with_empty_brackets_such_as_markdown_checklist_are_not_removed ... ok
[INFO] [stdout] test domain::commands::commit::args::tests::when_ticket_num_is_empty_square_brackets_are_removed ... ok
[INFO] [stdout] test domain::models::path::test::try_from_allow_file_paths_when_path_type_is_file ... ok
[INFO] [stdout] test domain::models::path::test::try_from_allow_directory_paths_when_path_type_is_directory ... ok
[INFO] [stdout] test domain::models::branch::tests::creating_branch_with_ticket_populates_correctly ... ok
[INFO] [stdout] test domain::models::branch::tests::creating_branch_without_ticket_defaults_to_name ... ok
[INFO] [stdout] test domain::models::path::test::try_from_errors_when_given_directory_paths_and_path_type_is_file ... ok
[INFO] [stdout] test app_config::tests::once_off_config_has_priority_1 ... FAILED
[INFO] [stdout] test domain::models::path::test::try_into_path_that_does_not_exists_fails_with_not_exist ... ok
[INFO] [stdout] test domain::models::path::test::try_into_with_absolute_directory_path_maps_to_absolute_path_type ... ok
[INFO] [stdout] test domain::models::path::test::try_into_with_absolute_file_path_maps_to_absolute_path_type ... ok
[INFO] [stdout] test domain::models::path::test::try_into_non_absolute_path_errors ... ok
[INFO] [stdout] test domain::models::branch::tests::branch_name_is_trimmed ... ok
[INFO] [stdout] test domain::models::path::test::try_from_errors_when_given_file_paths_and_path_type_is_directory ... ok
[INFO] [stdout] test domain::template::tests::brackets_match ... ok
[INFO] [stdout] test migrations::tests::templates_respect_currently_active_config ... ok
[INFO] [stdout] test entry::verify_app ... ok
[INFO] [stdout] test utils::string::tests::empty_strings_wrapped_in_some_should_be_mapped_to_none ... ok
[INFO] [stdout] test template_config::tests::get_template_config_errors_on_non_existent_key ... ok
[INFO] [stdout] test template_config::tests::get_template_config_by_name_key ... ok
[INFO] [stdout] test migrations::tests::verify_migration_1 ... ok
[INFO] [stdout] test migrations::tests::verify_migration_2 ... ok
[INFO] [stdout] test migrations::tests::verify_any_custom_user_conventional_is_replaced_via_the_new_default_at_migration_3_and_4 ... ok
[INFO] [stdout] test utils::string::tests::non_empty_strings_wrapped_in_some_should_not_be_remapped_to_none ... ok
[INFO] [stdout] test migrations::tests::verify_migration_3_and_4 ... ok
[INFO] [stdout] 
[INFO] [stdout] failures:
[INFO] [stdout] 
[INFO] [stdout] ---- app_config::tests::once_off_config_has_priority_1 stdout ----
[INFO] [stdout] thread 'app_config::tests::once_off_config_has_priority_1' panicked at 'called `Result::unwrap()` on an `Err` value: RootDirectory', src/app_config.rs:130:51
[INFO] [stdout] stack backtrace:
[INFO] [stdout]    0:     0x55ad4782f23a - std::backtrace_rs::backtrace::libunwind::trace::h2f05d0192276a8f6
[INFO] [stdout]                                at /rustc/1b7dd2252b99671ce5d1cb9664c5f8636329436d/library/std/src/../../backtrace/src/backtrace/libunwind.rs:93:5
[INFO] [stdout]    1:     0x55ad4782f23a - std::backtrace_rs::backtrace::trace_unsynchronized::hedc23dff7a1af150
[INFO] [stdout]                                at /rustc/1b7dd2252b99671ce5d1cb9664c5f8636329436d/library/std/src/../../backtrace/src/backtrace/mod.rs:66:5
[INFO] [stdout]    2:     0x55ad4782f23a - std::sys_common::backtrace::_print_fmt::h17541ef7592f3ce2
[INFO] [stdout]                                at /rustc/1b7dd2252b99671ce5d1cb9664c5f8636329436d/library/std/src/sys_common/backtrace.rs:65:5
[INFO] [stdout]    3:     0x55ad4782f23a - <std::sys_common::backtrace::_print::DisplayBacktrace as core::fmt::Display>::fmt::h20f75df5ab0c0792
[INFO] [stdout]                                at /rustc/1b7dd2252b99671ce5d1cb9664c5f8636329436d/library/std/src/sys_common/backtrace.rs:44:22
[INFO] [stdout]    4:     0x55ad4785435f - core::fmt::write::h78109e6f466b3af6
[INFO] [stdout]                                at /rustc/1b7dd2252b99671ce5d1cb9664c5f8636329436d/library/core/src/fmt/mod.rs:1254:17
[INFO] [stdout]    5:     0x55ad4782c215 - std::io::Write::write_fmt::hd24bfb68a1b35a25
[INFO] [stdout]                                at /rustc/1b7dd2252b99671ce5d1cb9664c5f8636329436d/library/std/src/io/mod.rs:1698:15
[INFO] [stdout]    6:     0x55ad4782f005 - std::sys_common::backtrace::_print::h8dac57a9f8fbf9a5
[INFO] [stdout]                                at /rustc/1b7dd2252b99671ce5d1cb9664c5f8636329436d/library/std/src/sys_common/backtrace.rs:47:5
[INFO] [stdout]    7:     0x55ad4782f005 - std::sys_common::backtrace::print::hf9ecbf41d1aa712f
[INFO] [stdout]                                at /rustc/1b7dd2252b99671ce5d1cb9664c5f8636329436d/library/std/src/sys_common/backtrace.rs:34:9
[INFO] [stdout]    8:     0x55ad47830cbe - std::panicking::default_hook::{{closure}}::h04c07acfc84ca028
[INFO] [stdout]                                at /rustc/1b7dd2252b99671ce5d1cb9664c5f8636329436d/library/std/src/panicking.rs:269:22
[INFO] [stdout]    9:     0x55ad478309f1 - std::panicking::default_hook::h01f6bb23e1eceb2c
[INFO] [stdout]                                at /rustc/1b7dd2252b99671ce5d1cb9664c5f8636329436d/library/std/src/panicking.rs:285:9
[INFO] [stdout]   10:     0x55ad473a0a9b - <alloc::boxed::Box<F,A> as core::ops::function::Fn<Args>>::call::h87fe9f7b2fd49e4c
[INFO] [stdout]                                at /rustc/1b7dd2252b99671ce5d1cb9664c5f8636329436d/library/alloc/src/boxed.rs:1987:9
[INFO] [stdout]   11:     0x55ad473a0a9b - test::test_main::{{closure}}::he94d679243a7531b
[INFO] [stdout]                                at /rustc/1b7dd2252b99671ce5d1cb9664c5f8636329436d/library/test/src/lib.rs:134:21
[INFO] [stdout]   12:     0x55ad478313a4 - <alloc::boxed::Box<F,A> as core::ops::function::Fn<Args>>::call::h3f2d6d8b14c4769f
[INFO] [stdout]                                at /rustc/1b7dd2252b99671ce5d1cb9664c5f8636329436d/library/alloc/src/boxed.rs:1987:9
[INFO] [stdout]   13:     0x55ad478313a4 - std::panicking::rust_panic_with_hook::h2bb3722bbaf2f6df
[INFO] [stdout]                                at /rustc/1b7dd2252b99671ce5d1cb9664c5f8636329436d/library/std/src/panicking.rs:695:13
[INFO] [stdout]   14:     0x55ad47831119 - std::panicking::begin_panic_handler::{{closure}}::h91bc7f36a4be011b
[INFO] [stdout]                                at /rustc/1b7dd2252b99671ce5d1cb9664c5f8636329436d/library/std/src/panicking.rs:582:13
[INFO] [stdout]   15:     0x55ad4782f6a6 - std::sys_common::backtrace::__rust_end_short_backtrace::h8b3d3717114f9e59
[INFO] [stdout]                                at /rustc/1b7dd2252b99671ce5d1cb9664c5f8636329436d/library/std/src/sys_common/backtrace.rs:150:18
[INFO] [stdout]   16:     0x55ad47830e72 - rust_begin_unwind
[INFO] [stdout]                                at /rustc/1b7dd2252b99671ce5d1cb9664c5f8636329436d/library/std/src/panicking.rs:578:5
[INFO] [stdout]   17:     0x55ad472e8383 - core::panicking::panic_fmt::hfd368e3fbdabea26
[INFO] [stdout]                                at /rustc/1b7dd2252b99671ce5d1cb9664c5f8636329436d/library/core/src/panicking.rs:67:14
[INFO] [stdout]   18:     0x55ad472e8923 - core::result::unwrap_failed::he54eb4b2f125b26f
[INFO] [stdout]                                at /rustc/1b7dd2252b99671ce5d1cb9664c5f8636329436d/library/core/src/result.rs:1687:5
[INFO] [stdout]   19:     0x55ad4733d75c - core::result::Result<T,E>::unwrap::h34f01374e6e55490
[INFO] [stdout]                                at /rustc/1b7dd2252b99671ce5d1cb9664c5f8636329436d/library/core/src/result.rs:1089:23
[INFO] [stdout]   20:     0x55ad4731fbf2 - git_kit::app_config::tests::once_off_config_has_priority_1::h79bbae1bc320e762
[INFO] [stdout]                                at /opt/rustwide/workdir/src/app_config.rs:130:30
[INFO] [stdout]   21:     0x55ad4731fb47 - git_kit::app_config::tests::once_off_config_has_priority_1::{{closure}}::ha6d19ca6ad39b136
[INFO] [stdout]                                at /opt/rustwide/workdir/src/app_config.rs:126:41
[INFO] [stdout]   22:     0x55ad472ea3d5 - core::ops::function::FnOnce::call_once::h7d530c816a199ff7
[INFO] [stdout]                                at /rustc/1b7dd2252b99671ce5d1cb9664c5f8636329436d/library/core/src/ops/function.rs:250:5
[INFO] [stdout]   23:     0x55ad473a596f - core::ops::function::FnOnce::call_once::ha6a70e79f7481a7e
[INFO] [stdout]                                at /rustc/1b7dd2252b99671ce5d1cb9664c5f8636329436d/library/core/src/ops/function.rs:250:5
[INFO] [stdout]   24:     0x55ad473a596f - test::__rust_begin_short_backtrace::hce33033019b61e69
[INFO] [stdout]                                at /rustc/1b7dd2252b99671ce5d1cb9664c5f8636329436d/library/test/src/lib.rs:655:18
[INFO] [stdout]   25:     0x55ad4737315c - test::run_test::{{closure}}::h858d3528838ae3e5
[INFO] [stdout]                                at /rustc/1b7dd2252b99671ce5d1cb9664c5f8636329436d/library/test/src/lib.rs:646:30
[INFO] [stdout]   26:     0x55ad4737315c - core::ops::function::FnOnce::call_once{{vtable.shim}}::he8ac2b00f01ae79e
[INFO] [stdout]                                at /rustc/1b7dd2252b99671ce5d1cb9664c5f8636329436d/library/core/src/ops/function.rs:250:5
[INFO] [stdout]   27:     0x55ad473a4a46 - <alloc::boxed::Box<F,A> as core::ops::function::FnOnce<Args>>::call_once::h8093d25b522725ef
[INFO] [stdout]                                at /rustc/1b7dd2252b99671ce5d1cb9664c5f8636329436d/library/alloc/src/boxed.rs:1973:9
[INFO] [stdout]   28:     0x55ad473a4a46 - <core::panic::unwind_safe::AssertUnwindSafe<F> as core::ops::function::FnOnce<()>>::call_once::h5c334c204e4a3913
[INFO] [stdout]                                at /rustc/1b7dd2252b99671ce5d1cb9664c5f8636329436d/library/core/src/panic/unwind_safe.rs:271:9
[INFO] [stdout]   29:     0x55ad473a4a46 - std::panicking::try::do_call::ha8b740c7b9478074
[INFO] [stdout]                                at /rustc/1b7dd2252b99671ce5d1cb9664c5f8636329436d/library/std/src/panicking.rs:485:40
[INFO] [stdout]   30:     0x55ad473a4a46 - std::panicking::try::h5d34f63d0e41b64e
[INFO] [stdout]                                at /rustc/1b7dd2252b99671ce5d1cb9664c5f8636329436d/library/std/src/panicking.rs:449:19
[INFO] [stdout]   31:     0x55ad473a4a46 - std::panic::catch_unwind::hcfbb511e1aa7fc67
[INFO] [stdout]                                at /rustc/1b7dd2252b99671ce5d1cb9664c5f8636329436d/library/std/src/panic.rs:140:14
[INFO] [stdout]   32:     0x55ad473a4a46 - test::run_test_in_process::h9abda90f802eaf21
[INFO] [stdout]                                at /rustc/1b7dd2252b99671ce5d1cb9664c5f8636329436d/library/test/src/lib.rs:678:27
[INFO] [stdout]   33:     0x55ad473a4a46 - test::run_test::run_test_inner::{{closure}}::h0f058de91f6c6edf
[INFO] [stdout]                                at /rustc/1b7dd2252b99671ce5d1cb9664c5f8636329436d/library/test/src/lib.rs:572:39
[INFO] [stdout]   34:     0x55ad4736d965 - test::run_test::run_test_inner::{{closure}}::h5ca48a4c59c6c1fb
[INFO] [stdout]                                at /rustc/1b7dd2252b99671ce5d1cb9664c5f8636329436d/library/test/src/lib.rs:599:37
[INFO] [stdout]   35:     0x55ad4736d965 - std::sys_common::backtrace::__rust_begin_short_backtrace::h32bd51e1495d4a33
[INFO] [stdout]                                at /rustc/1b7dd2252b99671ce5d1cb9664c5f8636329436d/library/std/src/sys_common/backtrace.rs:134:18
[INFO] [stdout]   36:     0x55ad47372ea1 - std::thread::Builder::spawn_unchecked_::{{closure}}::{{closure}}::hc086fae9b128b2db
[INFO] [stdout]                                at /rustc/1b7dd2252b99671ce5d1cb9664c5f8636329436d/library/std/src/thread/mod.rs:526:17
[INFO] [stdout]   37:     0x55ad47372ea1 - <core::panic::unwind_safe::AssertUnwindSafe<F> as core::ops::function::FnOnce<()>>::call_once::hb66571888d270d43
[INFO] [stdout]                                at /rustc/1b7dd2252b99671ce5d1cb9664c5f8636329436d/library/core/src/panic/unwind_safe.rs:271:9
[INFO] [stdout]   38:     0x55ad47372ea1 - std::panicking::try::do_call::h4fa2ef4f6e51fecf
[INFO] [stdout]                                at /rustc/1b7dd2252b99671ce5d1cb9664c5f8636329436d/library/std/src/panicking.rs:485:40
[INFO] [stdout]   39:     0x55ad47372ea1 - std::panicking::try::h1e9e22b8584489b5
[INFO] [stdout]                                at /rustc/1b7dd2252b99671ce5d1cb9664c5f8636329436d/library/std/src/panicking.rs:449:19
[INFO] [stdout]   40:     0x55ad47372ea1 - std::panic::catch_unwind::h44698a3de0e0769e
[INFO] [stdout]                                at /rustc/1b7dd2252b99671ce5d1cb9664c5f8636329436d/library/std/src/panic.rs:140:14
[INFO] [stdout]   41:     0x55ad47372ea1 - std::thread::Builder::spawn_unchecked_::{{closure}}::h50153abde3fe239e
[INFO] [stdout]                                at /rustc/1b7dd2252b99671ce5d1cb9664c5f8636329436d/library/std/src/thread/mod.rs:525:30
[INFO] [stdout]   42:     0x55ad47372ea1 - core::ops::function::FnOnce::call_once{{vtable.shim}}::hbe5bbf6f38394364
[INFO] [stdout]                                at /rustc/1b7dd2252b99671ce5d1cb9664c5f8636329436d/library/core/src/ops/function.rs:250:5
[INFO] [stdout]   43:     0x55ad47835a55 - <alloc::boxed::Box<F,A> as core::ops::function::FnOnce<Args>>::call_once::h0d83cb2920a49046
[INFO] [stdout]                                at /rustc/1b7dd2252b99671ce5d1cb9664c5f8636329436d/library/alloc/src/boxed.rs:1973:9
[INFO] [stdout]   44:     0x55ad47835a55 - <alloc::boxed::Box<F,A> as core::ops::function::FnOnce<Args>>::call_once::hbe0a008aa7d9ef59
[INFO] [stdout]                                at /rustc/1b7dd2252b99671ce5d1cb9664c5f8636329436d/library/alloc/src/boxed.rs:1973:9
[INFO] [stdout]   45:     0x55ad47835a55 - std::sys::unix::thread::Thread::new::thread_start::h3a466996bdf6b1f9
[INFO] [stdout]                                at /rustc/1b7dd2252b99671ce5d1cb9664c5f8636329436d/library/std/src/sys/unix/thread.rs:108:17
[INFO] [stdout]   46:     0x7ff8dc8d5b43 - <unknown>
[INFO] [stdout]   47:     0x7ff8dc966bb4 - __clone
[INFO] [stdout]   48:                0x0 - <unknown>
[INFO] [stdout] 
[INFO] [stdout] 
[INFO] [stdout] failures:
[INFO] [stdout]     app_config::tests::once_off_config_has_priority_1
[INFO] [stdout] 
[INFO] [stdout] test result: FAILED. 77 passed; 1 failed; 1 ignored; 0 measured; 0 filtered out; finished in 0.18s
[INFO] [stdout] 
[INFO] [stderr] error: test failed, to rerun pass `--lib`
[INFO] running `Command { std: "docker" "inspect" "99a531bee3d7b59f4589845ee3066051b87e85649123662fb72c95c0240d2f5c", kill_on_drop: false }`
[INFO] running `Command { std: "docker" "rm" "-f" "99a531bee3d7b59f4589845ee3066051b87e85649123662fb72c95c0240d2f5c", kill_on_drop: false }`
[INFO] [stdout] 99a531bee3d7b59f4589845ee3066051b87e85649123662fb72c95c0240d2f5c
