[INFO] fetching crate git-branchless-smartlog 0.7.0...
[INFO] testing git-branchless-smartlog-0.7.0 against 1.69.0 for beta-1.70-1
[INFO] extracting crate git-branchless-smartlog 0.7.0 into /workspace/builds/worker-5-tc1/source
[INFO] validating manifest of crates.io crate git-branchless-smartlog 0.7.0 on toolchain 1.69.0
[INFO] running `Command { std: CARGO_HOME="/workspace/cargo-home" RUSTUP_HOME="/workspace/rustup-home" "/workspace/cargo-home/bin/cargo" "+1.69.0" "metadata" "--manifest-path" "Cargo.toml" "--no-deps", kill_on_drop: false }`
[INFO] started tweaking crates.io crate git-branchless-smartlog 0.7.0
[INFO] finished tweaking crates.io crate git-branchless-smartlog 0.7.0
[INFO] tweaked toml for crates.io crate git-branchless-smartlog 0.7.0 written to /workspace/builds/worker-5-tc1/source/Cargo.toml
[INFO] crate crates.io crate git-branchless-smartlog 0.7.0 already has a lockfile, it will not be regenerated
[INFO] running `Command { std: CARGO_HOME="/workspace/cargo-home" RUSTUP_HOME="/workspace/rustup-home" "/workspace/cargo-home/bin/cargo" "+1.69.0" "fetch" "--manifest-path" "Cargo.toml", kill_on_drop: false }`
[INFO] [stderr]  Downloading crates ...
[INFO] [stderr]   Downloaded clap_mangen v0.2.9
[INFO] [stderr]   Downloaded git-branchless-invoke v0.7.0
[INFO] [stderr]   Downloaded git-branchless-revset v0.7.0
[INFO] [stderr]   Downloaded git-record v0.3.0
[INFO] [stderr]   Downloaded enum-map v2.4.2
[INFO] [stderr]   Downloaded esl01-minibytes v0.2.0
[INFO] [stderr]   Downloaded assert_cmd v2.0.8
[INFO] [stderr]   Downloaded cursive_buffered_backend v0.6.1
[INFO] [stderr]   Downloaded concolor-query v0.1.0
[INFO] [stderr]   Downloaded concolor v0.0.12
[INFO] [stderr]   Downloaded darling v0.14.3
[INFO] [stderr]   Downloaded darling_core v0.14.3
[INFO] [stderr]   Downloaded serial v0.4.0
[INFO] [stderr]   Downloaded chashmap v2.2.2
[INFO] [stderr]   Downloaded esl01-drawdag v0.1.0
[INFO] [stderr]   Downloaded filedescriptor v0.8.2
[INFO] [stderr]   Downloaded vt100 v0.15.2
[INFO] [stderr]   Downloaded darling_macro v0.14.3
[INFO] [stderr]   Downloaded serial-windows v0.4.0
[INFO] [stderr]   Downloaded git-branchless-opts v0.7.0
[INFO] [stderr]   Downloaded esl01-indexedlog v0.1.2
[INFO] [stderr]   Downloaded esl01-vlqencoding v0.1.0
[INFO] [stderr]   Downloaded esl01-dag v0.2.1
[INFO] [stderr]   Downloaded cursive v0.20.0
[INFO] [stderr]   Downloaded cursive_core v0.3.7
[INFO] [stderr]   Downloaded shell-words v1.1.0
[INFO] [stderr]   Downloaded portable-pty v0.7.0
[INFO] [stderr]   Downloaded tracing-chrome v0.6.0
[INFO] [stderr]   Downloaded vte v0.11.0
[INFO] [stderr]   Downloaded git-branchless-lib v0.7.0
[INFO] [stderr]   Downloaded scanlex v0.1.4
[INFO] [stderr]   Downloaded chrono-english v0.1.7
[INFO] [stderr]   Downloaded chronoutil v0.2.3
[INFO] [stderr]   Downloaded roff v0.2.1
[INFO] [stderr]   Downloaded insta v1.28.0
[INFO] running `Command { std: "docker" "create" "-v" "/var/lib/crater-agent-workspace/builds/worker-5-tc1/target:/opt/rustwide/target:rw,Z" "-v" "/var/lib/crater-agent-workspace/builds/worker-5-tc1/source:/opt/rustwide/workdir:ro,Z" "-v" "/var/lib/crater-agent-workspace/cargo-home:/opt/rustwide/cargo-home:ro,Z" "-v" "/var/lib/crater-agent-workspace/rustup-home:/opt/rustwide/rustup-home:ro,Z" "-e" "SOURCE_DIR=/opt/rustwide/workdir" "-e" "CARGO_TARGET_DIR=/opt/rustwide/target" "-e" "CARGO_HOME=/opt/rustwide/cargo-home" "-e" "RUSTUP_HOME=/opt/rustwide/rustup-home" "-w" "/opt/rustwide/workdir" "-m" "1610612736" "--user" "0:0" "--network" "none" "ghcr.io/rust-lang/crates-build-env/linux@sha256:5ff2268d62e97bff2cde7d5815dd6ed5b47097566f13b8d0ca110b04b60e07ed" "/opt/rustwide/cargo-home/bin/cargo" "+1.69.0" "metadata" "--no-deps" "--format-version=1", kill_on_drop: false }`
[INFO] [stdout] eb9cefd4dccff46d92c88189a8b2fb31d99efdfa8e52c1b113d9cb2e5b443a61
[INFO] running `Command { std: "docker" "start" "-a" "eb9cefd4dccff46d92c88189a8b2fb31d99efdfa8e52c1b113d9cb2e5b443a61", kill_on_drop: false }`
[INFO] running `Command { std: "docker" "inspect" "eb9cefd4dccff46d92c88189a8b2fb31d99efdfa8e52c1b113d9cb2e5b443a61", kill_on_drop: false }`
[INFO] running `Command { std: "docker" "rm" "-f" "eb9cefd4dccff46d92c88189a8b2fb31d99efdfa8e52c1b113d9cb2e5b443a61", kill_on_drop: false }`
[INFO] [stdout] eb9cefd4dccff46d92c88189a8b2fb31d99efdfa8e52c1b113d9cb2e5b443a61
[INFO] running `Command { std: "docker" "create" "-v" "/var/lib/crater-agent-workspace/builds/worker-5-tc1/target:/opt/rustwide/target:rw,Z" "-v" "/var/lib/crater-agent-workspace/builds/worker-5-tc1/source:/opt/rustwide/workdir:ro,Z" "-v" "/var/lib/crater-agent-workspace/cargo-home:/opt/rustwide/cargo-home:ro,Z" "-v" "/var/lib/crater-agent-workspace/rustup-home:/opt/rustwide/rustup-home:ro,Z" "-e" "SOURCE_DIR=/opt/rustwide/workdir" "-e" "CARGO_TARGET_DIR=/opt/rustwide/target" "-e" "CARGO_INCREMENTAL=0" "-e" "RUST_BACKTRACE=full" "-e" "RUSTFLAGS=--cap-lints=warn" "-e" "RUSTDOCFLAGS=--cap-lints=warn" "-e" "CARGO_HOME=/opt/rustwide/cargo-home" "-e" "RUSTUP_HOME=/opt/rustwide/rustup-home" "-w" "/opt/rustwide/workdir" "-m" "1610612736" "--user" "0:0" "--network" "none" "ghcr.io/rust-lang/crates-build-env/linux@sha256:5ff2268d62e97bff2cde7d5815dd6ed5b47097566f13b8d0ca110b04b60e07ed" "/opt/rustwide/cargo-home/bin/cargo" "+1.69.0" "build" "--frozen" "--message-format=json", kill_on_drop: false }`
[INFO] [stdout] 4c426f47b36728b010fb96b5ee6b93595e1218fef4cdac072aa87b3f3999a631
[INFO] running `Command { std: "docker" "start" "-a" "4c426f47b36728b010fb96b5ee6b93595e1218fef4cdac072aa87b3f3999a631", kill_on_drop: false }`
[INFO] [stderr]    Compiling libc v0.2.139
[INFO] [stderr]    Compiling proc-macro2 v1.0.51
[INFO] [stderr]    Compiling unicode-ident v1.0.6
[INFO] [stderr]    Compiling quote v1.0.23
[INFO] [stderr]    Compiling regex-syntax v0.6.28
[INFO] [stderr]    Compiling crossbeam-utils v0.8.15
[INFO] [stderr]    Compiling ahash v0.7.6
[INFO] [stderr]    Compiling num-traits v0.2.15
[INFO] [stderr]    Compiling tracing-core v0.1.30
[INFO] [stderr]    Compiling io-lifetimes v1.0.5
[INFO] [stderr]    Compiling either v1.8.1
[INFO] [stderr]    Compiling aho-corasick v0.7.20
[INFO] [stderr]    Compiling rustix v0.36.8
[INFO] [stderr]    Compiling linux-raw-sys v0.1.4
[INFO] [stderr]    Compiling indexmap v1.9.2
[INFO] [stderr]    Compiling crossbeam-epoch v0.9.14
[INFO] [stderr]    Compiling num-iter v0.1.43
[INFO] [stderr]    Compiling serde_derive v1.0.152
[INFO] [stderr]    Compiling itoa v1.0.5
[INFO] [stderr]    Compiling getrandom v0.1.16
[INFO] [stderr]    Compiling ahash v0.8.3
[INFO] [stderr]    Compiling serde v1.0.152
[INFO] [stderr]    Compiling maybe-uninit v2.0.0
[INFO] [stderr]    Compiling signal-hook v0.3.15
[INFO] [stderr]    Compiling tracing-log v0.1.3
[INFO] [stderr]    Compiling itertools v0.10.5
[INFO] [stderr]    Compiling thread_local v1.1.7
[INFO] [stderr]    Compiling proc-macro-error-attr v1.0.4
[INFO] [stderr]    Compiling sharded-slab v0.1.4
[INFO] [stderr]    Compiling crossbeam-channel v0.5.7
[INFO] [stderr]    Compiling time-core v0.1.0
[INFO] [stderr]    Compiling unicode-segmentation v1.10.1
[INFO] [stderr]    Compiling ansi_term v0.12.1
[INFO] [stderr]    Compiling thiserror v1.0.38
[INFO] [stderr]    Compiling num_threads v0.1.6
[INFO] [stderr]    Compiling syn v1.0.109
[INFO] [stderr]    Compiling owning_ref v0.4.1
[INFO] [stderr]    Compiling crossbeam-deque v0.8.3
[INFO] [stderr]    Compiling proc-macro-error v1.0.4
[INFO] [stderr]    Compiling xi-unicode v0.3.0
[INFO] [stderr]    Compiling anyhow v1.0.69
[INFO] [stderr]    Compiling vcpkg v0.2.15
[INFO] [stderr]    Compiling crossbeam-queue v0.3.8
[INFO] [stderr]    Compiling smallvec v0.6.14
[INFO] [stderr]    Compiling adler v1.0.2
[INFO] [stderr]    Compiling rayon-core v1.10.2
[INFO] [stderr]    Compiling getrandom v0.2.8
[INFO] [stderr]    Compiling jobserver v0.1.26
[INFO] [stderr]    Compiling num-integer v0.1.45
[INFO] [stderr]    Compiling parking_lot_core v0.9.7
[INFO] [stderr]    Compiling num-complex v0.4.3
[INFO] [stderr]    Compiling signal-hook-registry v1.4.1
[INFO] [stderr]    Compiling regex v1.7.1
[INFO] [stderr]    Compiling cc v1.0.79
[INFO] [stderr]    Compiling regex-automata v0.1.10
[INFO] [stderr]    Compiling parking_lot v0.12.1
[INFO] [stderr]    Compiling hashbrown v0.12.3
[INFO] [stderr]    Compiling num-rational v0.4.1
[INFO] [stderr]    Compiling rand_core v0.6.4
[INFO] [stderr]    Compiling rand_core v0.5.1
[INFO] [stderr]    Compiling mio v0.8.6
[INFO] [stderr]    Compiling time v0.3.20
[INFO] [stderr]    Compiling rand_chacha v0.2.2
[INFO] [stderr]    Compiling matchers v0.1.0
[INFO] [stderr]    Compiling rand_chacha v0.3.1
[INFO] [stderr]    Compiling num v0.4.0
[INFO] [stderr]    Compiling time v0.1.45
[INFO] [stderr]    Compiling serial-core v0.4.0
[INFO] [stderr]    Compiling signal-hook-mio v0.2.3
[INFO] [stderr]    Compiling rand v0.8.5
[INFO] [stderr]    Compiling memmap v0.7.0
[INFO] [stderr]    Compiling dirs-sys-next v0.1.2
[INFO] [stderr]    Compiling termios v0.2.2
[INFO] [stderr]    Compiling rand v0.4.6
[INFO] [stderr]    Compiling ioctl-rs v0.1.6
[INFO] [stderr]    Compiling iana-time-zone v0.1.53
[INFO] [stderr]    Compiling fastrand v1.9.0
[INFO] [stderr]    Compiling gimli v0.27.2
[INFO] [stderr]    Compiling portable-atomic v0.3.19
[INFO] [stderr]    Compiling libz-sys v1.1.8
[INFO] [stderr]    Compiling libsqlite3-sys v0.25.2
[INFO] [stderr]    Compiling backtrace v0.3.67
[INFO] [stderr]    Compiling libgit2-sys v0.14.2+1.5.1
[INFO] [stderr]    Compiling unicode-bidi v0.3.10
[INFO] [stderr]    Compiling doc-comment v0.3.3
[INFO] [stderr]    Compiling cfg-if v0.1.10
[INFO] [stderr]    Compiling predicates-core v1.0.5
[INFO] [stderr]    Compiling eyre v0.6.8
[INFO] [stderr]    Compiling crunchy v0.2.2
[INFO] [stderr]    Compiling static_assertions v1.1.0
[INFO] [stderr]    Compiling twox-hash v1.6.3
[INFO] [stderr]    Compiling parking_lot_core v0.2.14
[INFO] [stderr]    Compiling is-terminal v0.4.4
[INFO] [stderr]    Compiling tempfile v3.4.0
[INFO] [stderr]    Compiling idna v0.3.0
[INFO] [stderr]    Compiling parking_lot_core v0.7.3
[INFO] [stderr]    Compiling chrono v0.4.23
[INFO] [stderr]    Compiling serial-unix v0.4.0
[INFO] [stderr]    Compiling dirs-next v2.0.0
[INFO] [stderr]    Compiling crossterm v0.25.0
[INFO] [stderr]    Compiling rand v0.7.3
[INFO] [stderr]    Compiling miniz_oxide v0.6.2
[INFO] [stderr]    Compiling num_cpus v1.15.0
[INFO] [stderr]    Compiling fs2 v0.4.3
[INFO] [stderr]    Compiling vte_generate_state_changes v0.1.1
[INFO] [stderr]    Compiling owning_ref v0.3.3
[INFO] [stderr]    Compiling object v0.30.3
[INFO] [stderr]    Compiling lock_api v0.3.4
[INFO] [stderr]    Compiling termtree v0.4.0
[INFO] [stderr]    Compiling os_str_bytes v6.4.1
[INFO] [stderr]    Compiling esl01-vlqencoding v0.1.0
[INFO] [stderr]    Compiling utf8parse v0.2.0
[INFO] [stderr]    Compiling hex v0.4.3
[INFO] [stderr]    Compiling indenter v0.3.3
[INFO] [stderr]    Compiling owo-colors v3.5.0
[INFO] [stderr]    Compiling difflib v0.4.0
[INFO] [stderr]    Compiling rustc-demangle v0.1.21
[INFO] [stderr]    Compiling tiny-keccak v2.0.2
[INFO] [stderr]    Compiling arrayvec v0.7.2
[INFO] [stderr]    Compiling heck v0.4.1
[INFO] [stderr]    Compiling darling_core v0.14.3
[INFO] [stderr]    Compiling predicates v2.1.5
[INFO] [stderr]    Compiling vte v0.11.0
[INFO] [stderr]    Compiling clap_lex v0.3.2
[INFO] [stderr]    Compiling predicates-tree v1.0.7
[INFO] [stderr]    Compiling parking_lot v0.10.2
[INFO] [stderr]    Compiling parking_lot v0.4.8
[INFO] [stderr]    Compiling crossbeam v0.8.2
[INFO] [stderr]    Compiling url v2.3.1
[INFO] [stderr]    Compiling serial v0.4.0
[INFO] [stderr]    Compiling addr2line v0.19.0
[INFO] [stderr]    Compiling term v0.7.0
[INFO] [stderr]    Compiling hashlink v0.8.1
[INFO] [stderr]    Compiling bstr v1.3.0
[INFO] [stderr]    Compiling console v0.15.5
[INFO] [stderr]    Compiling wait-timeout v0.2.0
[INFO] [stderr]    Compiling itertools v0.8.2
[INFO] [stderr]    Compiling number_prefix v0.4.0
[INFO] [stderr]    Compiling concolor-query v0.1.0
[INFO] [stderr]    Compiling json v0.12.4
[INFO] [stderr]    Compiling termcolor v1.2.0
[INFO] [stderr]    Compiling esl01-drawdag v0.1.0
[INFO] [stderr]    Compiling unicode-linebreak v0.1.4
[INFO] [stderr]    Compiling fixedbitset v0.4.2
[INFO] [stderr]    Compiling bit-vec v0.6.3
[INFO] [stderr]    Compiling shell-words v1.1.0
[INFO] [stderr]    Compiling smawk v0.3.1
[INFO] [stderr]    Compiling fallible-iterator v0.2.0
[INFO] [stderr]    Compiling fallible-streaming-iterator v0.1.9
[INFO] [stderr]    Compiling string_cache v0.8.4
[INFO] [stderr]    Compiling bit-set v0.5.3
[INFO] [stderr]    Compiling petgraph v0.6.3
[INFO] [stderr]    Compiling assert_cmd v2.0.8
[INFO] [stderr]    Compiling indicatif v0.17.3
[INFO] [stderr]    Compiling concolor v0.0.12
[INFO] [stderr]    Compiling ascii-canvas v3.0.0
[INFO] [stderr]    Compiling rayon v1.6.1
[INFO] [stderr]    Compiling vt100 v0.15.2
[INFO] [stderr]    Compiling chashmap v2.2.2
[INFO] [stderr]    Compiling lalrpop-util v0.19.8
[INFO] [stderr]    Compiling atty v0.2.14
[INFO] [stderr]    Compiling ena v0.14.1
[INFO] [stderr]    Compiling roff v0.2.1
[INFO] [stderr]    Compiling diff v0.1.13
[INFO] [stderr]    Compiling unicode-xid v0.2.4
[INFO] [stderr]    Compiling pico-args v0.4.2
[INFO] [stderr]    Compiling serde_json v1.0.93
[INFO] [stderr]    Compiling ryu v1.0.12
[INFO] [stderr]    Compiling scanlex v0.1.4
[INFO] [stderr]    Compiling chrono-english v0.1.7
[INFO] [stderr]    Compiling chronoutil v0.2.3
[INFO] [stderr]    Compiling glob v0.3.1
[INFO] [stderr]    Compiling tracing-attributes v0.1.23
[INFO] [stderr]    Compiling darling_macro v0.14.3
[INFO] [stderr]    Compiling enum-map-derive v0.11.0
[INFO] [stderr]    Compiling thiserror-impl v1.0.38
[INFO] [stderr]    Compiling clap_derive v4.1.8
[INFO] [stderr]    Compiling lalrpop v0.19.8
[INFO] [stderr]    Compiling enum-map v2.4.2
[INFO] [stderr]    Compiling darling v0.14.3
[INFO] [stderr]    Compiling enumset_derive v0.6.1
[INFO] [stderr]    Compiling tracing v0.1.37
[INFO] [stderr]    Compiling textwrap v0.16.0
[INFO] [stderr]    Compiling tracing-subscriber v0.3.11
[INFO] [stderr]    Compiling enumset v1.0.12
[INFO] [stderr]    Compiling filedescriptor v0.8.2
[INFO] [stderr]    Compiling portable-pty v0.7.0
[INFO] [stderr]    Compiling cursive_core v0.3.7
[INFO] [stderr]    Compiling clap v4.1.8
[INFO] [stderr]    Compiling tracing-error v0.2.0
[INFO] [stderr]    Compiling tracing-chrome v0.6.0
[INFO] [stderr]    Compiling color-spantrace v0.2.0
[INFO] [stderr]    Compiling color-eyre v0.6.2
[INFO] [stderr]    Compiling rusqlite v0.28.0
[INFO] [stderr]    Compiling cursive_buffered_backend v0.6.1
[INFO] [stderr]    Compiling cursive v0.20.0
[INFO] [stderr]    Compiling clap_mangen v0.2.9
[INFO] [stderr]    Compiling git2 v0.16.1
[INFO] [stderr]    Compiling git-record v0.3.0
[INFO] [stderr]    Compiling esl01-minibytes v0.2.0
[INFO] [stderr]    Compiling esl01-indexedlog v0.1.2
[INFO] [stderr]    Compiling esl01-dag v0.2.1
[INFO] [stderr]    Compiling git-branchless-lib v0.7.0
[INFO] [stderr]    Compiling git-branchless-revset v0.7.0
[INFO] [stderr]    Compiling git-branchless-opts v0.7.0
[INFO] [stderr]    Compiling git-branchless-invoke v0.7.0
[INFO] [stderr]    Compiling git-branchless-smartlog v0.7.0 (/opt/rustwide/workdir)
[INFO] [stderr]     Finished dev [unoptimized + debuginfo] target(s) in 1m 25s
[INFO] [stderr] warning: the following packages contain code that will be rejected by a future version of Rust: lalrpop v0.19.8
[INFO] [stderr] note: to see what the problems were, use the option `--future-incompat-report`, or run `cargo report future-incompatibilities --id 2`
[INFO] running `Command { std: "docker" "inspect" "4c426f47b36728b010fb96b5ee6b93595e1218fef4cdac072aa87b3f3999a631", kill_on_drop: false }`
[INFO] running `Command { std: "docker" "rm" "-f" "4c426f47b36728b010fb96b5ee6b93595e1218fef4cdac072aa87b3f3999a631", kill_on_drop: false }`
[INFO] [stdout] 4c426f47b36728b010fb96b5ee6b93595e1218fef4cdac072aa87b3f3999a631
[INFO] running `Command { std: "docker" "create" "-v" "/var/lib/crater-agent-workspace/builds/worker-5-tc1/target:/opt/rustwide/target:rw,Z" "-v" "/var/lib/crater-agent-workspace/builds/worker-5-tc1/source:/opt/rustwide/workdir:ro,Z" "-v" "/var/lib/crater-agent-workspace/cargo-home:/opt/rustwide/cargo-home:ro,Z" "-v" "/var/lib/crater-agent-workspace/rustup-home:/opt/rustwide/rustup-home:ro,Z" "-e" "SOURCE_DIR=/opt/rustwide/workdir" "-e" "CARGO_TARGET_DIR=/opt/rustwide/target" "-e" "CARGO_INCREMENTAL=0" "-e" "RUST_BACKTRACE=full" "-e" "RUSTFLAGS=--cap-lints=warn" "-e" "RUSTDOCFLAGS=--cap-lints=warn" "-e" "CARGO_HOME=/opt/rustwide/cargo-home" "-e" "RUSTUP_HOME=/opt/rustwide/rustup-home" "-w" "/opt/rustwide/workdir" "-m" "1610612736" "--user" "0:0" "--network" "none" "ghcr.io/rust-lang/crates-build-env/linux@sha256:5ff2268d62e97bff2cde7d5815dd6ed5b47097566f13b8d0ca110b04b60e07ed" "/opt/rustwide/cargo-home/bin/cargo" "+1.69.0" "test" "--frozen" "--no-run" "--message-format=json", kill_on_drop: false }`
[INFO] [stdout] 571a932783c59422e8d6e9f622ef18f30bf40f22214580cb4570dc0972c5bef9
[INFO] running `Command { std: "docker" "start" "-a" "571a932783c59422e8d6e9f622ef18f30bf40f22214580cb4570dc0972c5bef9", kill_on_drop: false }`
[INFO] [stderr]     Blocking waiting for file lock on package cache
[INFO] [stderr]    Compiling linked-hash-map v0.5.6
[INFO] [stderr]    Compiling similar v2.2.1
[INFO] [stderr]    Compiling yaml-rust v0.4.5
[INFO] [stderr]    Compiling insta v1.28.0
[INFO] [stderr]    Compiling git-branchless-smartlog v0.7.0 (/opt/rustwide/workdir)
[INFO] [stderr]     Finished test [unoptimized + debuginfo] target(s) in 11.97s
[INFO] [stderr] warning: the following packages contain code that will be rejected by a future version of Rust: lalrpop v0.19.8
[INFO] [stderr] note: to see what the problems were, use the option `--future-incompat-report`, or run `cargo report future-incompatibilities --id 2`
[INFO] running `Command { std: "docker" "inspect" "571a932783c59422e8d6e9f622ef18f30bf40f22214580cb4570dc0972c5bef9", kill_on_drop: false }`
[INFO] running `Command { std: "docker" "rm" "-f" "571a932783c59422e8d6e9f622ef18f30bf40f22214580cb4570dc0972c5bef9", kill_on_drop: false }`
[INFO] [stdout] 571a932783c59422e8d6e9f622ef18f30bf40f22214580cb4570dc0972c5bef9
[INFO] running `Command { std: "docker" "create" "-v" "/var/lib/crater-agent-workspace/builds/worker-5-tc1/target:/opt/rustwide/target:rw,Z" "-v" "/var/lib/crater-agent-workspace/builds/worker-5-tc1/source:/opt/rustwide/workdir:ro,Z" "-v" "/var/lib/crater-agent-workspace/cargo-home:/opt/rustwide/cargo-home:ro,Z" "-v" "/var/lib/crater-agent-workspace/rustup-home:/opt/rustwide/rustup-home:ro,Z" "-e" "SOURCE_DIR=/opt/rustwide/workdir" "-e" "CARGO_TARGET_DIR=/opt/rustwide/target" "-e" "CARGO_INCREMENTAL=0" "-e" "RUST_BACKTRACE=full" "-e" "RUSTFLAGS=--cap-lints=warn" "-e" "RUSTDOCFLAGS=--cap-lints=warn" "-e" "CARGO_HOME=/opt/rustwide/cargo-home" "-e" "RUSTUP_HOME=/opt/rustwide/rustup-home" "-w" "/opt/rustwide/workdir" "-m" "1610612736" "--user" "0:0" "--network" "none" "ghcr.io/rust-lang/crates-build-env/linux@sha256:5ff2268d62e97bff2cde7d5815dd6ed5b47097566f13b8d0ca110b04b60e07ed" "/opt/rustwide/cargo-home/bin/cargo" "+1.69.0" "test" "--frozen", kill_on_drop: false }`
[INFO] [stdout] 5835c2b7b8c2f05f35a00fab089ebab0b9f4167185ed22cfc05666f347b13328
[INFO] running `Command { std: "docker" "start" "-a" "5835c2b7b8c2f05f35a00fab089ebab0b9f4167185ed22cfc05666f347b13328", kill_on_drop: false }`
[INFO] [stderr]     Finished test [unoptimized + debuginfo] target(s) in 0.43s
[INFO] [stderr] warning: the following packages contain code that will be rejected by a future version of Rust: lalrpop v0.19.8
[INFO] [stderr] note: to see what the problems were, use the option `--future-incompat-report`, or run `cargo report future-incompatibilities --id 2`
[INFO] [stderr]      Running unittests src/lib.rs (/opt/rustwide/target/debug/deps/git_branchless_smartlog-3735abb131dbba16)
[INFO] [stderr]      Running unittests src/main.rs (/opt/rustwide/target/debug/deps/git_branchless_smartlog-47d8208721d364c6)
[INFO] [stdout] 
[INFO] [stdout] running 0 tests
[INFO] [stdout] 
[INFO] [stdout] test result: ok. 0 passed; 0 failed; 0 ignored; 0 measured; 0 filtered out; finished in 0.00s
[INFO] [stdout] 
[INFO] [stdout] 
[INFO] [stderr]      Running tests/test_smartlog.rs (/opt/rustwide/target/debug/deps/test_smartlog-8ca866f546bf5d2f)
[INFO] [stdout] running 0 tests
[INFO] [stdout] 
[INFO] [stdout] test result: ok. 0 passed; 0 failed; 0 ignored; 0 measured; 0 filtered out; finished in 0.00s
[INFO] [stdout] 
[INFO] [stdout] 
[INFO] [stdout] running 23 tests
[INFO] [stdout] test test_non_adjacent_commits3 ... FAILED
[INFO] [stdout] test test_merge_commit ... FAILED
[INFO] [stdout] test test_show_reachable_commit ... FAILED
[INFO] [stdout] test test_smartlog_hidden ... FAILED
[INFO] [stdout] test test_merge_commit_reverse_order ... FAILED
[INFO] [stdout] test test_init_smartlog ... FAILED
[INFO] [stdout] test test_smartlog_hint_abandoned_except_current_commit ... FAILED
[INFO] [stdout] test test_smartlog_hint_abandoned_reverse_order ... FAILED
[INFO] [stdout] test test_rebase ... FAILED
[INFO] [stdout] test test_show_rewritten_commit_hash ... FAILED
[INFO] [stdout] test test_non_adjacent_commits ... FAILED
[INFO] [stdout] test test_tree ... FAILED
[INFO] [stdout] test test_smartlog_sparse_main_false_head ... FAILED
[INFO] [stdout] test test_smartlog_sparse_vertical_ellipsis_sibling_commits ... FAILED
[INFO] [stdout] test test_non_adjacent_commits2 ... FAILED
[INFO] [stdout] test test_sequential_master_commits ... FAILED
[INFO] [stdout] test test_rebase_conflict ... FAILED
[INFO] [stdout] test test_smartlog_sparse ... FAILED
[INFO] [stdout] test test_smartlog_orphaned_root ... FAILED
[INFO] [stdout] test test_custom_main_branch ... FAILED
[INFO] [stdout] test test_smartlog_sparse_false_head ... FAILED
[INFO] [stdout] test test_smartlog_hint_abandoned ... FAILED
[INFO] [stdout] test test_smartlog_sparse_branch ... FAILED
[INFO] [stdout] 
[INFO] [stdout] failures:
[INFO] [stdout] 
[INFO] [stdout] ---- test_non_adjacent_commits3 stdout ----
[INFO] [stdout] Error: 
[INFO] [stdout]    0: [91mNo path to Git executable was set. Try running as: `TEST_GIT=$(which git) cargo test ...` or set `env.TEST_GIT` in your `config.toml` (see https://doc.rust-lang.org/cargo/reference/config.html)[0m
[INFO] [stdout] 
[INFO] [stdout] Location:
[INFO] [stdout]    [35m/opt/rustwide/cargo-home/registry/src/github.com-1ecc6299db9ec823/git-branchless-lib-0.7.0/src/core/config.rs[0m:[35m334[0m
[INFO] [stdout] 
[INFO] [stdout]   ━━━━━━━━━━━━━━━━━━━━━━━━━━━━━━━━━━ BACKTRACE ━━━━━━━━━━━━━━━━━━━━━━━━━━━━━━━━━━━
[INFO] [stdout]   [96m                              ⋮ 5 frames hidden ⋮                               [0m
[INFO] [stdout]    6: [91mbranchless::core::config::env_vars::get_path_to_git::{{closure}}[0m[90m::h08f8c131ad752995[0m
[INFO] [stdout]       at [35m/opt/rustwide/cargo-home/registry/src/github.com-1ecc6299db9ec823/git-branchless-lib-0.7.0/src/core/config.rs[0m:[35m334[0m
[INFO] [stdout]        332 │     pub fn get_path_to_git() -> eyre::Result<PathBuf> {
[INFO] [stdout]        333 │         let path_to_git = std::env::var_os(TEST_GIT).ok_or_else(|| {
[INFO] [stdout]   [37;1m     334[0m [37;1m>[0m [37;1m            eyre::eyre!([0m
[INFO] [stdout]        335 │                 "No path to Git executable was set. \
[INFO] [stdout]        336 │ Try running as: `{0}=$(which git) cargo test ...` \
[INFO] [stdout]    7: [32mcore::option::Option<T>::ok_or_else[0m[90m::hb26fa8c81a6ab326[0m
[INFO] [stdout]       at [35m/rustc/84c898d65adf2f39a5a98507f1fe0ce10a2b8dbc/library/core/src/option.rs[0m:[35m1249[0m
[INFO] [stdout]    8: [91mbranchless::core::config::env_vars::get_path_to_git[0m[90m::h600e3ee03f87b390[0m
[INFO] [stdout]       at [35m/opt/rustwide/cargo-home/registry/src/github.com-1ecc6299db9ec823/git-branchless-lib-0.7.0/src/core/config.rs[0m:[35m333[0m
[INFO] [stdout]        331 │     #[instrument]
[INFO] [stdout]        332 │     pub fn get_path_to_git() -> eyre::Result<PathBuf> {
[INFO] [stdout]   [37;1m     333[0m [37;1m>[0m [37;1m        let path_to_git = std::env::var_os(TEST_GIT).ok_or_else(|| {[0m
[INFO] [stdout]        334 │             eyre::eyre!(
[INFO] [stdout]        335 │                 "No path to Git executable was set. \
[INFO] [stdout]    9: [91mbranchless::testing::make_git[0m[90m::h92ae309746586943[0m
[INFO] [stdout]       at [35m/opt/rustwide/cargo-home/registry/src/github.com-1ecc6299db9ec823/git-branchless-lib-0.7.0/src/testing.rs[0m:[35m650[0m
[INFO] [stdout]        648 │ 
[INFO] [stdout]        649 │     let repo_dir = tempfile::tempdir()?;
[INFO] [stdout]   [37;1m     650[0m [37;1m>[0m [37;1m    let path_to_git = get_path_to_git()?;[0m
[INFO] [stdout]        651 │     let git_exec_path = get_git_exec_path()?;
[INFO] [stdout]        652 │     let git = Git::new(path_to_git, repo_dir.path().to_path_buf(), git_exec_path);
[INFO] [stdout]   10: [91mtest_smartlog::test_non_adjacent_commits3[0m[90m::hbc34e5440005cbb3[0m
[INFO] [stdout]       at [35m/opt/rustwide/workdir/tests/test_smartlog.rs[0m:[35m316[0m
[INFO] [stdout]        314 │ #[test]
[INFO] [stdout]        315 │ fn test_non_adjacent_commits3() -> eyre::Result<()> {
[INFO] [stdout]   [37;1m     316[0m [37;1m>[0m [37;1m    let git = make_git()?;[0m
[INFO] [stdout]        317 │ 
[INFO] [stdout]        318 │     git.init_repo()?;
[INFO] [stdout]   11: [91mtest_smartlog::test_non_adjacent_commits3::{{closure}}[0m[90m::h334981c057b82e19[0m
[INFO] [stdout]       at [35m/opt/rustwide/workdir/tests/test_smartlog.rs[0m:[35m315[0m
[INFO] [stdout]        313 │ 
[INFO] [stdout]        314 │ #[test]
[INFO] [stdout]   [37;1m     315[0m [37;1m>[0m [37;1mfn test_non_adjacent_commits3() -> eyre::Result<()> {[0m
[INFO] [stdout]        316 │     let git = make_git()?;
[INFO] [stdout]        317 │ 
[INFO] [stdout]   12: [32mcore::ops::function::FnOnce::call_once[0m[90m::he106c21be19af1a3[0m
[INFO] [stdout]       at [35m/rustc/84c898d65adf2f39a5a98507f1fe0ce10a2b8dbc/library/core/src/ops/function.rs[0m:[35m250[0m
[INFO] [stdout]   13: [32mcore::ops::function::FnOnce::call_once[0m[90m::h7d969581be7d0075[0m
[INFO] [stdout]       at [35m/rustc/84c898d65adf2f39a5a98507f1fe0ce10a2b8dbc/library/core/src/ops/function.rs[0m:[35m250[0m
[INFO] [stdout]   14: [32mtest::__rust_begin_short_backtrace[0m[90m::hca25a52684e56655[0m
[INFO] [stdout]       at [35m/rustc/84c898d65adf2f39a5a98507f1fe0ce10a2b8dbc/library/test/src/lib.rs[0m:[35m656[0m
[INFO] [stdout]   15: [32mtest::run_test::{{closure}}[0m[90m::ha8ac744c4af1a4bb[0m
[INFO] [stdout]       at [35m/rustc/84c898d65adf2f39a5a98507f1fe0ce10a2b8dbc/library/test/src/lib.rs[0m:[35m647[0m
[INFO] [stdout]   16: [32mcore::ops::function::FnOnce::call_once{{vtable.shim}}[0m[90m::h7b411a9ed45bdecf[0m
[INFO] [stdout]       at [35m/rustc/84c898d65adf2f39a5a98507f1fe0ce10a2b8dbc/library/core/src/ops/function.rs[0m:[35m250[0m
[INFO] [stdout]   17: [32m<alloc::boxed::Box<F,A> as core::ops::function::FnOnce<Args>>::call_once[0m[90m::hd05328869a8ed200[0m
[INFO] [stdout]       at [35m/rustc/84c898d65adf2f39a5a98507f1fe0ce10a2b8dbc/library/alloc/src/boxed.rs[0m:[35m1987[0m
[INFO] [stdout]   18: [32m<core::panic::unwind_safe::AssertUnwindSafe<F> as core::ops::function::FnOnce<()>>::call_once[0m[90m::h0c601ce20bd5b2be[0m
[INFO] [stdout]       at [35m/rustc/84c898d65adf2f39a5a98507f1fe0ce10a2b8dbc/library/core/src/panic/unwind_safe.rs[0m:[35m271[0m
[INFO] [stdout]   19: [32mstd::panicking::try::do_call[0m[90m::ha4be5c164fe30854[0m
[INFO] [stdout]       at [35m/rustc/84c898d65adf2f39a5a98507f1fe0ce10a2b8dbc/library/std/src/panicking.rs[0m:[35m487[0m
[INFO] [stdout]   20: [32mstd::panicking::try[0m[90m::h604546f3609af05f[0m
[INFO] [stdout]       at [35m/rustc/84c898d65adf2f39a5a98507f1fe0ce10a2b8dbc/library/std/src/panicking.rs[0m:[35m451[0m
[INFO] [stdout]   21: [32mstd::panic::catch_unwind[0m[90m::h5bfa8afe44c9c2f9[0m
[INFO] [stdout]       at [35m/rustc/84c898d65adf2f39a5a98507f1fe0ce10a2b8dbc/library/std/src/panic.rs[0m:[35m140[0m
[INFO] [stdout]   22: [32mtest::run_test_in_process[0m[90m::hd50dee55dd63e6aa[0m
[INFO] [stdout]       at [35m/rustc/84c898d65adf2f39a5a98507f1fe0ce10a2b8dbc/library/test/src/lib.rs[0m:[35m679[0m
[INFO] [stdout]   [96m                              ⋮ 14 frames hidden ⋮                              [0m
[INFO] [stdout] 
[INFO] [stdout] Run with COLORBT_SHOW_HIDDEN=1 environment variable to disable frame filtering.
[INFO] [stdout] 
[INFO] [stdout] ---- test_merge_commit stdout ----
[INFO] [stdout] Error: 
[INFO] [stdout]    0: [91mNo path to Git executable was set. Try running as: `TEST_GIT=$(which git) cargo test ...` or set `env.TEST_GIT` in your `config.toml` (see https://doc.rust-lang.org/cargo/reference/config.html)[0m
[INFO] [stdout] 
[INFO] [stdout] Location:
[INFO] [stdout]    [35m/opt/rustwide/cargo-home/registry/src/github.com-1ecc6299db9ec823/git-branchless-lib-0.7.0/src/core/config.rs[0m:[35m334[0m
[INFO] [stdout] 
[INFO] [stdout]   ━━━━━━━━━━━━━━━━━━━━━━━━━━━━━━━━━━ BACKTRACE ━━━━━━━━━━━━━━━━━━━━━━━━━━━━━━━━━━━
[INFO] [stdout]   [96m                              ⋮ 5 frames hidden ⋮                               [0m
[INFO] [stdout]    6: [91mbranchless::core::config::env_vars::get_path_to_git::{{closure}}[0m[90m::h08f8c131ad752995[0m
[INFO] [stdout]       at [35m/opt/rustwide/cargo-home/registry/src/github.com-1ecc6299db9ec823/git-branchless-lib-0.7.0/src/core/config.rs[0m:[35m334[0m
[INFO] [stdout]        332 │     pub fn get_path_to_git() -> eyre::Result<PathBuf> {
[INFO] [stdout]        333 │         let path_to_git = std::env::var_os(TEST_GIT).ok_or_else(|| {
[INFO] [stdout]   [37;1m     334[0m [37;1m>[0m [37;1m            eyre::eyre!([0m
[INFO] [stdout]        335 │                 "No path to Git executable was set. \
[INFO] [stdout]        336 │ Try running as: `{0}=$(which git) cargo test ...` \
[INFO] [stdout]    7: [32mcore::option::Option<T>::ok_or_else[0m[90m::hb26fa8c81a6ab326[0m
[INFO] [stdout]       at [35m/rustc/84c898d65adf2f39a5a98507f1fe0ce10a2b8dbc/library/core/src/option.rs[0m:[35m1249[0m
[INFO] [stdout]    8: [91mbranchless::core::config::env_vars::get_path_to_git[0m[90m::h600e3ee03f87b390[0m
[INFO] [stdout]       at [35m/opt/rustwide/cargo-home/registry/src/github.com-1ecc6299db9ec823/git-branchless-lib-0.7.0/src/core/config.rs[0m:[35m333[0m
[INFO] [stdout]        331 │     #[instrument]
[INFO] [stdout]        332 │     pub fn get_path_to_git() -> eyre::Result<PathBuf> {
[INFO] [stdout]   [37;1m     333[0m [37;1m>[0m [37;1m        let path_to_git = std::env::var_os(TEST_GIT).ok_or_else(|| {[0m
[INFO] [stdout]        334 │             eyre::eyre!(
[INFO] [stdout]        335 │                 "No path to Git executable was set. \
[INFO] [stdout]    9: [91mbranchless::testing::make_git[0m[90m::h92ae309746586943[0m
[INFO] [stdout]       at [35m/opt/rustwide/cargo-home/registry/src/github.com-1ecc6299db9ec823/git-branchless-lib-0.7.0/src/testing.rs[0m:[35m650[0m
[INFO] [stdout]        648 │ 
[INFO] [stdout]        649 │     let repo_dir = tempfile::tempdir()?;
[INFO] [stdout]   [37;1m     650[0m [37;1m>[0m [37;1m    let path_to_git = get_path_to_git()?;[0m
[INFO] [stdout]        651 │     let git_exec_path = get_git_exec_path()?;
[INFO] [stdout]        652 │     let git = Git::new(path_to_git, repo_dir.path().to_path_buf(), git_exec_path);
[INFO] [stdout]   10: [91mtest_smartlog::test_merge_commit[0m[90m::h961bacc6f4709e8b[0m
[INFO] [stdout]       at [35m/opt/rustwide/workdir/tests/test_smartlog.rs[0m:[35m111[0m
[INFO] [stdout]        109 │ #[test]
[INFO] [stdout]        110 │ fn test_merge_commit() -> eyre::Result<()> {
[INFO] [stdout]   [37;1m     111[0m [37;1m>[0m [37;1m    let git = make_git()?;[0m
[INFO] [stdout]        112 │ 
[INFO] [stdout]        113 │     git.init_repo()?;
[INFO] [stdout]   11: [91mtest_smartlog::test_merge_commit::{{closure}}[0m[90m::hb7a4da3950e590a0[0m
[INFO] [stdout]       at [35m/opt/rustwide/workdir/tests/test_smartlog.rs[0m:[35m110[0m
[INFO] [stdout]        108 │ 
[INFO] [stdout]        109 │ #[test]
[INFO] [stdout]   [37;1m     110[0m [37;1m>[0m [37;1mfn test_merge_commit() -> eyre::Result<()> {[0m
[INFO] [stdout]        111 │     let git = make_git()?;
[INFO] [stdout]        112 │ 
[INFO] [stdout]   12: [32mcore::ops::function::FnOnce::call_once[0m[90m::hee76660ca7cb47cb[0m
[INFO] [stdout]       at [35m/rustc/84c898d65adf2f39a5a98507f1fe0ce10a2b8dbc/library/core/src/ops/function.rs[0m:[35m250[0m
[INFO] [stdout]   13: [32mcore::ops::function::FnOnce::call_once[0m[90m::h7d969581be7d0075[0m
[INFO] [stdout]       at [35m/rustc/84c898d65adf2f39a5a98507f1fe0ce10a2b8dbc/library/core/src/ops/function.rs[0m:[35m250[0m
[INFO] [stdout]   14: [32mtest::__rust_begin_short_backtrace[0m[90m::hca25a52684e56655[0m
[INFO] [stdout]       at [35m/rustc/84c898d65adf2f39a5a98507f1fe0ce10a2b8dbc/library/test/src/lib.rs[0m:[35m656[0m
[INFO] [stdout]   15: [32mtest::run_test::{{closure}}[0m[90m::ha8ac744c4af1a4bb[0m
[INFO] [stdout]       at [35m/rustc/84c898d65adf2f39a5a98507f1fe0ce10a2b8dbc/library/test/src/lib.rs[0m:[35m647[0m
[INFO] [stdout]   16: [32mcore::ops::function::FnOnce::call_once{{vtable.shim}}[0m[90m::h7b411a9ed45bdecf[0m
[INFO] [stdout]       at [35m/rustc/84c898d65adf2f39a5a98507f1fe0ce10a2b8dbc/library/core/src/ops/function.rs[0m:[35m250[0m
[INFO] [stdout]   17: [32m<alloc::boxed::Box<F,A> as core::ops::function::FnOnce<Args>>::call_once[0m[90m::hd05328869a8ed200[0m
[INFO] [stdout]       at [35m/rustc/84c898d65adf2f39a5a98507f1fe0ce10a2b8dbc/library/alloc/src/boxed.rs[0m:[35m1987[0m
[INFO] [stdout]   18: [32m<core::panic::unwind_safe::AssertUnwindSafe<F> as core::ops::function::FnOnce<()>>::call_once[0m[90m::h0c601ce20bd5b2be[0m
[INFO] [stdout]       at [35m/rustc/84c898d65adf2f39a5a98507f1fe0ce10a2b8dbc/library/core/src/panic/unwind_safe.rs[0m:[35m271[0m
[INFO] [stdout]   19: [32mstd::panicking::try::do_call[0m[90m::ha4be5c164fe30854[0m
[INFO] [stdout]       at [35m/rustc/84c898d65adf2f39a5a98507f1fe0ce10a2b8dbc/library/std/src/panicking.rs[0m:[35m487[0m
[INFO] [stdout]   20: [32mstd::panicking::try[0m[90m::h604546f3609af05f[0m
[INFO] [stdout]       at [35m/rustc/84c898d65adf2f39a5a98507f1fe0ce10a2b8dbc/library/std/src/panicking.rs[0m:[35m451[0m
[INFO] [stdout]   21: [32mstd::panic::catch_unwind[0m[90m::h5bfa8afe44c9c2f9[0m
[INFO] [stdout]       at [35m/rustc/84c898d65adf2f39a5a98507f1fe0ce10a2b8dbc/library/std/src/panic.rs[0m:[35m140[0m
[INFO] [stdout]   22: [32mtest::run_test_in_process[0m[90m::hd50dee55dd63e6aa[0m
[INFO] [stdout]       at [35m/rustc/84c898d65adf2f39a5a98507f1fe0ce10a2b8dbc/library/test/src/lib.rs[0m:[35m679[0m
[INFO] [stdout]   [96m                              ⋮ 14 frames hidden ⋮                              [0m
[INFO] [stdout] 
[INFO] [stdout] Run with COLORBT_SHOW_HIDDEN=1 environment variable to disable frame filtering.
[INFO] [stdout] 
[INFO] [stdout] ---- test_show_reachable_commit stdout ----
[INFO] [stdout] Error: 
[INFO] [stdout]    0: [91mNo path to Git executable was set. Try running as: `TEST_GIT=$(which git) cargo test ...` or set `env.TEST_GIT` in your `config.toml` (see https://doc.rust-lang.org/cargo/reference/config.html)[0m
[INFO] [stdout] 
[INFO] [stdout] Location:
[INFO] [stdout]    [35m/opt/rustwide/cargo-home/registry/src/github.com-1ecc6299db9ec823/git-branchless-lib-0.7.0/src/core/config.rs[0m:[35m334[0m
[INFO] [stdout] 
[INFO] [stdout]   ━━━━━━━━━━━━━━━━━━━━━━━━━━━━━━━━━━ BACKTRACE ━━━━━━━━━━━━━━━━━━━━━━━━━━━━━━━━━━━
[INFO] [stdout]   [96m                              ⋮ 5 frames hidden ⋮                               [0m
[INFO] [stdout]    6: [91mbranchless::core::config::env_vars::get_path_to_git::{{closure}}[0m[90m::h08f8c131ad752995[0m
[INFO] [stdout]       at [35m/opt/rustwide/cargo-home/registry/src/github.com-1ecc6299db9ec823/git-branchless-lib-0.7.0/src/core/config.rs[0m:[35m334[0m
[INFO] [stdout]        332 │     pub fn get_path_to_git() -> eyre::Result<PathBuf> {
[INFO] [stdout]        333 │         let path_to_git = std::env::var_os(TEST_GIT).ok_or_else(|| {
[INFO] [stdout]   [37;1m     334[0m [37;1m>[0m [37;1m            eyre::eyre!([0m
[INFO] [stdout]        335 │                 "No path to Git executable was set. \
[INFO] [stdout]        336 │ Try running as: `{0}=$(which git) cargo test ...` \
[INFO] [stdout]    7: [32mcore::option::Option<T>::ok_or_else[0m[90m::hb26fa8c81a6ab326[0m
[INFO] [stdout]       at [35m/rustc/84c898d65adf2f39a5a98507f1fe0ce10a2b8dbc/library/core/src/option.rs[0m:[35m1249[0m
[INFO] [stdout]    8: [91mbranchless::core::config::env_vars::get_path_to_git[0m[90m::h600e3ee03f87b390[0m
[INFO] [stdout]       at [35m/opt/rustwide/cargo-home/registry/src/github.com-1ecc6299db9ec823/git-branchless-lib-0.7.0/src/core/config.rs[0m:[35m333[0m
[INFO] [stdout]        331 │     #[instrument]
[INFO] [stdout]        332 │     pub fn get_path_to_git() -> eyre::Result<PathBuf> {
[INFO] [stdout]   [37;1m     333[0m [37;1m>[0m [37;1m        let path_to_git = std::env::var_os(TEST_GIT).ok_or_else(|| {[0m
[INFO] [stdout]        334 │             eyre::eyre!(
[INFO] [stdout]        335 │                 "No path to Git executable was set. \
[INFO] [stdout]    9: [91mbranchless::testing::make_git[0m[90m::h92ae309746586943[0m
[INFO] [stdout]       at [35m/opt/rustwide/cargo-home/registry/src/github.com-1ecc6299db9ec823/git-branchless-lib-0.7.0/src/testing.rs[0m:[35m650[0m
[INFO] [stdout]        648 │ 
[INFO] [stdout]        649 │     let repo_dir = tempfile::tempdir()?;
[INFO] [stdout]   [37;1m     650[0m [37;1m>[0m [37;1m    let path_to_git = get_path_to_git()?;[0m
[INFO] [stdout]        651 │     let git_exec_path = get_git_exec_path()?;
[INFO] [stdout]        652 │     let git = Git::new(path_to_git, repo_dir.path().to_path_buf(), git_exec_path);
[INFO] [stdout]   10: [91mtest_smartlog::test_show_reachable_commit[0m[90m::he2704867501ec8af[0m
[INFO] [stdout]       at [35m/opt/rustwide/workdir/tests/test_smartlog.rs[0m:[35m20[0m
[INFO] [stdout]         18 │ #[test]
[INFO] [stdout]         19 │ fn test_show_reachable_commit() -> eyre::Result<()> {
[INFO] [stdout]   [37;1m      20[0m [37;1m>[0m [37;1m    let git = make_git()?;[0m
[INFO] [stdout]         21 │ 
[INFO] [stdout]         22 │     git.init_repo()?;
[INFO] [stdout]   11: [91mtest_smartlog::test_show_reachable_commit::{{closure}}[0m[90m::hfe29742de8535227[0m
[INFO] [stdout]       at [35m/opt/rustwide/workdir/tests/test_smartlog.rs[0m:[35m19[0m
[INFO] [stdout]         17 │ 
[INFO] [stdout]         18 │ #[test]
[INFO] [stdout]   [37;1m      19[0m [37;1m>[0m [37;1mfn test_show_reachable_commit() -> eyre::Result<()> {[0m
[INFO] [stdout]         20 │     let git = make_git()?;
[INFO] [stdout]         21 │ 
[INFO] [stdout]   12: [32mcore::ops::function::FnOnce::call_once[0m[90m::ha520fbbd5289101c[0m
[INFO] [stdout]       at [35m/rustc/84c898d65adf2f39a5a98507f1fe0ce10a2b8dbc/library/core/src/ops/function.rs[0m:[35m250[0m
[INFO] [stdout]   13: [32mcore::ops::function::FnOnce::call_once[0m[90m::h7d969581be7d0075[0m
[INFO] [stdout]       at [35m/rustc/84c898d65adf2f39a5a98507f1fe0ce10a2b8dbc/library/core/src/ops/function.rs[0m:[35m250[0m
[INFO] [stdout]   14: [32mtest::__rust_begin_short_backtrace[0m[90m::hca25a52684e56655[0m
[INFO] [stdout]       at [35m/rustc/84c898d65adf2f39a5a98507f1fe0ce10a2b8dbc/library/test/src/lib.rs[0m:[35m656[0m
[INFO] [stdout]   15: [32mtest::run_test::{{closure}}[0m[90m::ha8ac744c4af1a4bb[0m
[INFO] [stdout]       at [35m/rustc/84c898d65adf2f39a5a98507f1fe0ce10a2b8dbc/library/test/src/lib.rs[0m:[35m647[0m
[INFO] [stdout]   16: [32mcore::ops::function::FnOnce::call_once{{vtable.shim}}[0m[90m::h7b411a9ed45bdecf[0m
[INFO] [stdout]       at [35m/rustc/84c898d65adf2f39a5a98507f1fe0ce10a2b8dbc/library/core/src/ops/function.rs[0m:[35m250[0m
[INFO] [stdout]   17: [32m<alloc::boxed::Box<F,A> as core::ops::function::FnOnce<Args>>::call_once[0m[90m::hd05328869a8ed200[0m
[INFO] [stdout]       at [35m/rustc/84c898d65adf2f39a5a98507f1fe0ce10a2b8dbc/library/alloc/src/boxed.rs[0m:[35m1987[0m
[INFO] [stdout]   18: [32m<core::panic::unwind_safe::AssertUnwindSafe<F> as core::ops::function::FnOnce<()>>::call_once[0m[90m::h0c601ce20bd5b2be[0m
[INFO] [stdout]       at [35m/rustc/84c898d65adf2f39a5a98507f1fe0ce10a2b8dbc/library/core/src/panic/unwind_safe.rs[0m:[35m271[0m
[INFO] [stdout]   19: [32mstd::panicking::try::do_call[0m[90m::ha4be5c164fe30854[0m
[INFO] [stdout]       at [35m/rustc/84c898d65adf2f39a5a98507f1fe0ce10a2b8dbc/library/std/src/panicking.rs[0m:[35m487[0m
[INFO] [stdout]   20: [32mstd::panicking::try[0m[90m::h604546f3609af05f[0m
[INFO] [stdout]       at [35m/rustc/84c898d65adf2f39a5a98507f1fe0ce10a2b8dbc/library/std/src/panicking.rs[0m:[35m451[0m
[INFO] [stdout]   21: [32mstd::panic::catch_unwind[0m[90m::h5bfa8afe44c9c2f9[0m
[INFO] [stdout]       at [35m/rustc/84c898d65adf2f39a5a98507f1fe0ce10a2b8dbc/library/std/src/panic.rs[0m:[35m140[0m
[INFO] [stdout]   22: [32mtest::run_test_in_process[0m[90m::hd50dee55dd63e6aa[0m
[INFO] [stdout]       at [35m/rustc/84c898d65adf2f39a5a98507f1fe0ce10a2b8dbc/library/test/src/lib.rs[0m:[35m679[0m
[INFO] [stdout]   [96m                              ⋮ 14 frames hidden ⋮                              [0m
[INFO] [stdout] 
[INFO] [stdout] Run with COLORBT_SHOW_HIDDEN=1 environment variable to disable frame filtering.
[INFO] [stdout] 
[INFO] [stdout] ---- test_smartlog_hidden stdout ----
[INFO] [stdout] Error: 
[INFO] [stdout]    0: [91mNo path to Git executable was set. Try running as: `TEST_GIT=$(which git) cargo test ...` or set `env.TEST_GIT` in your `config.toml` (see https://doc.rust-lang.org/cargo/reference/config.html)[0m
[INFO] [stdout] 
[INFO] [stdout] Location:
[INFO] [stdout]    [35m/opt/rustwide/cargo-home/registry/src/github.com-1ecc6299db9ec823/git-branchless-lib-0.7.0/src/core/config.rs[0m:[35m334[0m
[INFO] [stdout] 
[INFO] [stdout]   ━━━━━━━━━━━━━━━━━━━━━━━━━━━━━━━━━━ BACKTRACE ━━━━━━━━━━━━━━━━━━━━━━━━━━━━━━━━━━━
[INFO] [stdout]   [96m                              ⋮ 5 frames hidden ⋮                               [0m
[INFO] [stdout]    6: [91mbranchless::core::config::env_vars::get_path_to_git::{{closure}}[0m[90m::h08f8c131ad752995[0m
[INFO] [stdout]       at [35m/opt/rustwide/cargo-home/registry/src/github.com-1ecc6299db9ec823/git-branchless-lib-0.7.0/src/core/config.rs[0m:[35m334[0m
[INFO] [stdout]        332 │     pub fn get_path_to_git() -> eyre::Result<PathBuf> {
[INFO] [stdout]        333 │         let path_to_git = std::env::var_os(TEST_GIT).ok_or_else(|| {
[INFO] [stdout]   [37;1m     334[0m [37;1m>[0m [37;1m            eyre::eyre!([0m
[INFO] [stdout]        335 │                 "No path to Git executable was set. \
[INFO] [stdout]        336 │ Try running as: `{0}=$(which git) cargo test ...` \
[INFO] [stdout]    7: [32mcore::option::Option<T>::ok_or_else[0m[90m::hb26fa8c81a6ab326[0m
[INFO] [stdout]       at [35m/rustc/84c898d65adf2f39a5a98507f1fe0ce10a2b8dbc/library/core/src/option.rs[0m:[35m1249[0m
[INFO] [stdout]    8: [91mbranchless::core::config::env_vars::get_path_to_git[0m[90m::h600e3ee03f87b390[0m
[INFO] [stdout]       at [35m/opt/rustwide/cargo-home/registry/src/github.com-1ecc6299db9ec823/git-branchless-lib-0.7.0/src/core/config.rs[0m:[35m333[0m
[INFO] [stdout]        331 │     #[instrument]
[INFO] [stdout]        332 │     pub fn get_path_to_git() -> eyre::Result<PathBuf> {
[INFO] [stdout]   [37;1m     333[0m [37;1m>[0m [37;1m        let path_to_git = std::env::var_os(TEST_GIT).ok_or_else(|| {[0m
[INFO] [stdout]        334 │             eyre::eyre!(
[INFO] [stdout]        335 │                 "No path to Git executable was set. \
[INFO] [stdout]    9: [91mbranchless::testing::make_git[0m[90m::h92ae309746586943[0m
[INFO] [stdout]       at [35m/opt/rustwide/cargo-home/registry/src/github.com-1ecc6299db9ec823/git-branchless-lib-0.7.0/src/testing.rs[0m:[35m650[0m
[INFO] [stdout]        648 │ 
[INFO] [stdout]        649 │     let repo_dir = tempfile::tempdir()?;
[INFO] [stdout]   [37;1m     650[0m [37;1m>[0m [37;1m    let path_to_git = get_path_to_git()?;[0m
[INFO] [stdout]        651 │     let git_exec_path = get_git_exec_path()?;
[INFO] [stdout]        652 │     let git = Git::new(path_to_git, repo_dir.path().to_path_buf(), git_exec_path);
[INFO] [stdout]   10: [91mtest_smartlog::test_smartlog_hidden[0m[90m::h4b128a10f809e703[0m
[INFO] [stdout]       at [35m/opt/rustwide/workdir/tests/test_smartlog.rs[0m:[35m655[0m
[INFO] [stdout]        653 │ #[test]
[INFO] [stdout]        654 │ fn test_smartlog_hidden() -> eyre::Result<()> {
[INFO] [stdout]   [37;1m     655[0m [37;1m>[0m [37;1m    let git = make_git()?;[0m
[INFO] [stdout]        656 │     git.init_repo()?;
[INFO] [stdout]        657 │ 
[INFO] [stdout]   11: [91mtest_smartlog::test_smartlog_hidden::{{closure}}[0m[90m::h232cbbc0068ce1dc[0m
[INFO] [stdout]       at [35m/opt/rustwide/workdir/tests/test_smartlog.rs[0m:[35m654[0m
[INFO] [stdout]        652 │ 
[INFO] [stdout]        653 │ #[test]
[INFO] [stdout]   [37;1m     654[0m [37;1m>[0m [37;1mfn test_smartlog_hidden() -> eyre::Result<()> {[0m
[INFO] [stdout]        655 │     let git = make_git()?;
[INFO] [stdout]        656 │     git.init_repo()?;
[INFO] [stdout]   12: [32mcore::ops::function::FnOnce::call_once[0m[90m::hef2c6929b5aa6af1[0m
[INFO] [stdout]       at [35m/rustc/84c898d65adf2f39a5a98507f1fe0ce10a2b8dbc/library/core/src/ops/function.rs[0m:[35m250[0m
[INFO] [stdout]   13: [32mcore::ops::function::FnOnce::call_once[0m[90m::h7d969581be7d0075[0m
[INFO] [stdout]       at [35m/rustc/84c898d65adf2f39a5a98507f1fe0ce10a2b8dbc/library/core/src/ops/function.rs[0m:[35m250[0m
[INFO] [stdout]   14: [32mtest::__rust_begin_short_backtrace[0m[90m::hca25a52684e56655[0m
[INFO] [stdout]       at [35m/rustc/84c898d65adf2f39a5a98507f1fe0ce10a2b8dbc/library/test/src/lib.rs[0m:[35m656[0m
[INFO] [stdout]   15: [32mtest::run_test::{{closure}}[0m[90m::ha8ac744c4af1a4bb[0m
[INFO] [stdout]       at [35m/rustc/84c898d65adf2f39a5a98507f1fe0ce10a2b8dbc/library/test/src/lib.rs[0m:[35m647[0m
[INFO] [stdout]   16: [32mcore::ops::function::FnOnce::call_once{{vtable.shim}}[0m[90m::h7b411a9ed45bdecf[0m
[INFO] [stdout]       at [35m/rustc/84c898d65adf2f39a5a98507f1fe0ce10a2b8dbc/library/core/src/ops/function.rs[0m:[35m250[0m
[INFO] [stdout]   17: [32m<alloc::boxed::Box<F,A> as core::ops::function::FnOnce<Args>>::call_once[0m[90m::hd05328869a8ed200[0m
[INFO] [stdout]       at [35m/rustc/84c898d65adf2f39a5a98507f1fe0ce10a2b8dbc/library/alloc/src/boxed.rs[0m:[35m1987[0m
[INFO] [stdout]   18: [32m<core::panic::unwind_safe::AssertUnwindSafe<F> as core::ops::function::FnOnce<()>>::call_once[0m[90m::h0c601ce20bd5b2be[0m
[INFO] [stdout]       at [35m/rustc/84c898d65adf2f39a5a98507f1fe0ce10a2b8dbc/library/core/src/panic/unwind_safe.rs[0m:[35m271[0m
[INFO] [stdout]   19: [32mstd::panicking::try::do_call[0m[90m::ha4be5c164fe30854[0m
[INFO] [stdout]       at [35m/rustc/84c898d65adf2f39a5a98507f1fe0ce10a2b8dbc/library/std/src/panicking.rs[0m:[35m487[0m
[INFO] [stdout]   20: [32mstd::panicking::try[0m[90m::h604546f3609af05f[0m
[INFO] [stdout]       at [35m/rustc/84c898d65adf2f39a5a98507f1fe0ce10a2b8dbc/library/std/src/panicking.rs[0m:[35m451[0m
[INFO] [stdout]   21: [32mstd::panic::catch_unwind[0m[90m::h5bfa8afe44c9c2f9[0m
[INFO] [stdout]       at [35m/rustc/84c898d65adf2f39a5a98507f1fe0ce10a2b8dbc/library/std/src/panic.rs[0m:[35m140[0m
[INFO] [stdout]   22: [32mtest::run_test_in_process[0m[90m::hd50dee55dd63e6aa[0m
[INFO] [stdout]       at [35m/rustc/84c898d65adf2f39a5a98507f1fe0ce10a2b8dbc/library/test/src/lib.rs[0m:[35m679[0m
[INFO] [stdout]   [96m                              ⋮ 14 frames hidden ⋮                              [0m
[INFO] [stdout] 
[INFO] [stdout] Run with COLORBT_SHOW_HIDDEN=1 environment variable to disable frame filtering.
[INFO] [stdout] 
[INFO] [stdout] ---- test_merge_commit_reverse_order stdout ----
[INFO] [stdout] Error: 
[INFO] [stdout]    0: [91mNo path to Git executable was set. Try running as: `TEST_GIT=$(which git) cargo test ...` or set `env.TEST_GIT` in your `config.toml` (see https://doc.rust-lang.org/cargo/reference/config.html)[0m
[INFO] [stdout] 
[INFO] [stdout] Location:
[INFO] [stdout]    [35m/opt/rustwide/cargo-home/registry/src/github.com-1ecc6299db9ec823/git-branchless-lib-0.7.0/src/core/config.rs[0m:[35m334[0m
[INFO] [stdout] 
[INFO] [stdout]   ━━━━━━━━━━━━━━━━━━━━━━━━━━━━━━━━━━ BACKTRACE ━━━━━━━━━━━━━━━━━━━━━━━━━━━━━━━━━━━
[INFO] [stdout]   [96m                              ⋮ 5 frames hidden ⋮                               [0m
[INFO] [stdout]    6: [91mbranchless::core::config::env_vars::get_path_to_git::{{closure}}[0m[90m::h08f8c131ad752995[0m
[INFO] [stdout]       at [35m/opt/rustwide/cargo-home/registry/src/github.com-1ecc6299db9ec823/git-branchless-lib-0.7.0/src/core/config.rs[0m:[35m334[0m
[INFO] [stdout]        332 │     pub fn get_path_to_git() -> eyre::Result<PathBuf> {
[INFO] [stdout]        333 │         let path_to_git = std::env::var_os(TEST_GIT).ok_or_else(|| {
[INFO] [stdout]   [37;1m     334[0m [37;1m>[0m [37;1m            eyre::eyre!([0m
[INFO] [stdout]        335 │                 "No path to Git executable was set. \
[INFO] [stdout]        336 │ Try running as: `{0}=$(which git) cargo test ...` \
[INFO] [stdout]    7: [32mcore::option::Option<T>::ok_or_else[0m[90m::hb26fa8c81a6ab326[0m
[INFO] [stdout]       at [35m/rustc/84c898d65adf2f39a5a98507f1fe0ce10a2b8dbc/library/core/src/option.rs[0m:[35m1249[0m
[INFO] [stdout]    8: [91mbranchless::core::config::env_vars::get_path_to_git[0m[90m::h600e3ee03f87b390[0m
[INFO] [stdout]       at [35m/opt/rustwide/cargo-home/registry/src/github.com-1ecc6299db9ec823/git-branchless-lib-0.7.0/src/core/config.rs[0m:[35m333[0m
[INFO] [stdout]        331 │     #[instrument]
[INFO] [stdout]        332 │     pub fn get_path_to_git() -> eyre::Result<PathBuf> {
[INFO] [stdout]   [37;1m     333[0m [37;1m>[0m [37;1m        let path_to_git = std::env::var_os(TEST_GIT).ok_or_else(|| {[0m
[INFO] [stdout]        334 │             eyre::eyre!(
[INFO] [stdout]        335 │                 "No path to Git executable was set. \
[INFO] [stdout]    9: [91mbranchless::testing::make_git[0m[90m::h92ae309746586943[0m
[INFO] [stdout]       at [35m/opt/rustwide/cargo-home/registry/src/github.com-1ecc6299db9ec823/git-branchless-lib-0.7.0/src/testing.rs[0m:[35m650[0m
[INFO] [stdout]        648 │ 
[INFO] [stdout]        649 │     let repo_dir = tempfile::tempdir()?;
[INFO] [stdout]   [37;1m     650[0m [37;1m>[0m [37;1m    let path_to_git = get_path_to_git()?;[0m
[INFO] [stdout]        651 │     let git_exec_path = get_git_exec_path()?;
[INFO] [stdout]        652 │     let git = Git::new(path_to_git, repo_dir.path().to_path_buf(), git_exec_path);
[INFO] [stdout]   10: [91mtest_smartlog::test_merge_commit_reverse_order[0m[90m::h1748b3527d10972f[0m
[INFO] [stdout]       at [35m/opt/rustwide/workdir/tests/test_smartlog.rs[0m:[35m183[0m
[INFO] [stdout]        181 │ #[test]
[INFO] [stdout]        182 │ fn test_merge_commit_reverse_order() -> eyre::Result<()> {
[INFO] [stdout]   [37;1m     183[0m [37;1m>[0m [37;1m    let git = make_git()?;[0m
[INFO] [stdout]        184 │ 
[INFO] [stdout]        185 │     git.init_repo()?;
[INFO] [stdout]   11: [91mtest_smartlog::test_merge_commit_reverse_order::{{closure}}[0m[90m::hf4a01faca2a1e1d4[0m
[INFO] [stdout]       at [35m/opt/rustwide/workdir/tests/test_smartlog.rs[0m:[35m182[0m
[INFO] [stdout]        180 │ 
[INFO] [stdout]        181 │ #[test]
[INFO] [stdout]   [37;1m     182[0m [37;1m>[0m [37;1mfn test_merge_commit_reverse_order() -> eyre::Result<()> {[0m
[INFO] [stdout]        183 │     let git = make_git()?;
[INFO] [stdout]        184 │ 
[INFO] [stdout]   12: [32mcore::ops::function::FnOnce::call_once[0m[90m::h19e01588b92ba54a[0m
[INFO] [stdout]       at [35m/rustc/84c898d65adf2f39a5a98507f1fe0ce10a2b8dbc/library/core/src/ops/function.rs[0m:[35m250[0m
[INFO] [stdout]   13: [32mcore::ops::function::FnOnce::call_once[0m[90m::h7d969581be7d0075[0m
[INFO] [stdout]       at [35m/rustc/84c898d65adf2f39a5a98507f1fe0ce10a2b8dbc/library/core/src/ops/function.rs[0m:[35m250[0m
[INFO] [stdout]   14: [32mtest::__rust_begin_short_backtrace[0m[90m::hca25a52684e56655[0m
[INFO] [stdout]       at [35m/rustc/84c898d65adf2f39a5a98507f1fe0ce10a2b8dbc/library/test/src/lib.rs[0m:[35m656[0m
[INFO] [stdout]   15: [32mtest::run_test::{{closure}}[0m[90m::ha8ac744c4af1a4bb[0m
[INFO] [stdout]       at [35m/rustc/84c898d65adf2f39a5a98507f1fe0ce10a2b8dbc/library/test/src/lib.rs[0m:[35m647[0m
[INFO] [stdout]   16: [32mcore::ops::function::FnOnce::call_once{{vtable.shim}}[0m[90m::h7b411a9ed45bdecf[0m
[INFO] [stdout]       at [35m/rustc/84c898d65adf2f39a5a98507f1fe0ce10a2b8dbc/library/core/src/ops/function.rs[0m:[35m250[0m
[INFO] [stdout]   17: [32m<alloc::boxed::Box<F,A> as core::ops::function::FnOnce<Args>>::call_once[0m[90m::hd05328869a8ed200[0m
[INFO] [stdout]       at [35m/rustc/84c898d65adf2f39a5a98507f1fe0ce10a2b8dbc/library/alloc/src/boxed.rs[0m:[35m1987[0m
[INFO] [stdout]   18: [32m<core::panic::unwind_safe::AssertUnwindSafe<F> as core::ops::function::FnOnce<()>>::call_once[0m[90m::h0c601ce20bd5b2be[0m
[INFO] [stdout]       at [35m/rustc/84c898d65adf2f39a5a98507f1fe0ce10a2b8dbc/library/core/src/panic/unwind_safe.rs[0m:[35m271[0m
[INFO] [stdout]   19: [32mstd::panicking::try::do_call[0m[90m::ha4be5c164fe30854[0m
[INFO] [stdout]       at [35m/rustc/84c898d65adf2f39a5a98507f1fe0ce10a2b8dbc/library/std/src/panicking.rs[0m:[35m487[0m
[INFO] [stdout]   20: [32mstd::panicking::try[0m[90m::h604546f3609af05f[0m
[INFO] [stdout]       at [35m/rustc/84c898d65adf2f39a5a98507f1fe0ce10a2b8dbc/library/std/src/panicking.rs[0m:[35m451[0m
[INFO] [stdout]   21: [32mstd::panic::catch_unwind[0m[90m::h5bfa8afe44c9c2f9[0m
[INFO] [stdout]       at [35m/rustc/84c898d65adf2f39a5a98507f1fe0ce10a2b8dbc/library/std/src/panic.rs[0m:[35m140[0m
[INFO] [stdout]   22: [32mtest::run_test_in_process[0m[90m::hd50dee55dd63e6aa[0m
[INFO] [stdout]       at [35m/rustc/84c898d65adf2f39a5a98507f1fe0ce10a2b8dbc/library/test/src/lib.rs[0m:[35m679[0m
[INFO] [stdout]   [96m                              ⋮ 14 frames hidden ⋮                              [0m
[INFO] [stdout] 
[INFO] [stdout] Run with COLORBT_SHOW_HIDDEN=1 environment variable to disable frame filtering.
[INFO] [stdout] 
[INFO] [stdout] ---- test_init_smartlog stdout ----
[INFO] [stdout] Error: 
[INFO] [stdout]    0: [91mNo path to Git executable was set. Try running as: `TEST_GIT=$(which git) cargo test ...` or set `env.TEST_GIT` in your `config.toml` (see https://doc.rust-lang.org/cargo/reference/config.html)[0m
[INFO] [stdout] 
[INFO] [stdout] Location:
[INFO] [stdout]    [35m/opt/rustwide/cargo-home/registry/src/github.com-1ecc6299db9ec823/git-branchless-lib-0.7.0/src/core/config.rs[0m:[35m334[0m
[INFO] [stdout] 
[INFO] [stdout]   ━━━━━━━━━━━━━━━━━━━━━━━━━━━━━━━━━━ BACKTRACE ━━━━━━━━━━━━━━━━━━━━━━━━━━━━━━━━━━━
[INFO] [stdout]   [96m                              ⋮ 5 frames hidden ⋮                               [0m
[INFO] [stdout]    6: [91mbranchless::core::config::env_vars::get_path_to_git::{{closure}}[0m[90m::h08f8c131ad752995[0m
[INFO] [stdout]       at [35m/opt/rustwide/cargo-home/registry/src/github.com-1ecc6299db9ec823/git-branchless-lib-0.7.0/src/core/config.rs[0m:[35m334[0m
[INFO] [stdout]        332 │     pub fn get_path_to_git() -> eyre::Result<PathBuf> {
[INFO] [stdout]        333 │         let path_to_git = std::env::var_os(TEST_GIT).ok_or_else(|| {
[INFO] [stdout]   [37;1m     334[0m [37;1m>[0m [37;1m            eyre::eyre!([0m
[INFO] [stdout]        335 │                 "No path to Git executable was set. \
[INFO] [stdout]        336 │ Try running as: `{0}=$(which git) cargo test ...` \
[INFO] [stdout]    7: [32mcore::option::Option<T>::ok_or_else[0m[90m::hb26fa8c81a6ab326[0m
[INFO] [stdout]       at [35m/rustc/84c898d65adf2f39a5a98507f1fe0ce10a2b8dbc/library/core/src/option.rs[0m:[35m1249[0m
[INFO] [stdout]    8: [91mbranchless::core::config::env_vars::get_path_to_git[0m[90m::h600e3ee03f87b390[0m
[INFO] [stdout]       at [35m/opt/rustwide/cargo-home/registry/src/github.com-1ecc6299db9ec823/git-branchless-lib-0.7.0/src/core/config.rs[0m:[35m333[0m
[INFO] [stdout]        331 │     #[instrument]
[INFO] [stdout]        332 │     pub fn get_path_to_git() -> eyre::Result<PathBuf> {
[INFO] [stdout]   [37;1m     333[0m [37;1m>[0m [37;1m        let path_to_git = std::env::var_os(TEST_GIT).ok_or_else(|| {[0m
[INFO] [stdout]        334 │             eyre::eyre!(
[INFO] [stdout]        335 │                 "No path to Git executable was set. \
[INFO] [stdout]    9: [91mbranchless::testing::make_git[0m[90m::h92ae309746586943[0m
[INFO] [stdout]       at [35m/opt/rustwide/cargo-home/registry/src/github.com-1ecc6299db9ec823/git-branchless-lib-0.7.0/src/testing.rs[0m:[35m650[0m
[INFO] [stdout]        648 │ 
[INFO] [stdout]        649 │     let repo_dir = tempfile::tempdir()?;
[INFO] [stdout]   [37;1m     650[0m [37;1m>[0m [37;1m    let path_to_git = get_path_to_git()?;[0m
[INFO] [stdout]        651 │     let git_exec_path = get_git_exec_path()?;
[INFO] [stdout]        652 │     let git = Git::new(path_to_git, repo_dir.path().to_path_buf(), git_exec_path);
[INFO] [stdout]   10: [91mtest_smartlog::test_init_smartlog[0m[90m::h146ff3ff7d06544a[0m
[INFO] [stdout]       at [35m/opt/rustwide/workdir/tests/test_smartlog.rs[0m:[35m5[0m
[INFO] [stdout]          3 │ #[test]
[INFO] [stdout]          4 │ fn test_init_smartlog() -> eyre::Result<()> {
[INFO] [stdout]   [37;1m       5[0m [37;1m>[0m [37;1m    let git = make_git()?;[0m
[INFO] [stdout]          6 │ 
[INFO] [stdout]          7 │     git.init_repo()?;
[INFO] [stdout]   11: [91mtest_smartlog::test_init_smartlog::{{closure}}[0m[90m::h01365b09c52c3a19[0m
[INFO] [stdout]       at [35m/opt/rustwide/workdir/tests/test_smartlog.rs[0m:[35m4[0m
[INFO] [stdout]          2 │ 
[INFO] [stdout]          3 │ #[test]
[INFO] [stdout]   [37;1m       4[0m [37;1m>[0m [37;1mfn test_init_smartlog() -> eyre::Result<()> {[0m
[INFO] [stdout]          5 │     let git = make_git()?;
[INFO] [stdout]          6 │ 
[INFO] [stdout]   12: [32mcore::ops::function::FnOnce::call_once[0m[90m::h4469c169898039f5[0m
[INFO] [stdout]       at [35m/rustc/84c898d65adf2f39a5a98507f1fe0ce10a2b8dbc/library/core/src/ops/function.rs[0m:[35m250[0m
[INFO] [stdout]   13: [32mcore::ops::function::FnOnce::call_once[0m[90m::h7d969581be7d0075[0m
[INFO] [stdout]       at [35m/rustc/84c898d65adf2f39a5a98507f1fe0ce10a2b8dbc/library/core/src/ops/function.rs[0m:[35m250[0m
[INFO] [stdout]   14: [32mtest::__rust_begin_short_backtrace[0m[90m::hca25a52684e56655[0m
[INFO] [stdout]       at [35m/rustc/84c898d65adf2f39a5a98507f1fe0ce10a2b8dbc/library/test/src/lib.rs[0m:[35m656[0m
[INFO] [stdout]   15: [32mtest::run_test::{{closure}}[0m[90m::ha8ac744c4af1a4bb[0m
[INFO] [stdout]       at [35m/rustc/84c898d65adf2f39a5a98507f1fe0ce10a2b8dbc/library/test/src/lib.rs[0m:[35m647[0m
[INFO] [stdout]   16: [32mcore::ops::function::FnOnce::call_once{{vtable.shim}}[0m[90m::h7b411a9ed45bdecf[0m
[INFO] [stdout]       at [35m/rustc/84c898d65adf2f39a5a98507f1fe0ce10a2b8dbc/library/core/src/ops/function.rs[0m:[35m250[0m
[INFO] [stdout]   17: [32m<alloc::boxed::Box<F,A> as core::ops::function::FnOnce<Args>>::call_once[0m[90m::hd05328869a8ed200[0m
[INFO] [stdout]       at [35m/rustc/84c898d65adf2f39a5a98507f1fe0ce10a2b8dbc/library/alloc/src/boxed.rs[0m:[35m1987[0m
[INFO] [stdout]   18: [32m<core::panic::unwind_safe::AssertUnwindSafe<F> as core::ops::function::FnOnce<()>>::call_once[0m[90m::h0c601ce20bd5b2be[0m
[INFO] [stdout]       at [35m/rustc/84c898d65adf2f39a5a98507f1fe0ce10a2b8dbc/library/core/src/panic/unwind_safe.rs[0m:[35m271[0m
[INFO] [stdout]   19: [32mstd::panicking::try::do_call[0m[90m::ha4be5c164fe30854[0m
[INFO] [stdout]       at [35m/rustc/84c898d65adf2f39a5a98507f1fe0ce10a2b8dbc/library/std/src/panicking.rs[0m:[35m487[0m
[INFO] [stdout]   20: [32mstd::panicking::try[0m[90m::h604546f3609af05f[0m
[INFO] [stdout]       at [35m/rustc/84c898d65adf2f39a5a98507f1fe0ce10a2b8dbc/library/std/src/panicking.rs[0m:[35m451[0m
[INFO] [stdout]   21: [32mstd::panic::catch_unwind[0m[90m::h5bfa8afe44c9c2f9[0m
[INFO] [stdout]       at [35m/rustc/84c898d65adf2f39a5a98507f1fe0ce10a2b8dbc/library/std/src/panic.rs[0m:[35m140[0m
[INFO] [stdout]   22: [32mtest::run_test_in_process[0m[90m::hd50dee55dd63e6aa[0m
[INFO] [stdout]       at [35m/rustc/84c898d65adf2f39a5a98507f1fe0ce10a2b8dbc/library/test/src/lib.rs[0m:[35m679[0m
[INFO] [stdout]   [96m                              ⋮ 14 frames hidden ⋮                              [0m
[INFO] [stdout] 
[INFO] [stdout] Run with COLORBT_SHOW_HIDDEN=1 environment variable to disable frame filtering.
[INFO] [stdout] 
[INFO] [stdout] ---- test_smartlog_hint_abandoned_except_current_commit stdout ----
[INFO] [stdout] Error: 
[INFO] [stdout]    0: [91mNo path to Git executable was set. Try running as: `TEST_GIT=$(which git) cargo test ...` or set `env.TEST_GIT` in your `config.toml` (see https://doc.rust-lang.org/cargo/reference/config.html)[0m
[INFO] [stdout] 
[INFO] [stdout] Location:
[INFO] [stdout]    [35m/opt/rustwide/cargo-home/registry/src/github.com-1ecc6299db9ec823/git-branchless-lib-0.7.0/src/core/config.rs[0m:[35m334[0m
[INFO] [stdout] 
[INFO] [stdout]   ━━━━━━━━━━━━━━━━━━━━━━━━━━━━━━━━━━ BACKTRACE ━━━━━━━━━━━━━━━━━━━━━━━━━━━━━━━━━━━
[INFO] [stdout]   [96m                              ⋮ 5 frames hidden ⋮                               [0m
[INFO] [stdout]    6: [91mbranchless::core::config::env_vars::get_path_to_git::{{closure}}[0m[90m::h08f8c131ad752995[0m
[INFO] [stdout]       at [35m/opt/rustwide/cargo-home/registry/src/github.com-1ecc6299db9ec823/git-branchless-lib-0.7.0/src/core/config.rs[0m:[35m334[0m
[INFO] [stdout]        332 │     pub fn get_path_to_git() -> eyre::Result<PathBuf> {
[INFO] [stdout]        333 │         let path_to_git = std::env::var_os(TEST_GIT).ok_or_else(|| {
[INFO] [stdout]   [37;1m     334[0m [37;1m>[0m [37;1m            eyre::eyre!([0m
[INFO] [stdout]        335 │                 "No path to Git executable was set. \
[INFO] [stdout]        336 │ Try running as: `{0}=$(which git) cargo test ...` \
[INFO] [stdout]    7: [32mcore::option::Option<T>::ok_or_else[0m[90m::hb26fa8c81a6ab326[0m
[INFO] [stdout]       at [35m/rustc/84c898d65adf2f39a5a98507f1fe0ce10a2b8dbc/library/core/src/option.rs[0m:[35m1249[0m
[INFO] [stdout]    8: [91mbranchless::core::config::env_vars::get_path_to_git[0m[90m::h600e3ee03f87b390[0m
[INFO] [stdout]       at [35m/opt/rustwide/cargo-home/registry/src/github.com-1ecc6299db9ec823/git-branchless-lib-0.7.0/src/core/config.rs[0m:[35m333[0m
[INFO] [stdout]        331 │     #[instrument]
[INFO] [stdout]        332 │     pub fn get_path_to_git() -> eyre::Result<PathBuf> {
[INFO] [stdout]   [37;1m     333[0m [37;1m>[0m [37;1m        let path_to_git = std::env::var_os(TEST_GIT).ok_or_else(|| {[0m
[INFO] [stdout]        334 │             eyre::eyre!(
[INFO] [stdout]        335 │                 "No path to Git executable was set. \
[INFO] [stdout]    9: [91mbranchless::testing::make_git[0m[90m::h92ae309746586943[0m
[INFO] [stdout]       at [35m/opt/rustwide/cargo-home/registry/src/github.com-1ecc6299db9ec823/git-branchless-lib-0.7.0/src/testing.rs[0m:[35m650[0m
[INFO] [stdout]        648 │ 
[INFO] [stdout]        649 │     let repo_dir = tempfile::tempdir()?;
[INFO] [stdout]   [37;1m     650[0m [37;1m>[0m [37;1m    let path_to_git = get_path_to_git()?;[0m
[INFO] [stdout]        651 │     let git_exec_path = get_git_exec_path()?;
[INFO] [stdout]        652 │     let git = Git::new(path_to_git, repo_dir.path().to_path_buf(), git_exec_path);
[INFO] [stdout]   10: [91mtest_smartlog::test_smartlog_hint_abandoned_except_current_commit[0m[90m::hd145f2df0c5eb185[0m
[INFO] [stdout]       at [35m/opt/rustwide/workdir/tests/test_smartlog.rs[0m:[35m477[0m
[INFO] [stdout]        475 │ #[test]
[INFO] [stdout]        476 │ fn test_smartlog_hint_abandoned_except_current_commit() -> eyre::Result<()> {
[INFO] [stdout]   [37;1m     477[0m [37;1m>[0m [37;1m    let git = make_git()?;[0m
[INFO] [stdout]        478 │ 
[INFO] [stdout]        479 │     if !git.supports_reference_transactions()? {
[INFO] [stdout]   11: [91mtest_smartlog::test_smartlog_hint_abandoned_except_current_commit::{{closure}}[0m[90m::h3f1aa40c22be9403[0m
[INFO] [stdout]       at [35m/opt/rustwide/workdir/tests/test_smartlog.rs[0m:[35m476[0m
[INFO] [stdout]        474 │ 
[INFO] [stdout]        475 │ #[test]
[INFO] [stdout]   [37;1m     476[0m [37;1m>[0m [37;1mfn test_smartlog_hint_abandoned_except_current_commit() -> eyre::Result<()> {[0m
[INFO] [stdout]        477 │     let git = make_git()?;
[INFO] [stdout]        478 │ 
[INFO] [stdout]   12: [32mcore::ops::function::FnOnce::call_once[0m[90m::ha2d37541f73dff06[0m
[INFO] [stdout]       at [35m/rustc/84c898d65adf2f39a5a98507f1fe0ce10a2b8dbc/library/core/src/ops/function.rs[0m:[35m250[0m
[INFO] [stdout]   13: [32mcore::ops::function::FnOnce::call_once[0m[90m::h7d969581be7d0075[0m
[INFO] [stdout]       at [35m/rustc/84c898d65adf2f39a5a98507f1fe0ce10a2b8dbc/library/core/src/ops/function.rs[0m:[35m250[0m
[INFO] [stdout]   14: [32mtest::__rust_begin_short_backtrace[0m[90m::hca25a52684e56655[0m
[INFO] [stdout]       at [35m/rustc/84c898d65adf2f39a5a98507f1fe0ce10a2b8dbc/library/test/src/lib.rs[0m:[35m656[0m
[INFO] [stdout]   15: [32mtest::run_test::{{closure}}[0m[90m::ha8ac744c4af1a4bb[0m
[INFO] [stdout]       at [35m/rustc/84c898d65adf2f39a5a98507f1fe0ce10a2b8dbc/library/test/src/lib.rs[0m:[35m647[0m
[INFO] [stdout]   16: [32mcore::ops::function::FnOnce::call_once{{vtable.shim}}[0m[90m::h7b411a9ed45bdecf[0m
[INFO] [stdout]       at [35m/rustc/84c898d65adf2f39a5a98507f1fe0ce10a2b8dbc/library/core/src/ops/function.rs[0m:[35m250[0m
[INFO] [stdout]   17: [32m<alloc::boxed::Box<F,A> as core::ops::function::FnOnce<Args>>::call_once[0m[90m::hd05328869a8ed200[0m
[INFO] [stdout]       at [35m/rustc/84c898d65adf2f39a5a98507f1fe0ce10a2b8dbc/library/alloc/src/boxed.rs[0m:[35m1987[0m
[INFO] [stdout]   18: [32m<core::panic::unwind_safe::AssertUnwindSafe<F> as core::ops::function::FnOnce<()>>::call_once[0m[90m::h0c601ce20bd5b2be[0m
[INFO] [stdout]       at [35m/rustc/84c898d65adf2f39a5a98507f1fe0ce10a2b8dbc/library/core/src/panic/unwind_safe.rs[0m:[35m271[0m
[INFO] [stdout]   19: [32mstd::panicking::try::do_call[0m[90m::ha4be5c164fe30854[0m
[INFO] [stdout]       at [35m/rustc/84c898d65adf2f39a5a98507f1fe0ce10a2b8dbc/library/std/src/panicking.rs[0m:[35m487[0m
[INFO] [stdout]   20: [32mstd::panicking::try[0m[90m::h604546f3609af05f[0m
[INFO] [stdout]       at [35m/rustc/84c898d65adf2f39a5a98507f1fe0ce10a2b8dbc/library/std/src/panicking.rs[0m:[35m451[0m
[INFO] [stdout]   21: [32mstd::panic::catch_unwind[0m[90m::h5bfa8afe44c9c2f9[0m
[INFO] [stdout]       at [35m/rustc/84c898d65adf2f39a5a98507f1fe0ce10a2b8dbc/library/std/src/panic.rs[0m:[35m140[0m
[INFO] [stdout]   22: [32mtest::run_test_in_process[0m[90m::hd50dee55dd63e6aa[0m
[INFO] [stdout]       at [35m/rustc/84c898d65adf2f39a5a98507f1fe0ce10a2b8dbc/library/test/src/lib.rs[0m:[35m679[0m
[INFO] [stdout]   [96m                              ⋮ 14 frames hidden ⋮                              [0m
[INFO] [stdout] 
[INFO] [stdout] Run with COLORBT_SHOW_HIDDEN=1 environment variable to disable frame filtering.
[INFO] [stdout] 
[INFO] [stdout] ---- test_smartlog_hint_abandoned_reverse_order stdout ----
[INFO] [stdout] Error: 
[INFO] [stdout]    0: [91mNo path to Git executable was set. Try running as: `TEST_GIT=$(which git) cargo test ...` or set `env.TEST_GIT` in your `config.toml` (see https://doc.rust-lang.org/cargo/reference/config.html)[0m
[INFO] [stdout] 
[INFO] [stdout] Location:
[INFO] [stdout]    [35m/opt/rustwide/cargo-home/registry/src/github.com-1ecc6299db9ec823/git-branchless-lib-0.7.0/src/core/config.rs[0m:[35m334[0m
[INFO] [stdout] 
[INFO] [stdout]   ━━━━━━━━━━━━━━━━━━━━━━━━━━━━━━━━━━ BACKTRACE ━━━━━━━━━━━━━━━━━━━━━━━━━━━━━━━━━━━
[INFO] [stdout]   [96m                              ⋮ 5 frames hidden ⋮                               [0m
[INFO] [stdout]    6: [91mbranchless::core::config::env_vars::get_path_to_git::{{closure}}[0m[90m::h08f8c131ad752995[0m
[INFO] [stdout]       at [35m/opt/rustwide/cargo-home/registry/src/github.com-1ecc6299db9ec823/git-branchless-lib-0.7.0/src/core/config.rs[0m:[35m334[0m
[INFO] [stdout]        332 │     pub fn get_path_to_git() -> eyre::Result<PathBuf> {
[INFO] [stdout]        333 │         let path_to_git = std::env::var_os(TEST_GIT).ok_or_else(|| {
[INFO] [stdout]   [37;1m     334[0m [37;1m>[0m [37;1m            eyre::eyre!([0m
[INFO] [stdout]        335 │                 "No path to Git executable was set. \
[INFO] [stdout]        336 │ Try running as: `{0}=$(which git) cargo test ...` \
[INFO] [stdout]    7: [32mcore::option::Option<T>::ok_or_else[0m[90m::hb26fa8c81a6ab326[0m
[INFO] [stdout]       at [35m/rustc/84c898d65adf2f39a5a98507f1fe0ce10a2b8dbc/library/core/src/option.rs[0m:[35m1249[0m
[INFO] [stdout]    8: [91mbranchless::core::config::env_vars::get_path_to_git[0m[90m::h600e3ee03f87b390[0m
[INFO] [stdout]       at [35m/opt/rustwide/cargo-home/registry/src/github.com-1ecc6299db9ec823/git-branchless-lib-0.7.0/src/core/config.rs[0m:[35m333[0m
[INFO] [stdout]        331 │     #[instrument]
[INFO] [stdout]        332 │     pub fn get_path_to_git() -> eyre::Result<PathBuf> {
[INFO] [stdout]   [37;1m     333[0m [37;1m>[0m [37;1m        let path_to_git = std::env::var_os(TEST_GIT).ok_or_else(|| {[0m
[INFO] [stdout]        334 │             eyre::eyre!(
[INFO] [stdout]        335 │                 "No path to Git executable was set. \
[INFO] [stdout]    9: [91mbranchless::testing::make_git[0m[90m::h92ae309746586943[0m
[INFO] [stdout]       at [35m/opt/rustwide/cargo-home/registry/src/github.com-1ecc6299db9ec823/git-branchless-lib-0.7.0/src/testing.rs[0m:[35m650[0m
[INFO] [stdout]        648 │ 
[INFO] [stdout]        649 │     let repo_dir = tempfile::tempdir()?;
[INFO] [stdout]   [37;1m     650[0m [37;1m>[0m [37;1m    let path_to_git = get_path_to_git()?;[0m
[INFO] [stdout]        651 │     let git_exec_path = get_git_exec_path()?;
[INFO] [stdout]        652 │     let git = Git::new(path_to_git, repo_dir.path().to_path_buf(), git_exec_path);
[INFO] [stdout]   10: [91mtest_smartlog::test_smartlog_hint_abandoned_reverse_order[0m[90m::hfb88718d62a0c161[0m
[INFO] [stdout]       at [35m/opt/rustwide/workdir/tests/test_smartlog.rs[0m:[35m505[0m
[INFO] [stdout]        503 │ #[test]
[INFO] [stdout]        504 │ fn test_smartlog_hint_abandoned_reverse_order() -> eyre::Result<()> {
[INFO] [stdout]   [37;1m     505[0m [37;1m>[0m [37;1m    let git = make_git()?;[0m
[INFO] [stdout]        506 │ 
[INFO] [stdout]        507 │     if !git.supports_reference_transactions()? {
[INFO] [stdout]   11: [91mtest_smartlog::test_smartlog_hint_abandoned_reverse_order::{{closure}}[0m[90m::hbb298c702fe24260[0m
[INFO] [stdout]       at [35m/opt/rustwide/workdir/tests/test_smartlog.rs[0m:[35m504[0m
[INFO] [stdout]        502 │ /// When --reverse is specified hints still appear at the end of output
[INFO] [stdout]        503 │ #[test]
[INFO] [stdout]   [37;1m     504[0m [37;1m>[0m [37;1mfn test_smartlog_hint_abandoned_reverse_order() -> eyre::Result<()> {[0m
[INFO] [stdout]        505 │     let git = make_git()?;
[INFO] [stdout]        506 │ 
[INFO] [stdout]   12: [32mcore::ops::function::FnOnce::call_once[0m[90m::h5e5a46d2af842dea[0m
[INFO] [stdout]       at [35m/rustc/84c898d65adf2f39a5a98507f1fe0ce10a2b8dbc/library/core/src/ops/function.rs[0m:[35m250[0m
[INFO] [stdout]   13: [32mcore::ops::function::FnOnce::call_once[0m[90m::h7d969581be7d0075[0m
[INFO] [stdout]       at [35m/rustc/84c898d65adf2f39a5a98507f1fe0ce10a2b8dbc/library/core/src/ops/function.rs[0m:[35m250[0m
[INFO] [stdout]   14: [32mtest::__rust_begin_short_backtrace[0m[90m::hca25a52684e56655[0m
[INFO] [stdout]       at [35m/rustc/84c898d65adf2f39a5a98507f1fe0ce10a2b8dbc/library/test/src/lib.rs[0m:[35m656[0m
[INFO] [stdout]   15: [32mtest::run_test::{{closure}}[0m[90m::ha8ac744c4af1a4bb[0m
[INFO] [stdout]       at [35m/rustc/84c898d65adf2f39a5a98507f1fe0ce10a2b8dbc/library/test/src/lib.rs[0m:[35m647[0m
[INFO] [stdout]   16: [32mcore::ops::function::FnOnce::call_once{{vtable.shim}}[0m[90m::h7b411a9ed45bdecf[0m
[INFO] [stdout]       at [35m/rustc/84c898d65adf2f39a5a98507f1fe0ce10a2b8dbc/library/core/src/ops/function.rs[0m:[35m250[0m
[INFO] [stdout]   17: [32m<alloc::boxed::Box<F,A> as core::ops::function::FnOnce<Args>>::call_once[0m[90m::hd05328869a8ed200[0m
[INFO] [stdout]       at [35m/rustc/84c898d65adf2f39a5a98507f1fe0ce10a2b8dbc/library/alloc/src/boxed.rs[0m:[35m1987[0m
[INFO] [stdout]   18: [32m<core::panic::unwind_safe::AssertUnwindSafe<F> as core::ops::function::FnOnce<()>>::call_once[0m[90m::h0c601ce20bd5b2be[0m
[INFO] [stdout]       at [35m/rustc/84c898d65adf2f39a5a98507f1fe0ce10a2b8dbc/library/core/src/panic/unwind_safe.rs[0m:[35m271[0m
[INFO] [stdout]   19: [32mstd::panicking::try::do_call[0m[90m::ha4be5c164fe30854[0m
[INFO] [stdout]       at [35m/rustc/84c898d65adf2f39a5a98507f1fe0ce10a2b8dbc/library/std/src/panicking.rs[0m:[35m487[0m
[INFO] [stdout]   20: [32mstd::panicking::try[0m[90m::h604546f3609af05f[0m
[INFO] [stdout]       at [35m/rustc/84c898d65adf2f39a5a98507f1fe0ce10a2b8dbc/library/std/src/panicking.rs[0m:[35m451[0m
[INFO] [stdout]   21: [32mstd::panic::catch_unwind[0m[90m::h5bfa8afe44c9c2f9[0m
[INFO] [stdout]       at [35m/rustc/84c898d65adf2f39a5a98507f1fe0ce10a2b8dbc/library/std/src/panic.rs[0m:[35m140[0m
[INFO] [stdout]   22: [32mtest::run_test_in_process[0m[90m::hd50dee55dd63e6aa[0m
[INFO] [stdout]       at [35m/rustc/84c898d65adf2f39a5a98507f1fe0ce10a2b8dbc/library/test/src/lib.rs[0m:[35m679[0m
[INFO] [stdout]   [96m                              ⋮ 14 frames hidden ⋮                              [0m
[INFO] [stdout] 
[INFO] [stdout] Run with COLORBT_SHOW_HIDDEN=1 environment variable to disable frame filtering.
[INFO] [stdout] 
[INFO] [stdout] ---- test_rebase stdout ----
[INFO] [stdout] Error: 
[INFO] [stdout]    0: [91mNo path to Git executable was set. Try running as: `TEST_GIT=$(which git) cargo test ...` or set `env.TEST_GIT` in your `config.toml` (see https://doc.rust-lang.org/cargo/reference/config.html)[0m
[INFO] [stdout] 
[INFO] [stdout] Location:
[INFO] [stdout]    [35m/opt/rustwide/cargo-home/registry/src/github.com-1ecc6299db9ec823/git-branchless-lib-0.7.0/src/core/config.rs[0m:[35m334[0m
[INFO] [stdout] 
[INFO] [stdout]   ━━━━━━━━━━━━━━━━━━━━━━━━━━━━━━━━━━ BACKTRACE ━━━━━━━━━━━━━━━━━━━━━━━━━━━━━━━━━━━
[INFO] [stdout]   [96m                              ⋮ 5 frames hidden ⋮                               [0m
[INFO] [stdout]    6: [91mbranchless::core::config::env_vars::get_path_to_git::{{closure}}[0m[90m::h08f8c131ad752995[0m
[INFO] [stdout]       at [35m/opt/rustwide/cargo-home/registry/src/github.com-1ecc6299db9ec823/git-branchless-lib-0.7.0/src/core/config.rs[0m:[35m334[0m
[INFO] [stdout]        332 │     pub fn get_path_to_git() -> eyre::Result<PathBuf> {
[INFO] [stdout]        333 │         let path_to_git = std::env::var_os(TEST_GIT).ok_or_else(|| {
[INFO] [stdout]   [37;1m     334[0m [37;1m>[0m [37;1m            eyre::eyre!([0m
[INFO] [stdout]        335 │                 "No path to Git executable was set. \
[INFO] [stdout]        336 │ Try running as: `{0}=$(which git) cargo test ...` \
[INFO] [stdout]    7: [32mcore::option::Option<T>::ok_or_else[0m[90m::hb26fa8c81a6ab326[0m
[INFO] [stdout]       at [35m/rustc/84c898d65adf2f39a5a98507f1fe0ce10a2b8dbc/library/core/src/option.rs[0m:[35m1249[0m
[INFO] [stdout]    8: [91mbranchless::core::config::env_vars::get_path_to_git[0m[90m::h600e3ee03f87b390[0m
[INFO] [stdout]       at [35m/opt/rustwide/cargo-home/registry/src/github.com-1ecc6299db9ec823/git-branchless-lib-0.7.0/src/core/config.rs[0m:[35m333[0m
[INFO] [stdout]        331 │     #[instrument]
[INFO] [stdout]        332 │     pub fn get_path_to_git() -> eyre::Result<PathBuf> {
[INFO] [stdout]   [37;1m     333[0m [37;1m>[0m [37;1m        let path_to_git = std::env::var_os(TEST_GIT).ok_or_else(|| {[0m
[INFO] [stdout]        334 │             eyre::eyre!(
[INFO] [stdout]        335 │                 "No path to Git executable was set. \
[INFO] [stdout]    9: [91mbranchless::testing::make_git[0m[90m::h92ae309746586943[0m
[INFO] [stdout]       at [35m/opt/rustwide/cargo-home/registry/src/github.com-1ecc6299db9ec823/git-branchless-lib-0.7.0/src/testing.rs[0m:[35m650[0m
[INFO] [stdout]        648 │ 
[INFO] [stdout]        649 │     let repo_dir = tempfile::tempdir()?;
[INFO] [stdout]   [37;1m     650[0m [37;1m>[0m [37;1m    let path_to_git = get_path_to_git()?;[0m
[INFO] [stdout]        651 │     let git_exec_path = get_git_exec_path()?;
[INFO] [stdout]        652 │     let git = Git::new(path_to_git, repo_dir.path().to_path_buf(), git_exec_path);
[INFO] [stdout]   10: [91mtest_smartlog::test_rebase[0m[90m::h735895dd3d9e072d[0m
[INFO] [stdout]       at [35m/opt/rustwide/workdir/tests/test_smartlog.rs[0m:[35m65[0m
[INFO] [stdout]         63 │ #[test]
[INFO] [stdout]         64 │ fn test_rebase() -> eyre::Result<()> {
[INFO] [stdout]   [37;1m      65[0m [37;1m>[0m [37;1m    let git = make_git()?;[0m
[INFO] [stdout]         66 │ 
[INFO] [stdout]         67 │     git.init_repo()?;
[INFO] [stdout]   11: [91mtest_smartlog::test_rebase::{{closure}}[0m[90m::h187025002688e5bc[0m
[INFO] [stdout]       at [35m/opt/rustwide/workdir/tests/test_smartlog.rs[0m:[35m64[0m
[INFO] [stdout]         62 │ 
[INFO] [stdout]         63 │ #[test]
[INFO] [stdout]   [37;1m      64[0m [37;1m>[0m [37;1mfn test_rebase() -> eyre::Result<()> {[0m
[INFO] [stdout]         65 │     let git = make_git()?;
[INFO] [stdout]         66 │ 
[INFO] [stdout]   12: [32mcore::ops::function::FnOnce::call_once[0m[90m::h39e911a3d9492704[0m
[INFO] [stdout]       at [35m/rustc/84c898d65adf2f39a5a98507f1fe0ce10a2b8dbc/library/core/src/ops/function.rs[0m:[35m250[0m
[INFO] [stdout]   13: [32mcore::ops::function::FnOnce::call_once[0m[90m::h7d969581be7d0075[0m
[INFO] [stdout]       at [35m/rustc/84c898d65adf2f39a5a98507f1fe0ce10a2b8dbc/library/core/src/ops/function.rs[0m:[35m250[0m
[INFO] [stdout]   14: [32mtest::__rust_begin_short_backtrace[0m[90m::hca25a52684e56655[0m
[INFO] [stdout]       at [35m/rustc/84c898d65adf2f39a5a98507f1fe0ce10a2b8dbc/library/test/src/lib.rs[0m:[35m656[0m
[INFO] [stdout]   15: [32mtest::run_test::{{closure}}[0m[90m::ha8ac744c4af1a4bb[0m
[INFO] [stdout]       at [35m/rustc/84c898d65adf2f39a5a98507f1fe0ce10a2b8dbc/library/test/src/lib.rs[0m:[35m647[0m
[INFO] [stdout]   16: [32mcore::ops::function::FnOnce::call_once{{vtable.shim}}[0m[90m::h7b411a9ed45bdecf[0m
[INFO] [stdout]       at [35m/rustc/84c898d65adf2f39a5a98507f1fe0ce10a2b8dbc/library/core/src/ops/function.rs[0m:[35m250[0m
[INFO] [stdout]   17: [32m<alloc::boxed::Box<F,A> as core::ops::function::FnOnce<Args>>::call_once[0m[90m::hd05328869a8ed200[0m
[INFO] [stdout]       at [35m/rustc/84c898d65adf2f39a5a98507f1fe0ce10a2b8dbc/library/alloc/src/boxed.rs[0m:[35m1987[0m
[INFO] [stdout]   18: [32m<core::panic::unwind_safe::AssertUnwindSafe<F> as core::ops::function::FnOnce<()>>::call_once[0m[90m::h0c601ce20bd5b2be[0m
[INFO] [stdout]       at [35m/rustc/84c898d65adf2f39a5a98507f1fe0ce10a2b8dbc/library/core/src/panic/unwind_safe.rs[0m:[35m271[0m
[INFO] [stdout]   19: [32mstd::panicking::try::do_call[0m[90m::ha4be5c164fe30854[0m
[INFO] [stdout]       at [35m/rustc/84c898d65adf2f39a5a98507f1fe0ce10a2b8dbc/library/std/src/panicking.rs[0m:[35m487[0m
[INFO] [stdout]   20: [32mstd::panicking::try[0m[90m::h604546f3609af05f[0m
[INFO] [stdout]       at [35m/rustc/84c898d65adf2f39a5a98507f1fe0ce10a2b8dbc/library/std/src/panicking.rs[0m:[35m451[0m
[INFO] [stdout]   21: [32mstd::panic::catch_unwind[0m[90m::h5bfa8afe44c9c2f9[0m
[INFO] [stdout]       at [35m/rustc/84c898d65adf2f39a5a98507f1fe0ce10a2b8dbc/library/std/src/panic.rs[0m:[35m140[0m
[INFO] [stdout]   22: [32mtest::run_test_in_process[0m[90m::hd50dee55dd63e6aa[0m
[INFO] [stdout]       at [35m/rustc/84c898d65adf2f39a5a98507f1fe0ce10a2b8dbc/library/test/src/lib.rs[0m:[35m679[0m
[INFO] [stdout]   [96m                              ⋮ 14 frames hidden ⋮                              [0m
[INFO] [stdout] 
[INFO] [stdout] Run with COLORBT_SHOW_HIDDEN=1 environment variable to disable frame filtering.
[INFO] [stdout] 
[INFO] [stdout] ---- test_show_rewritten_commit_hash stdout ----
[INFO] [stdout] Error: 
[INFO] [stdout]    0: [91mNo path to Git executable was set. Try running as: `TEST_GIT=$(which git) cargo test ...` or set `env.TEST_GIT` in your `config.toml` (see https://doc.rust-lang.org/cargo/reference/config.html)[0m
[INFO] [stdout] 
[INFO] [stdout] Location:
[INFO] [stdout]    [35m/opt/rustwide/cargo-home/registry/src/github.com-1ecc6299db9ec823/git-branchless-lib-0.7.0/src/core/config.rs[0m:[35m334[0m
[INFO] [stdout] 
[INFO] [stdout]   ━━━━━━━━━━━━━━━━━━━━━━━━━━━━━━━━━━ BACKTRACE ━━━━━━━━━━━━━━━━━━━━━━━━━━━━━━━━━━━
[INFO] [stdout]   [96m                              ⋮ 5 frames hidden ⋮                               [0m
[INFO] [stdout]    6: [91mbranchless::core::config::env_vars::get_path_to_git::{{closure}}[0m[90m::h08f8c131ad752995[0m
[INFO] [stdout]       at [35m/opt/rustwide/cargo-home/registry/src/github.com-1ecc6299db9ec823/git-branchless-lib-0.7.0/src/core/config.rs[0m:[35m334[0m
[INFO] [stdout]        332 │     pub fn get_path_to_git() -> eyre::Result<PathBuf> {
[INFO] [stdout]        333 │         let path_to_git = std::env::var_os(TEST_GIT).ok_or_else(|| {
[INFO] [stdout]   [37;1m     334[0m [37;1m>[0m [37;1m            eyre::eyre!([0m
[INFO] [stdout]        335 │                 "No path to Git executable was set. \
[INFO] [stdout]        336 │ Try running as: `{0}=$(which git) cargo test ...` \
[INFO] [stdout]    7: [32mcore::option::Option<T>::ok_or_else[0m[90m::hb26fa8c81a6ab326[0m
[INFO] [stdout]       at [35m/rustc/84c898d65adf2f39a5a98507f1fe0ce10a2b8dbc/library/core/src/option.rs[0m:[35m1249[0m
[INFO] [stdout]    8: [91mbranchless::core::config::env_vars::get_path_to_git[0m[90m::h600e3ee03f87b390[0m
[INFO] [stdout]       at [35m/opt/rustwide/cargo-home/registry/src/github.com-1ecc6299db9ec823/git-branchless-lib-0.7.0/src/core/config.rs[0m:[35m333[0m
[INFO] [stdout]        331 │     #[instrument]
[INFO] [stdout]        332 │     pub fn get_path_to_git() -> eyre::Result<PathBuf> {
[INFO] [stdout]   [37;1m     333[0m [37;1m>[0m [37;1m        let path_to_git = std::env::var_os(TEST_GIT).ok_or_else(|| {[0m
[INFO] [stdout]        334 │             eyre::eyre!(
[INFO] [stdout]        335 │                 "No path to Git executable was set. \
[INFO] [stdout]    9: [91mbranchless::testing::make_git[0m[90m::h92ae309746586943[0m
[INFO] [stdout]       at [35m/opt/rustwide/cargo-home/registry/src/github.com-1ecc6299db9ec823/git-branchless-lib-0.7.0/src/testing.rs[0m:[35m650[0m
[INFO] [stdout]        648 │ 
[INFO] [stdout]        649 │     let repo_dir = tempfile::tempdir()?;
[INFO] [stdout]   [37;1m     650[0m [37;1m>[0m [37;1m    let path_to_git = get_path_to_git()?;[0m
[INFO] [stdout]        651 │     let git_exec_path = get_git_exec_path()?;
[INFO] [stdout]        652 │     let git = Git::new(path_to_git, repo_dir.path().to_path_buf(), git_exec_path);
[INFO] [stdout]   10: [91mtest_smartlog::test_show_rewritten_commit_hash[0m[90m::h8020962b5c58b266[0m
[INFO] [stdout]       at [35m/opt/rustwide/workdir/tests/test_smartlog.rs[0m:[35m375[0m
[INFO] [stdout]        373 │ #[test]
[INFO] [stdout]        374 │ fn test_show_rewritten_commit_hash() -> eyre::Result<()> {
[INFO] [stdout]   [37;1m     375[0m [37;1m>[0m [37;1m    let git = make_git()?;[0m
[INFO] [stdout]        376 │ 
[INFO] [stdout]        377 │     git.init_repo()?;
[INFO] [stdout]   11: [91mtest_smartlog::test_show_rewritten_commit_hash::{{closure}}[0m[90m::h3f6a157a727f7e3e[0m
[INFO] [stdout]       at [35m/opt/rustwide/workdir/tests/test_smartlog.rs[0m:[35m374[0m
[INFO] [stdout]        372 │ 
[INFO] [stdout]        373 │ #[test]
[INFO] [stdout]   [37;1m     374[0m [37;1m>[0m [37;1mfn test_show_rewritten_commit_hash() -> eyre::Result<()> {[0m
[INFO] [stdout]        375 │     let git = make_git()?;
[INFO] [stdout]        376 │ 
[INFO] [stdout]   12: [32mcore::ops::function::FnOnce::call_once[0m[90m::h6eaff52b5473366a[0m
[INFO] [stdout]       at [35m/rustc/84c898d65adf2f39a5a98507f1fe0ce10a2b8dbc/library/core/src/ops/function.rs[0m:[35m250[0m
[INFO] [stdout]   13: [32mcore::ops::function::FnOnce::call_once[0m[90m::h7d969581be7d0075[0m
[INFO] [stdout]       at [35m/rustc/84c898d65adf2f39a5a98507f1fe0ce10a2b8dbc/library/core/src/ops/function.rs[0m:[35m250[0m
[INFO] [stdout]   14: [32mtest::__rust_begin_short_backtrace[0m[90m::hca25a52684e56655[0m
[INFO] [stdout]       at [35m/rustc/84c898d65adf2f39a5a98507f1fe0ce10a2b8dbc/library/test/src/lib.rs[0m:[35m656[0m
[INFO] [stdout]   15: [32mtest::run_test::{{closure}}[0m[90m::ha8ac744c4af1a4bb[0m
[INFO] [stdout]       at [35m/rustc/84c898d65adf2f39a5a98507f1fe0ce10a2b8dbc/library/test/src/lib.rs[0m:[35m647[0m
[INFO] [stdout]   16: [32mcore::ops::function::FnOnce::call_once{{vtable.shim}}[0m[90m::h7b411a9ed45bdecf[0m
[INFO] [stdout]       at [35m/rustc/84c898d65adf2f39a5a98507f1fe0ce10a2b8dbc/library/core/src/ops/function.rs[0m:[35m250[0m
[INFO] [stdout]   17: [32m<alloc::boxed::Box<F,A> as core::ops::function::FnOnce<Args>>::call_once[0m[90m::hd05328869a8ed200[0m
[INFO] [stdout]       at [35m/rustc/84c898d65adf2f39a5a98507f1fe0ce10a2b8dbc/library/alloc/src/boxed.rs[0m:[35m1987[0m
[INFO] [stdout]   18: [32m<core::panic::unwind_safe::AssertUnwindSafe<F> as core::ops::function::FnOnce<()>>::call_once[0m[90m::h0c601ce20bd5b2be[0m
[INFO] [stdout]       at [35m/rustc/84c898d65adf2f39a5a98507f1fe0ce10a2b8dbc/library/core/src/panic/unwind_safe.rs[0m:[35m271[0m
[INFO] [stdout]   19: [32mstd::panicking::try::do_call[0m[90m::ha4be5c164fe30854[0m
[INFO] [stdout]       at [35m/rustc/84c898d65adf2f39a5a98507f1fe0ce10a2b8dbc/library/std/src/panicking.rs[0m:[35m487[0m
[INFO] [stdout]   20: [32mstd::panicking::try[0m[90m::h604546f3609af05f[0m
[INFO] [stdout]       at [35m/rustc/84c898d65adf2f39a5a98507f1fe0ce10a2b8dbc/library/std/src/panicking.rs[0m:[35m451[0m
[INFO] [stdout]   21: [32mstd::panic::catch_unwind[0m[90m::h5bfa8afe44c9c2f9[0m
[INFO] [stdout]       at [35m/rustc/84c898d65adf2f39a5a98507f1fe0ce10a2b8dbc/library/std/src/panic.rs[0m:[35m140[0m
[INFO] [stdout]   22: [32mtest::run_test_in_process[0m[90m::hd50dee55dd63e6aa[0m
[INFO] [stdout]       at [35m/rustc/84c898d65adf2f39a5a98507f1fe0ce10a2b8dbc/library/test/src/lib.rs[0m:[35m679[0m
[INFO] [stdout]   [96m                              ⋮ 14 frames hidden ⋮                              [0m
[INFO] [stdout] 
[INFO] [stdout] Run with COLORBT_SHOW_HIDDEN=1 environment variable to disable frame filtering.
[INFO] [stdout] 
[INFO] [stdout] ---- test_non_adjacent_commits stdout ----
[INFO] [stdout] Error: 
[INFO] [stdout]    0: [91mNo path to Git executable was set. Try running as: `TEST_GIT=$(which git) cargo test ...` or set `env.TEST_GIT` in your `config.toml` (see https://doc.rust-lang.org/cargo/reference/config.html)[0m
[INFO] [stdout] 
[INFO] [stdout] Location:
[INFO] [stdout]    [35m/opt/rustwide/cargo-home/registry/src/github.com-1ecc6299db9ec823/git-branchless-lib-0.7.0/src/core/config.rs[0m:[35m334[0m
[INFO] [stdout] 
[INFO] [stdout]   ━━━━━━━━━━━━━━━━━━━━━━━━━━━━━━━━━━ BACKTRACE ━━━━━━━━━━━━━━━━━━━━━━━━━━━━━━━━━━━
[INFO] [stdout]   [96m                              ⋮ 5 frames hidden ⋮                               [0m
[INFO] [stdout]    6: [91mbranchless::core::config::env_vars::get_path_to_git::{{closure}}[0m[90m::h08f8c131ad752995[0m
[INFO] [stdout]       at [35m/opt/rustwide/cargo-home/registry/src/github.com-1ecc6299db9ec823/git-branchless-lib-0.7.0/src/core/config.rs[0m:[35m334[0m
[INFO] [stdout]        332 │     pub fn get_path_to_git() -> eyre::Result<PathBuf> {
[INFO] [stdout]        333 │         let path_to_git = std::env::var_os(TEST_GIT).ok_or_else(|| {
[INFO] [stdout]   [37;1m     334[0m [37;1m>[0m [37;1m            eyre::eyre!([0m
[INFO] [stdout]        335 │                 "No path to Git executable was set. \
[INFO] [stdout]        336 │ Try running as: `{0}=$(which git) cargo test ...` \
[INFO] [stdout]    7: [32mcore::option::Option<T>::ok_or_else[0m[90m::hb26fa8c81a6ab326[0m
[INFO] [stdout]       at [35m/rustc/84c898d65adf2f39a5a98507f1fe0ce10a2b8dbc/library/core/src/option.rs[0m:[35m1249[0m
[INFO] [stdout]    8: [91mbranchless::core::config::env_vars::get_path_to_git[0m[90m::h600e3ee03f87b390[0m
[INFO] [stdout]       at [35m/opt/rustwide/cargo-home/registry/src/github.com-1ecc6299db9ec823/git-branchless-lib-0.7.0/src/core/config.rs[0m:[35m333[0m
[INFO] [stdout]        331 │     #[instrument]
[INFO] [stdout]        332 │     pub fn get_path_to_git() -> eyre::Result<PathBuf> {
[INFO] [stdout]   [37;1m     333[0m [37;1m>[0m [37;1m        let path_to_git = std::env::var_os(TEST_GIT).ok_or_else(|| {[0m
[INFO] [stdout]        334 │             eyre::eyre!(
[INFO] [stdout]        335 │                 "No path to Git executable was set. \
[INFO] [stdout]    9: [91mbranchless::testing::make_git[0m[90m::h92ae309746586943[0m
[INFO] [stdout]       at [35m/opt/rustwide/cargo-home/registry/src/github.com-1ecc6299db9ec823/git-branchless-lib-0.7.0/src/testing.rs[0m:[35m650[0m
[INFO] [stdout]        648 │ 
[INFO] [stdout]        649 │     let repo_dir = tempfile::tempdir()?;
[INFO] [stdout]   [37;1m     650[0m [37;1m>[0m [37;1m    let path_to_git = get_path_to_git()?;[0m
[INFO] [stdout]        651 │     let git_exec_path = get_git_exec_path()?;
[INFO] [stdout]        652 │     let git = Git::new(path_to_git, repo_dir.path().to_path_buf(), git_exec_path);
[INFO] [stdout]   10: [91mtest_smartlog::test_non_adjacent_commits[0m[90m::hd5f912f4830add8a[0m
[INFO] [stdout]       at [35m/opt/rustwide/workdir/tests/test_smartlog.rs[0m:[35m255[0m
[INFO] [stdout]        253 │ #[test]
[INFO] [stdout]        254 │ fn test_non_adjacent_commits() -> eyre::Result<()> {
[INFO] [stdout]   [37;1m     255[0m [37;1m>[0m [37;1m    let git = make_git()?;[0m
[INFO] [stdout]        256 │ 
[INFO] [stdout]        257 │     git.init_repo()?;
[INFO] [stdout]   11: [91mtest_smartlog::test_non_adjacent_commits::{{closure}}[0m[90m::h8aae521b05cee306[0m
[INFO] [stdout]       at [35m/opt/rustwide/workdir/tests/test_smartlog.rs[0m:[35m254[0m
[INFO] [stdout]        252 │ 
[INFO] [stdout]        253 │ #[test]
[INFO] [stdout]   [37;1m     254[0m [37;1m>[0m [37;1mfn test_non_adjacent_commits() -> eyre::Result<()> {[0m
[INFO] [stdout]        255 │     let git = make_git()?;
[INFO] [stdout]        256 │ 
[INFO] [stdout]   12: [32mcore::ops::function::FnOnce::call_once[0m[90m::h843660a517e6ba43[0m
[INFO] [stdout]       at [35m/rustc/84c898d65adf2f39a5a98507f1fe0ce10a2b8dbc/library/core/src/ops/function.rs[0m:[35m250[0m
[INFO] [stdout]   13: [32mcore::ops::function::FnOnce::call_once[0m[90m::h7d969581be7d0075[0m
[INFO] [stdout]       at [35m/rustc/84c898d65adf2f39a5a98507f1fe0ce10a2b8dbc/library/core/src/ops/function.rs[0m:[35m250[0m
[INFO] [stdout]   14: [32mtest::__rust_begin_short_backtrace[0m[90m::hca25a52684e56655[0m
[INFO] [stdout]       at [35m/rustc/84c898d65adf2f39a5a98507f1fe0ce10a2b8dbc/library/test/src/lib.rs[0m:[35m656[0m
[INFO] [stdout]   15: [32mtest::run_test::{{closure}}[0m[90m::ha8ac744c4af1a4bb[0m
[INFO] [stdout]       at [35m/rustc/84c898d65adf2f39a5a98507f1fe0ce10a2b8dbc/library/test/src/lib.rs[0m:[35m647[0m
[INFO] [stdout]   16: [32mcore::ops::function::FnOnce::call_once{{vtable.shim}}[0m[90m::h7b411a9ed45bdecf[0m
[INFO] [stdout]       at [35m/rustc/84c898d65adf2f39a5a98507f1fe0ce10a2b8dbc/library/core/src/ops/function.rs[0m:[35m250[0m
[INFO] [stdout]   17: [32m<alloc::boxed::Box<F,A> as core::ops::function::FnOnce<Args>>::call_once[0m[90m::hd05328869a8ed200[0m
[INFO] [stdout]       at [35m/rustc/84c898d65adf2f39a5a98507f1fe0ce10a2b8dbc/library/alloc/src/boxed.rs[0m:[35m1987[0m
[INFO] [stdout]   18: [32m<core::panic::unwind_safe::AssertUnwindSafe<F> as core::ops::function::FnOnce<()>>::call_once[0m[90m::h0c601ce20bd5b2be[0m
[INFO] [stdout]       at [35m/rustc/84c898d65adf2f39a5a98507f1fe0ce10a2b8dbc/library/core/src/panic/unwind_safe.rs[0m:[35m271[0m
[INFO] [stdout]   19: [32mstd::panicking::try::do_call[0m[90m::ha4be5c164fe30854[0m
[INFO] [stdout]       at [35m/rustc/84c898d65adf2f39a5a98507f1fe0ce10a2b8dbc/library/std/src/panicking.rs[0m:[35m487[0m
[INFO] [stdout]   20: [32mstd::panicking::try[0m[90m::h604546f3609af05f[0m
[INFO] [stdout]       at [35m/rustc/84c898d65adf2f39a5a98507f1fe0ce10a2b8dbc/library/std/src/panicking.rs[0m:[35m451[0m
[INFO] [stdout]   21: [32mstd::panic::catch_unwind[0m[90m::h5bfa8afe44c9c2f9[0m
[INFO] [stdout]       at [35m/rustc/84c898d65adf2f39a5a98507f1fe0ce10a2b8dbc/library/std/src/panic.rs[0m:[35m140[0m
[INFO] [stdout]   22: [32mtest::run_test_in_process[0m[90m::hd50dee55dd63e6aa[0m
[INFO] [stdout]       at [35m/rustc/84c898d65adf2f39a5a98507f1fe0ce10a2b8dbc/library/test/src/lib.rs[0m:[35m679[0m
[INFO] [stdout]   [96m                              ⋮ 14 frames hidden ⋮                              [0m
[INFO] [stdout] 
[INFO] [stdout] Run with COLORBT_SHOW_HIDDEN=1 environment variable to disable frame filtering.
[INFO] [stdout] 
[INFO] [stdout] ---- test_tree stdout ----
[INFO] [stdout] Error: 
[INFO] [stdout]    0: [91mNo path to Git executable was set. Try running as: `TEST_GIT=$(which git) cargo test ...` or set `env.TEST_GIT` in your `config.toml` (see https://doc.rust-lang.org/cargo/reference/config.html)[0m
[INFO] [stdout] 
[INFO] [stdout] Location:
[INFO] [stdout]    [35m/opt/rustwide/cargo-home/registry/src/github.com-1ecc6299db9ec823/git-branchless-lib-0.7.0/src/core/config.rs[0m:[35m334[0m
[INFO] [stdout] 
[INFO] [stdout]   ━━━━━━━━━━━━━━━━━━━━━━━━━━━━━━━━━━ BACKTRACE ━━━━━━━━━━━━━━━━━━━━━━━━━━━━━━━━━━━
[INFO] [stdout]   [96m                              ⋮ 5 frames hidden ⋮                               [0m
[INFO] [stdout]    6: [91mbranchless::core::config::env_vars::get_path_to_git::{{closure}}[0m[90m::h08f8c131ad752995[0m
[INFO] [stdout]       at [35m/opt/rustwide/cargo-home/registry/src/github.com-1ecc6299db9ec823/git-branchless-lib-0.7.0/src/core/config.rs[0m:[35m334[0m
[INFO] [stdout]        332 │     pub fn get_path_to_git() -> eyre::Result<PathBuf> {
[INFO] [stdout]        333 │         let path_to_git = std::env::var_os(TEST_GIT).ok_or_else(|| {
[INFO] [stdout]   [37;1m     334[0m [37;1m>[0m [37;1m            eyre::eyre!([0m
[INFO] [stdout]        335 │                 "No path to Git executable was set. \
[INFO] [stdout]        336 │ Try running as: `{0}=$(which git) cargo test ...` \
[INFO] [stdout]    7: [32mcore::option::Option<T>::ok_or_else[0m[90m::hb26fa8c81a6ab326[0m
[INFO] [stdout]       at [35m/rustc/84c898d65adf2f39a5a98507f1fe0ce10a2b8dbc/library/core/src/option.rs[0m:[35m1249[0m
[INFO] [stdout]    8: [91mbranchless::core::config::env_vars::get_path_to_git[0m[90m::h600e3ee03f87b390[0m
[INFO] [stdout]       at [35m/opt/rustwide/cargo-home/registry/src/github.com-1ecc6299db9ec823/git-branchless-lib-0.7.0/src/core/config.rs[0m:[35m333[0m
[INFO] [stdout]        331 │     #[instrument]
[INFO] [stdout]        332 │     pub fn get_path_to_git() -> eyre::Result<PathBuf> {
[INFO] [stdout]   [37;1m     333[0m [37;1m>[0m [37;1m        let path_to_git = std::env::var_os(TEST_GIT).ok_or_else(|| {[0m
[INFO] [stdout]        334 │             eyre::eyre!(
[INFO] [stdout]        335 │                 "No path to Git executable was set. \
[INFO] [stdout]    9: [91mbranchless::testing::make_git[0m[90m::h92ae309746586943[0m
[INFO] [stdout]       at [35m/opt/rustwide/cargo-home/registry/src/github.com-1ecc6299db9ec823/git-branchless-lib-0.7.0/src/testing.rs[0m:[35m650[0m
[INFO] [stdout]        648 │ 
[INFO] [stdout]        649 │     let repo_dir = tempfile::tempdir()?;
[INFO] [stdout]   [37;1m     650[0m [37;1m>[0m [37;1m    let path_to_git = get_path_to_git()?;[0m
[INFO] [stdout]        651 │     let git_exec_path = get_git_exec_path()?;
[INFO] [stdout]        652 │     let git = Git::new(path_to_git, repo_dir.path().to_path_buf(), git_exec_path);
[INFO] [stdout]   10: [91mtest_smartlog::test_tree[0m[90m::h0725895fdfe8dee2[0m
[INFO] [stdout]       at [35m/opt/rustwide/workdir/tests/test_smartlog.rs[0m:[35m40[0m
[INFO] [stdout]         38 │ #[test]
[INFO] [stdout]         39 │ fn test_tree() -> eyre::Result<()> {
[INFO] [stdout]   [37;1m      40[0m [37;1m>[0m [37;1m    let git = make_git()?;[0m
[INFO] [stdout]         41 │ 
[INFO] [stdout]         42 │     git.init_repo()?;
[INFO] [stdout]   11: [91mtest_smartlog::test_tree::{{closure}}[0m[90m::h078abcacbbbaa29b[0m
[INFO] [stdout]       at [35m/opt/rustwide/workdir/tests/test_smartlog.rs[0m:[35m39[0m
[INFO] [stdout]         37 │ 
[INFO] [stdout]         38 │ #[test]
[INFO] [stdout]   [37;1m      39[0m [37;1m>[0m [37;1mfn test_tree() -> eyre::Result<()> {[0m
[INFO] [stdout]         40 │     let git = make_git()?;
[INFO] [stdout]         41 │ 
[INFO] [stdout]   12: [32mcore::ops::function::FnOnce::call_once[0m[90m::h1d9c1b77dfb15717[0m
[INFO] [stdout]       at [35m/rustc/84c898d65adf2f39a5a98507f1fe0ce10a2b8dbc/library/core/src/ops/function.rs[0m:[35m250[0m
[INFO] [stdout]   13: [32mcore::ops::function::FnOnce::call_once[0m[90m::h7d969581be7d0075[0m
[INFO] [stdout]       at [35m/rustc/84c898d65adf2f39a5a98507f1fe0ce10a2b8dbc/library/core/src/ops/function.rs[0m:[35m250[0m
[INFO] [stdout]   14: [32mtest::__rust_begin_short_backtrace[0m[90m::hca25a52684e56655[0m
[INFO] [stdout]       at [35m/rustc/84c898d65adf2f39a5a98507f1fe0ce10a2b8dbc/library/test/src/lib.rs[0m:[35m656[0m
[INFO] [stdout]   15: [32mtest::run_test::{{closure}}[0m[90m::ha8ac744c4af1a4bb[0m
[INFO] [stdout]       at [35m/rustc/84c898d65adf2f39a5a98507f1fe0ce10a2b8dbc/library/test/src/lib.rs[0m:[35m647[0m
[INFO] [stdout]   16: [32mcore::ops::function::FnOnce::call_once{{vtable.shim}}[0m[90m::h7b411a9ed45bdecf[0m
[INFO] [stdout]       at [35m/rustc/84c898d65adf2f39a5a98507f1fe0ce10a2b8dbc/library/core/src/ops/function.rs[0m:[35m250[0m
[INFO] [stdout]   17: [32m<alloc::boxed::Box<F,A> as core::ops::function::FnOnce<Args>>::call_once[0m[90m::hd05328869a8ed200[0m
[INFO] [stdout]       at [35m/rustc/84c898d65adf2f39a5a98507f1fe0ce10a2b8dbc/library/alloc/src/boxed.rs[0m:[35m1987[0m
[INFO] [stdout]   18: [32m<core::panic::unwind_safe::AssertUnwindSafe<F> as core::ops::function::FnOnce<()>>::call_once[0m[90m::h0c601ce20bd5b2be[0m
[INFO] [stdout]       at [35m/rustc/84c898d65adf2f39a5a98507f1fe0ce10a2b8dbc/library/core/src/panic/unwind_safe.rs[0m:[35m271[0m
[INFO] [stdout]   19: [32mstd::panicking::try::do_call[0m[90m::ha4be5c164fe30854[0m
[INFO] [stdout]       at [35m/rustc/84c898d65adf2f39a5a98507f1fe0ce10a2b8dbc/library/std/src/panicking.rs[0m:[35m487[0m
[INFO] [stdout]   20: [32mstd::panicking::try[0m[90m::h604546f3609af05f[0m
[INFO] [stdout]       at [35m/rustc/84c898d65adf2f39a5a98507f1fe0ce10a2b8dbc/library/std/src/panicking.rs[0m:[35m451[0m
[INFO] [stdout]   21: [32mstd::panic::catch_unwind[0m[90m::h5bfa8afe44c9c2f9[0m
[INFO] [stdout]       at [35m/rustc/84c898d65adf2f39a5a98507f1fe0ce10a2b8dbc/library/std/src/panic.rs[0m:[35m140[0m
[INFO] [stdout]   22: [32mtest::run_test_in_process[0m[90m::hd50dee55dd63e6aa[0m
[INFO] [stdout]       at [35m/rustc/84c898d65adf2f39a5a98507f1fe0ce10a2b8dbc/library/test/src/lib.rs[0m:[35m679[0m
[INFO] [stdout]   [96m                              ⋮ 14 frames hidden ⋮                              [0m
[INFO] [stdout] 
[INFO] [stdout] Run with COLORBT_SHOW_HIDDEN=1 environment variable to disable frame filtering.
[INFO] [stdout] 
[INFO] [stdout] ---- test_smartlog_sparse_main_false_head stdout ----
[INFO] [stdout] Error: 
[INFO] [stdout]    0: [91mNo path to Git executable was set. Try running as: `TEST_GIT=$(which git) cargo test ...` or set `env.TEST_GIT` in your `config.toml` (see https://doc.rust-lang.org/cargo/reference/config.html)[0m
[INFO] [stdout] 
[INFO] [stdout] Location:
[INFO] [stdout]    [35m/opt/rustwide/cargo-home/registry/src/github.com-1ecc6299db9ec823/git-branchless-lib-0.7.0/src/core/config.rs[0m:[35m334[0m
[INFO] [stdout] 
[INFO] [stdout]   ━━━━━━━━━━━━━━━━━━━━━━━━━━━━━━━━━━ BACKTRACE ━━━━━━━━━━━━━━━━━━━━━━━━━━━━━━━━━━━
[INFO] [stdout]   [96m                              ⋮ 5 frames hidden ⋮                               [0m
[INFO] [stdout]    6: [91mbranchless::core::config::env_vars::get_path_to_git::{{closure}}[0m[90m::h08f8c131ad752995[0m
[INFO] [stdout]       at [35m/opt/rustwide/cargo-home/registry/src/github.com-1ecc6299db9ec823/git-branchless-lib-0.7.0/src/core/config.rs[0m:[35m334[0m
[INFO] [stdout]        332 │     pub fn get_path_to_git() -> eyre::Result<PathBuf> {
[INFO] [stdout]        333 │         let path_to_git = std::env::var_os(TEST_GIT).ok_or_else(|| {
[INFO] [stdout]   [37;1m     334[0m [37;1m>[0m [37;1m            eyre::eyre!([0m
[INFO] [stdout]        335 │                 "No path to Git executable was set. \
[INFO] [stdout]        336 │ Try running as: `{0}=$(which git) cargo test ...` \
[INFO] [stdout]    7: [32mcore::option::Option<T>::ok_or_else[0m[90m::hb26fa8c81a6ab326[0m
[INFO] [stdout]       at [35m/rustc/84c898d65adf2f39a5a98507f1fe0ce10a2b8dbc/library/core/src/option.rs[0m:[35m1249[0m
[INFO] [stdout]    8: [91mbranchless::core::config::env_vars::get_path_to_git[0m[90m::h600e3ee03f87b390[0m
[INFO] [stdout]       at [35m/opt/rustwide/cargo-home/registry/src/github.com-1ecc6299db9ec823/git-branchless-lib-0.7.0/src/core/config.rs[0m:[35m333[0m
[INFO] [stdout]        331 │     #[instrument]
[INFO] [stdout]        332 │     pub fn get_path_to_git() -> eyre::Result<PathBuf> {
[INFO] [stdout]   [37;1m     333[0m [37;1m>[0m [37;1m        let path_to_git = std::env::var_os(TEST_GIT).ok_or_else(|| {[0m
[INFO] [stdout]        334 │             eyre::eyre!(
[INFO] [stdout]        335 │                 "No path to Git executable was set. \
[INFO] [stdout]    9: [91mbranchless::testing::make_git[0m[90m::h92ae309746586943[0m
[INFO] [stdout]       at [35m/opt/rustwide/cargo-home/registry/src/github.com-1ecc6299db9ec823/git-branchless-lib-0.7.0/src/testing.rs[0m:[35m650[0m
[INFO] [stdout]        648 │ 
[INFO] [stdout]        649 │     let repo_dir = tempfile::tempdir()?;
[INFO] [stdout]   [37;1m     650[0m [37;1m>[0m [37;1m    let path_to_git = get_path_to_git()?;[0m
[INFO] [stdout]        651 │     let git_exec_path = get_git_exec_path()?;
[INFO] [stdout]        652 │     let git = Git::new(path_to_git, repo_dir.path().to_path_buf(), git_exec_path);
[INFO] [stdout]   10: [91mtest_smartlog::test_smartlog_sparse_main_false_head[0m[90m::h8978afbbc22721e7[0m
[INFO] [stdout]       at [35m/opt/rustwide/workdir/tests/test_smartlog.rs[0m:[35m632[0m
[INFO] [stdout]        630 │ #[test]
[INFO] [stdout]        631 │ fn test_smartlog_sparse_main_false_head() -> eyre::Result<()> {
[INFO] [stdout]   [37;1m     632[0m [37;1m>[0m [37;1m    let git = make_git()?;[0m
[INFO] [stdout]        633 │ 
[INFO] [stdout]        634 │     git.init_repo()?;
[INFO] [stdout]   11: [91mtest_smartlog::test_smartlog_sparse_main_false_head::{{closure}}[0m[90m::he6a8b0ee4a8ea13a[0m
[INFO] [stdout]       at [35m/opt/rustwide/workdir/tests/test_smartlog.rs[0m:[35m631[0m
[INFO] [stdout]        629 │ 
[INFO] [stdout]        630 │ #[test]
[INFO] [stdout]   [37;1m     631[0m [37;1m>[0m [37;1mfn test_smartlog_sparse_main_false_head() -> eyre::Result<()> {[0m
[INFO] [stdout]        632 │     let git = make_git()?;
[INFO] [stdout]        633 │ 
[INFO] [stdout]   12: [32mcore::ops::function::FnOnce::call_once[0m[90m::h717d60b66d5394f8[0m
[INFO] [stdout]       at [35m/rustc/84c898d65adf2f39a5a98507f1fe0ce10a2b8dbc/library/core/src/ops/function.rs[0m:[35m250[0m
[INFO] [stdout]   13: [32mcore::ops::function::FnOnce::call_once[0m[90m::h7d969581be7d0075[0m
[INFO] [stdout]       at [35m/rustc/84c898d65adf2f39a5a98507f1fe0ce10a2b8dbc/library/core/src/ops/function.rs[0m:[35m250[0m
[INFO] [stdout]   14: [32mtest::__rust_begin_short_backtrace[0m[90m::hca25a52684e56655[0m
[INFO] [stdout]       at [35m/rustc/84c898d65adf2f39a5a98507f1fe0ce10a2b8dbc/library/test/src/lib.rs[0m:[35m656[0m
[INFO] [stdout]   15: [32mtest::run_test::{{closure}}[0m[90m::ha8ac744c4af1a4bb[0m
[INFO] [stdout]       at [35m/rustc/84c898d65adf2f39a5a98507f1fe0ce10a2b8dbc/library/test/src/lib.rs[0m:[35m647[0m
[INFO] [stdout]   16: [32mcore::ops::function::FnOnce::call_once{{vtable.shim}}[0m[90m::h7b411a9ed45bdecf[0m
[INFO] [stdout]       at [35m/rustc/84c898d65adf2f39a5a98507f1fe0ce10a2b8dbc/library/core/src/ops/function.rs[0m:[35m250[0m
[INFO] [stdout]   17: [32m<alloc::boxed::Box<F,A> as core::ops::function::FnOnce<Args>>::call_once[0m[90m::hd05328869a8ed200[0m
[INFO] [stdout]       at [35m/rustc/84c898d65adf2f39a5a98507f1fe0ce10a2b8dbc/library/alloc/src/boxed.rs[0m:[35m1987[0m
[INFO] [stdout]   18: [32m<core::panic::unwind_safe::AssertUnwindSafe<F> as core::ops::function::FnOnce<()>>::call_once[0m[90m::h0c601ce20bd5b2be[0m
[INFO] [stdout]       at [35m/rustc/84c898d65adf2f39a5a98507f1fe0ce10a2b8dbc/library/core/src/panic/unwind_safe.rs[0m:[35m271[0m
[INFO] [stdout]   19: [32mstd::panicking::try::do_call[0m[90m::ha4be5c164fe30854[0m
[INFO] [stdout]       at [35m/rustc/84c898d65adf2f39a5a98507f1fe0ce10a2b8dbc/library/std/src/panicking.rs[0m:[35m487[0m
[INFO] [stdout]   20: [32mstd::panicking::try[0m[90m::h604546f3609af05f[0m
[INFO] [stdout]       at [35m/rustc/84c898d65adf2f39a5a98507f1fe0ce10a2b8dbc/library/std/src/panicking.rs[0m:[35m451[0m
[INFO] [stdout]   21: [32mstd::panic::catch_unwind[0m[90m::h5bfa8afe44c9c2f9[0m
[INFO] [stdout]       at [35m/rustc/84c898d65adf2f39a5a98507f1fe0ce10a2b8dbc/library/std/src/panic.rs[0m:[35m140[0m
[INFO] [stdout]   22: [32mtest::run_test_in_process[0m[90m::hd50dee55dd63e6aa[0m
[INFO] [stdout]       at [35m/rustc/84c898d65adf2f39a5a98507f1fe0ce10a2b8dbc/library/test/src/lib.rs[0m:[35m679[0m
[INFO] [stdout]   [96m                              ⋮ 14 frames hidden ⋮                              [0m
[INFO] [stdout] 
[INFO] [stdout] Run with COLORBT_SHOW_HIDDEN=1 environment variable to disable frame filtering.
[INFO] [stdout] 
[INFO] [stdout] ---- test_smartlog_sparse_vertical_ellipsis_sibling_commits stdout ----
[INFO] [stdout] Error: 
[INFO] [stdout]    0: [91mNo path to Git executable was set. Try running as: `TEST_GIT=$(which git) cargo test ...` or set `env.TEST_GIT` in your `config.toml` (see https://doc.rust-lang.org/cargo/reference/config.html)[0m
[INFO] [stdout] 
[INFO] [stdout] Location:
[INFO] [stdout]    [35m/opt/rustwide/cargo-home/registry/src/github.com-1ecc6299db9ec823/git-branchless-lib-0.7.0/src/core/config.rs[0m:[35m334[0m
[INFO] [stdout] 
[INFO] [stdout]   ━━━━━━━━━━━━━━━━━━━━━━━━━━━━━━━━━━ BACKTRACE ━━━━━━━━━━━━━━━━━━━━━━━━━━━━━━━━━━━
[INFO] [stdout]   [96m                              ⋮ 5 frames hidden ⋮                               [0m
[INFO] [stdout]    6: [91mbranchless::core::config::env_vars::get_path_to_git::{{closure}}[0m[90m::h08f8c131ad752995[0m
[INFO] [stdout]       at [35m/opt/rustwide/cargo-home/registry/src/github.com-1ecc6299db9ec823/git-branchless-lib-0.7.0/src/core/config.rs[0m:[35m334[0m
[INFO] [stdout]        332 │     pub fn get_path_to_git() -> eyre::Result<PathBuf> {
[INFO] [stdout]        333 │         let path_to_git = std::env::var_os(TEST_GIT).ok_or_else(|| {
[INFO] [stdout]   [37;1m     334[0m [37;1m>[0m [37;1m            eyre::eyre!([0m
[INFO] [stdout]        335 │                 "No path to Git executable was set. \
[INFO] [stdout]        336 │ Try running as: `{0}=$(which git) cargo test ...` \
[INFO] [stdout]    7: [32mcore::option::Option<T>::ok_or_else[0m[90m::hb26fa8c81a6ab326[0m
[INFO] [stdout]       at [35m/rustc/84c898d65adf2f39a5a98507f1fe0ce10a2b8dbc/library/core/src/option.rs[0m:[35m1249[0m
[INFO] [stdout]    8: [91mbranchless::core::config::env_vars::get_path_to_git[0m[90m::h600e3ee03f87b390[0m
[INFO] [stdout]       at [35m/opt/rustwide/cargo-home/registry/src/github.com-1ecc6299db9ec823/git-branchless-lib-0.7.0/src/core/config.rs[0m:[35m333[0m
[INFO] [stdout]        331 │     #[instrument]
[INFO] [stdout]        332 │     pub fn get_path_to_git() -> eyre::Result<PathBuf> {
[INFO] [stdout]   [37;1m     333[0m [37;1m>[0m [37;1m        let path_to_git = std::env::var_os(TEST_GIT).ok_or_else(|| {[0m
[INFO] [stdout]        334 │             eyre::eyre!(
[INFO] [stdout]        335 │                 "No path to Git executable was set. \
[INFO] [stdout]    9: [91mbranchless::testing::make_git[0m[90m::h92ae309746586943[0m
[INFO] [stdout]       at [35m/opt/rustwide/cargo-home/registry/src/github.com-1ecc6299db9ec823/git-branchless-lib-0.7.0/src/testing.rs[0m:[35m650[0m
[INFO] [stdout]        648 │ 
[INFO] [stdout]        649 │     let repo_dir = tempfile::tempdir()?;
[INFO] [stdout]   [37;1m     650[0m [37;1m>[0m [37;1m    let path_to_git = get_path_to_git()?;[0m
[INFO] [stdout]        651 │     let git_exec_path = get_git_exec_path()?;
[INFO] [stdout]        652 │     let git = Git::new(path_to_git, repo_dir.path().to_path_buf(), git_exec_path);
[INFO] [stdout]   10: [91mtest_smartlog::test_smartlog_sparse_vertical_ellipsis_sibling_commits[0m[90m::h91d43d5caf0d68d7[0m
[INFO] [stdout]       at [35m/opt/rustwide/workdir/tests/test_smartlog.rs[0m:[35m678[0m
[INFO] [stdout]        676 │ #[test]
[INFO] [stdout]        677 │ fn test_smartlog_sparse_vertical_ellipsis_sibling_commits() -> eyre::Result<()> {
[INFO] [stdout]   [37;1m     678[0m [37;1m>[0m [37;1m    let git = make_git()?;[0m
[INFO] [stdout]        679 │     git.init_repo()?;
[INFO] [stdout]        680 │ 
[INFO] [stdout]   11: [91mtest_smartlog::test_smartlog_sparse_vertical_ellipsis_sibling_commits::{{closure}}[0m[90m::h0096cd715beaeb40[0m
[INFO] [stdout]       at [35m/opt/rustwide/workdir/tests/test_smartlog.rs[0m:[35m677[0m
[INFO] [stdout]        675 │ 
[INFO] [stdout]        676 │ #[test]
[INFO] [stdout]   [37;1m     677[0m [37;1m>[0m [37;1mfn test_smartlog_sparse_vertical_ellipsis_sibling_commits() -> eyre::Result<()> {[0m
[INFO] [stdout]        678 │     let git = make_git()?;
[INFO] [stdout]        679 │     git.init_repo()?;
[INFO] [stdout]   12: [32mcore::ops::function::FnOnce::call_once[0m[90m::hf79536c88ea75839[0m
[INFO] [stdout]       at [35m/rustc/84c898d65adf2f39a5a98507f1fe0ce10a2b8dbc/library/core/src/ops/function.rs[0m:[35m250[0m
[INFO] [stdout]   13: [32mcore::ops::function::FnOnce::call_once[0m[90m::h7d969581be7d0075[0m
[INFO] [stdout]       at [35m/rustc/84c898d65adf2f39a5a98507f1fe0ce10a2b8dbc/library/core/src/ops/function.rs[0m:[35m250[0m
[INFO] [stdout]   14: [32mtest::__rust_begin_short_backtrace[0m[90m::hca25a52684e56655[0m
[INFO] [stdout]       at [35m/rustc/84c898d65adf2f39a5a98507f1fe0ce10a2b8dbc/library/test/src/lib.rs[0m:[35m656[0m
[INFO] [stdout]   15: [32mtest::run_test::{{closure}}[0m[90m::ha8ac744c4af1a4bb[0m
[INFO] [stdout]       at [35m/rustc/84c898d65adf2f39a5a98507f1fe0ce10a2b8dbc/library/test/src/lib.rs[0m:[35m647[0m
[INFO] [stdout]   16: [32mcore::ops::function::FnOnce::call_once{{vtable.shim}}[0m[90m::h7b411a9ed45bdecf[0m
[INFO] [stdout]       at [35m/rustc/84c898d65adf2f39a5a98507f1fe0ce10a2b8dbc/library/core/src/ops/function.rs[0m:[35m250[0m
[INFO] [stdout]   17: [32m<alloc::boxed::Box<F,A> as core::ops::function::FnOnce<Args>>::call_once[0m[90m::hd05328869a8ed200[0m
[INFO] [stdout]       at [35m/rustc/84c898d65adf2f39a5a98507f1fe0ce10a2b8dbc/library/alloc/src/boxed.rs[0m:[35m1987[0m
[INFO] [stdout]   18: [32m<core::panic::unwind_safe::AssertUnwindSafe<F> as core::ops::function::FnOnce<()>>::call_once[0m[90m::h0c601ce20bd5b2be[0m
[INFO] [stdout]       at [35m/rustc/84c898d65adf2f39a5a98507f1fe0ce10a2b8dbc/library/core/src/panic/unwind_safe.rs[0m:[35m271[0m
[INFO] [stdout]   19: [32mstd::panicking::try::do_call[0m[90m::ha4be5c164fe30854[0m
[INFO] [stdout]       at [35m/rustc/84c898d65adf2f39a5a98507f1fe0ce10a2b8dbc/library/std/src/panicking.rs[0m:[35m487[0m
[INFO] [stdout]   20: [32mstd::panicking::try[0m[90m::h604546f3609af05f[0m
[INFO] [stdout]       at [35m/rustc/84c898d65adf2f39a5a98507f1fe0ce10a2b8dbc/library/std/src/panicking.rs[0m:[35m451[0m
[INFO] [stdout]   21: [32mstd::panic::catch_unwind[0m[90m::h5bfa8afe44c9c2f9[0m
[INFO] [stdout]       at [35m/rustc/84c898d65adf2f39a5a98507f1fe0ce10a2b8dbc/library/std/src/panic.rs[0m:[35m140[0m
[INFO] [stdout]   22: [32mtest::run_test_in_process[0m[90m::hd50dee55dd63e6aa[0m
[INFO] [stdout]       at [35m/rustc/84c898d65adf2f39a5a98507f1fe0ce10a2b8dbc/library/test/src/lib.rs[0m:[35m679[0m
[INFO] [stdout]   [96m                              ⋮ 14 frames hidden ⋮                              [0m
[INFO] [stdout] 
[INFO] [stdout] Run with COLORBT_SHOW_HIDDEN=1 environment variable to disable frame filtering.
[INFO] [stdout] 
[INFO] [stdout] ---- test_non_adjacent_commits2 stdout ----
[INFO] [stdout] Error: 
[INFO] [stdout]    0: [91mNo path to Git executable was set. Try running as: `TEST_GIT=$(which git) cargo test ...` or set `env.TEST_GIT` in your `config.toml` (see https://doc.rust-lang.org/cargo/reference/config.html)[0m
[INFO] [stdout] 
[INFO] [stdout] Location:
[INFO] [stdout]    [35m/opt/rustwide/cargo-home/registry/src/github.com-1ecc6299db9ec823/git-branchless-lib-0.7.0/src/core/config.rs[0m:[35m334[0m
[INFO] [stdout] 
[INFO] [stdout]   ━━━━━━━━━━━━━━━━━━━━━━━━━━━━━━━━━━ BACKTRACE ━━━━━━━━━━━━━━━━━━━━━━━━━━━━━━━━━━━
[INFO] [stdout]   [96m                              ⋮ 5 frames hidden ⋮                               [0m
[INFO] [stdout]    6: [91mbranchless::core::config::env_vars::get_path_to_git::{{closure}}[0m[90m::h08f8c131ad752995[0m
[INFO] [stdout]       at [35m/opt/rustwide/cargo-home/registry/src/github.com-1ecc6299db9ec823/git-branchless-lib-0.7.0/src/core/config.rs[0m:[35m334[0m
[INFO] [stdout]        332 │     pub fn get_path_to_git() -> eyre::Result<PathBuf> {
[INFO] [stdout]        333 │         let path_to_git = std::env::var_os(TEST_GIT).ok_or_else(|| {
[INFO] [stdout]   [37;1m     334[0m [37;1m>[0m [37;1m            eyre::eyre!([0m
[INFO] [stdout]        335 │                 "No path to Git executable was set. \
[INFO] [stdout]        336 │ Try running as: `{0}=$(which git) cargo test ...` \
[INFO] [stdout]    7: [32mcore::option::Option<T>::ok_or_else[0m[90m::hb26fa8c81a6ab326[0m
[INFO] [stdout]       at [35m/rustc/84c898d65adf2f39a5a98507f1fe0ce10a2b8dbc/library/core/src/option.rs[0m:[35m1249[0m
[INFO] [stdout]    8: [91mbranchless::core::config::env_vars::get_path_to_git[0m[90m::h600e3ee03f87b390[0m
[INFO] [stdout]       at [35m/opt/rustwide/cargo-home/registry/src/github.com-1ecc6299db9ec823/git-branchless-lib-0.7.0/src/core/config.rs[0m:[35m333[0m
[INFO] [stdout]        331 │     #[instrument]
[INFO] [stdout]        332 │     pub fn get_path_to_git() -> eyre::Result<PathBuf> {
[INFO] [stdout]   [37;1m     333[0m [37;1m>[0m [37;1m        let path_to_git = std::env::var_os(TEST_GIT).ok_or_else(|| {[0m
[INFO] [stdout]        334 │             eyre::eyre!(
[INFO] [stdout]        335 │                 "No path to Git executable was set. \
[INFO] [stdout]    9: [91mbranchless::testing::make_git[0m[90m::h92ae309746586943[0m
[INFO] [stdout]       at [35m/opt/rustwide/cargo-home/registry/src/github.com-1ecc6299db9ec823/git-branchless-lib-0.7.0/src/testing.rs[0m:[35m650[0m
[INFO] [stdout]        648 │ 
[INFO] [stdout]        649 │     let repo_dir = tempfile::tempdir()?;
[INFO] [stdout]   [37;1m     650[0m [37;1m>[0m [37;1m    let path_to_git = get_path_to_git()?;[0m
[INFO] [stdout]        651 │     let git_exec_path = get_git_exec_path()?;
[INFO] [stdout]        652 │     let git = Git::new(path_to_git, repo_dir.path().to_path_buf(), git_exec_path);
[INFO] [stdout]   10: [91mtest_smartlog::test_non_adjacent_commits2[0m[90m::h3b768d6ce25d0df6[0m
[INFO] [stdout]       at [35m/opt/rustwide/workdir/tests/test_smartlog.rs[0m:[35m284[0m
[INFO] [stdout]        282 │ #[test]
[INFO] [stdout]        283 │ fn test_non_adjacent_commits2() -> eyre::Result<()> {
[INFO] [stdout]   [37;1m     284[0m [37;1m>[0m [37;1m    let git = make_git()?;[0m
[INFO] [stdout]        285 │ 
[INFO] [stdout]        286 │     git.init_repo()?;
[INFO] [stdout]   11: [91mtest_smartlog::test_non_adjacent_commits2::{{closure}}[0m[90m::h710b91928d32d0a6[0m
[INFO] [stdout]       at [35m/opt/rustwide/workdir/tests/test_smartlog.rs[0m:[35m283[0m
[INFO] [stdout]        281 │ 
[INFO] [stdout]        282 │ #[test]
[INFO] [stdout]   [37;1m     283[0m [37;1m>[0m [37;1mfn test_non_adjacent_commits2() -> eyre::Result<()> {[0m
[INFO] [stdout]        284 │     let git = make_git()?;
[INFO] [stdout]        285 │ 
[INFO] [stdout]   12: [32mcore::ops::function::FnOnce::call_once[0m[90m::h0a8fd2b90a643be6[0m
[INFO] [stdout]       at [35m/rustc/84c898d65adf2f39a5a98507f1fe0ce10a2b8dbc/library/core/src/ops/function.rs[0m:[35m250[0m
[INFO] [stdout]   13: [32mcore::ops::function::FnOnce::call_once[0m[90m::h7d969581be7d0075[0m
[INFO] [stdout]       at [35m/rustc/84c898d65adf2f39a5a98507f1fe0ce10a2b8dbc/library/core/src/ops/function.rs[0m:[35m250[0m
[INFO] [stdout]   14: [32mtest::__rust_begin_short_backtrace[0m[90m::hca25a52684e56655[0m
[INFO] [stdout]       at [35m/rustc/84c898d65adf2f39a5a98507f1fe0ce10a2b8dbc/library/test/src/lib.rs[0m:[35m656[0m
[INFO] [stdout]   15: [32mtest::run_test::{{closure}}[0m[90m::ha8ac744c4af1a4bb[0m
[INFO] [stdout]       at [35m/rustc/84c898d65adf2f39a5a98507f1fe0ce10a2b8dbc/library/test/src/lib.rs[0m:[35m647[0m
[INFO] [stdout]   16: [32mcore::ops::function::FnOnce::call_once{{vtable.shim}}[0m[90m::h7b411a9ed45bdecf[0m
[INFO] [stdout]       at [35m/rustc/84c898d65adf2f39a5a98507f1fe0ce10a2b8dbc/library/core/src/ops/function.rs[0m:[35m250[0m
[INFO] [stdout]   17: [32m<alloc::boxed::Box<F,A> as core::ops::function::FnOnce<Args>>::call_once[0m[90m::hd05328869a8ed200[0m
[INFO] [stdout]       at [35m/rustc/84c898d65adf2f39a5a98507f1fe0ce10a2b8dbc/library/alloc/src/boxed.rs[0m:[35m1987[0m
[INFO] [stdout]   18: [32m<core::panic::unwind_safe::AssertUnwindSafe<F> as core::ops::function::FnOnce<()>>::call_once[0m[90m::h0c601ce20bd5b2be[0m
[INFO] [stdout]       at [35m/rustc/84c898d65adf2f39a5a98507f1fe0ce10a2b8dbc/library/core/src/panic/unwind_safe.rs[0m:[35m271[0m
[INFO] [stdout]   19: [32mstd::panicking::try::do_call[0m[90m::ha4be5c164fe30854[0m
[INFO] [stdout]       at [35m/rustc/84c898d65adf2f39a5a98507f1fe0ce10a2b8dbc/library/std/src/panicking.rs[0m:[35m487[0m
[INFO] [stdout]   20: [32mstd::panicking::try[0m[90m::h604546f3609af05f[0m
[INFO] [stdout]       at [35m/rustc/84c898d65adf2f39a5a98507f1fe0ce10a2b8dbc/library/std/src/panicking.rs[0m:[35m451[0m
[INFO] [stdout]   21: [32mstd::panic::catch_unwind[0m[90m::h5bfa8afe44c9c2f9[0m
[INFO] [stdout]       at [35m/rustc/84c898d65adf2f39a5a98507f1fe0ce10a2b8dbc/library/std/src/panic.rs[0m:[35m140[0m
[INFO] [stdout]   22: [32mtest::run_test_in_process[0m[90m::hd50dee55dd63e6aa[0m
[INFO] [stdout]       at [35m/rustc/84c898d65adf2f39a5a98507f1fe0ce10a2b8dbc/library/test/src/lib.rs[0m:[35m679[0m
[INFO] [stdout]   [96m                              ⋮ 14 frames hidden ⋮                              [0m
[INFO] [stdout] 
[INFO] [stdout] Run with COLORBT_SHOW_HIDDEN=1 environment variable to disable frame filtering.
[INFO] [stdout] 
[INFO] [stdout] ---- test_sequential_master_commits stdout ----
[INFO] [stdout] Error: 
[INFO] [stdout]    0: [91mNo path to Git executable was set. Try running as: `TEST_GIT=$(which git) cargo test ...` or set `env.TEST_GIT` in your `config.toml` (see https://doc.rust-lang.org/cargo/reference/config.html)[0m
[INFO] [stdout] 
[INFO] [stdout] Location:
[INFO] [stdout]    [35m/opt/rustwide/cargo-home/registry/src/github.com-1ecc6299db9ec823/git-branchless-lib-0.7.0/src/core/config.rs[0m:[35m334[0m
[INFO] [stdout] 
[INFO] [stdout]   ━━━━━━━━━━━━━━━━━━━━━━━━━━━━━━━━━━ BACKTRACE ━━━━━━━━━━━━━━━━━━━━━━━━━━━━━━━━━━━
[INFO] [stdout]   [96m                              ⋮ 5 frames hidden ⋮                               [0m
[INFO] [stdout]    6: [91mbranchless::core::config::env_vars::get_path_to_git::{{closure}}[0m[90m::h08f8c131ad752995[0m
[INFO] [stdout]       at [35m/opt/rustwide/cargo-home/registry/src/github.com-1ecc6299db9ec823/git-branchless-lib-0.7.0/src/core/config.rs[0m:[35m334[0m
[INFO] [stdout]        332 │     pub fn get_path_to_git() -> eyre::Result<PathBuf> {
[INFO] [stdout]        333 │         let path_to_git = std::env::var_os(TEST_GIT).ok_or_else(|| {
[INFO] [stdout]   [37;1m     334[0m [37;1m>[0m [37;1m            eyre::eyre!([0m
[INFO] [stdout]        335 │                 "No path to Git executable was set. \
[INFO] [stdout]        336 │ Try running as: `{0}=$(which git) cargo test ...` \
[INFO] [stdout]    7: [32mcore::option::Option<T>::ok_or_else[0m[90m::hb26fa8c81a6ab326[0m
[INFO] [stdout]       at [35m/rustc/84c898d65adf2f39a5a98507f1fe0ce10a2b8dbc/library/core/src/option.rs[0m:[35m1249[0m
[INFO] [stdout]    8: [91mbranchless::core::config::env_vars::get_path_to_git[0m[90m::h600e3ee03f87b390[0m
[INFO] [stdout]       at [35m/opt/rustwide/cargo-home/registry/src/github.com-1ecc6299db9ec823/git-branchless-lib-0.7.0/src/core/config.rs[0m:[35m333[0m
[INFO] [stdout]        331 │     #[instrument]
[INFO] [stdout]        332 │     pub fn get_path_to_git() -> eyre::Result<PathBuf> {
[INFO] [stdout]   [37;1m     333[0m [37;1m>[0m [37;1m        let path_to_git = std::env::var_os(TEST_GIT).ok_or_else(|| {[0m
[INFO] [stdout]        334 │             eyre::eyre!(
[INFO] [stdout]        335 │                 "No path to Git executable was set. \
[INFO] [stdout]    9: [91mbranchless::testing::make_git[0m[90m::h92ae309746586943[0m
[INFO] [stdout]       at [35m/opt/rustwide/cargo-home/registry/src/github.com-1ecc6299db9ec823/git-branchless-lib-0.7.0/src/testing.rs[0m:[35m650[0m
[INFO] [stdout]        648 │ 
[INFO] [stdout]        649 │     let repo_dir = tempfile::tempdir()?;
[INFO] [stdout]   [37;1m     650[0m [37;1m>[0m [37;1m    let path_to_git = get_path_to_git()?;[0m
[INFO] [stdout]        651 │     let git_exec_path = get_git_exec_path()?;
[INFO] [stdout]        652 │     let git = Git::new(path_to_git, repo_dir.path().to_path_buf(), git_exec_path);
[INFO] [stdout]   10: [91mtest_smartlog::test_sequential_master_commits[0m[90m::hb367beacd483e0b1[0m
[INFO] [stdout]       at [35m/opt/rustwide/workdir/tests/test_smartlog.rs[0m:[35m91[0m
[INFO] [stdout]         89 │ #[test]
[INFO] [stdout]         90 │ fn test_sequential_master_commits() -> eyre::Result<()> {
[INFO] [stdout]   [37;1m      91[0m [37;1m>[0m [37;1m    let git = make_git()?;[0m
[INFO] [stdout]         92 │ 
[INFO] [stdout]         93 │     git.init_repo()?;
[INFO] [stdout]   11: [91mtest_smartlog::test_sequential_master_commits::{{closure}}[0m[90m::h54bba85688cfaa96[0m
[INFO] [stdout]       at [35m/opt/rustwide/workdir/tests/test_smartlog.rs[0m:[35m90[0m
[INFO] [stdout]         88 │ 
[INFO] [stdout]         89 │ #[test]
[INFO] [stdout]   [37;1m      90[0m [37;1m>[0m [37;1mfn test_sequential_master_commits() -> eyre::Result<()> {[0m
[INFO] [stdout]         91 │     let git = make_git()?;
[INFO] [stdout]         92 │ 
[INFO] [stdout]   12: [32mcore::ops::function::FnOnce::call_once[0m[90m::hc75e5c8058dda5ee[0m
[INFO] [stdout]       at [35m/rustc/84c898d65adf2f39a5a98507f1fe0ce10a2b8dbc/library/core/src/ops/function.rs[0m:[35m250[0m
[INFO] [stdout]   13: [32mcore::ops::function::FnOnce::call_once[0m[90m::h7d969581be7d0075[0m
[INFO] [stdout]       at [35m/rustc/84c898d65adf2f39a5a98507f1fe0ce10a2b8dbc/library/core/src/ops/function.rs[0m:[35m250[0m
[INFO] [stdout]   14: [32mtest::__rust_begin_short_backtrace[0m[90m::hca25a52684e56655[0m
[INFO] [stdout]       at [35m/rustc/84c898d65adf2f39a5a98507f1fe0ce10a2b8dbc/library/test/src/lib.rs[0m:[35m656[0m
[INFO] [stdout]   15: [32mtest::run_test::{{closure}}[0m[90m::ha8ac744c4af1a4bb[0m
[INFO] [stdout]       at [35m/rustc/84c898d65adf2f39a5a98507f1fe0ce10a2b8dbc/library/test/src/lib.rs[0m:[35m647[0m
[INFO] [stdout]   16: [32mcore::ops::function::FnOnce::call_once{{vtable.shim}}[0m[90m::h7b411a9ed45bdecf[0m
[INFO] [stdout]       at [35m/rustc/84c898d65adf2f39a5a98507f1fe0ce10a2b8dbc/library/core/src/ops/function.rs[0m:[35m250[0m
[INFO] [stdout]   17: [32m<alloc::boxed::Box<F,A> as core::ops::function::FnOnce<Args>>::call_once[0m[90m::hd05328869a8ed200[0m
[INFO] [stdout]       at [35m/rustc/84c898d65adf2f39a5a98507f1fe0ce10a2b8dbc/library/alloc/src/boxed.rs[0m:[35m1987[0m
[INFO] [stdout]   18: [32m<core::panic::unwind_safe::AssertUnwindSafe<F> as core::ops::function::FnOnce<()>>::call_once[0m[90m::h0c601ce20bd5b2be[0m
[INFO] [stdout]       at [35m/rustc/84c898d65adf2f39a5a98507f1fe0ce10a2b8dbc/library/core/src/panic/unwind_safe.rs[0m:[35m271[0m
[INFO] [stdout]   19: [32mstd::panicking::try::do_call[0m[90m::ha4be5c164fe30854[0m
[INFO] [stdout]       at [35m/rustc/84c898d65adf2f39a5a98507f1fe0ce10a2b8dbc/library/std/src/panicking.rs[0m:[35m487[0m
[INFO] [stdout]   20: [32mstd::panicking::try[0m[90m::h604546f3609af05f[0m
[INFO] [stdout]       at [35m/rustc/84c898d65adf2f39a5a98507f1fe0ce10a2b8dbc/library/std/src/panicking.rs[0m:[35m451[0m
[INFO] [stdout]   21: [32mstd::panic::catch_unwind[0m[90m::h5bfa8afe44c9c2f9[0m
[INFO] [stdout]       at [35m/rustc/84c898d65adf2f39a5a98507f1fe0ce10a2b8dbc/library/std/src/panic.rs[0m:[35m140[0m
[INFO] [stdout]   22: [32mtest::run_test_in_process[0m[90m::hd50dee55dd63e6aa[0m
[INFO] [stdout]       at [35m/rustc/84c898d65adf2f39a5a98507f1fe0ce10a2b8dbc/library/test/src/lib.rs[0m:[35m679[0m
[INFO] [stdout]   [96m                              ⋮ 14 frames hidden ⋮                              [0m
[INFO] [stdout] 
[INFO] [stdout] Run with COLORBT_SHOW_HIDDEN=1 environment variable to disable frame filtering.
[INFO] [stdout] 
[INFO] [stdout] ---- test_rebase_conflict stdout ----
[INFO] [stdout] Error: 
[INFO] [stdout]    0: [91mNo path to Git executable was set. Try running as: `TEST_GIT=$(which git) cargo test ...` or set `env.TEST_GIT` in your `config.toml` (see https://doc.rust-lang.org/cargo/reference/config.html)[0m
[INFO] [stdout] 
[INFO] [stdout] Location:
[INFO] [stdout]    [35m/opt/rustwide/cargo-home/registry/src/github.com-1ecc6299db9ec823/git-branchless-lib-0.7.0/src/core/config.rs[0m:[35m334[0m
[INFO] [stdout] 
[INFO] [stdout]   ━━━━━━━━━━━━━━━━━━━━━━━━━━━━━━━━━━ BACKTRACE ━━━━━━━━━━━━━━━━━━━━━━━━━━━━━━━━━━━
[INFO] [stdout]   [96m                              ⋮ 5 frames hidden ⋮                               [0m
[INFO] [stdout]    6: [91mbranchless::core::config::env_vars::get_path_to_git::{{closure}}[0m[90m::h08f8c131ad752995[0m
[INFO] [stdout]       at [35m/opt/rustwide/cargo-home/registry/src/github.com-1ecc6299db9ec823/git-branchless-lib-0.7.0/src/core/config.rs[0m:[35m334[0m
[INFO] [stdout]        332 │     pub fn get_path_to_git() -> eyre::Result<PathBuf> {
[INFO] [stdout]        333 │         let path_to_git = std::env::var_os(TEST_GIT).ok_or_else(|| {
[INFO] [stdout]   [37;1m     334[0m [37;1m>[0m [37;1m            eyre::eyre!([0m
[INFO] [stdout]        335 │                 "No path to Git executable was set. \
[INFO] [stdout]        336 │ Try running as: `{0}=$(which git) cargo test ...` \
[INFO] [stdout]    7: [32mcore::option::Option<T>::ok_or_else[0m[90m::hb26fa8c81a6ab326[0m
[INFO] [stdout]       at [35m/rustc/84c898d65adf2f39a5a98507f1fe0ce10a2b8dbc/library/core/src/option.rs[0m:[35m1249[0m
[INFO] [stdout]    8: [91mbranchless::core::config::env_vars::get_path_to_git[0m[90m::h600e3ee03f87b390[0m
[INFO] [stdout]       at [35m/opt/rustwide/cargo-home/registry/src/github.com-1ecc6299db9ec823/git-branchless-lib-0.7.0/src/core/config.rs[0m:[35m333[0m
[INFO] [stdout]        331 │     #[instrument]
[INFO] [stdout]        332 │     pub fn get_path_to_git() -> eyre::Result<PathBuf> {
[INFO] [stdout]   [37;1m     333[0m [37;1m>[0m [37;1m        let path_to_git = std::env::var_os(TEST_GIT).ok_or_else(|| {[0m
[INFO] [stdout]        334 │             eyre::eyre!(
[INFO] [stdout]        335 │                 "No path to Git executable was set. \
[INFO] [stdout]    9: [91mbranchless::testing::make_git[0m[90m::h92ae309746586943[0m
[INFO] [stdout]       at [35m/opt/rustwide/cargo-home/registry/src/github.com-1ecc6299db9ec823/git-branchless-lib-0.7.0/src/testing.rs[0m:[35m650[0m
[INFO] [stdout]        648 │ 
[INFO] [stdout]        649 │     let repo_dir = tempfile::tempdir()?;
[INFO] [stdout]   [37;1m     650[0m [37;1m>[0m [37;1m    let path_to_git = get_path_to_git()?;[0m
[INFO] [stdout]        651 │     let git_exec_path = get_git_exec_path()?;
[INFO] [stdout]        652 │     let git = Git::new(path_to_git, repo_dir.path().to_path_buf(), git_exec_path);
[INFO] [stdout]   10: [91mtest_smartlog::test_rebase_conflict[0m[90m::hfc60bb0995315d28[0m
[INFO] [stdout]       at [35m/opt/rustwide/workdir/tests/test_smartlog.rs[0m:[35m220[0m
[INFO] [stdout]        218 │ #[test]
[INFO] [stdout]        219 │ fn test_rebase_conflict() -> eyre::Result<()> {
[INFO] [stdout]   [37;1m     220[0m [37;1m>[0m [37;1m    let git = make_git()?;[0m
[INFO] [stdout]        221 │ 
[INFO] [stdout]        222 │     git.init_repo()?;
[INFO] [stdout]   11: [91mtest_smartlog::test_rebase_conflict::{{closure}}[0m[90m::hf375fea3b21ead94[0m
[INFO] [stdout]       at [35m/opt/rustwide/workdir/tests/test_smartlog.rs[0m:[35m219[0m
[INFO] [stdout]        217 │ 
[INFO] [stdout]        218 │ #[test]
[INFO] [stdout]   [37;1m     219[0m [37;1m>[0m [37;1mfn test_rebase_conflict() -> eyre::Result<()> {[0m
[INFO] [stdout]        220 │     let git = make_git()?;
[INFO] [stdout]        221 │ 
[INFO] [stdout]   12: [32mcore::ops::function::FnOnce::call_once[0m[90m::hdd616ecce7caf86d[0m
[INFO] [stdout]       at [35m/rustc/84c898d65adf2f39a5a98507f1fe0ce10a2b8dbc/library/core/src/ops/function.rs[0m:[35m250[0m
[INFO] [stdout]   13: [32mcore::ops::function::FnOnce::call_once[0m[90m::h7d969581be7d0075[0m
[INFO] [stdout]       at [35m/rustc/84c898d65adf2f39a5a98507f1fe0ce10a2b8dbc/library/core/src/ops/function.rs[0m:[35m250[0m
[INFO] [stdout]   14: [32mtest::__rust_begin_short_backtrace[0m[90m::hca25a52684e56655[0m
[INFO] [stdout]       at [35m/rustc/84c898d65adf2f39a5a98507f1fe0ce10a2b8dbc/library/test/src/lib.rs[0m:[35m656[0m
[INFO] [stdout]   15: [32mtest::run_test::{{closure}}[0m[90m::ha8ac744c4af1a4bb[0m
[INFO] [stdout]       at [35m/rustc/84c898d65adf2f39a5a98507f1fe0ce10a2b8dbc/library/test/src/lib.rs[0m:[35m647[0m
[INFO] [stdout]   16: [32mcore::ops::function::FnOnce::call_once{{vtable.shim}}[0m[90m::h7b411a9ed45bdecf[0m
[INFO] [stdout]       at [35m/rustc/84c898d65adf2f39a5a98507f1fe0ce10a2b8dbc/library/core/src/ops/function.rs[0m:[35m250[0m
[INFO] [stdout]   17: [32m<alloc::boxed::Box<F,A> as core::ops::function::FnOnce<Args>>::call_once[0m[90m::hd05328869a8ed200[0m
[INFO] [stdout]       at [35m/rustc/84c898d65adf2f39a5a98507f1fe0ce10a2b8dbc/library/alloc/src/boxed.rs[0m:[35m1987[0m
[INFO] [stdout]   18: [32m<core::panic::unwind_safe::AssertUnwindSafe<F> as core::ops::function::FnOnce<()>>::call_once[0m[90m::h0c601ce20bd5b2be[0m
[INFO] [stdout]       at [35m/rustc/84c898d65adf2f39a5a98507f1fe0ce10a2b8dbc/library/core/src/panic/unwind_safe.rs[0m:[35m271[0m
[INFO] [stdout]   19: [32mstd::panicking::try::do_call[0m[90m::ha4be5c164fe30854[0m
[INFO] [stdout]       at [35m/rustc/84c898d65adf2f39a5a98507f1fe0ce10a2b8dbc/library/std/src/panicking.rs[0m:[35m487[0m
[INFO] [stdout]   20: [32mstd::panicking::try[0m[90m::h604546f3609af05f[0m
[INFO] [stdout]       at [35m/rustc/84c898d65adf2f39a5a98507f1fe0ce10a2b8dbc/library/std/src/panicking.rs[0m:[35m451[0m
[INFO] [stdout]   21: [32mstd::panic::catch_unwind[0m[90m::h5bfa8afe44c9c2f9[0m
[INFO] [stdout]       at [35m/rustc/84c898d65adf2f39a5a98507f1fe0ce10a2b8dbc/library/std/src/panic.rs[0m:[35m140[0m
[INFO] [stdout]   22: [32mtest::run_test_in_process[0m[90m::hd50dee55dd63e6aa[0m
[INFO] [stdout]       at [35m/rustc/84c898d65adf2f39a5a98507f1fe0ce10a2b8dbc/library/test/src/lib.rs[0m:[35m679[0m
[INFO] [stdout]   [96m                              ⋮ 14 frames hidden ⋮                              [0m
[INFO] [stdout] 
[INFO] [stdout] Run with COLORBT_SHOW_HIDDEN=1 environment variable to disable frame filtering.
[INFO] [stdout] 
[INFO] [stdout] ---- test_smartlog_sparse stdout ----
[INFO] [stdout] Error: 
[INFO] [stdout]    0: [91mNo path to Git executable was set. Try running as: `TEST_GIT=$(which git) cargo test ...` or set `env.TEST_GIT` in your `config.toml` (see https://doc.rust-lang.org/cargo/reference/config.html)[0m
[INFO] [stdout] 
[INFO] [stdout] Location:
[INFO] [stdout]    [35m/opt/rustwide/cargo-home/registry/src/github.com-1ecc6299db9ec823/git-branchless-lib-0.7.0/src/core/config.rs[0m:[35m334[0m
[INFO] [stdout] 
[INFO] [stdout]   ━━━━━━━━━━━━━━━━━━━━━━━━━━━━━━━━━━ BACKTRACE ━━━━━━━━━━━━━━━━━━━━━━━━━━━━━━━━━━━
[INFO] [stdout]   [96m                              ⋮ 5 frames hidden ⋮                               [0m
[INFO] [stdout]    6: [91mbranchless::core::config::env_vars::get_path_to_git::{{closure}}[0m[90m::h08f8c131ad752995[0m
[INFO] [stdout]       at [35m/opt/rustwide/cargo-home/registry/src/github.com-1ecc6299db9ec823/git-branchless-lib-0.7.0/src/core/config.rs[0m:[35m334[0m
[INFO] [stdout]        332 │     pub fn get_path_to_git() -> eyre::Result<PathBuf> {
[INFO] [stdout]        333 │         let path_to_git = std::env::var_os(TEST_GIT).ok_or_else(|| {
[INFO] [stdout]   [37;1m     334[0m [37;1m>[0m [37;1m            eyre::eyre!([0m
[INFO] [stdout]        335 │                 "No path to Git executable was set. \
[INFO] [stdout]        336 │ Try running as: `{0}=$(which git) cargo test ...` \
[INFO] [stdout]    7: [32mcore::option::Option<T>::ok_or_else[0m[90m::hb26fa8c81a6ab326[0m
[INFO] [stdout]       at [35m/rustc/84c898d65adf2f39a5a98507f1fe0ce10a2b8dbc/library/core/src/option.rs[0m:[35m1249[0m
[INFO] [stdout]    8: [91mbranchless::core::config::env_vars::get_path_to_git[0m[90m::h600e3ee03f87b390[0m
[INFO] [stdout]       at [35m/opt/rustwide/cargo-home/registry/src/github.com-1ecc6299db9ec823/git-branchless-lib-0.7.0/src/core/config.rs[0m:[35m333[0m
[INFO] [stdout]        331 │     #[instrument]
[INFO] [stdout]        332 │     pub fn get_path_to_git() -> eyre::Result<PathBuf> {
[INFO] [stdout]   [37;1m     333[0m [37;1m>[0m [37;1m        let path_to_git = std::env::var_os(TEST_GIT).ok_or_else(|| {[0m
[INFO] [stdout]        334 │             eyre::eyre!(
[INFO] [stdout]        335 │                 "No path to Git executable was set. \
[INFO] [stdout]    9: [91mbranchless::testing::make_git[0m[90m::h92ae309746586943[0m
[INFO] [stdout]       at [35m/opt/rustwide/cargo-home/registry/src/github.com-1ecc6299db9ec823/git-branchless-lib-0.7.0/src/testing.rs[0m:[35m650[0m
[INFO] [stdout]        648 │ 
[INFO] [stdout]        649 │     let repo_dir = tempfile::tempdir()?;
[INFO] [stdout]   [37;1m     650[0m [37;1m>[0m [37;1m    let path_to_git = get_path_to_git()?;[0m
[INFO] [stdout]        651 │     let git_exec_path = get_git_exec_path()?;
[INFO] [stdout]        652 │     let git = Git::new(path_to_git, repo_dir.path().to_path_buf(), git_exec_path);
[INFO] [stdout]   10: [91mtest_smartlog::test_smartlog_sparse[0m[90m::h80cc0cba341d6c8b[0m
[INFO] [stdout]       at [35m/opt/rustwide/workdir/tests/test_smartlog.rs[0m:[35m537[0m
[INFO] [stdout]        535 │ #[test]
[INFO] [stdout]        536 │ fn test_smartlog_sparse() -> eyre::Result<()> {
[INFO] [stdout]   [37;1m     537[0m [37;1m>[0m [37;1m    let git = make_git()?;[0m
[INFO] [stdout]        538 │ 
[INFO] [stdout]        539 │     git.init_repo()?;
[INFO] [stdout]   11: [91mtest_smartlog::test_smartlog_sparse::{{closure}}[0m[90m::h1b18430085471704[0m
[INFO] [stdout]       at [35m/opt/rustwide/workdir/tests/test_smartlog.rs[0m:[35m536[0m
[INFO] [stdout]        534 │ 
[INFO] [stdout]        535 │ #[test]
[INFO] [stdout]   [37;1m     536[0m [37;1m>[0m [37;1mfn test_smartlog_sparse() -> eyre::Result<()> {[0m
[INFO] [stdout]        537 │     let git = make_git()?;
[INFO] [stdout]        538 │ 
[INFO] [stdout]   12: [32mcore::ops::function::FnOnce::call_once[0m[90m::h603d13770fd2ada4[0m
[INFO] [stdout]       at [35m/rustc/84c898d65adf2f39a5a98507f1fe0ce10a2b8dbc/library/core/src/ops/function.rs[0m:[35m250[0m
[INFO] [stdout]   13: [32mcore::ops::function::FnOnce::call_once[0m[90m::h7d969581be7d0075[0m
[INFO] [stdout]       at [35m/rustc/84c898d65adf2f39a5a98507f1fe0ce10a2b8dbc/library/core/src/ops/function.rs[0m:[35m250[0m
[INFO] [stdout]   14: [32mtest::__rust_begin_short_backtrace[0m[90m::hca25a52684e56655[0m
[INFO] [stdout]       at [35m/rustc/84c898d65adf2f39a5a98507f1fe0ce10a2b8dbc/library/test/src/lib.rs[0m:[35m656[0m
[INFO] [stdout]   15: [32mtest::run_test::{{closure}}[0m[90m::ha8ac744c4af1a4bb[0m
[INFO] [stdout]       at [35m/rustc/84c898d65adf2f39a5a98507f1fe0ce10a2b8dbc/library/test/src/lib.rs[0m:[35m647[0m
[INFO] [stdout]   16: [32mcore::ops::function::FnOnce::call_once{{vtable.shim}}[0m[90m::h7b411a9ed45bdecf[0m
[INFO] [stdout]       at [35m/rustc/84c898d65adf2f39a5a98507f1fe0ce10a2b8dbc/library/core/src/ops/function.rs[0m:[35m250[0m
[INFO] [stdout]   17: [32m<alloc::boxed::Box<F,A> as core::ops::function::FnOnce<Args>>::call_once[0m[90m::hd05328869a8ed200[0m
[INFO] [stdout]       at [35m/rustc/84c898d65adf2f39a5a98507f1fe0ce10a2b8dbc/library/alloc/src/boxed.rs[0m:[35m1987[0m
[INFO] [stdout]   18: [32m<core::panic::unwind_safe::AssertUnwindSafe<F> as core::ops::function::FnOnce<()>>::call_once[0m[90m::h0c601ce20bd5b2be[0m
[INFO] [stdout]       at [35m/rustc/84c898d65adf2f39a5a98507f1fe0ce10a2b8dbc/library/core/src/panic/unwind_safe.rs[0m:[35m271[0m
[INFO] [stdout]   19: [32mstd::panicking::try::do_call[0m[90m::ha4be5c164fe30854[0m
[INFO] [stdout]       at [35m/rustc/84c898d65adf2f39a5a98507f1fe0ce10a2b8dbc/library/std/src/panicking.rs[0m:[35m487[0m
[INFO] [stdout]   20: [32mstd::panicking::try[0m[90m::h604546f3609af05f[0m
[INFO] [stdout]       at [35m/rustc/84c898d65adf2f39a5a98507f1fe0ce10a2b8dbc/library/std/src/panicking.rs[0m:[35m451[0m
[INFO] [stdout]   21: [32mstd::panic::catch_unwind[0m[90m::h5bfa8afe44c9c2f9[0m
[INFO] [stdout]       at [35m/rustc/84c898d65adf2f39a5a98507f1fe0ce10a2b8dbc/library/std/src/panic.rs[0m:[35m140[0m
[INFO] [stdout]   22: [32mtest::run_test_in_process[0m[90m::hd50dee55dd63e6aa[0m
[INFO] [stdout]       at [35m/rustc/84c898d65adf2f39a5a98507f1fe0ce10a2b8dbc/library/test/src/lib.rs[0m:[35m679[0m
[INFO] [stdout]   [96m                              ⋮ 14 frames hidden ⋮                              [0m
[INFO] [stdout] 
[INFO] [stdout] Run with COLORBT_SHOW_HIDDEN=1 environment variable to disable frame filtering.
[INFO] [stdout] 
[INFO] [stdout] ---- test_smartlog_orphaned_root stdout ----
[INFO] [stdout] Error: 
[INFO] [stdout]    0: [91mNo path to Git executable was set. Try running as: `TEST_GIT=$(which git) cargo test ...` or set `env.TEST_GIT` in your `config.toml` (see https://doc.rust-lang.org/cargo/reference/config.html)[0m
[INFO] [stdout] 
[INFO] [stdout] Location:
[INFO] [stdout]    [35m/opt/rustwide/cargo-home/registry/src/github.com-1ecc6299db9ec823/git-branchless-lib-0.7.0/src/core/config.rs[0m:[35m334[0m
[INFO] [stdout] 
[INFO] [stdout]   ━━━━━━━━━━━━━━━━━━━━━━━━━━━━━━━━━━ BACKTRACE ━━━━━━━━━━━━━━━━━━━━━━━━━━━━━━━━━━━
[INFO] [stdout]   [96m                              ⋮ 5 frames hidden ⋮                               [0m
[INFO] [stdout]    6: [91mbranchless::core::config::env_vars::get_path_to_git::{{closure}}[0m[90m::h08f8c131ad752995[0m
[INFO] [stdout]       at [35m/opt/rustwide/cargo-home/registry/src/github.com-1ecc6299db9ec823/git-branchless-lib-0.7.0/src/core/config.rs[0m:[35m334[0m
[INFO] [stdout]        332 │     pub fn get_path_to_git() -> eyre::Result<PathBuf> {
[INFO] [stdout]        333 │         let path_to_git = std::env::var_os(TEST_GIT).ok_or_else(|| {
[INFO] [stdout]   [37;1m     334[0m [37;1m>[0m [37;1m            eyre::eyre!([0m
[INFO] [stdout]        335 │                 "No path to Git executable was set. \
[INFO] [stdout]        336 │ Try running as: `{0}=$(which git) cargo test ...` \
[INFO] [stdout]    7: [32mcore::option::Option<T>::ok_or_else[0m[90m::hb26fa8c81a6ab326[0m
[INFO] [stdout]       at [35m/rustc/84c898d65adf2f39a5a98507f1fe0ce10a2b8dbc/library/core/src/option.rs[0m:[35m1249[0m
[INFO] [stdout]    8: [91mbranchless::core::config::env_vars::get_path_to_git[0m[90m::h600e3ee03f87b390[0m
[INFO] [stdout]       at [35m/opt/rustwide/cargo-home/registry/src/github.com-1ecc6299db9ec823/git-branchless-lib-0.7.0/src/core/config.rs[0m:[35m333[0m
[INFO] [stdout]        331 │     #[instrument]
[INFO] [stdout]        332 │     pub fn get_path_to_git() -> eyre::Result<PathBuf> {
[INFO] [stdout]   [37;1m     333[0m [37;1m>[0m [37;1m        let path_to_git = std::env::var_os(TEST_GIT).ok_or_else(|| {[0m
[INFO] [stdout]        334 │             eyre::eyre!(
[INFO] [stdout]        335 │                 "No path to Git executable was set. \
[INFO] [stdout]    9: [91mbranchless::testing::make_git[0m[90m::h92ae309746586943[0m
[INFO] [stdout]       at [35m/opt/rustwide/cargo-home/registry/src/github.com-1ecc6299db9ec823/git-branchless-lib-0.7.0/src/testing.rs[0m:[35m650[0m
[INFO] [stdout]        648 │ 
[INFO] [stdout]        649 │     let repo_dir = tempfile::tempdir()?;
[INFO] [stdout]   [37;1m     650[0m [37;1m>[0m [37;1m    let path_to_git = get_path_to_git()?;[0m
[INFO] [stdout]        651 │     let git_exec_path = get_git_exec_path()?;
[INFO] [stdout]        652 │     let git = Git::new(path_to_git, repo_dir.path().to_path_buf(), git_exec_path);
[INFO] [stdout]   10: [91mtest_smartlog::test_smartlog_orphaned_root[0m[90m::h8c362a6054fa30d9[0m
[INFO] [stdout]       at [35m/opt/rustwide/workdir/tests/test_smartlog.rs[0m:[35m406[0m
[INFO] [stdout]        404 │ #[test]
[INFO] [stdout]        405 │ fn test_smartlog_orphaned_root() -> eyre::Result<()> {
[INFO] [stdout]   [37;1m     406[0m [37;1m>[0m [37;1m    let git = make_git()?;[0m
[INFO] [stdout]        407 │ 
[INFO] [stdout]        408 │     git.init_repo()?;
[INFO] [stdout]   11: [91mtest_smartlog::test_smartlog_orphaned_root::{{closure}}[0m[90m::h95654cca104fc048[0m
[INFO] [stdout]       at [35m/opt/rustwide/workdir/tests/test_smartlog.rs[0m:[35m405[0m
[INFO] [stdout]        403 │ 
[INFO] [stdout]        404 │ #[test]
[INFO] [stdout]   [37;1m     405[0m [37;1m>[0m [37;1mfn test_smartlog_orphaned_root() -> eyre::Result<()> {[0m
[INFO] [stdout]        406 │     let git = make_git()?;
[INFO] [stdout]        407 │ 
[INFO] [stdout]   12: [32mcore::ops::function::FnOnce::call_once[0m[90m::haf4e0d13d25a4ef1[0m
[INFO] [stdout]       at [35m/rustc/84c898d65adf2f39a5a98507f1fe0ce10a2b8dbc/library/core/src/ops/function.rs[0m:[35m250[0m
[INFO] [stdout]   13: [32mcore::ops::function::FnOnce::call_once[0m[90m::h7d969581be7d0075[0m
[INFO] [stdout]       at [35m/rustc/84c898d65adf2f39a5a98507f1fe0ce10a2b8dbc/library/core/src/ops/function.rs[0m:[35m250[0m
[INFO] [stdout]   14: [32mtest::__rust_begin_short_backtrace[0m[90m::hca25a52684e56655[0m
[INFO] [stdout]       at [35m/rustc/84c898d65adf2f39a5a98507f1fe0ce10a2b8dbc/library/test/src/lib.rs[0m:[35m656[0m
[INFO] [stdout]   15: [32mtest::run_test::{{closure}}[0m[90m::ha8ac744c4af1a4bb[0m
[INFO] [stdout]       at [35m/rustc/84c898d65adf2f39a5a98507f1fe0ce10a2b8dbc/library/test/src/lib.rs[0m:[35m647[0m
[INFO] [stdout]   16: [32mcore::ops::function::FnOnce::call_once{{vtable.shim}}[0m[90m::h7b411a9ed45bdecf[0m
[INFO] [stdout]       at [35m/rustc/84c898d65adf2f39a5a98507f1fe0ce10a2b8dbc/library/core/src/ops/function.rs[0m:[35m250[0m
[INFO] [stdout]   17: [32m<alloc::boxed::Box<F,A> as core::ops::function::FnOnce<Args>>::call_once[0m[90m::hd05328869a8ed200[0m
[INFO] [stdout]       at [35m/rustc/84c898d65adf2f39a5a98507f1fe0ce10a2b8dbc/library/alloc/src/boxed.rs[0m:[35m1987[0m
[INFO] [stdout]   18: [32m<core::panic::unwind_safe::AssertUnwindSafe<F> as core::ops::function::FnOnce<()>>::call_once[0m[90m::h0c601ce20bd5b2be[0m
[INFO] [stdout]       at [35m/rustc/84c898d65adf2f39a5a98507f1fe0ce10a2b8dbc/library/core/src/panic/unwind_safe.rs[0m:[35m271[0m
[INFO] [stdout]   19: [32mstd::panicking::try::do_call[0m[90m::ha4be5c164fe30854[0m
[INFO] [stdout]       at [35m/rustc/84c898d65adf2f39a5a98507f1fe0ce10a2b8dbc/library/std/src/panicking.rs[0m:[35m487[0m
[INFO] [stdout]   20: [32mstd::panicking::try[0m[90m::h604546f3609af05f[0m
[INFO] [stdout]       at [35m/rustc/84c898d65adf2f39a5a98507f1fe0ce10a2b8dbc/library/std/src/panicking.rs[0m:[35m451[0m
[INFO] [stdout]   21: [32mstd::panic::catch_unwind[0m[90m::h5bfa8afe44c9c2f9[0m
[INFO] [stdout]       at [35m/rustc/84c898d65adf2f39a5a98507f1fe0ce10a2b8dbc/library/std/src/panic.rs[0m:[35m140[0m
[INFO] [stdout]   22: [32mtest::run_test_in_process[0m[90m::hd50dee55dd63e6aa[0m
[INFO] [stdout]       at [35m/rustc/84c898d65adf2f39a5a98507f1fe0ce10a2b8dbc/library/test/src/lib.rs[0m:[35m679[0m
[INFO] [stdout]   [96m                              ⋮ 14 frames hidden ⋮                              [0m
[INFO] [stdout] 
[INFO] [stdout] Run with COLORBT_SHOW_HIDDEN=1 environment variable to disable frame filtering.
[INFO] [stdout] 
[INFO] [stdout] ---- test_custom_main_branch stdout ----
[INFO] [stdout] Error: 
[INFO] [stdout]    0: [91mNo path to Git executable was set. Try running as: `TEST_GIT=$(which git) cargo test ...` or set `env.TEST_GIT` in your `config.toml` (see https://doc.rust-lang.org/cargo/reference/config.html)[0m
[INFO] [stdout] 
[INFO] [stdout] Location:
[INFO] [stdout]    [35m/opt/rustwide/cargo-home/registry/src/github.com-1ecc6299db9ec823/git-branchless-lib-0.7.0/src/core/config.rs[0m:[35m334[0m
[INFO] [stdout] 
[INFO] [stdout]   ━━━━━━━━━━━━━━━━━━━━━━━━━━━━━━━━━━ BACKTRACE ━━━━━━━━━━━━━━━━━━━━━━━━━━━━━━━━━━━
[INFO] [stdout]   [96m                              ⋮ 5 frames hidden ⋮                               [0m
[INFO] [stdout]    6: [91mbranchless::core::config::env_vars::get_path_to_git::{{closure}}[0m[90m::h08f8c131ad752995[0m
[INFO] [stdout]       at [35m/opt/rustwide/cargo-home/registry/src/github.com-1ecc6299db9ec823/git-branchless-lib-0.7.0/src/core/config.rs[0m:[35m334[0m
[INFO] [stdout]        332 │     pub fn get_path_to_git() -> eyre::Result<PathBuf> {
[INFO] [stdout]        333 │         let path_to_git = std::env::var_os(TEST_GIT).ok_or_else(|| {
[INFO] [stdout]   [37;1m     334[0m [37;1m>[0m [37;1m            eyre::eyre!([0m
[INFO] [stdout]        335 │                 "No path to Git executable was set. \
[INFO] [stdout]        336 │ Try running as: `{0}=$(which git) cargo test ...` \
[INFO] [stdout]    7: [32mcore::option::Option<T>::ok_or_else[0m[90m::hb26fa8c81a6ab326[0m
[INFO] [stdout]       at [35m/rustc/84c898d65adf2f39a5a98507f1fe0ce10a2b8dbc/library/core/src/option.rs[0m:[35m1249[0m
[INFO] [stdout]    8: [91mbranchless::core::config::env_vars::get_path_to_git[0m[90m::h600e3ee03f87b390[0m
[INFO] [stdout]       at [35m/opt/rustwide/cargo-home/registry/src/github.com-1ecc6299db9ec823/git-branchless-lib-0.7.0/src/core/config.rs[0m:[35m333[0m
[INFO] [stdout]        331 │     #[instrument]
[INFO] [stdout]        332 │     pub fn get_path_to_git() -> eyre::Result<PathBuf> {
[INFO] [stdout]   [37;1m     333[0m [37;1m>[0m [37;1m        let path_to_git = std::env::var_os(TEST_GIT).ok_or_else(|| {[0m
[INFO] [stdout]        334 │             eyre::eyre!(
[INFO] [stdout]        335 │                 "No path to Git executable was set. \
[INFO] [stdout]    9: [91mbranchless::testing::make_git[0m[90m::h92ae309746586943[0m
[INFO] [stdout]       at [35m/opt/rustwide/cargo-home/registry/src/github.com-1ecc6299db9ec823/git-branchless-lib-0.7.0/src/testing.rs[0m:[35m650[0m
[INFO] [stdout]        648 │ 
[INFO] [stdout]        649 │     let repo_dir = tempfile::tempdir()?;
[INFO] [stdout]   [37;1m     650[0m [37;1m>[0m [37;1m    let path_to_git = get_path_to_git()?;[0m
[INFO] [stdout]        651 │     let git_exec_path = get_git_exec_path()?;
[INFO] [stdout]        652 │     let git = Git::new(path_to_git, repo_dir.path().to_path_buf(), git_exec_path);
[INFO] [stdout]   10: [91mtest_smartlog::test_custom_main_branch[0m[90m::h8074112cbcd86ec9[0m
[INFO] [stdout]       at [35m/opt/rustwide/workdir/tests/test_smartlog.rs[0m:[35m351[0m
[INFO] [stdout]        349 │ #[test]
[INFO] [stdout]        350 │ fn test_custom_main_branch() -> eyre::Result<()> {
[INFO] [stdout]   [37;1m     351[0m [37;1m>[0m [37;1m    let git = make_git()?;[0m
[INFO] [stdout]        352 │ 
[INFO] [stdout]        353 │     git.init_repo()?;
[INFO] [stdout]   11: [91mtest_smartlog::test_custom_main_branch::{{closure}}[0m[90m::ha82c0915282fe7a6[0m
[INFO] [stdout]       at [35m/opt/rustwide/workdir/tests/test_smartlog.rs[0m:[35m350[0m
[INFO] [stdout]        348 │ 
[INFO] [stdout]        349 │ #[test]
[INFO] [stdout]   [37;1m     350[0m [37;1m>[0m [37;1mfn test_custom_main_branch() -> eyre::Result<()> {[0m
[INFO] [stdout]        351 │     let git = make_git()?;
[INFO] [stdout]        352 │ 
[INFO] [stdout]   12: [32mcore::ops::function::FnOnce::call_once[0m[90m::h198d76bb04c0a2cd[0m
[INFO] [stdout]       at [35m/rustc/84c898d65adf2f39a5a98507f1fe0ce10a2b8dbc/library/core/src/ops/function.rs[0m:[35m250[0m
[INFO] [stdout]   13: [32mcore::ops::function::FnOnce::call_once[0m[90m::h7d969581be7d0075[0m
[INFO] [stdout]       at [35m/rustc/84c898d65adf2f39a5a98507f1fe0ce10a2b8dbc/library/core/src/ops/function.rs[0m:[35m250[0m
[INFO] [stdout]   14: [32mtest::__rust_begin_short_backtrace[0m[90m::hca25a52684e56655[0m
[INFO] [stdout]       at [35m/rustc/84c898d65adf2f39a5a98507f1fe0ce10a2b8dbc/library/test/src/lib.rs[0m:[35m656[0m
[INFO] [stdout]   15: [32mtest::run_test::{{closure}}[0m[90m::ha8ac744c4af1a4bb[0m
[INFO] [stdout]       at [35m/rustc/84c898d65adf2f39a5a98507f1fe0ce10a2b8dbc/library/test/src/lib.rs[0m:[35m647[0m
[INFO] [stdout]   16: [32mcore::ops::function::FnOnce::call_once{{vtable.shim}}[0m[90m::h7b411a9ed45bdecf[0m
[INFO] [stdout]       at [35m/rustc/84c898d65adf2f39a5a98507f1fe0ce10a2b8dbc/library/core/src/ops/function.rs[0m:[35m250[0m
[INFO] [stdout]   17: [32m<alloc::boxed::Box<F,A> as core::ops::function::FnOnce<Args>>::call_once[0m[90m::hd05328869a8ed200[0m
[INFO] [stdout]       at [35m/rustc/84c898d65adf2f39a5a98507f1fe0ce10a2b8dbc/library/alloc/src/boxed.rs[0m:[35m1987[0m
[INFO] [stdout]   18: [32m<core::panic::unwind_safe::AssertUnwindSafe<F> as core::ops::function::FnOnce<()>>::call_once[0m[90m::h0c601ce20bd5b2be[0m
[INFO] [stdout]       at [35m/rustc/84c898d65adf2f39a5a98507f1fe0ce10a2b8dbc/library/core/src/panic/unwind_safe.rs[0m:[35m271[0m
[INFO] [stdout]   19: [32mstd::panicking::try::do_call[0m[90m::ha4be5c164fe30854[0m
[INFO] [stdout]       at [35m/rustc/84c898d65adf2f39a5a98507f1fe0ce10a2b8dbc/library/std/src/panicking.rs[0m:[35m487[0m
[INFO] [stdout]   20: [32mstd::panicking::try[0m[90m::h604546f3609af05f[0m
[INFO] [stdout]       at [35m/rustc/84c898d65adf2f39a5a98507f1fe0ce10a2b8dbc/library/std/src/panicking.rs[0m:[35m451[0m
[INFO] [stdout]   21: [32mstd::panic::catch_unwind[0m[90m::h5bfa8afe44c9c2f9[0m
[INFO] [stdout]       at [35m/rustc/84c898d65adf2f39a5a98507f1fe0ce10a2b8dbc/library/std/src/panic.rs[0m:[35m140[0m
[INFO] [stdout]   22: [32mtest::run_test_in_process[0m[90m::hd50dee55dd63e6aa[0m
[INFO] [stdout]       at [35m/rustc/84c898d65adf2f39a5a98507f1fe0ce10a2b8dbc/library/test/src/lib.rs[0m:[35m679[0m
[INFO] [stdout]   [96m                              ⋮ 14 frames hidden ⋮                              [0m
[INFO] [stdout] 
[INFO] [stdout] Run with COLORBT_SHOW_HIDDEN=1 environment variable to disable frame filtering.
[INFO] [stdout] 
[INFO] [stdout] ---- test_smartlog_sparse_false_head stdout ----
[INFO] [stdout] Error: 
[INFO] [stdout]    0: [91mNo path to Git executable was set. Try running as: `TEST_GIT=$(which git) cargo test ...` or set `env.TEST_GIT` in your `config.toml` (see https://doc.rust-lang.org/cargo/reference/config.html)[0m
[INFO] [stdout] 
[INFO] [stdout] Location:
[INFO] [stdout]    [35m/opt/rustwide/cargo-home/registry/src/github.com-1ecc6299db9ec823/git-branchless-lib-0.7.0/src/core/config.rs[0m:[35m334[0m
[INFO] [stdout] 
[INFO] [stdout]   ━━━━━━━━━━━━━━━━━━━━━━━━━━━━━━━━━━ BACKTRACE ━━━━━━━━━━━━━━━━━━━━━━━━━━━━━━━━━━━
[INFO] [stdout]   [96m                              ⋮ 5 frames hidden ⋮                               [0m
[INFO] [stdout]    6: [91mbranchless::core::config::env_vars::get_path_to_git::{{closure}}[0m[90m::h08f8c131ad752995[0m
[INFO] [stdout]       at [35m/opt/rustwide/cargo-home/registry/src/github.com-1ecc6299db9ec823/git-branchless-lib-0.7.0/src/core/config.rs[0m:[35m334[0m
[INFO] [stdout]        332 │     pub fn get_path_to_git() -> eyre::Result<PathBuf> {
[INFO] [stdout]        333 │         let path_to_git = std::env::var_os(TEST_GIT).ok_or_else(|| {
[INFO] [stdout]   [37;1m     334[0m [37;1m>[0m [37;1m            eyre::eyre!([0m
[INFO] [stdout]        335 │                 "No path to Git executable was set. \
[INFO] [stdout]        336 │ Try running as: `{0}=$(which git) cargo test ...` \
[INFO] [stdout]    7: [32mcore::option::Option<T>::ok_or_else[0m[90m::hb26fa8c81a6ab326[0m
[INFO] [stdout]       at [35m/rustc/84c898d65adf2f39a5a98507f1fe0ce10a2b8dbc/library/core/src/option.rs[0m:[35m1249[0m
[INFO] [stdout]    8: [91mbranchless::core::config::env_vars::get_path_to_git[0m[90m::h600e3ee03f87b390[0m
[INFO] [stdout]       at [35m/opt/rustwide/cargo-home/registry/src/github.com-1ecc6299db9ec823/git-branchless-lib-0.7.0/src/core/config.rs[0m:[35m333[0m
[INFO] [stdout]        331 │     #[instrument]
[INFO] [stdout]        332 │     pub fn get_path_to_git() -> eyre::Result<PathBuf> {
[INFO] [stdout]   [37;1m     333[0m [37;1m>[0m [37;1m        let path_to_git = std::env::var_os(TEST_GIT).ok_or_else(|| {[0m
[INFO] [stdout]        334 │             eyre::eyre!(
[INFO] [stdout]        335 │                 "No path to Git executable was set. \
[INFO] [stdout]    9: [91mbranchless::testing::make_git[0m[90m::h92ae309746586943[0m
[INFO] [stdout]       at [35m/opt/rustwide/cargo-home/registry/src/github.com-1ecc6299db9ec823/git-branchless-lib-0.7.0/src/testing.rs[0m:[35m650[0m
[INFO] [stdout]        648 │ 
[INFO] [stdout]        649 │     let repo_dir = tempfile::tempdir()?;
[INFO] [stdout]   [37;1m     650[0m [37;1m>[0m [37;1m    let path_to_git = get_path_to_git()?;[0m
[INFO] [stdout]        651 │     let git_exec_path = get_git_exec_path()?;
[INFO] [stdout]        652 │     let git = Git::new(path_to_git, repo_dir.path().to_path_buf(), git_exec_path);
[INFO] [stdout]   10: [91mtest_smartlog::test_smartlog_sparse_false_head[0m[90m::he27b581b5844bc01[0m
[INFO] [stdout]       at [35m/opt/rustwide/workdir/tests/test_smartlog.rs[0m:[35m595[0m
[INFO] [stdout]        593 │ #[test]
[INFO] [stdout]        594 │ fn test_smartlog_sparse_false_head() -> eyre::Result<()> {
[INFO] [stdout]   [37;1m     595[0m [37;1m>[0m [37;1m    let git = make_git()?;[0m
[INFO] [stdout]        596 │ 
[INFO] [stdout]        597 │     git.init_repo()?;
[INFO] [stdout]   11: [91mtest_smartlog::test_smartlog_sparse_false_head::{{closure}}[0m[90m::hc5aa1e879c9aa95b[0m
[INFO] [stdout]       at [35m/opt/rustwide/workdir/tests/test_smartlog.rs[0m:[35m594[0m
[INFO] [stdout]        592 │ 
[INFO] [stdout]        593 │ #[test]
[INFO] [stdout]   [37;1m     594[0m [37;1m>[0m [37;1mfn test_smartlog_sparse_false_head() -> eyre::Result<()> {[0m
[INFO] [stdout]        595 │     let git = make_git()?;
[INFO] [stdout]        596 │ 
[INFO] [stdout]   12: [32mcore::ops::function::FnOnce::call_once[0m[90m::h26b8b0a907b58d46[0m
[INFO] [stdout]       at [35m/rustc/84c898d65adf2f39a5a98507f1fe0ce10a2b8dbc/library/core/src/ops/function.rs[0m:[35m250[0m
[INFO] [stdout]   13: [32mcore::ops::function::FnOnce::call_once[0m[90m::h7d969581be7d0075[0m
[INFO] [stdout]       at [35m/rustc/84c898d65adf2f39a5a98507f1fe0ce10a2b8dbc/library/core/src/ops/function.rs[0m:[35m250[0m
[INFO] [stdout]   14: [32mtest::__rust_begin_short_backtrace[0m[90m::hca25a52684e56655[0m
[INFO] [stdout]       at [35m/rustc/84c898d65adf2f39a5a98507f1fe0ce10a2b8dbc/library/test/src/lib.rs[0m:[35m656[0m
[INFO] [stdout]   15: [32mtest::run_test::{{closure}}[0m[90m::ha8ac744c4af1a4bb[0m
[INFO] [stdout]       at [35m/rustc/84c898d65adf2f39a5a98507f1fe0ce10a2b8dbc/library/test/src/lib.rs[0m:[35m647[0m
[INFO] [stdout]   16: [32mcore::ops::function::FnOnce::call_once{{vtable.shim}}[0m[90m::h7b411a9ed45bdecf[0m
[INFO] [stdout]       at [35m/rustc/84c898d65adf2f39a5a98507f1fe0ce10a2b8dbc/library/core/src/ops/function.rs[0m:[35m250[0m
[INFO] [stdout]   17: [32m<alloc::boxed::Box<F,A> as core::ops::function::FnOnce<Args>>::call_once[0m[90m::hd05328869a8ed200[0m
[INFO] [stdout]       at [35m/rustc/84c898d65adf2f39a5a98507f1fe0ce10a2b8dbc/library/alloc/src/boxed.rs[0m:[35m1987[0m
[INFO] [stdout]   18: [32m<core::panic::unwind_safe::AssertUnwindSafe<F> as core::ops::function::FnOnce<()>>::call_once[0m[90m::h0c601ce20bd5b2be[0m
[INFO] [stdout]       at [35m/rustc/84c898d65adf2f39a5a98507f1fe0ce10a2b8dbc/library/core/src/panic/unwind_safe.rs[0m:[35m271[0m
[INFO] [stdout]   19: [32mstd::panicking::try::do_call[0m[90m::ha4be5c164fe30854[0m
[INFO] [stdout]       at [35m/rustc/84c898d65adf2f39a5a98507f1fe0ce10a2b8dbc/library/std/src/panicking.rs[0m:[35m487[0m
[INFO] [stdout]   20: [32mstd::panicking::try[0m[90m::h604546f3609af05f[0m
[INFO] [stdout]       at [35m/rustc/84c898d65adf2f39a5a98507f1fe0ce10a2b8dbc/library/std/src/panicking.rs[0m:[35m451[0m
[INFO] [stdout]   21: [32mstd::panic::catch_unwind[0m[90m::h5bfa8afe44c9c2f9[0m
[INFO] [stdout]       at [35m/rustc/84c898d65adf2f39a5a98507f1fe0ce10a2b8dbc/library/std/src/panic.rs[0m:[35m140[0m
[INFO] [stdout]   22: [32mtest::run_test_in_process[0m[90m::hd50dee55dd63e6aa[0m
[INFO] [stdout]       at [35m/rustc/84c898d65adf2f39a5a98507f1fe0ce10a2b8dbc/library/test/src/lib.rs[0m:[35m679[0m
[INFO] [stdout]   [96m                              ⋮ 14 frames hidden ⋮                              [0m
[INFO] [stdout] 
[INFO] [stdout] Run with COLORBT_SHOW_HIDDEN=1 environment variable to disable frame filtering.
[INFO] [stdout] 
[INFO] [stdout] ---- test_smartlog_hint_abandoned stdout ----
[INFO] [stdout] Error: 
[INFO] [stdout]    0: [91mNo path to Git executable was set. Try running as: `TEST_GIT=$(which git) cargo test ...` or set `env.TEST_GIT` in your `config.toml` (see https://doc.rust-lang.org/cargo/reference/config.html)[0m
[INFO] [stdout] 
[INFO] [stdout] Location:
[INFO] [stdout]    [35m/opt/rustwide/cargo-home/registry/src/github.com-1ecc6299db9ec823/git-branchless-lib-0.7.0/src/core/config.rs[0m:[35m334[0m
[INFO] [stdout] 
[INFO] [stdout]   ━━━━━━━━━━━━━━━━━━━━━━━━━━━━━━━━━━ BACKTRACE ━━━━━━━━━━━━━━━━━━━━━━━━━━━━━━━━━━━
[INFO] [stdout]   [96m                              ⋮ 5 frames hidden ⋮                               [0m
[INFO] [stdout]    6: [91mbranchless::core::config::env_vars::get_path_to_git::{{closure}}[0m[90m::h08f8c131ad752995[0m
[INFO] [stdout]       at [35m/opt/rustwide/cargo-home/registry/src/github.com-1ecc6299db9ec823/git-branchless-lib-0.7.0/src/core/config.rs[0m:[35m334[0m
[INFO] [stdout]        332 │     pub fn get_path_to_git() -> eyre::Result<PathBuf> {
[INFO] [stdout]        333 │         let path_to_git = std::env::var_os(TEST_GIT).ok_or_else(|| {
[INFO] [stdout]   [37;1m     334[0m [37;1m>[0m [37;1m            eyre::eyre!([0m
[INFO] [stdout]        335 │                 "No path to Git executable was set. \
[INFO] [stdout]        336 │ Try running as: `{0}=$(which git) cargo test ...` \
[INFO] [stdout]    7: [32mcore::option::Option<T>::ok_or_else[0m[90m::hb26fa8c81a6ab326[0m
[INFO] [stdout]       at [35m/rustc/84c898d65adf2f39a5a98507f1fe0ce10a2b8dbc/library/core/src/option.rs[0m:[35m1249[0m
[INFO] [stdout]    8: [91mbranchless::core::config::env_vars::get_path_to_git[0m[90m::h600e3ee03f87b390[0m
[INFO] [stdout]       at [35m/opt/rustwide/cargo-home/registry/src/github.com-1ecc6299db9ec823/git-branchless-lib-0.7.0/src/core/config.rs[0m:[35m333[0m
[INFO] [stdout]        331 │     #[instrument]
[INFO] [stdout]        332 │     pub fn get_path_to_git() -> eyre::Result<PathBuf> {
[INFO] [stdout]   [37;1m     333[0m [37;1m>[0m [37;1m        let path_to_git = std::env::var_os(TEST_GIT).ok_or_else(|| {[0m
[INFO] [stdout]        334 │             eyre::eyre!(
[INFO] [stdout]        335 │                 "No path to Git executable was set. \
[INFO] [stdout]    9: [91mbranchless::testing::make_git[0m[90m::h92ae309746586943[0m
[INFO] [stdout]       at [35m/opt/rustwide/cargo-home/registry/src/github.com-1ecc6299db9ec823/git-branchless-lib-0.7.0/src/testing.rs[0m:[35m650[0m
[INFO] [stdout]        648 │ 
[INFO] [stdout]        649 │     let repo_dir = tempfile::tempdir()?;
[INFO] [stdout]   [37;1m     650[0m [37;1m>[0m [37;1m    let path_to_git = get_path_to_git()?;[0m
[INFO] [stdout]        651 │     let git_exec_path = get_git_exec_path()?;
[INFO] [stdout]        652 │     let git = Git::new(path_to_git, repo_dir.path().to_path_buf(), git_exec_path);
[INFO] [stdout]   10: [91mtest_smartlog::test_smartlog_hint_abandoned[0m[90m::hc9a0fa32f9298f99[0m
[INFO] [stdout]       at [35m/opt/rustwide/workdir/tests/test_smartlog.rs[0m:[35m427[0m
[INFO] [stdout]        425 │ #[test]
[INFO] [stdout]        426 │ fn test_smartlog_hint_abandoned() -> eyre::Result<()> {
[INFO] [stdout]   [37;1m     427[0m [37;1m>[0m [37;1m    let git = make_git()?;[0m
[INFO] [stdout]        428 │ 
[INFO] [stdout]        429 │     if !git.supports_reference_transactions()? {
[INFO] [stdout]   11: [91mtest_smartlog::test_smartlog_hint_abandoned::{{closure}}[0m[90m::h5c195756ec6c2694[0m
[INFO] [stdout]       at [35m/opt/rustwide/workdir/tests/test_smartlog.rs[0m:[35m426[0m
[INFO] [stdout]        424 │ 
[INFO] [stdout]        425 │ #[test]
[INFO] [stdout]   [37;1m     426[0m [37;1m>[0m [37;1mfn test_smartlog_hint_abandoned() -> eyre::Result<()> {[0m
[INFO] [stdout]        427 │     let git = make_git()?;
[INFO] [stdout]        428 │ 
[INFO] [stdout]   12: [32mcore::ops::function::FnOnce::call_once[0m[90m::h32a9a881ebc7ea81[0m
[INFO] [stdout]       at [35m/rustc/84c898d65adf2f39a5a98507f1fe0ce10a2b8dbc/library/core/src/ops/function.rs[0m:[35m250[0m
[INFO] [stdout]   13: [32mcore::ops::function::FnOnce::call_once[0m[90m::h7d969581be7d0075[0m
[INFO] [stdout]       at [35m/rustc/84c898d65adf2f39a5a98507f1fe0ce10a2b8dbc/library/core/src/ops/function.rs[0m:[35m250[0m
[INFO] [stdout]   14: [32mtest::__rust_begin_short_backtrace[0m[90m::hca25a52684e56655[0m
[INFO] [stdout]       at [35m/rustc/84c898d65adf2f39a5a98507f1fe0ce10a2b8dbc/library/test/src/lib.rs[0m:[35m656[0m
[INFO] [stdout]   15: [32mtest::run_test::{{closure}}[0m[90m::ha8ac744c4af1a4bb[0m
[INFO] [stdout]       at [35m/rustc/84c898d65adf2f39a5a98507f1fe0ce10a2b8dbc/library/test/src/lib.rs[0m:[35m647[0m
[INFO] [stdout]   16: [32mcore::ops::function::FnOnce::call_once{{vtable.shim}}[0m[90m::h7b411a9ed45bdecf[0m
[INFO] [stdout]       at [35m/rustc/84c898d65adf2f39a5a98507f1fe0ce10a2b8dbc/library/core/src/ops/function.rs[0m:[35m250[0m
[INFO] [stdout]   17: [32m<alloc::boxed::Box<F,A> as core::ops::function::FnOnce<Args>>::call_once[0m[90m::hd05328869a8ed200[0m
[INFO] [stdout]       at [35m/rustc/84c898d65adf2f39a5a98507f1fe0ce10a2b8dbc/library/alloc/src/boxed.rs[0m:[35m1987[0m
[INFO] [stdout]   18: [32m<core::panic::unwind_safe::AssertUnwindSafe<F> as core::ops::function::FnOnce<()>>::call_once[0m[90m::h0c601ce20bd5b2be[0m
[INFO] [stdout]       at [35m/rustc/84c898d65adf2f39a5a98507f1fe0ce10a2b8dbc/library/core/src/panic/unwind_safe.rs[0m:[35m271[0m
[INFO] [stdout]   19: [32mstd::panicking::try::do_call[0m[90m::ha4be5c164fe30854[0m
[INFO] [stdout]       at [35m/rustc/84c898d65adf2f39a5a98507f1fe0ce10a2b8dbc/library/std/src/panicking.rs[0m:[35m487[0m
[INFO] [stdout]   20: [32mstd::panicking::try[0m[90m::h604546f3609af05f[0m
[INFO] [stdout]       at [35m/rustc/84c898d65adf2f39a5a98507f1fe0ce10a2b8dbc/library/std/src/panicking.rs[0m:[35m451[0m
[INFO] [stdout]   21: [32mstd::panic::catch_unwind[0m[90m::h5bfa8afe44c9c2f9[0m
[INFO] [stdout]       at [35m/rustc/84c898d65adf2f39a5a98507f1fe0ce10a2b8dbc/library/std/src/panic.rs[0m:[35m140[0m
[INFO] [stdout]   22: [32mtest::run_test_in_process[0m[90m::hd50dee55dd63e6aa[0m
[INFO] [stdout]       at [35m/rustc/84c898d65adf2f39a5a98507f1fe0ce10a2b8dbc/library/test/src/lib.rs[0m:[35m679[0m
[INFO] [stdout]   [96m                              ⋮ 14 frames hidden ⋮                              [0m
[INFO] [stdout] 
[INFO] [stdout] Run with COLORBT_SHOW_HIDDEN=1 environment variable to disable frame filtering.
[INFO] [stdout] 
[INFO] [stdout] ---- test_smartlog_sparse_branch stdout ----
[INFO] [stdout] Error: 
[INFO] [stdout]    0: [91mNo path to Git executable was set. Try running as: `TEST_GIT=$(which git) cargo test ...` or set `env.TEST_GIT` in your `config.toml` (see https://doc.rust-lang.org/cargo/reference/config.html)[0m
[INFO] [stdout] 
[INFO] [stdout] Location:
[INFO] [stdout]    [35m/opt/rustwide/cargo-home/registry/src/github.com-1ecc6299db9ec823/git-branchless-lib-0.7.0/src/core/config.rs[0m:[35m334[0m
[INFO] [stdout] 
[INFO] [stdout]   ━━━━━━━━━━━━━━━━━━━━━━━━━━━━━━━━━━ BACKTRACE ━━━━━━━━━━━━━━━━━━━━━━━━━━━━━━━━━━━
[INFO] [stdout]   [96m                              ⋮ 5 frames hidden ⋮                               [0m
[INFO] [stdout]    6: [91mbranchless::core::config::env_vars::get_path_to_git::{{closure}}[0m[90m::h08f8c131ad752995[0m
[INFO] [stdout]       at [35m/opt/rustwide/cargo-home/registry/src/github.com-1ecc6299db9ec823/git-branchless-lib-0.7.0/src/core/config.rs[0m:[35m334[0m
[INFO] [stdout]        332 │     pub fn get_path_to_git() -> eyre::Result<PathBuf> {
[INFO] [stdout]        333 │         let path_to_git = std::env::var_os(TEST_GIT).ok_or_else(|| {
[INFO] [stdout]   [37;1m     334[0m [37;1m>[0m [37;1m            eyre::eyre!([0m
[INFO] [stdout]        335 │                 "No path to Git executable was set. \
[INFO] [stdout]        336 │ Try running as: `{0}=$(which git) cargo test ...` \
[INFO] [stdout]    7: [32mcore::option::Option<T>::ok_or_else[0m[90m::hb26fa8c81a6ab326[0m
[INFO] [stdout]       at [35m/rustc/84c898d65adf2f39a5a98507f1fe0ce10a2b8dbc/library/core/src/option.rs[0m:[35m1249[0m
[INFO] [stdout]    8: [91mbranchless::core::config::env_vars::get_path_to_git[0m[90m::h600e3ee03f87b390[0m
[INFO] [stdout]       at [35m/opt/rustwide/cargo-home/registry/src/github.com-1ecc6299db9ec823/git-branchless-lib-0.7.0/src/core/config.rs[0m:[35m333[0m
[INFO] [stdout]        331 │     #[instrument]
[INFO] [stdout]        332 │     pub fn get_path_to_git() -> eyre::Result<PathBuf> {
[INFO] [stdout]   [37;1m     333[0m [37;1m>[0m [37;1m        let path_to_git = std::env::var_os(TEST_GIT).ok_or_else(|| {[0m
[INFO] [stdout]        334 │             eyre::eyre!(
[INFO] [stdout]        335 │                 "No path to Git executable was set. \
[INFO] [stdout]    9: [91mbranchless::testing::make_git[0m[90m::h92ae309746586943[0m
[INFO] [stdout]       at [35m/opt/rustwide/cargo-home/registry/src/github.com-1ecc6299db9ec823/git-branchless-lib-0.7.0/src/testing.rs[0m:[35m650[0m
[INFO] [stdout]        648 │ 
[INFO] [stdout]        649 │     let repo_dir = tempfile::tempdir()?;
[INFO] [stdout]   [37;1m     650[0m [37;1m>[0m [37;1m    let path_to_git = get_path_to_git()?;[0m
[INFO] [stdout]        651 │     let git_exec_path = get_git_exec_path()?;
[INFO] [stdout]        652 │     let git = Git::new(path_to_git, repo_dir.path().to_path_buf(), git_exec_path);
[INFO] [stdout]   10: [91mtest_smartlog::test_smartlog_sparse_branch[0m[90m::h348c05bda2abeeb7[0m
[INFO] [stdout]       at [35m/opt/rustwide/workdir/tests/test_smartlog.rs[0m:[35m563[0m
[INFO] [stdout]        561 │ #[test]
[INFO] [stdout]        562 │ fn test_smartlog_sparse_branch() -> eyre::Result<()> {
[INFO] [stdout]   [37;1m     563[0m [37;1m>[0m [37;1m    let git = make_git()?;[0m
[INFO] [stdout]        564 │ 
[INFO] [stdout]        565 │     git.init_repo()?;
[INFO] [stdout]   11: [91mtest_smartlog::test_smartlog_sparse_branch::{{closure}}[0m[90m::h5ce47811cc4926cb[0m
[INFO] [stdout]       at [35m/opt/rustwide/workdir/tests/test_smartlog.rs[0m:[35m562[0m
[INFO] [stdout]        560 │ 
[INFO] [stdout]        561 │ #[test]
[INFO] [stdout]   [37;1m     562[0m [37;1m>[0m [37;1mfn test_smartlog_sparse_branch() -> eyre::Result<()> {[0m
[INFO] [stdout]        563 │     let git = make_git()?;
[INFO] [stdout]        564 │ 
[INFO] [stdout]   12: [32mcore::ops::function::FnOnce::call_once[0m[90m::h611c107c8811fa8c[0m
[INFO] [stdout]       at [35m/rustc/84c898d65adf2f39a5a98507f1fe0ce10a2b8dbc/library/core/src/ops/function.rs[0m:[35m250[0m
[INFO] [stdout]   13: [32mcore::ops::function::FnOnce::call_once[0m[90m::h7d969581be7d0075[0m
[INFO] [stdout]       at [35m/rustc/84c898d65adf2f39a5a98507f1fe0ce10a2b8dbc/library/core/src/ops/function.rs[0m:[35m250[0m
[INFO] [stdout]   14: [32mtest::__rust_begin_short_backtrace[0m[90m::hca25a52684e56655[0m
[INFO] [stdout]       at [35m/rustc/84c898d65adf2f39a5a98507f1fe0ce10a2b8dbc/library/test/src/lib.rs[0m:[35m656[0m
[INFO] [stdout]   15: [32mtest::run_test::{{closure}}[0m[90m::ha8ac744c4af1a4bb[0m
[INFO] [stdout]       at [35m/rustc/84c898d65adf2f39a5a98507f1fe0ce10a2b8dbc/library/test/src/lib.rs[0m:[35m647[0m
[INFO] [stdout]   16: [32mcore::ops::function::FnOnce::call_once{{vtable.shim}}[0m[90m::h7b411a9ed45bdecf[0m
[INFO] [stdout]       at [35m/rustc/84c898d65adf2f39a5a98507f1fe0ce10a2b8dbc/library/core/src/ops/function.rs[0m:[35m250[0m
[INFO] [stdout]   17: [32m<alloc::boxed::Box<F,A> as core::ops::function::FnOnce<Args>>::call_once[0m[90m::hd05328869a8ed200[0m
[INFO] [stdout]       at [35m/rustc/84c898d65adf2f39a5a98507f1fe0ce10a2b8dbc/library/alloc/src/boxed.rs[0m:[35m1987[0m
[INFO] [stdout]   18: [32m<core::panic::unwind_safe::AssertUnwindSafe<F> as core::ops::function::FnOnce<()>>::call_once[0m[90m::h0c601ce20bd5b2be[0m
[INFO] [stdout]       at [35m/rustc/84c898d65adf2f39a5a98507f1fe0ce10a2b8dbc/library/core/src/panic/unwind_safe.rs[0m:[35m271[0m
[INFO] [stdout]   19: [32mstd::panicking::try::do_call[0m[90m::ha4be5c164fe30854[0m
[INFO] [stdout]       at [35m/rustc/84c898d65adf2f39a5a98507f1fe0ce10a2b8dbc/library/std/src/panicking.rs[0m:[35m487[0m
[INFO] [stdout]   20: [32mstd::panicking::try[0m[90m::h604546f3609af05f[0m
[INFO] [stdout]       at [35m/rustc/84c898d65adf2f39a5a98507f1fe0ce10a2b8dbc/library/std/src/panicking.rs[0m:[35m451[0m
[INFO] [stdout]   21: [32mstd::panic::catch_unwind[0m[90m::h5bfa8afe44c9c2f9[0m
[INFO] [stdout]       at [35m/rustc/84c898d65adf2f39a5a98507f1fe0ce10a2b8dbc/library/std/src/panic.rs[0m:[35m140[0m
[INFO] [stdout]   22: [32mtest::run_test_in_process[0m[90m::hd50dee55dd63e6aa[0m
[INFO] [stdout]       at [35m/rustc/84c898d65adf2f39a5a98507f1fe0ce10a2b8dbc/library/test/src/lib.rs[0m:[35m679[0m
[INFO] [stdout]   [96m                              ⋮ 14 frames hidden ⋮                              [0m
[INFO] [stdout] 
[INFO] [stdout] Run with COLORBT_SHOW_HIDDEN=1 environment variable to disable frame filtering.
[INFO] [stdout] 
[INFO] [stdout] 
[INFO] [stdout] failures:
[INFO] [stdout]     test_custom_main_branch
[INFO] [stdout]     test_init_smartlog
[INFO] [stdout]     test_merge_commit
[INFO] [stdout]     test_merge_commit_reverse_order
[INFO] [stdout]     test_non_adjacent_commits
[INFO] [stdout]     test_non_adjacent_commits2
[INFO] [stdout]     test_non_adjacent_commits3
[INFO] [stdout]     test_rebase
[INFO] [stdout]     test_rebase_conflict
[INFO] [stdout]     test_sequential_master_commits
[INFO] [stdout]     test_show_reachable_commit
[INFO] [stdout]     test_show_rewritten_commit_hash
[INFO] [stdout]     test_smartlog_hidden
[INFO] [stdout]     test_smartlog_hint_abandoned
[INFO] [stdout]     test_smartlog_hint_abandoned_except_current_commit
[INFO] [stdout]     test_smartlog_hint_abandoned_reverse_order
[INFO] [stdout]     test_smartlog_orphaned_root
[INFO] [stdout]     test_smartlog_sparse
[INFO] [stdout]     test_smartlog_sparse_branch
[INFO] [stdout]     test_smartlog_sparse_false_head
[INFO] [stdout]     test_smartlog_sparse_main_false_head
[INFO] [stdout]     test_smartlog_sparse_vertical_ellipsis_sibling_commits
[INFO] [stdout]     test_tree
[INFO] [stdout] 
[INFO] [stdout] test result: FAILED. 0 passed; 23 failed; 0 ignored; 0 measured; 0 filtered out; finished in 1.38s
[INFO] [stdout] 
[INFO] [stderr] error: test failed, to rerun pass `--test test_smartlog`
[INFO] running `Command { std: "docker" "inspect" "5835c2b7b8c2f05f35a00fab089ebab0b9f4167185ed22cfc05666f347b13328", kill_on_drop: false }`
[INFO] running `Command { std: "docker" "rm" "-f" "5835c2b7b8c2f05f35a00fab089ebab0b9f4167185ed22cfc05666f347b13328", kill_on_drop: false }`
[INFO] [stdout] 5835c2b7b8c2f05f35a00fab089ebab0b9f4167185ed22cfc05666f347b13328
