[INFO] fetching crate git-branchless-record 0.7.0...
[INFO] testing git-branchless-record-0.7.0 against beta-2023-04-20 for beta-1.70-1
[INFO] extracting crate git-branchless-record 0.7.0 into /workspace/builds/worker-6-tc2/source
[INFO] validating manifest of crates.io crate git-branchless-record 0.7.0 on toolchain beta-2023-04-20
[INFO] running `Command { std: CARGO_HOME="/workspace/cargo-home" RUSTUP_HOME="/workspace/rustup-home" "/workspace/cargo-home/bin/cargo" "+beta-2023-04-20" "metadata" "--manifest-path" "Cargo.toml" "--no-deps", kill_on_drop: false }`
[INFO] started tweaking crates.io crate git-branchless-record 0.7.0
[INFO] finished tweaking crates.io crate git-branchless-record 0.7.0
[INFO] tweaked toml for crates.io crate git-branchless-record 0.7.0 written to /workspace/builds/worker-6-tc2/source/Cargo.toml
[INFO] crate crates.io crate git-branchless-record 0.7.0 already has a lockfile, it will not be regenerated
[INFO] running `Command { std: CARGO_HOME="/workspace/cargo-home" RUSTUP_HOME="/workspace/rustup-home" "/workspace/cargo-home/bin/cargo" "+beta-2023-04-20" "fetch" "--manifest-path" "Cargo.toml", kill_on_drop: false }`
[INFO] [stderr]     Updating crates.io index
[INFO] [stderr]  Downloading crates ...
[INFO] [stderr]   Downloaded darling v0.14.3
[INFO] [stderr]   Downloaded filedescriptor v0.8.2
[INFO] [stderr]   Downloaded lock_api v0.3.4
[INFO] [stderr]   Downloaded esl01-dag v0.2.1
[INFO] [stderr]   Downloaded chashmap v2.2.2
[INFO] [stderr]   Downloaded assert_cmd v2.0.8
[INFO] [stderr]   Downloaded cxx-build v1.0.91
[INFO] [stderr]   Downloaded esl01-drawdag v0.1.0
[INFO] [stderr]   Downloaded esl01-vlqencoding v0.1.0
[INFO] [stderr]   Downloaded darling_macro v0.14.3
[INFO] [stderr]   Downloaded darling_core v0.14.3
[INFO] [stderr]   Downloaded smallvec v0.6.14
[INFO] [stderr]   Downloaded git-branchless-invoke v0.7.0
[INFO] [stderr]   Downloaded roff v0.2.1
[INFO] [stderr]   Downloaded cxx v1.0.91
[INFO] [stderr]   Downloaded cxxbridge-flags v1.0.91
[INFO] [stderr]   Downloaded cxxbridge-macro v1.0.91
[INFO] [stderr]   Downloaded parking_lot_core v0.7.3
[INFO] [stderr]   Downloaded parking_lot v0.10.2
[INFO] [stderr]   Downloaded tracing-chrome v0.6.0
[INFO] [stderr]   Downloaded enum-map v2.4.2
[INFO] [stderr]   Downloaded insta v1.28.0
[INFO] [stderr]   Downloaded clap_mangen v0.2.9
[INFO] [stderr]   Downloaded owning_ref v0.3.3
[INFO] [stderr]   Downloaded parking_lot_core v0.2.14
[INFO] [stderr]   Downloaded parking_lot v0.4.8
[INFO] [stderr]   Downloaded esl01-minibytes v0.2.0
[INFO] [stderr]   Downloaded esl01-indexedlog v0.1.2
[INFO] [stderr]   Downloaded portable-pty v0.7.0
[INFO] [stderr]   Downloaded vt100 v0.15.2
[INFO] [stderr]   Downloaded git-branchless-lib v0.7.0
[INFO] [stderr]   Downloaded git-branchless-opts v0.7.0
[INFO] [stderr]   Downloaded enum-map-derive v0.11.0
[INFO] [stderr]   Downloaded cursive_core v0.3.7
[INFO] [stderr]   Downloaded cursive_buffered_backend v0.6.1
[INFO] [stderr]   Downloaded git-record v0.3.0
[INFO] running `Command { std: "docker" "create" "-v" "/var/lib/crater-agent-workspace/builds/worker-6-tc2/target:/opt/rustwide/target:rw,Z" "-v" "/var/lib/crater-agent-workspace/builds/worker-6-tc2/source:/opt/rustwide/workdir:ro,Z" "-v" "/var/lib/crater-agent-workspace/cargo-home:/opt/rustwide/cargo-home:ro,Z" "-v" "/var/lib/crater-agent-workspace/rustup-home:/opt/rustwide/rustup-home:ro,Z" "-e" "SOURCE_DIR=/opt/rustwide/workdir" "-e" "CARGO_TARGET_DIR=/opt/rustwide/target" "-e" "CARGO_HOME=/opt/rustwide/cargo-home" "-e" "RUSTUP_HOME=/opt/rustwide/rustup-home" "-w" "/opt/rustwide/workdir" "-m" "1610612736" "--user" "0:0" "--network" "none" "ghcr.io/rust-lang/crates-build-env/linux@sha256:5ff2268d62e97bff2cde7d5815dd6ed5b47097566f13b8d0ca110b04b60e07ed" "/opt/rustwide/cargo-home/bin/cargo" "+beta-2023-04-20" "metadata" "--no-deps" "--format-version=1", kill_on_drop: false }`
[INFO] [stdout] b823e36e0982060dc835b864632fc716300f71234335a5db50af808f2a0363fe
[INFO] running `Command { std: "docker" "start" "-a" "b823e36e0982060dc835b864632fc716300f71234335a5db50af808f2a0363fe", kill_on_drop: false }`
[INFO] running `Command { std: "docker" "inspect" "b823e36e0982060dc835b864632fc716300f71234335a5db50af808f2a0363fe", kill_on_drop: false }`
[INFO] running `Command { std: "docker" "rm" "-f" "b823e36e0982060dc835b864632fc716300f71234335a5db50af808f2a0363fe", kill_on_drop: false }`
[INFO] [stdout] b823e36e0982060dc835b864632fc716300f71234335a5db50af808f2a0363fe
[INFO] running `Command { std: "docker" "create" "-v" "/var/lib/crater-agent-workspace/builds/worker-6-tc2/target:/opt/rustwide/target:rw,Z" "-v" "/var/lib/crater-agent-workspace/builds/worker-6-tc2/source:/opt/rustwide/workdir:ro,Z" "-v" "/var/lib/crater-agent-workspace/cargo-home:/opt/rustwide/cargo-home:ro,Z" "-v" "/var/lib/crater-agent-workspace/rustup-home:/opt/rustwide/rustup-home:ro,Z" "-e" "SOURCE_DIR=/opt/rustwide/workdir" "-e" "CARGO_TARGET_DIR=/opt/rustwide/target" "-e" "CARGO_INCREMENTAL=0" "-e" "RUST_BACKTRACE=full" "-e" "RUSTFLAGS=--cap-lints=warn" "-e" "RUSTDOCFLAGS=--cap-lints=warn" "-e" "CARGO_HOME=/opt/rustwide/cargo-home" "-e" "RUSTUP_HOME=/opt/rustwide/rustup-home" "-w" "/opt/rustwide/workdir" "-m" "1610612736" "--user" "0:0" "--network" "none" "ghcr.io/rust-lang/crates-build-env/linux@sha256:5ff2268d62e97bff2cde7d5815dd6ed5b47097566f13b8d0ca110b04b60e07ed" "/opt/rustwide/cargo-home/bin/cargo" "+beta-2023-04-20" "build" "--frozen" "--message-format=json", kill_on_drop: false }`
[INFO] [stdout] ebc431042148f7f76ae396b0e780a83b26c56257f18dcf273dce00a6b19a9cbc
[INFO] running `Command { std: "docker" "start" "-a" "ebc431042148f7f76ae396b0e780a83b26c56257f18dcf273dce00a6b19a9cbc", kill_on_drop: false }`
[INFO] [stderr]    Compiling libc v0.2.139
[INFO] [stderr]    Compiling proc-macro2 v1.0.51
[INFO] [stderr]    Compiling quote v1.0.23
[INFO] [stderr]    Compiling unicode-ident v1.0.6
[INFO] [stderr]    Compiling syn v1.0.109
[INFO] [stderr]    Compiling once_cell v1.17.1
[INFO] [stderr]    Compiling version_check v0.9.4
[INFO] [stderr]    Compiling log v0.4.17
[INFO] [stderr]    Compiling smallvec v1.10.0
[INFO] [stderr]    Compiling scopeguard v1.1.0
[INFO] [stderr]    Compiling regex-syntax v0.6.28
[INFO] [stderr]    Compiling crossbeam-utils v0.8.15
[INFO] [stderr]    Compiling bitflags v1.3.2
[INFO] [stderr]    Compiling lazy_static v1.4.0
[INFO] [stderr]    Compiling num-traits v0.2.15
[INFO] [stderr]    Compiling pkg-config v0.3.26
[INFO] [stderr]    Compiling aho-corasick v0.7.20
[INFO] [stderr]    Compiling num-integer v0.1.45
[INFO] [stderr]    Compiling io-lifetimes v1.0.5
[INFO] [stderr]    Compiling tracing-core v0.1.30
[INFO] [stderr]    Compiling rustix v0.36.8
[INFO] [stderr]    Compiling ident_case v1.0.1
[INFO] [stderr]    Compiling fnv v1.0.7
[INFO] [stderr]    Compiling ahash v0.7.6
[INFO] [stderr]    Compiling memoffset v0.8.0
[INFO] [stderr]    Compiling unicode-width v0.1.10
[INFO] [stderr]    Compiling stable_deref_trait v1.2.0
[INFO] [stderr]    Compiling linux-raw-sys v0.1.4
[INFO] [stderr]    Compiling num-iter v0.1.43
[INFO] [stderr]    Compiling crossbeam-epoch v0.9.14
[INFO] [stderr]    Compiling num-rational v0.4.1
[INFO] [stderr]    Compiling getrandom v0.1.16
[INFO] [stderr]    Compiling ppv-lite86 v0.2.17
[INFO] [stderr]    Compiling ahash v0.8.3
[INFO] [stderr]    Compiling crossbeam-channel v0.5.7
[INFO] [stderr]    Compiling lock_api v0.4.9
[INFO] [stderr]    Compiling maybe-uninit v2.0.0
[INFO] [stderr]    Compiling either v1.8.1
[INFO] [stderr]    Compiling itoa v1.0.5
[INFO] [stderr]    Compiling serde_derive v1.0.152
[INFO] [stderr]    Compiling signal-hook v0.3.15
[INFO] [stderr]    Compiling parking_lot_core v0.9.7
[INFO] [stderr]    Compiling tracing-log v0.1.3
[INFO] [stderr]    Compiling proc-macro-error-attr v1.0.4
[INFO] [stderr]    Compiling thread_local v1.1.7
[INFO] [stderr]    Compiling sharded-slab v0.1.4
[INFO] [stderr]    Compiling ansi_term v0.12.1
[INFO] [stderr]    Compiling num_threads v0.1.6
[INFO] [stderr]    Compiling time-core v0.1.0
[INFO] [stderr]    Compiling unicode-segmentation v1.10.1
[INFO] [stderr]    Compiling thiserror v1.0.38
[INFO] [stderr]    Compiling serde v1.0.152
[INFO] [stderr]    Compiling crossbeam-deque v0.8.3
[INFO] [stderr]    Compiling num-complex v0.4.3
[INFO] [stderr]    Compiling owning_ref v0.4.1
[INFO] [stderr]    Compiling getrandom v0.2.8
[INFO] [stderr]    Compiling jobserver v0.1.26
[INFO] [stderr]    Compiling signal-hook-registry v1.4.1
[INFO] [stderr]    Compiling cc v1.0.79
[INFO] [stderr]    Compiling regex v1.7.1
[INFO] [stderr]    Compiling regex-automata v0.1.10
[INFO] [stderr]    Compiling rand_core v0.6.4
[INFO] [stderr]    Compiling hashbrown v0.12.3
[INFO] [stderr]    Compiling rand_core v0.5.1
[INFO] [stderr]    Compiling rand_chacha v0.3.1
[INFO] [stderr]    Compiling time v0.3.20
[INFO] [stderr]    Compiling mio v0.8.6
[INFO] [stderr]    Compiling num v0.4.0
[INFO] [stderr]    Compiling proc-macro-error v1.0.4
[INFO] [stderr]    Compiling anyhow v1.0.69
[INFO] [stderr]    Compiling crossbeam-queue v0.3.8
[INFO] [stderr]    Compiling vcpkg v0.2.15
[INFO] [stderr]    Compiling xi-unicode v0.3.0
[INFO] [stderr]    Compiling signal-hook-mio v0.2.3
[INFO] [stderr]    Compiling parking_lot v0.12.1
[INFO] [stderr]    Compiling matchers v0.1.0
[INFO] [stderr]    Compiling rand v0.8.5
[INFO] [stderr]    Compiling rand_chacha v0.2.2
[INFO] [stderr]    Compiling smallvec v0.6.14
[INFO] [stderr]    Compiling ioctl-rs v0.1.6
[INFO] [stderr]    Compiling libz-sys v1.1.8
[INFO] [stderr]    Compiling backtrace v0.3.67
[INFO] [stderr]    Compiling libgit2-sys v0.14.2+1.5.1
[INFO] [stderr]    Compiling serial-core v0.4.0
[INFO] [stderr]    Compiling memmap v0.7.0
[INFO] [stderr]    Compiling rand v0.4.6
[INFO] [stderr]    Compiling termios v0.2.2
[INFO] [stderr]    Compiling indexmap v1.9.2
[INFO] [stderr]    Compiling gimli v0.27.2
[INFO] [stderr]    Compiling libsqlite3-sys v0.25.2
[INFO] [stderr]    Compiling adler v1.0.2
[INFO] [stderr]    Compiling is-terminal v0.4.4
[INFO] [stderr]    Compiling doc-comment v0.3.3
[INFO] [stderr]    Compiling static_assertions v1.1.0
[INFO] [stderr]    Compiling cfg-if v0.1.10
[INFO] [stderr]    Compiling fastrand v1.9.0
[INFO] [stderr]    Compiling unicode-bidi v0.3.10
[INFO] [stderr]    Compiling portable-atomic v0.3.19
[INFO] [stderr]    Compiling rayon-core v1.10.2
[INFO] [stderr]    Compiling eyre v0.6.8
[INFO] [stderr]    Compiling predicates-core v1.0.5
[INFO] [stderr]    Compiling tempfile v3.4.0
[INFO] [stderr]    Compiling parking_lot_core v0.7.3
[INFO] [stderr]    Compiling twox-hash v1.6.3
[INFO] [stderr]    Compiling miniz_oxide v0.6.2
[INFO] [stderr]    Compiling parking_lot_core v0.2.14
[INFO] [stderr]    Compiling serial-unix v0.4.0
[INFO] [stderr]    Compiling rand v0.7.3
[INFO] [stderr]    Compiling crossterm v0.25.0
[INFO] [stderr]    Compiling idna v0.3.0
[INFO] [stderr]    Compiling darling_core v0.14.3
[INFO] [stderr]    Compiling fs2 v0.4.3
[INFO] [stderr]    Compiling num_cpus v1.15.0
[INFO] [stderr]    Compiling vte_generate_state_changes v0.1.1
[INFO] [stderr]    Compiling itertools v0.10.5
[INFO] [stderr]    Compiling owning_ref v0.3.3
[INFO] [stderr]    Compiling lock_api v0.3.4
[INFO] [stderr]    Compiling object v0.30.3
[INFO] [stderr]    Compiling indenter v0.3.3
[INFO] [stderr]    Compiling difflib v0.4.0
[INFO] [stderr]    Compiling unicode-linebreak v0.1.4
[INFO] [stderr]    Compiling os_str_bytes v6.4.1
[INFO] [stderr]    Compiling owo-colors v3.5.0
[INFO] [stderr]    Compiling arrayvec v0.7.2
[INFO] [stderr]    Compiling heck v0.4.1
[INFO] [stderr]    Compiling hex v0.4.3
[INFO] [stderr]    Compiling esl01-vlqencoding v0.1.0
[INFO] [stderr]    Compiling addr2line v0.19.0
[INFO] [stderr]    Compiling utf8parse v0.2.0
[INFO] [stderr]    Compiling rustc-demangle v0.1.21
[INFO] [stderr]    Compiling termtree v0.4.0
[INFO] [stderr]    Compiling vte v0.11.0
[INFO] [stderr]    Compiling clap_lex v0.3.2
[INFO] [stderr]    Compiling parking_lot v0.10.2
[INFO] [stderr]    Compiling predicates-tree v1.0.7
[INFO] [stderr]    Compiling url v2.3.1
[INFO] [stderr]    Compiling predicates v2.1.5
[INFO] [stderr]    Compiling parking_lot v0.4.8
[INFO] [stderr]    Compiling crossbeam v0.8.2
[INFO] [stderr]    Compiling serial v0.4.0
[INFO] [stderr]    Compiling bstr v1.3.0
[INFO] [stderr]    Compiling hashlink v0.8.1
[INFO] [stderr]    Compiling console v0.15.5
[INFO] [stderr]    Compiling wait-timeout v0.2.0
[INFO] [stderr]    Compiling time v0.1.45
[INFO] [stderr]    Compiling itertools v0.8.2
[INFO] [stderr]    Compiling strsim v0.10.0
[INFO] [stderr]    Compiling shell-words v1.1.0
[INFO] [stderr]    Compiling termcolor v1.2.0
[INFO] [stderr]    Compiling iana-time-zone v0.1.53
[INFO] [stderr]    Compiling number_prefix v0.4.0
[INFO] [stderr]    Compiling json v0.12.4
[INFO] [stderr]    Compiling fallible-iterator v0.2.0
[INFO] [stderr]    Compiling concolor-query v0.1.0
[INFO] [stderr]    Compiling tracing-attributes v0.1.23
[INFO] [stderr]    Compiling darling_macro v0.14.3
[INFO] [stderr]    Compiling enum-map-derive v0.11.0
[INFO] [stderr]    Compiling thiserror-impl v1.0.38
[INFO] [stderr]    Compiling clap_derive v4.1.8
[INFO] [stderr]    Compiling smawk v0.3.1
[INFO] [stderr]    Compiling fallible-streaming-iterator v0.1.9
[INFO] [stderr]    Compiling esl01-drawdag v0.1.0
[INFO] [stderr]    Compiling concolor v0.0.12
[INFO] [stderr]    Compiling indicatif v0.17.3
[INFO] [stderr]    Compiling chrono v0.4.23
[INFO] [stderr]    Compiling assert_cmd v2.0.8
[INFO] [stderr]    Compiling rayon v1.6.1
[INFO] [stderr]    Compiling vt100 v0.15.2
[INFO] [stderr]    Compiling darling v0.14.3
[INFO] [stderr]    Compiling enumset_derive v0.6.1
[INFO] [stderr]    Compiling textwrap v0.16.0
[INFO] [stderr]    Compiling chashmap v2.2.2
[INFO] [stderr]    Compiling roff v0.2.1
[INFO] [stderr]    Compiling enum-map v2.4.2
[INFO] [stderr]    Compiling tracing v0.1.37
[INFO] [stderr]    Compiling filedescriptor v0.8.2
[INFO] [stderr]    Compiling portable-pty v0.7.0
[INFO] [stderr]    Compiling enumset v1.0.12
[INFO] [stderr]    Compiling tracing-subscriber v0.3.11
[INFO] [stderr]    Compiling cursive_core v0.3.7
[INFO] [stderr]    Compiling clap v4.1.8
[INFO] [stderr]    Compiling tracing-error v0.2.0
[INFO] [stderr]    Compiling tracing-chrome v0.6.0
[INFO] [stderr]    Compiling color-spantrace v0.2.0
[INFO] [stderr]    Compiling color-eyre v0.6.2
[INFO] [stderr]    Compiling rusqlite v0.28.0
[INFO] [stderr]    Compiling cursive_buffered_backend v0.6.1
[INFO] [stderr]    Compiling cursive v0.20.0
[INFO] [stderr]    Compiling git2 v0.16.1
[INFO] [stderr]    Compiling git-record v0.3.0
[INFO] [stderr]    Compiling clap_mangen v0.2.9
[INFO] [stderr]    Compiling esl01-minibytes v0.2.0
[INFO] [stderr]    Compiling esl01-indexedlog v0.1.2
[INFO] [stderr]    Compiling esl01-dag v0.2.1
[INFO] [stderr]    Compiling git-branchless-lib v0.7.0
[INFO] [stderr]    Compiling git-branchless-opts v0.7.0
[INFO] [stderr]    Compiling git-branchless-invoke v0.7.0
[INFO] [stderr]    Compiling git-branchless-record v0.7.0 (/opt/rustwide/workdir)
[INFO] [stderr]     Finished dev [unoptimized + debuginfo] target(s) in 1m 27s
[INFO] running `Command { std: "docker" "inspect" "ebc431042148f7f76ae396b0e780a83b26c56257f18dcf273dce00a6b19a9cbc", kill_on_drop: false }`
[INFO] running `Command { std: "docker" "rm" "-f" "ebc431042148f7f76ae396b0e780a83b26c56257f18dcf273dce00a6b19a9cbc", kill_on_drop: false }`
[INFO] [stdout] ebc431042148f7f76ae396b0e780a83b26c56257f18dcf273dce00a6b19a9cbc
[INFO] running `Command { std: "docker" "create" "-v" "/var/lib/crater-agent-workspace/builds/worker-6-tc2/target:/opt/rustwide/target:rw,Z" "-v" "/var/lib/crater-agent-workspace/builds/worker-6-tc2/source:/opt/rustwide/workdir:ro,Z" "-v" "/var/lib/crater-agent-workspace/cargo-home:/opt/rustwide/cargo-home:ro,Z" "-v" "/var/lib/crater-agent-workspace/rustup-home:/opt/rustwide/rustup-home:ro,Z" "-e" "SOURCE_DIR=/opt/rustwide/workdir" "-e" "CARGO_TARGET_DIR=/opt/rustwide/target" "-e" "CARGO_INCREMENTAL=0" "-e" "RUST_BACKTRACE=full" "-e" "RUSTFLAGS=--cap-lints=warn" "-e" "RUSTDOCFLAGS=--cap-lints=warn" "-e" "CARGO_HOME=/opt/rustwide/cargo-home" "-e" "RUSTUP_HOME=/opt/rustwide/rustup-home" "-w" "/opt/rustwide/workdir" "-m" "1610612736" "--user" "0:0" "--network" "none" "ghcr.io/rust-lang/crates-build-env/linux@sha256:5ff2268d62e97bff2cde7d5815dd6ed5b47097566f13b8d0ca110b04b60e07ed" "/opt/rustwide/cargo-home/bin/cargo" "+beta-2023-04-20" "test" "--frozen" "--no-run" "--message-format=json", kill_on_drop: false }`
[INFO] [stdout] 6ebf896194743a659ee728a2d6c03e06f11d17bce877c14446e251ae06da975d
[INFO] running `Command { std: "docker" "start" "-a" "6ebf896194743a659ee728a2d6c03e06f11d17bce877c14446e251ae06da975d", kill_on_drop: false }`
[INFO] [stderr]     Blocking waiting for file lock on package cache
[INFO] [stderr]    Compiling linked-hash-map v0.5.6
[INFO] [stderr]    Compiling similar v2.2.1
[INFO] [stderr]    Compiling yaml-rust v0.4.5
[INFO] [stderr]    Compiling insta v1.28.0
[INFO] [stderr]    Compiling git-branchless-record v0.7.0 (/opt/rustwide/workdir)
[INFO] [stderr]     Finished test [unoptimized + debuginfo] target(s) in 13.46s
[INFO] running `Command { std: "docker" "inspect" "6ebf896194743a659ee728a2d6c03e06f11d17bce877c14446e251ae06da975d", kill_on_drop: false }`
[INFO] running `Command { std: "docker" "rm" "-f" "6ebf896194743a659ee728a2d6c03e06f11d17bce877c14446e251ae06da975d", kill_on_drop: false }`
[INFO] [stdout] 6ebf896194743a659ee728a2d6c03e06f11d17bce877c14446e251ae06da975d
[INFO] running `Command { std: "docker" "create" "-v" "/var/lib/crater-agent-workspace/builds/worker-6-tc2/target:/opt/rustwide/target:rw,Z" "-v" "/var/lib/crater-agent-workspace/builds/worker-6-tc2/source:/opt/rustwide/workdir:ro,Z" "-v" "/var/lib/crater-agent-workspace/cargo-home:/opt/rustwide/cargo-home:ro,Z" "-v" "/var/lib/crater-agent-workspace/rustup-home:/opt/rustwide/rustup-home:ro,Z" "-e" "SOURCE_DIR=/opt/rustwide/workdir" "-e" "CARGO_TARGET_DIR=/opt/rustwide/target" "-e" "CARGO_INCREMENTAL=0" "-e" "RUST_BACKTRACE=full" "-e" "RUSTFLAGS=--cap-lints=warn" "-e" "RUSTDOCFLAGS=--cap-lints=warn" "-e" "CARGO_HOME=/opt/rustwide/cargo-home" "-e" "RUSTUP_HOME=/opt/rustwide/rustup-home" "-w" "/opt/rustwide/workdir" "-m" "1610612736" "--user" "0:0" "--network" "none" "ghcr.io/rust-lang/crates-build-env/linux@sha256:5ff2268d62e97bff2cde7d5815dd6ed5b47097566f13b8d0ca110b04b60e07ed" "/opt/rustwide/cargo-home/bin/cargo" "+beta-2023-04-20" "test" "--frozen", kill_on_drop: false }`
[INFO] [stdout] 2407fc8ace31de550297d7cb152d45d62dc5b0014bc96c0d3b32bd836307cab2
[INFO] running `Command { std: "docker" "start" "-a" "2407fc8ace31de550297d7cb152d45d62dc5b0014bc96c0d3b32bd836307cab2", kill_on_drop: false }`
[INFO] [stderr]     Finished test [unoptimized + debuginfo] target(s) in 0.44s
[INFO] [stderr]      Running unittests src/lib.rs (/opt/rustwide/target/debug/deps/git_branchless_record-a9cdfec43bdf418d)
[INFO] [stdout] 
[INFO] [stdout] running 0 tests
[INFO] [stdout] 
[INFO] [stdout] test result: ok. 0 passed; 0 failed; 0 ignored; 0 measured; 0 filtered out; finished in 0.00s
[INFO] [stdout] 
[INFO] [stderr]      Running unittests src/main.rs (/opt/rustwide/target/debug/deps/git_branchless_record-43536f7aa207b22c)
[INFO] [stdout] 
[INFO] [stdout] running 0 tests
[INFO] [stdout] 
[INFO] [stdout] test result: ok. 0 passed; 0 failed; 0 ignored; 0 measured; 0 filtered out; finished in 0.00s
[INFO] [stdout] 
[INFO] [stderr]      Running tests/test_record.rs (/opt/rustwide/target/debug/deps/test_record-a3b851b10ac843cf)
[INFO] [stdout] 
[INFO] [stdout] running 10 tests
[INFO] [stdout] test test_record_unstaged_changes_interactive ... FAILED
[INFO] [stdout] test test_record_staged_changes ... FAILED
[INFO] [stdout] test test_record_unstaged_changes ... FAILED
[INFO] [stdout] test test_record_insert_obsolete_siblings ... FAILED
[INFO] [stdout] test test_record_insert_merge_conflict ... FAILED
[INFO] [stdout] test test_record_create_branch ... FAILED
[INFO] [stdout] test test_record_staged_changes_interactive ... FAILED
[INFO] [stdout] test test_record_detach ... FAILED
[INFO] [stdout] test test_record_insert_rewrite_public_commit ... FAILED
[INFO] [stdout] test test_record_insert ... FAILED
[INFO] [stdout] 
[INFO] [stdout] failures:
[INFO] [stdout] 
[INFO] [stdout] ---- test_record_unstaged_changes_interactive stdout ----
[INFO] [stdout] Error: 
[INFO] [stdout]    0: [91mNo path to Git executable was set. Try running as: `TEST_GIT=$(which git) cargo test ...` or set `env.TEST_GIT` in your `config.toml` (see https://doc.rust-lang.org/cargo/reference/config.html)[0m
[INFO] [stdout] 
[INFO] [stdout] Location:
[INFO] [stdout]    [35m/opt/rustwide/cargo-home/registry/src/index.crates.io-6f17d22bba15001f/git-branchless-lib-0.7.0/src/core/config.rs[0m:[35m334[0m
[INFO] [stdout] 
[INFO] [stdout]   ━━━━━━━━━━━━━━━━━━━━━━━━━━━━━━━━━━ BACKTRACE ━━━━━━━━━━━━━━━━━━━━━━━━━━━━━━━━━━━
[INFO] [stdout]   [96m                              ⋮ 5 frames hidden ⋮                               [0m
[INFO] [stdout]    6: [91mbranchless::core::config::env_vars::get_path_to_git::{{closure}}[0m[90m::h922964821c5afc49[0m
[INFO] [stdout]       at [35m/opt/rustwide/cargo-home/registry/src/index.crates.io-6f17d22bba15001f/git-branchless-lib-0.7.0/src/core/config.rs[0m:[35m334[0m
[INFO] [stdout]        332 │     pub fn get_path_to_git() -> eyre::Result<PathBuf> {
[INFO] [stdout]        333 │         let path_to_git = std::env::var_os(TEST_GIT).ok_or_else(|| {
[INFO] [stdout]   [37;1m     334[0m [37;1m>[0m [37;1m            eyre::eyre!([0m
[INFO] [stdout]        335 │                 "No path to Git executable was set. \
[INFO] [stdout]        336 │ Try running as: `{0}=$(which git) cargo test ...` \
[INFO] [stdout]    7: [32mcore::option::Option<T>::ok_or_else[0m[90m::hb89fbe676fdc8547[0m
[INFO] [stdout]       at [35m/rustc/1b7dd2252b99671ce5d1cb9664c5f8636329436d/library/core/src/option.rs[0m:[35m1257[0m
[INFO] [stdout]    8: [91mbranchless::core::config::env_vars::get_path_to_git[0m[90m::h49c3a7c60dac899a[0m
[INFO] [stdout]       at [35m/opt/rustwide/cargo-home/registry/src/index.crates.io-6f17d22bba15001f/git-branchless-lib-0.7.0/src/core/config.rs[0m:[35m333[0m
[INFO] [stdout]        331 │     #[instrument]
[INFO] [stdout]        332 │     pub fn get_path_to_git() -> eyre::Result<PathBuf> {
[INFO] [stdout]   [37;1m     333[0m [37;1m>[0m [37;1m        let path_to_git = std::env::var_os(TEST_GIT).ok_or_else(|| {[0m
[INFO] [stdout]        334 │             eyre::eyre!(
[INFO] [stdout]        335 │                 "No path to Git executable was set. \
[INFO] [stdout]    9: [91mbranchless::testing::make_git[0m[90m::ha0e33537159aef50[0m
[INFO] [stdout]       at [35m/opt/rustwide/cargo-home/registry/src/index.crates.io-6f17d22bba15001f/git-branchless-lib-0.7.0/src/testing.rs[0m:[35m650[0m
[INFO] [stdout]        648 │ 
[INFO] [stdout]        649 │     let repo_dir = tempfile::tempdir()?;
[INFO] [stdout]   [37;1m     650[0m [37;1m>[0m [37;1m    let path_to_git = get_path_to_git()?;[0m
[INFO] [stdout]        651 │     let git_exec_path = get_git_exec_path()?;
[INFO] [stdout]        652 │     let git = Git::new(path_to_git, repo_dir.path().to_path_buf(), git_exec_path);
[INFO] [stdout]   10: [91mtest_record::test_record_unstaged_changes_interactive[0m[90m::ha2a7437354e2f158[0m
[INFO] [stdout]       at [35m/opt/rustwide/workdir/tests/test_record.rs[0m:[35m47[0m
[INFO] [stdout]         45 │ #[test]
[INFO] [stdout]         46 │ fn test_record_unstaged_changes_interactive() -> eyre::Result<()> {
[INFO] [stdout]   [37;1m      47[0m [37;1m>[0m [37;1m    let git = make_git()?;[0m
[INFO] [stdout]         48 │ 
[INFO] [stdout]         49 │     if !git.supports_reference_transactions()? {
[INFO] [stdout]   11: [91mtest_record::test_record_unstaged_changes_interactive::{{closure}}[0m[90m::h1db0d0a5e72b9ebf[0m
[INFO] [stdout]       at [35m/opt/rustwide/workdir/tests/test_record.rs[0m:[35m46[0m
[INFO] [stdout]         44 │ 
[INFO] [stdout]         45 │ #[test]
[INFO] [stdout]   [37;1m      46[0m [37;1m>[0m [37;1mfn test_record_unstaged_changes_interactive() -> eyre::Result<()> {[0m
[INFO] [stdout]         47 │     let git = make_git()?;
[INFO] [stdout]         48 │ 
[INFO] [stdout]   12: [32mcore::ops::function::FnOnce::call_once[0m[90m::h438e9f1ac33a8959[0m
[INFO] [stdout]       at [35m/rustc/1b7dd2252b99671ce5d1cb9664c5f8636329436d/library/core/src/ops/function.rs[0m:[35m250[0m
[INFO] [stdout]   13: [32mcore::ops::function::FnOnce::call_once[0m[90m::ha6a70e79f7481a7e[0m
[INFO] [stdout]       at [35m/rustc/1b7dd2252b99671ce5d1cb9664c5f8636329436d/library/core/src/ops/function.rs[0m:[35m250[0m
[INFO] [stdout]   14: [32mtest::__rust_begin_short_backtrace[0m[90m::hce33033019b61e69[0m
[INFO] [stdout]       at [35m/rustc/1b7dd2252b99671ce5d1cb9664c5f8636329436d/library/test/src/lib.rs[0m:[35m655[0m
[INFO] [stdout]   15: [32mtest::run_test::{{closure}}[0m[90m::h858d3528838ae3e5[0m
[INFO] [stdout]       at [35m/rustc/1b7dd2252b99671ce5d1cb9664c5f8636329436d/library/test/src/lib.rs[0m:[35m646[0m
[INFO] [stdout]   16: [32mcore::ops::function::FnOnce::call_once{{vtable.shim}}[0m[90m::he8ac2b00f01ae79e[0m
[INFO] [stdout]       at [35m/rustc/1b7dd2252b99671ce5d1cb9664c5f8636329436d/library/core/src/ops/function.rs[0m:[35m250[0m
[INFO] [stdout]   17: [32m<alloc::boxed::Box<F,A> as core::ops::function::FnOnce<Args>>::call_once[0m[90m::h8093d25b522725ef[0m
[INFO] [stdout]       at [35m/rustc/1b7dd2252b99671ce5d1cb9664c5f8636329436d/library/alloc/src/boxed.rs[0m:[35m1973[0m
[INFO] [stdout]   18: [32m<core::panic::unwind_safe::AssertUnwindSafe<F> as core::ops::function::FnOnce<()>>::call_once[0m[90m::h5c334c204e4a3913[0m
[INFO] [stdout]       at [35m/rustc/1b7dd2252b99671ce5d1cb9664c5f8636329436d/library/core/src/panic/unwind_safe.rs[0m:[35m271[0m
[INFO] [stdout]   19: [32mstd::panicking::try::do_call[0m[90m::ha8b740c7b9478074[0m
[INFO] [stdout]       at [35m/rustc/1b7dd2252b99671ce5d1cb9664c5f8636329436d/library/std/src/panicking.rs[0m:[35m485[0m
[INFO] [stdout]   20: [32mstd::panicking::try[0m[90m::h5d34f63d0e41b64e[0m
[INFO] [stdout]       at [35m/rustc/1b7dd2252b99671ce5d1cb9664c5f8636329436d/library/std/src/panicking.rs[0m:[35m449[0m
[INFO] [stdout]   21: [32mstd::panic::catch_unwind[0m[90m::hcfbb511e1aa7fc67[0m
[INFO] [stdout]       at [35m/rustc/1b7dd2252b99671ce5d1cb9664c5f8636329436d/library/std/src/panic.rs[0m:[35m140[0m
[INFO] [stdout]   22: [32mtest::run_test_in_process[0m[90m::h9abda90f802eaf21[0m
[INFO] [stdout]       at [35m/rustc/1b7dd2252b99671ce5d1cb9664c5f8636329436d/library/test/src/lib.rs[0m:[35m678[0m
[INFO] [stdout]   [96m                              ⋮ 14 frames hidden ⋮                              [0m
[INFO] [stdout] 
[INFO] [stdout] Run with COLORBT_SHOW_HIDDEN=1 environment variable to disable frame filtering.
[INFO] [stdout] 
[INFO] [stdout] ---- test_record_staged_changes stdout ----
[INFO] [stdout] Error: 
[INFO] [stdout]    0: [91mNo path to Git executable was set. Try running as: `TEST_GIT=$(which git) cargo test ...` or set `env.TEST_GIT` in your `config.toml` (see https://doc.rust-lang.org/cargo/reference/config.html)[0m
[INFO] [stdout] 
[INFO] [stdout] Location:
[INFO] [stdout]    [35m/opt/rustwide/cargo-home/registry/src/index.crates.io-6f17d22bba15001f/git-branchless-lib-0.7.0/src/core/config.rs[0m:[35m334[0m
[INFO] [stdout] 
[INFO] [stdout]   ━━━━━━━━━━━━━━━━━━━━━━━━━━━━━━━━━━ BACKTRACE ━━━━━━━━━━━━━━━━━━━━━━━━━━━━━━━━━━━
[INFO] [stdout]   [96m                              ⋮ 5 frames hidden ⋮                               [0m
[INFO] [stdout]    6: [91mbranchless::core::config::env_vars::get_path_to_git::{{closure}}[0m[90m::h922964821c5afc49[0m
[INFO] [stdout]       at [35m/opt/rustwide/cargo-home/registry/src/index.crates.io-6f17d22bba15001f/git-branchless-lib-0.7.0/src/core/config.rs[0m:[35m334[0m
[INFO] [stdout]        332 │     pub fn get_path_to_git() -> eyre::Result<PathBuf> {
[INFO] [stdout]        333 │         let path_to_git = std::env::var_os(TEST_GIT).ok_or_else(|| {
[INFO] [stdout]   [37;1m     334[0m [37;1m>[0m [37;1m            eyre::eyre!([0m
[INFO] [stdout]        335 │                 "No path to Git executable was set. \
[INFO] [stdout]        336 │ Try running as: `{0}=$(which git) cargo test ...` \
[INFO] [stdout]    7: [32mcore::option::Option<T>::ok_or_else[0m[90m::hb89fbe676fdc8547[0m
[INFO] [stdout]       at [35m/rustc/1b7dd2252b99671ce5d1cb9664c5f8636329436d/library/core/src/option.rs[0m:[35m1257[0m
[INFO] [stdout]    8: [91mbranchless::core::config::env_vars::get_path_to_git[0m[90m::h49c3a7c60dac899a[0m
[INFO] [stdout]       at [35m/opt/rustwide/cargo-home/registry/src/index.crates.io-6f17d22bba15001f/git-branchless-lib-0.7.0/src/core/config.rs[0m:[35m333[0m
[INFO] [stdout]        331 │     #[instrument]
[INFO] [stdout]        332 │     pub fn get_path_to_git() -> eyre::Result<PathBuf> {
[INFO] [stdout]   [37;1m     333[0m [37;1m>[0m [37;1m        let path_to_git = std::env::var_os(TEST_GIT).ok_or_else(|| {[0m
[INFO] [stdout]        334 │             eyre::eyre!(
[INFO] [stdout]        335 │                 "No path to Git executable was set. \
[INFO] [stdout]    9: [91mbranchless::testing::make_git[0m[90m::ha0e33537159aef50[0m
[INFO] [stdout]       at [35m/opt/rustwide/cargo-home/registry/src/index.crates.io-6f17d22bba15001f/git-branchless-lib-0.7.0/src/testing.rs[0m:[35m650[0m
[INFO] [stdout]        648 │ 
[INFO] [stdout]        649 │     let repo_dir = tempfile::tempdir()?;
[INFO] [stdout]   [37;1m     650[0m [37;1m>[0m [37;1m    let path_to_git = get_path_to_git()?;[0m
[INFO] [stdout]        651 │     let git_exec_path = get_git_exec_path()?;
[INFO] [stdout]        652 │     let git = Git::new(path_to_git, repo_dir.path().to_path_buf(), git_exec_path);
[INFO] [stdout]   10: [91mtest_record::test_record_staged_changes[0m[90m::h0b39591715b60a86[0m
[INFO] [stdout]       at [35m/opt/rustwide/workdir/tests/test_record.rs[0m:[35m126[0m
[INFO] [stdout]        124 │ #[test]
[INFO] [stdout]        125 │ fn test_record_staged_changes() -> eyre::Result<()> {
[INFO] [stdout]   [37;1m     126[0m [37;1m>[0m [37;1m    let git = make_git()?;[0m
[INFO] [stdout]        127 │ 
[INFO] [stdout]        128 │     if !git.supports_reference_transactions()? {
[INFO] [stdout]   11: [91mtest_record::test_record_staged_changes::{{closure}}[0m[90m::hae3ce62c1ec488ab[0m
[INFO] [stdout]       at [35m/opt/rustwide/workdir/tests/test_record.rs[0m:[35m125[0m
[INFO] [stdout]        123 │ 
[INFO] [stdout]        124 │ #[test]
[INFO] [stdout]   [37;1m     125[0m [37;1m>[0m [37;1mfn test_record_staged_changes() -> eyre::Result<()> {[0m
[INFO] [stdout]        126 │     let git = make_git()?;
[INFO] [stdout]        127 │ 
[INFO] [stdout]   12: [32mcore::ops::function::FnOnce::call_once[0m[90m::hf0f5a66930e65f82[0m
[INFO] [stdout]       at [35m/rustc/1b7dd2252b99671ce5d1cb9664c5f8636329436d/library/core/src/ops/function.rs[0m:[35m250[0m
[INFO] [stdout]   13: [32mcore::ops::function::FnOnce::call_once[0m[90m::ha6a70e79f7481a7e[0m
[INFO] [stdout]       at [35m/rustc/1b7dd2252b99671ce5d1cb9664c5f8636329436d/library/core/src/ops/function.rs[0m:[35m250[0m
[INFO] [stdout]   14: [32mtest::__rust_begin_short_backtrace[0m[90m::hce33033019b61e69[0m
[INFO] [stdout]       at [35m/rustc/1b7dd2252b99671ce5d1cb9664c5f8636329436d/library/test/src/lib.rs[0m:[35m655[0m
[INFO] [stdout]   15: [32mtest::run_test::{{closure}}[0m[90m::h858d3528838ae3e5[0m
[INFO] [stdout]       at [35m/rustc/1b7dd2252b99671ce5d1cb9664c5f8636329436d/library/test/src/lib.rs[0m:[35m646[0m
[INFO] [stdout]   16: [32mcore::ops::function::FnOnce::call_once{{vtable.shim}}[0m[90m::he8ac2b00f01ae79e[0m
[INFO] [stdout]       at [35m/rustc/1b7dd2252b99671ce5d1cb9664c5f8636329436d/library/core/src/ops/function.rs[0m:[35m250[0m
[INFO] [stdout]   17: [32m<alloc::boxed::Box<F,A> as core::ops::function::FnOnce<Args>>::call_once[0m[90m::h8093d25b522725ef[0m
[INFO] [stdout]       at [35m/rustc/1b7dd2252b99671ce5d1cb9664c5f8636329436d/library/alloc/src/boxed.rs[0m:[35m1973[0m
[INFO] [stdout]   18: [32m<core::panic::unwind_safe::AssertUnwindSafe<F> as core::ops::function::FnOnce<()>>::call_once[0m[90m::h5c334c204e4a3913[0m
[INFO] [stdout]       at [35m/rustc/1b7dd2252b99671ce5d1cb9664c5f8636329436d/library/core/src/panic/unwind_safe.rs[0m:[35m271[0m
[INFO] [stdout]   19: [32mstd::panicking::try::do_call[0m[90m::ha8b740c7b9478074[0m
[INFO] [stdout]       at [35m/rustc/1b7dd2252b99671ce5d1cb9664c5f8636329436d/library/std/src/panicking.rs[0m:[35m485[0m
[INFO] [stdout]   20: [32mstd::panicking::try[0m[90m::h5d34f63d0e41b64e[0m
[INFO] [stdout]       at [35m/rustc/1b7dd2252b99671ce5d1cb9664c5f8636329436d/library/std/src/panicking.rs[0m:[35m449[0m
[INFO] [stdout]   21: [32mstd::panic::catch_unwind[0m[90m::hcfbb511e1aa7fc67[0m
[INFO] [stdout]       at [35m/rustc/1b7dd2252b99671ce5d1cb9664c5f8636329436d/library/std/src/panic.rs[0m:[35m140[0m
[INFO] [stdout]   22: [32mtest::run_test_in_process[0m[90m::h9abda90f802eaf21[0m
[INFO] [stdout]       at [35m/rustc/1b7dd2252b99671ce5d1cb9664c5f8636329436d/library/test/src/lib.rs[0m:[35m678[0m
[INFO] [stdout]   [96m                              ⋮ 14 frames hidden ⋮                              [0m
[INFO] [stdout] 
[INFO] [stdout] Run with COLORBT_SHOW_HIDDEN=1 environment variable to disable frame filtering.
[INFO] [stdout] 
[INFO] [stdout] ---- test_record_unstaged_changes stdout ----
[INFO] [stdout] Error: 
[INFO] [stdout]    0: [91mNo path to Git executable was set. Try running as: `TEST_GIT=$(which git) cargo test ...` or set `env.TEST_GIT` in your `config.toml` (see https://doc.rust-lang.org/cargo/reference/config.html)[0m
[INFO] [stdout] 
[INFO] [stdout] Location:
[INFO] [stdout]    [35m/opt/rustwide/cargo-home/registry/src/index.crates.io-6f17d22bba15001f/git-branchless-lib-0.7.0/src/core/config.rs[0m:[35m334[0m
[INFO] [stdout] 
[INFO] [stdout]   ━━━━━━━━━━━━━━━━━━━━━━━━━━━━━━━━━━ BACKTRACE ━━━━━━━━━━━━━━━━━━━━━━━━━━━━━━━━━━━
[INFO] [stdout]   [96m                              ⋮ 5 frames hidden ⋮                               [0m
[INFO] [stdout]    6: [91mbranchless::core::config::env_vars::get_path_to_git::{{closure}}[0m[90m::h922964821c5afc49[0m
[INFO] [stdout]       at [35m/opt/rustwide/cargo-home/registry/src/index.crates.io-6f17d22bba15001f/git-branchless-lib-0.7.0/src/core/config.rs[0m:[35m334[0m
[INFO] [stdout]        332 │     pub fn get_path_to_git() -> eyre::Result<PathBuf> {
[INFO] [stdout]        333 │         let path_to_git = std::env::var_os(TEST_GIT).ok_or_else(|| {
[INFO] [stdout]   [37;1m     334[0m [37;1m>[0m [37;1m            eyre::eyre!([0m
[INFO] [stdout]        335 │                 "No path to Git executable was set. \
[INFO] [stdout]        336 │ Try running as: `{0}=$(which git) cargo test ...` \
[INFO] [stdout]    7: [32mcore::option::Option<T>::ok_or_else[0m[90m::hb89fbe676fdc8547[0m
[INFO] [stdout]       at [35m/rustc/1b7dd2252b99671ce5d1cb9664c5f8636329436d/library/core/src/option.rs[0m:[35m1257[0m
[INFO] [stdout]    8: [91mbranchless::core::config::env_vars::get_path_to_git[0m[90m::h49c3a7c60dac899a[0m
[INFO] [stdout]       at [35m/opt/rustwide/cargo-home/registry/src/index.crates.io-6f17d22bba15001f/git-branchless-lib-0.7.0/src/core/config.rs[0m:[35m333[0m
[INFO] [stdout]        331 │     #[instrument]
[INFO] [stdout]        332 │     pub fn get_path_to_git() -> eyre::Result<PathBuf> {
[INFO] [stdout]   [37;1m     333[0m [37;1m>[0m [37;1m        let path_to_git = std::env::var_os(TEST_GIT).ok_or_else(|| {[0m
[INFO] [stdout]        334 │             eyre::eyre!(
[INFO] [stdout]        335 │                 "No path to Git executable was set. \
[INFO] [stdout]    9: [91mbranchless::testing::make_git[0m[90m::ha0e33537159aef50[0m
[INFO] [stdout]       at [35m/opt/rustwide/cargo-home/registry/src/index.crates.io-6f17d22bba15001f/git-branchless-lib-0.7.0/src/testing.rs[0m:[35m650[0m
[INFO] [stdout]        648 │ 
[INFO] [stdout]        649 │     let repo_dir = tempfile::tempdir()?;
[INFO] [stdout]   [37;1m     650[0m [37;1m>[0m [37;1m    let path_to_git = get_path_to_git()?;[0m
[INFO] [stdout]        651 │     let git_exec_path = get_git_exec_path()?;
[INFO] [stdout]        652 │     let git = Git::new(path_to_git, repo_dir.path().to_path_buf(), git_exec_path);
[INFO] [stdout]   10: [91mtest_record::test_record_unstaged_changes[0m[90m::h20a4cf0f41b8a0c8[0m
[INFO] [stdout]       at [35m/opt/rustwide/workdir/tests/test_record.rs[0m:[35m6[0m
[INFO] [stdout]          4 │ #[test]
[INFO] [stdout]          5 │ fn test_record_unstaged_changes() -> eyre::Result<()> {
[INFO] [stdout]   [37;1m       6[0m [37;1m>[0m [37;1m    let git = make_git()?;[0m
[INFO] [stdout]          7 │ 
[INFO] [stdout]          8 │     if !git.supports_reference_transactions()? {
[INFO] [stdout]   11: [91mtest_record::test_record_unstaged_changes::{{closure}}[0m[90m::h771344a7caf23be6[0m
[INFO] [stdout]       at [35m/opt/rustwide/workdir/tests/test_record.rs[0m:[35m5[0m
[INFO] [stdout]          3 │ 
[INFO] [stdout]          4 │ #[test]
[INFO] [stdout]   [37;1m       5[0m [37;1m>[0m [37;1mfn test_record_unstaged_changes() -> eyre::Result<()> {[0m
[INFO] [stdout]          6 │     let git = make_git()?;
[INFO] [stdout]          7 │ 
[INFO] [stdout]   12: [32mcore::ops::function::FnOnce::call_once[0m[90m::hb67ab571e52d22f5[0m
[INFO] [stdout]       at [35m/rustc/1b7dd2252b99671ce5d1cb9664c5f8636329436d/library/core/src/ops/function.rs[0m:[35m250[0m
[INFO] [stdout]   13: [32mcore::ops::function::FnOnce::call_once[0m[90m::ha6a70e79f7481a7e[0m
[INFO] [stdout]       at [35m/rustc/1b7dd2252b99671ce5d1cb9664c5f8636329436d/library/core/src/ops/function.rs[0m:[35m250[0m
[INFO] [stdout]   14: [32mtest::__rust_begin_short_backtrace[0m[90m::hce33033019b61e69[0m
[INFO] [stdout]       at [35m/rustc/1b7dd2252b99671ce5d1cb9664c5f8636329436d/library/test/src/lib.rs[0m:[35m655[0m
[INFO] [stdout]   15: [32mtest::run_test::{{closure}}[0m[90m::h858d3528838ae3e5[0m
[INFO] [stdout]       at [35m/rustc/1b7dd2252b99671ce5d1cb9664c5f8636329436d/library/test/src/lib.rs[0m:[35m646[0m
[INFO] [stdout]   16: [32mcore::ops::function::FnOnce::call_once{{vtable.shim}}[0m[90m::he8ac2b00f01ae79e[0m
[INFO] [stdout]       at [35m/rustc/1b7dd2252b99671ce5d1cb9664c5f8636329436d/library/core/src/ops/function.rs[0m:[35m250[0m
[INFO] [stdout]   17: [32m<alloc::boxed::Box<F,A> as core::ops::function::FnOnce<Args>>::call_once[0m[90m::h8093d25b522725ef[0m
[INFO] [stdout]       at [35m/rustc/1b7dd2252b99671ce5d1cb9664c5f8636329436d/library/alloc/src/boxed.rs[0m:[35m1973[0m
[INFO] [stdout]   18: [32m<core::panic::unwind_safe::AssertUnwindSafe<F> as core::ops::function::FnOnce<()>>::call_once[0m[90m::h5c334c204e4a3913[0m
[INFO] [stdout]       at [35m/rustc/1b7dd2252b99671ce5d1cb9664c5f8636329436d/library/core/src/panic/unwind_safe.rs[0m:[35m271[0m
[INFO] [stdout]   19: [32mstd::panicking::try::do_call[0m[90m::ha8b740c7b9478074[0m
[INFO] [stdout]       at [35m/rustc/1b7dd2252b99671ce5d1cb9664c5f8636329436d/library/std/src/panicking.rs[0m:[35m485[0m
[INFO] [stdout]   20: [32mstd::panicking::try[0m[90m::h5d34f63d0e41b64e[0m
[INFO] [stdout]       at [35m/rustc/1b7dd2252b99671ce5d1cb9664c5f8636329436d/library/std/src/panicking.rs[0m:[35m449[0m
[INFO] [stdout]   21: [32mstd::panic::catch_unwind[0m[90m::hcfbb511e1aa7fc67[0m
[INFO] [stdout]       at [35m/rustc/1b7dd2252b99671ce5d1cb9664c5f8636329436d/library/std/src/panic.rs[0m:[35m140[0m
[INFO] [stdout]   22: [32mtest::run_test_in_process[0m[90m::h9abda90f802eaf21[0m
[INFO] [stdout]       at [35m/rustc/1b7dd2252b99671ce5d1cb9664c5f8636329436d/library/test/src/lib.rs[0m:[35m678[0m
[INFO] [stdout]   [96m                              ⋮ 14 frames hidden ⋮                              [0m
[INFO] [stdout] 
[INFO] [stdout] Run with COLORBT_SHOW_HIDDEN=1 environment variable to disable frame filtering.
[INFO] [stdout] 
[INFO] [stdout] ---- test_record_insert_obsolete_siblings stdout ----
[INFO] [stdout] Error: 
[INFO] [stdout]    0: [91mNo path to Git executable was set. Try running as: `TEST_GIT=$(which git) cargo test ...` or set `env.TEST_GIT` in your `config.toml` (see https://doc.rust-lang.org/cargo/reference/config.html)[0m
[INFO] [stdout] 
[INFO] [stdout] Location:
[INFO] [stdout]    [35m/opt/rustwide/cargo-home/registry/src/index.crates.io-6f17d22bba15001f/git-branchless-lib-0.7.0/src/core/config.rs[0m:[35m334[0m
[INFO] [stdout] 
[INFO] [stdout]   ━━━━━━━━━━━━━━━━━━━━━━━━━━━━━━━━━━ BACKTRACE ━━━━━━━━━━━━━━━━━━━━━━━━━━━━━━━━━━━
[INFO] [stdout]   [96m                              ⋮ 5 frames hidden ⋮                               [0m
[INFO] [stdout]    6: [91mbranchless::core::config::env_vars::get_path_to_git::{{closure}}[0m[90m::h922964821c5afc49[0m
[INFO] [stdout]       at [35m/opt/rustwide/cargo-home/registry/src/index.crates.io-6f17d22bba15001f/git-branchless-lib-0.7.0/src/core/config.rs[0m:[35m334[0m
[INFO] [stdout]        332 │     pub fn get_path_to_git() -> eyre::Result<PathBuf> {
[INFO] [stdout]        333 │         let path_to_git = std::env::var_os(TEST_GIT).ok_or_else(|| {
[INFO] [stdout]   [37;1m     334[0m [37;1m>[0m [37;1m            eyre::eyre!([0m
[INFO] [stdout]        335 │                 "No path to Git executable was set. \
[INFO] [stdout]        336 │ Try running as: `{0}=$(which git) cargo test ...` \
[INFO] [stdout]    7: [32mcore::option::Option<T>::ok_or_else[0m[90m::hb89fbe676fdc8547[0m
[INFO] [stdout]       at [35m/rustc/1b7dd2252b99671ce5d1cb9664c5f8636329436d/library/core/src/option.rs[0m:[35m1257[0m
[INFO] [stdout]    8: [91mbranchless::core::config::env_vars::get_path_to_git[0m[90m::h49c3a7c60dac899a[0m
[INFO] [stdout]       at [35m/opt/rustwide/cargo-home/registry/src/index.crates.io-6f17d22bba15001f/git-branchless-lib-0.7.0/src/core/config.rs[0m:[35m333[0m
[INFO] [stdout]        331 │     #[instrument]
[INFO] [stdout]        332 │     pub fn get_path_to_git() -> eyre::Result<PathBuf> {
[INFO] [stdout]   [37;1m     333[0m [37;1m>[0m [37;1m        let path_to_git = std::env::var_os(TEST_GIT).ok_or_else(|| {[0m
[INFO] [stdout]        334 │             eyre::eyre!(
[INFO] [stdout]        335 │                 "No path to Git executable was set. \
[INFO] [stdout]    9: [91mbranchless::testing::make_git[0m[90m::ha0e33537159aef50[0m
[INFO] [stdout]       at [35m/opt/rustwide/cargo-home/registry/src/index.crates.io-6f17d22bba15001f/git-branchless-lib-0.7.0/src/testing.rs[0m:[35m650[0m
[INFO] [stdout]        648 │ 
[INFO] [stdout]        649 │     let repo_dir = tempfile::tempdir()?;
[INFO] [stdout]   [37;1m     650[0m [37;1m>[0m [37;1m    let path_to_git = get_path_to_git()?;[0m
[INFO] [stdout]        651 │     let git_exec_path = get_git_exec_path()?;
[INFO] [stdout]        652 │     let git = Git::new(path_to_git, repo_dir.path().to_path_buf(), git_exec_path);
[INFO] [stdout]   10: [91mtest_record::test_record_insert_obsolete_siblings[0m[90m::h0d919f4e4f37b804[0m
[INFO] [stdout]       at [35m/opt/rustwide/workdir/tests/test_record.rs[0m:[35m429[0m
[INFO] [stdout]        427 │ #[test]
[INFO] [stdout]        428 │ fn test_record_insert_obsolete_siblings() -> eyre::Result<()> {
[INFO] [stdout]   [37;1m     429[0m [37;1m>[0m [37;1m    let git = make_git()?;[0m
[INFO] [stdout]        430 │     git.init_repo()?;
[INFO] [stdout]        431 │ 
[INFO] [stdout]   11: [91mtest_record::test_record_insert_obsolete_siblings::{{closure}}[0m[90m::h87aaccbb9724aa6e[0m
[INFO] [stdout]       at [35m/opt/rustwide/workdir/tests/test_record.rs[0m:[35m428[0m
[INFO] [stdout]        426 │ 
[INFO] [stdout]        427 │ #[test]
[INFO] [stdout]   [37;1m     428[0m [37;1m>[0m [37;1mfn test_record_insert_obsolete_siblings() -> eyre::Result<()> {[0m
[INFO] [stdout]        429 │     let git = make_git()?;
[INFO] [stdout]        430 │     git.init_repo()?;
[INFO] [stdout]   12: [32mcore::ops::function::FnOnce::call_once[0m[90m::ha134d18efd834b23[0m
[INFO] [stdout]       at [35m/rustc/1b7dd2252b99671ce5d1cb9664c5f8636329436d/library/core/src/ops/function.rs[0m:[35m250[0m
[INFO] [stdout]   13: [32mcore::ops::function::FnOnce::call_once[0m[90m::ha6a70e79f7481a7e[0m
[INFO] [stdout]       at [35m/rustc/1b7dd2252b99671ce5d1cb9664c5f8636329436d/library/core/src/ops/function.rs[0m:[35m250[0m
[INFO] [stdout]   14: [32mtest::__rust_begin_short_backtrace[0m[90m::hce33033019b61e69[0m
[INFO] [stdout]       at [35m/rustc/1b7dd2252b99671ce5d1cb9664c5f8636329436d/library/test/src/lib.rs[0m:[35m655[0m
[INFO] [stdout]   15: [32mtest::run_test::{{closure}}[0m[90m::h858d3528838ae3e5[0m
[INFO] [stdout]       at [35m/rustc/1b7dd2252b99671ce5d1cb9664c5f8636329436d/library/test/src/lib.rs[0m:[35m646[0m
[INFO] [stdout]   16: [32mcore::ops::function::FnOnce::call_once{{vtable.shim}}[0m[90m::he8ac2b00f01ae79e[0m
[INFO] [stdout]       at [35m/rustc/1b7dd2252b99671ce5d1cb9664c5f8636329436d/library/core/src/ops/function.rs[0m:[35m250[0m
[INFO] [stdout]   17: [32m<alloc::boxed::Box<F,A> as core::ops::function::FnOnce<Args>>::call_once[0m[90m::h8093d25b522725ef[0m
[INFO] [stdout]       at [35m/rustc/1b7dd2252b99671ce5d1cb9664c5f8636329436d/library/alloc/src/boxed.rs[0m:[35m1973[0m
[INFO] [stdout]   18: [32m<core::panic::unwind_safe::AssertUnwindSafe<F> as core::ops::function::FnOnce<()>>::call_once[0m[90m::h5c334c204e4a3913[0m
[INFO] [stdout]       at [35m/rustc/1b7dd2252b99671ce5d1cb9664c5f8636329436d/library/core/src/panic/unwind_safe.rs[0m:[35m271[0m
[INFO] [stdout]   19: [32mstd::panicking::try::do_call[0m[90m::ha8b740c7b9478074[0m
[INFO] [stdout]       at [35m/rustc/1b7dd2252b99671ce5d1cb9664c5f8636329436d/library/std/src/panicking.rs[0m:[35m485[0m
[INFO] [stdout]   20: [32mstd::panicking::try[0m[90m::h5d34f63d0e41b64e[0m
[INFO] [stdout]       at [35m/rustc/1b7dd2252b99671ce5d1cb9664c5f8636329436d/library/std/src/panicking.rs[0m:[35m449[0m
[INFO] [stdout]   21: [32mstd::panic::catch_unwind[0m[90m::hcfbb511e1aa7fc67[0m
[INFO] [stdout]       at [35m/rustc/1b7dd2252b99671ce5d1cb9664c5f8636329436d/library/std/src/panic.rs[0m:[35m140[0m
[INFO] [stdout]   22: [32mtest::run_test_in_process[0m[90m::h9abda90f802eaf21[0m
[INFO] [stdout]       at [35m/rustc/1b7dd2252b99671ce5d1cb9664c5f8636329436d/library/test/src/lib.rs[0m:[35m678[0m
[INFO] [stdout]   [96m                              ⋮ 14 frames hidden ⋮                              [0m
[INFO] [stdout] 
[INFO] [stdout] Run with COLORBT_SHOW_HIDDEN=1 environment variable to disable frame filtering.
[INFO] [stdout] 
[INFO] [stdout] ---- test_record_insert_merge_conflict stdout ----
[INFO] [stdout] Error: 
[INFO] [stdout]    0: [91mNo path to Git executable was set. Try running as: `TEST_GIT=$(which git) cargo test ...` or set `env.TEST_GIT` in your `config.toml` (see https://doc.rust-lang.org/cargo/reference/config.html)[0m
[INFO] [stdout] 
[INFO] [stdout] Location:
[INFO] [stdout]    [35m/opt/rustwide/cargo-home/registry/src/index.crates.io-6f17d22bba15001f/git-branchless-lib-0.7.0/src/core/config.rs[0m:[35m334[0m
[INFO] [stdout] 
[INFO] [stdout]   ━━━━━━━━━━━━━━━━━━━━━━━━━━━━━━━━━━ BACKTRACE ━━━━━━━━━━━━━━━━━━━━━━━━━━━━━━━━━━━
[INFO] [stdout]   [96m                              ⋮ 5 frames hidden ⋮                               [0m
[INFO] [stdout]    6: [91mbranchless::core::config::env_vars::get_path_to_git::{{closure}}[0m[90m::h922964821c5afc49[0m
[INFO] [stdout]       at [35m/opt/rustwide/cargo-home/registry/src/index.crates.io-6f17d22bba15001f/git-branchless-lib-0.7.0/src/core/config.rs[0m:[35m334[0m
[INFO] [stdout]        332 │     pub fn get_path_to_git() -> eyre::Result<PathBuf> {
[INFO] [stdout]        333 │         let path_to_git = std::env::var_os(TEST_GIT).ok_or_else(|| {
[INFO] [stdout]   [37;1m     334[0m [37;1m>[0m [37;1m            eyre::eyre!([0m
[INFO] [stdout]        335 │                 "No path to Git executable was set. \
[INFO] [stdout]        336 │ Try running as: `{0}=$(which git) cargo test ...` \
[INFO] [stdout]    7: [32mcore::option::Option<T>::ok_or_else[0m[90m::hb89fbe676fdc8547[0m
[INFO] [stdout]       at [35m/rustc/1b7dd2252b99671ce5d1cb9664c5f8636329436d/library/core/src/option.rs[0m:[35m1257[0m
[INFO] [stdout]    8: [91mbranchless::core::config::env_vars::get_path_to_git[0m[90m::h49c3a7c60dac899a[0m
[INFO] [stdout]       at [35m/opt/rustwide/cargo-home/registry/src/index.crates.io-6f17d22bba15001f/git-branchless-lib-0.7.0/src/core/config.rs[0m:[35m333[0m
[INFO] [stdout]        331 │     #[instrument]
[INFO] [stdout]        332 │     pub fn get_path_to_git() -> eyre::Result<PathBuf> {
[INFO] [stdout]   [37;1m     333[0m [37;1m>[0m [37;1m        let path_to_git = std::env::var_os(TEST_GIT).ok_or_else(|| {[0m
[INFO] [stdout]        334 │             eyre::eyre!(
[INFO] [stdout]        335 │                 "No path to Git executable was set. \
[INFO] [stdout]    9: [91mbranchless::testing::make_git[0m[90m::ha0e33537159aef50[0m
[INFO] [stdout]       at [35m/opt/rustwide/cargo-home/registry/src/index.crates.io-6f17d22bba15001f/git-branchless-lib-0.7.0/src/testing.rs[0m:[35m650[0m
[INFO] [stdout]        648 │ 
[INFO] [stdout]        649 │     let repo_dir = tempfile::tempdir()?;
[INFO] [stdout]   [37;1m     650[0m [37;1m>[0m [37;1m    let path_to_git = get_path_to_git()?;[0m
[INFO] [stdout]        651 │     let git_exec_path = get_git_exec_path()?;
[INFO] [stdout]        652 │     let git = Git::new(path_to_git, repo_dir.path().to_path_buf(), git_exec_path);
[INFO] [stdout]   10: [91mtest_record::test_record_insert_merge_conflict[0m[90m::ha579381fdbe37db1[0m
[INFO] [stdout]       at [35m/opt/rustwide/workdir/tests/test_record.rs[0m:[35m389[0m
[INFO] [stdout]        387 │ #[test]
[INFO] [stdout]        388 │ fn test_record_insert_merge_conflict() -> eyre::Result<()> {
[INFO] [stdout]   [37;1m     389[0m [37;1m>[0m [37;1m    let git = make_git()?;[0m
[INFO] [stdout]        390 │     git.init_repo()?;
[INFO] [stdout]        391 │ 
[INFO] [stdout]   11: [91mtest_record::test_record_insert_merge_conflict::{{closure}}[0m[90m::h4719a59e3e9cc14f[0m
[INFO] [stdout]       at [35m/opt/rustwide/workdir/tests/test_record.rs[0m:[35m388[0m
[INFO] [stdout]        386 │ 
[INFO] [stdout]        387 │ #[test]
[INFO] [stdout]   [37;1m     388[0m [37;1m>[0m [37;1mfn test_record_insert_merge_conflict() -> eyre::Result<()> {[0m
[INFO] [stdout]        389 │     let git = make_git()?;
[INFO] [stdout]        390 │     git.init_repo()?;
[INFO] [stdout]   12: [32mcore::ops::function::FnOnce::call_once[0m[90m::h69379f7900de729c[0m
[INFO] [stdout]       at [35m/rustc/1b7dd2252b99671ce5d1cb9664c5f8636329436d/library/core/src/ops/function.rs[0m:[35m250[0m
[INFO] [stdout]   13: [32mcore::ops::function::FnOnce::call_once[0m[90m::ha6a70e79f7481a7e[0m
[INFO] [stdout]       at [35m/rustc/1b7dd2252b99671ce5d1cb9664c5f8636329436d/library/core/src/ops/function.rs[0m:[35m250[0m
[INFO] [stdout]   14: [32mtest::__rust_begin_short_backtrace[0m[90m::hce33033019b61e69[0m
[INFO] [stdout]       at [35m/rustc/1b7dd2252b99671ce5d1cb9664c5f8636329436d/library/test/src/lib.rs[0m:[35m655[0m
[INFO] [stdout]   15: [32mtest::run_test::{{closure}}[0m[90m::h858d3528838ae3e5[0m
[INFO] [stdout]       at [35m/rustc/1b7dd2252b99671ce5d1cb9664c5f8636329436d/library/test/src/lib.rs[0m:[35m646[0m
[INFO] [stdout]   16: [32mcore::ops::function::FnOnce::call_once{{vtable.shim}}[0m[90m::he8ac2b00f01ae79e[0m
[INFO] [stdout]       at [35m/rustc/1b7dd2252b99671ce5d1cb9664c5f8636329436d/library/core/src/ops/function.rs[0m:[35m250[0m
[INFO] [stdout]   17: [32m<alloc::boxed::Box<F,A> as core::ops::function::FnOnce<Args>>::call_once[0m[90m::h8093d25b522725ef[0m
[INFO] [stdout]       at [35m/rustc/1b7dd2252b99671ce5d1cb9664c5f8636329436d/library/alloc/src/boxed.rs[0m:[35m1973[0m
[INFO] [stdout]   18: [32m<core::panic::unwind_safe::AssertUnwindSafe<F> as core::ops::function::FnOnce<()>>::call_once[0m[90m::h5c334c204e4a3913[0m
[INFO] [stdout]       at [35m/rustc/1b7dd2252b99671ce5d1cb9664c5f8636329436d/library/core/src/panic/unwind_safe.rs[0m:[35m271[0m
[INFO] [stdout]   19: [32mstd::panicking::try::do_call[0m[90m::ha8b740c7b9478074[0m
[INFO] [stdout]       at [35m/rustc/1b7dd2252b99671ce5d1cb9664c5f8636329436d/library/std/src/panicking.rs[0m:[35m485[0m
[INFO] [stdout]   20: [32mstd::panicking::try[0m[90m::h5d34f63d0e41b64e[0m
[INFO] [stdout]       at [35m/rustc/1b7dd2252b99671ce5d1cb9664c5f8636329436d/library/std/src/panicking.rs[0m:[35m449[0m
[INFO] [stdout]   21: [32mstd::panic::catch_unwind[0m[90m::hcfbb511e1aa7fc67[0m
[INFO] [stdout]       at [35m/rustc/1b7dd2252b99671ce5d1cb9664c5f8636329436d/library/std/src/panic.rs[0m:[35m140[0m
[INFO] [stdout]   22: [32mtest::run_test_in_process[0m[90m::h9abda90f802eaf21[0m
[INFO] [stdout]       at [35m/rustc/1b7dd2252b99671ce5d1cb9664c5f8636329436d/library/test/src/lib.rs[0m:[35m678[0m
[INFO] [stdout]   [96m                              ⋮ 14 frames hidden ⋮                              [0m
[INFO] [stdout] 
[INFO] [stdout] Run with COLORBT_SHOW_HIDDEN=1 environment variable to disable frame filtering.
[INFO] [stdout] 
[INFO] [stdout] ---- test_record_create_branch stdout ----
[INFO] [stdout] Error: 
[INFO] [stdout]    0: [91mNo path to Git executable was set. Try running as: `TEST_GIT=$(which git) cargo test ...` or set `env.TEST_GIT` in your `config.toml` (see https://doc.rust-lang.org/cargo/reference/config.html)[0m
[INFO] [stdout] 
[INFO] [stdout] Location:
[INFO] [stdout]    [35m/opt/rustwide/cargo-home/registry/src/index.crates.io-6f17d22bba15001f/git-branchless-lib-0.7.0/src/core/config.rs[0m:[35m334[0m
[INFO] [stdout] 
[INFO] [stdout]   ━━━━━━━━━━━━━━━━━━━━━━━━━━━━━━━━━━ BACKTRACE ━━━━━━━━━━━━━━━━━━━━━━━━━━━━━━━━━━━
[INFO] [stdout]   [96m                              ⋮ 5 frames hidden ⋮                               [0m
[INFO] [stdout]    6: [91mbranchless::core::config::env_vars::get_path_to_git::{{closure}}[0m[90m::h922964821c5afc49[0m
[INFO] [stdout]       at [35m/opt/rustwide/cargo-home/registry/src/index.crates.io-6f17d22bba15001f/git-branchless-lib-0.7.0/src/core/config.rs[0m:[35m334[0m
[INFO] [stdout]        332 │     pub fn get_path_to_git() -> eyre::Result<PathBuf> {
[INFO] [stdout]        333 │         let path_to_git = std::env::var_os(TEST_GIT).ok_or_else(|| {
[INFO] [stdout]   [37;1m     334[0m [37;1m>[0m [37;1m            eyre::eyre!([0m
[INFO] [stdout]        335 │                 "No path to Git executable was set. \
[INFO] [stdout]        336 │ Try running as: `{0}=$(which git) cargo test ...` \
[INFO] [stdout]    7: [32mcore::option::Option<T>::ok_or_else[0m[90m::hb89fbe676fdc8547[0m
[INFO] [stdout]       at [35m/rustc/1b7dd2252b99671ce5d1cb9664c5f8636329436d/library/core/src/option.rs[0m:[35m1257[0m
[INFO] [stdout]    8: [91mbranchless::core::config::env_vars::get_path_to_git[0m[90m::h49c3a7c60dac899a[0m
[INFO] [stdout]       at [35m/opt/rustwide/cargo-home/registry/src/index.crates.io-6f17d22bba15001f/git-branchless-lib-0.7.0/src/core/config.rs[0m:[35m333[0m
[INFO] [stdout]        331 │     #[instrument]
[INFO] [stdout]        332 │     pub fn get_path_to_git() -> eyre::Result<PathBuf> {
[INFO] [stdout]   [37;1m     333[0m [37;1m>[0m [37;1m        let path_to_git = std::env::var_os(TEST_GIT).ok_or_else(|| {[0m
[INFO] [stdout]        334 │             eyre::eyre!(
[INFO] [stdout]        335 │                 "No path to Git executable was set. \
[INFO] [stdout]    9: [91mbranchless::testing::make_git[0m[90m::ha0e33537159aef50[0m
[INFO] [stdout]       at [35m/opt/rustwide/cargo-home/registry/src/index.crates.io-6f17d22bba15001f/git-branchless-lib-0.7.0/src/testing.rs[0m:[35m650[0m
[INFO] [stdout]        648 │ 
[INFO] [stdout]        649 │     let repo_dir = tempfile::tempdir()?;
[INFO] [stdout]   [37;1m     650[0m [37;1m>[0m [37;1m    let path_to_git = get_path_to_git()?;[0m
[INFO] [stdout]        651 │     let git_exec_path = get_git_exec_path()?;
[INFO] [stdout]        652 │     let git = Git::new(path_to_git, repo_dir.path().to_path_buf(), git_exec_path);
[INFO] [stdout]   10: [91mtest_record::test_record_create_branch[0m[90m::h8ac110823973832b[0m
[INFO] [stdout]       at [35m/opt/rustwide/workdir/tests/test_record.rs[0m:[35m280[0m
[INFO] [stdout]        278 │ #[test]
[INFO] [stdout]        279 │ fn test_record_create_branch() -> eyre::Result<()> {
[INFO] [stdout]   [37;1m     280[0m [37;1m>[0m [37;1m    let git = make_git()?;[0m
[INFO] [stdout]        281 │     git.init_repo()?;
[INFO] [stdout]        282 │ 
[INFO] [stdout]   11: [91mtest_record::test_record_create_branch::{{closure}}[0m[90m::h11aadadc912bdcd7[0m
[INFO] [stdout]       at [35m/opt/rustwide/workdir/tests/test_record.rs[0m:[35m279[0m
[INFO] [stdout]        277 │ 
[INFO] [stdout]        278 │ #[test]
[INFO] [stdout]   [37;1m     279[0m [37;1m>[0m [37;1mfn test_record_create_branch() -> eyre::Result<()> {[0m
[INFO] [stdout]        280 │     let git = make_git()?;
[INFO] [stdout]        281 │     git.init_repo()?;
[INFO] [stdout]   12: [32mcore::ops::function::FnOnce::call_once[0m[90m::h2dc039b2e265f63a[0m
[INFO] [stdout]       at [35m/rustc/1b7dd2252b99671ce5d1cb9664c5f8636329436d/library/core/src/ops/function.rs[0m:[35m250[0m
[INFO] [stdout]   13: [32mcore::ops::function::FnOnce::call_once[0m[90m::ha6a70e79f7481a7e[0m
[INFO] [stdout]       at [35m/rustc/1b7dd2252b99671ce5d1cb9664c5f8636329436d/library/core/src/ops/function.rs[0m:[35m250[0m
[INFO] [stdout]   14: [32mtest::__rust_begin_short_backtrace[0m[90m::hce33033019b61e69[0m
[INFO] [stdout]       at [35m/rustc/1b7dd2252b99671ce5d1cb9664c5f8636329436d/library/test/src/lib.rs[0m:[35m655[0m
[INFO] [stdout]   15: [32mtest::run_test::{{closure}}[0m[90m::h858d3528838ae3e5[0m
[INFO] [stdout]       at [35m/rustc/1b7dd2252b99671ce5d1cb9664c5f8636329436d/library/test/src/lib.rs[0m:[35m646[0m
[INFO] [stdout]   16: [32mcore::ops::function::FnOnce::call_once{{vtable.shim}}[0m[90m::he8ac2b00f01ae79e[0m
[INFO] [stdout]       at [35m/rustc/1b7dd2252b99671ce5d1cb9664c5f8636329436d/library/core/src/ops/function.rs[0m:[35m250[0m
[INFO] [stdout]   17: [32m<alloc::boxed::Box<F,A> as core::ops::function::FnOnce<Args>>::call_once[0m[90m::h8093d25b522725ef[0m
[INFO] [stdout]       at [35m/rustc/1b7dd2252b99671ce5d1cb9664c5f8636329436d/library/alloc/src/boxed.rs[0m:[35m1973[0m
[INFO] [stdout]   18: [32m<core::panic::unwind_safe::AssertUnwindSafe<F> as core::ops::function::FnOnce<()>>::call_once[0m[90m::h5c334c204e4a3913[0m
[INFO] [stdout]       at [35m/rustc/1b7dd2252b99671ce5d1cb9664c5f8636329436d/library/core/src/panic/unwind_safe.rs[0m:[35m271[0m
[INFO] [stdout]   19: [32mstd::panicking::try::do_call[0m[90m::ha8b740c7b9478074[0m
[INFO] [stdout]       at [35m/rustc/1b7dd2252b99671ce5d1cb9664c5f8636329436d/library/std/src/panicking.rs[0m:[35m485[0m
[INFO] [stdout]   20: [32mstd::panicking::try[0m[90m::h5d34f63d0e41b64e[0m
[INFO] [stdout]       at [35m/rustc/1b7dd2252b99671ce5d1cb9664c5f8636329436d/library/std/src/panicking.rs[0m:[35m449[0m
[INFO] [stdout]   21: [32mstd::panic::catch_unwind[0m[90m::hcfbb511e1aa7fc67[0m
[INFO] [stdout]       at [35m/rustc/1b7dd2252b99671ce5d1cb9664c5f8636329436d/library/std/src/panic.rs[0m:[35m140[0m
[INFO] [stdout]   22: [32mtest::run_test_in_process[0m[90m::h9abda90f802eaf21[0m
[INFO] [stdout]       at [35m/rustc/1b7dd2252b99671ce5d1cb9664c5f8636329436d/library/test/src/lib.rs[0m:[35m678[0m
[INFO] [stdout]   [96m                              ⋮ 14 frames hidden ⋮                              [0m
[INFO] [stdout] 
[INFO] [stdout] Run with COLORBT_SHOW_HIDDEN=1 environment variable to disable frame filtering.
[INFO] [stdout] 
[INFO] [stdout] ---- test_record_staged_changes_interactive stdout ----
[INFO] [stdout] Error: 
[INFO] [stdout]    0: [91mNo path to Git executable was set. Try running as: `TEST_GIT=$(which git) cargo test ...` or set `env.TEST_GIT` in your `config.toml` (see https://doc.rust-lang.org/cargo/reference/config.html)[0m
[INFO] [stdout] 
[INFO] [stdout] Location:
[INFO] [stdout]    [35m/opt/rustwide/cargo-home/registry/src/index.crates.io-6f17d22bba15001f/git-branchless-lib-0.7.0/src/core/config.rs[0m:[35m334[0m
[INFO] [stdout] 
[INFO] [stdout]   ━━━━━━━━━━━━━━━━━━━━━━━━━━━━━━━━━━ BACKTRACE ━━━━━━━━━━━━━━━━━━━━━━━━━━━━━━━━━━━
[INFO] [stdout]   [96m                              ⋮ 5 frames hidden ⋮                               [0m
[INFO] [stdout]    6: [91mbranchless::core::config::env_vars::get_path_to_git::{{closure}}[0m[90m::h922964821c5afc49[0m
[INFO] [stdout]       at [35m/opt/rustwide/cargo-home/registry/src/index.crates.io-6f17d22bba15001f/git-branchless-lib-0.7.0/src/core/config.rs[0m:[35m334[0m
[INFO] [stdout]        332 │     pub fn get_path_to_git() -> eyre::Result<PathBuf> {
[INFO] [stdout]        333 │         let path_to_git = std::env::var_os(TEST_GIT).ok_or_else(|| {
[INFO] [stdout]   [37;1m     334[0m [37;1m>[0m [37;1m            eyre::eyre!([0m
[INFO] [stdout]        335 │                 "No path to Git executable was set. \
[INFO] [stdout]        336 │ Try running as: `{0}=$(which git) cargo test ...` \
[INFO] [stdout]    7: [32mcore::option::Option<T>::ok_or_else[0m[90m::hb89fbe676fdc8547[0m
[INFO] [stdout]       at [35m/rustc/1b7dd2252b99671ce5d1cb9664c5f8636329436d/library/core/src/option.rs[0m:[35m1257[0m
[INFO] [stdout]    8: [91mbranchless::core::config::env_vars::get_path_to_git[0m[90m::h49c3a7c60dac899a[0m
[INFO] [stdout]       at [35m/opt/rustwide/cargo-home/registry/src/index.crates.io-6f17d22bba15001f/git-branchless-lib-0.7.0/src/core/config.rs[0m:[35m333[0m
[INFO] [stdout]        331 │     #[instrument]
[INFO] [stdout]        332 │     pub fn get_path_to_git() -> eyre::Result<PathBuf> {
[INFO] [stdout]   [37;1m     333[0m [37;1m>[0m [37;1m        let path_to_git = std::env::var_os(TEST_GIT).ok_or_else(|| {[0m
[INFO] [stdout]        334 │             eyre::eyre!(
[INFO] [stdout]        335 │                 "No path to Git executable was set. \
[INFO] [stdout]    9: [91mbranchless::testing::make_git[0m[90m::ha0e33537159aef50[0m
[INFO] [stdout]       at [35m/opt/rustwide/cargo-home/registry/src/index.crates.io-6f17d22bba15001f/git-branchless-lib-0.7.0/src/testing.rs[0m:[35m650[0m
[INFO] [stdout]        648 │ 
[INFO] [stdout]        649 │     let repo_dir = tempfile::tempdir()?;
[INFO] [stdout]   [37;1m     650[0m [37;1m>[0m [37;1m    let path_to_git = get_path_to_git()?;[0m
[INFO] [stdout]        651 │     let git_exec_path = get_git_exec_path()?;
[INFO] [stdout]        652 │     let git = Git::new(path_to_git, repo_dir.path().to_path_buf(), git_exec_path);
[INFO] [stdout]   10: [91mtest_record::test_record_staged_changes_interactive[0m[90m::hca5e42ae1c0713f2[0m
[INFO] [stdout]       at [35m/opt/rustwide/workdir/tests/test_record.rs[0m:[35m170[0m
[INFO] [stdout]        168 │ #[test]
[INFO] [stdout]        169 │ fn test_record_staged_changes_interactive() -> eyre::Result<()> {
[INFO] [stdout]   [37;1m     170[0m [37;1m>[0m [37;1m    let git = make_git()?;[0m
[INFO] [stdout]        171 │ 
[INFO] [stdout]        172 │     if !git.supports_reference_transactions()? {
[INFO] [stdout]   11: [91mtest_record::test_record_staged_changes_interactive::{{closure}}[0m[90m::hcf92bdb83f16f6d7[0m
[INFO] [stdout]       at [35m/opt/rustwide/workdir/tests/test_record.rs[0m:[35m169[0m
[INFO] [stdout]        167 │ 
[INFO] [stdout]        168 │ #[test]
[INFO] [stdout]   [37;1m     169[0m [37;1m>[0m [37;1mfn test_record_staged_changes_interactive() -> eyre::Result<()> {[0m
[INFO] [stdout]        170 │     let git = make_git()?;
[INFO] [stdout]        171 │ 
[INFO] [stdout]   12: [32mcore::ops::function::FnOnce::call_once[0m[90m::h94311e7fa9345105[0m
[INFO] [stdout]       at [35m/rustc/1b7dd2252b99671ce5d1cb9664c5f8636329436d/library/core/src/ops/function.rs[0m:[35m250[0m
[INFO] [stdout]   13: [32mcore::ops::function::FnOnce::call_once[0m[90m::ha6a70e79f7481a7e[0m
[INFO] [stdout]       at [35m/rustc/1b7dd2252b99671ce5d1cb9664c5f8636329436d/library/core/src/ops/function.rs[0m:[35m250[0m
[INFO] [stdout]   14: [32mtest::__rust_begin_short_backtrace[0m[90m::hce33033019b61e69[0m
[INFO] [stdout]       at [35m/rustc/1b7dd2252b99671ce5d1cb9664c5f8636329436d/library/test/src/lib.rs[0m:[35m655[0m
[INFO] [stdout]   15: [32mtest::run_test::{{closure}}[0m[90m::h858d3528838ae3e5[0m
[INFO] [stdout]       at [35m/rustc/1b7dd2252b99671ce5d1cb9664c5f8636329436d/library/test/src/lib.rs[0m:[35m646[0m
[INFO] [stdout]   16: [32mcore::ops::function::FnOnce::call_once{{vtable.shim}}[0m[90m::he8ac2b00f01ae79e[0m
[INFO] [stdout]       at [35m/rustc/1b7dd2252b99671ce5d1cb9664c5f8636329436d/library/core/src/ops/function.rs[0m:[35m250[0m
[INFO] [stdout]   17: [32m<alloc::boxed::Box<F,A> as core::ops::function::FnOnce<Args>>::call_once[0m[90m::h8093d25b522725ef[0m
[INFO] [stdout]       at [35m/rustc/1b7dd2252b99671ce5d1cb9664c5f8636329436d/library/alloc/src/boxed.rs[0m:[35m1973[0m
[INFO] [stdout]   18: [32m<core::panic::unwind_safe::AssertUnwindSafe<F> as core::ops::function::FnOnce<()>>::call_once[0m[90m::h5c334c204e4a3913[0m
[INFO] [stdout]       at [35m/rustc/1b7dd2252b99671ce5d1cb9664c5f8636329436d/library/core/src/panic/unwind_safe.rs[0m:[35m271[0m
[INFO] [stdout]   19: [32mstd::panicking::try::do_call[0m[90m::ha8b740c7b9478074[0m
[INFO] [stdout]       at [35m/rustc/1b7dd2252b99671ce5d1cb9664c5f8636329436d/library/std/src/panicking.rs[0m:[35m485[0m
[INFO] [stdout]   20: [32mstd::panicking::try[0m[90m::h5d34f63d0e41b64e[0m
[INFO] [stdout]       at [35m/rustc/1b7dd2252b99671ce5d1cb9664c5f8636329436d/library/std/src/panicking.rs[0m:[35m449[0m
[INFO] [stdout]   21: [32mstd::panic::catch_unwind[0m[90m::hcfbb511e1aa7fc67[0m
[INFO] [stdout]       at [35m/rustc/1b7dd2252b99671ce5d1cb9664c5f8636329436d/library/std/src/panic.rs[0m:[35m140[0m
[INFO] [stdout]   22: [32mtest::run_test_in_process[0m[90m::h9abda90f802eaf21[0m
[INFO] [stdout]       at [35m/rustc/1b7dd2252b99671ce5d1cb9664c5f8636329436d/library/test/src/lib.rs[0m:[35m678[0m
[INFO] [stdout]   [96m                              ⋮ 14 frames hidden ⋮                              [0m
[INFO] [stdout] 
[INFO] [stdout] Run with COLORBT_SHOW_HIDDEN=1 environment variable to disable frame filtering.
[INFO] [stdout] 
[INFO] [stdout] ---- test_record_detach stdout ----
[INFO] [stdout] Error: 
[INFO] [stdout]    0: [91mNo path to Git executable was set. Try running as: `TEST_GIT=$(which git) cargo test ...` or set `env.TEST_GIT` in your `config.toml` (see https://doc.rust-lang.org/cargo/reference/config.html)[0m
[INFO] [stdout] 
[INFO] [stdout] Location:
[INFO] [stdout]    [35m/opt/rustwide/cargo-home/registry/src/index.crates.io-6f17d22bba15001f/git-branchless-lib-0.7.0/src/core/config.rs[0m:[35m334[0m
[INFO] [stdout] 
[INFO] [stdout]   ━━━━━━━━━━━━━━━━━━━━━━━━━━━━━━━━━━ BACKTRACE ━━━━━━━━━━━━━━━━━━━━━━━━━━━━━━━━━━━
[INFO] [stdout]   [96m                              ⋮ 5 frames hidden ⋮                               [0m
[INFO] [stdout]    6: [91mbranchless::core::config::env_vars::get_path_to_git::{{closure}}[0m[90m::h922964821c5afc49[0m
[INFO] [stdout]       at [35m/opt/rustwide/cargo-home/registry/src/index.crates.io-6f17d22bba15001f/git-branchless-lib-0.7.0/src/core/config.rs[0m:[35m334[0m
[INFO] [stdout]        332 │     pub fn get_path_to_git() -> eyre::Result<PathBuf> {
[INFO] [stdout]        333 │         let path_to_git = std::env::var_os(TEST_GIT).ok_or_else(|| {
[INFO] [stdout]   [37;1m     334[0m [37;1m>[0m [37;1m            eyre::eyre!([0m
[INFO] [stdout]        335 │                 "No path to Git executable was set. \
[INFO] [stdout]        336 │ Try running as: `{0}=$(which git) cargo test ...` \
[INFO] [stdout]    7: [32mcore::option::Option<T>::ok_or_else[0m[90m::hb89fbe676fdc8547[0m
[INFO] [stdout]       at [35m/rustc/1b7dd2252b99671ce5d1cb9664c5f8636329436d/library/core/src/option.rs[0m:[35m1257[0m
[INFO] [stdout]    8: [91mbranchless::core::config::env_vars::get_path_to_git[0m[90m::h49c3a7c60dac899a[0m
[INFO] [stdout]       at [35m/opt/rustwide/cargo-home/registry/src/index.crates.io-6f17d22bba15001f/git-branchless-lib-0.7.0/src/core/config.rs[0m:[35m333[0m
[INFO] [stdout]        331 │     #[instrument]
[INFO] [stdout]        332 │     pub fn get_path_to_git() -> eyre::Result<PathBuf> {
[INFO] [stdout]   [37;1m     333[0m [37;1m>[0m [37;1m        let path_to_git = std::env::var_os(TEST_GIT).ok_or_else(|| {[0m
[INFO] [stdout]        334 │             eyre::eyre!(
[INFO] [stdout]        335 │                 "No path to Git executable was set. \
[INFO] [stdout]    9: [91mbranchless::testing::make_git[0m[90m::ha0e33537159aef50[0m
[INFO] [stdout]       at [35m/opt/rustwide/cargo-home/registry/src/index.crates.io-6f17d22bba15001f/git-branchless-lib-0.7.0/src/testing.rs[0m:[35m650[0m
[INFO] [stdout]        648 │ 
[INFO] [stdout]        649 │     let repo_dir = tempfile::tempdir()?;
[INFO] [stdout]   [37;1m     650[0m [37;1m>[0m [37;1m    let path_to_git = get_path_to_git()?;[0m
[INFO] [stdout]        651 │     let git_exec_path = get_git_exec_path()?;
[INFO] [stdout]        652 │     let git = Git::new(path_to_git, repo_dir.path().to_path_buf(), git_exec_path);
[INFO] [stdout]   10: [91mtest_record::test_record_detach[0m[90m::h3f8876f2e45dd8dd[0m
[INFO] [stdout]       at [35m/opt/rustwide/workdir/tests/test_record.rs[0m:[35m221[0m
[INFO] [stdout]        219 │ #[test]
[INFO] [stdout]        220 │ fn test_record_detach() -> eyre::Result<()> {
[INFO] [stdout]   [37;1m     221[0m [37;1m>[0m [37;1m    let git = make_git()?;[0m
[INFO] [stdout]        222 │ 
[INFO] [stdout]        223 │     if !git.supports_reference_transactions()? {
[INFO] [stdout]   11: [91mtest_record::test_record_detach::{{closure}}[0m[90m::h7288e96de0cc19ac[0m
[INFO] [stdout]       at [35m/opt/rustwide/workdir/tests/test_record.rs[0m:[35m220[0m
[INFO] [stdout]        218 │ 
[INFO] [stdout]        219 │ #[test]
[INFO] [stdout]   [37;1m     220[0m [37;1m>[0m [37;1mfn test_record_detach() -> eyre::Result<()> {[0m
[INFO] [stdout]        221 │     let git = make_git()?;
[INFO] [stdout]        222 │ 
[INFO] [stdout]   12: [32mcore::ops::function::FnOnce::call_once[0m[90m::hcc333f2915893887[0m
[INFO] [stdout]       at [35m/rustc/1b7dd2252b99671ce5d1cb9664c5f8636329436d/library/core/src/ops/function.rs[0m:[35m250[0m
[INFO] [stdout]   13: [32mcore::ops::function::FnOnce::call_once[0m[90m::ha6a70e79f7481a7e[0m
[INFO] [stdout]       at [35m/rustc/1b7dd2252b99671ce5d1cb9664c5f8636329436d/library/core/src/ops/function.rs[0m:[35m250[0m
[INFO] [stdout]   14: [32mtest::__rust_begin_short_backtrace[0m[90m::hce33033019b61e69[0m
[INFO] [stdout]       at [35m/rustc/1b7dd2252b99671ce5d1cb9664c5f8636329436d/library/test/src/lib.rs[0m:[35m655[0m
[INFO] [stdout]   15: [32mtest::run_test::{{closure}}[0m[90m::h858d3528838ae3e5[0m
[INFO] [stdout]       at [35m/rustc/1b7dd2252b99671ce5d1cb9664c5f8636329436d/library/test/src/lib.rs[0m:[35m646[0m
[INFO] [stdout]   16: [32mcore::ops::function::FnOnce::call_once{{vtable.shim}}[0m[90m::he8ac2b00f01ae79e[0m
[INFO] [stdout]       at [35m/rustc/1b7dd2252b99671ce5d1cb9664c5f8636329436d/library/core/src/ops/function.rs[0m:[35m250[0m
[INFO] [stdout]   17: [32m<alloc::boxed::Box<F,A> as core::ops::function::FnOnce<Args>>::call_once[0m[90m::h8093d25b522725ef[0m
[INFO] [stdout]       at [35m/rustc/1b7dd2252b99671ce5d1cb9664c5f8636329436d/library/alloc/src/boxed.rs[0m:[35m1973[0m
[INFO] [stdout]   18: [32m<core::panic::unwind_safe::AssertUnwindSafe<F> as core::ops::function::FnOnce<()>>::call_once[0m[90m::h5c334c204e4a3913[0m
[INFO] [stdout]       at [35m/rustc/1b7dd2252b99671ce5d1cb9664c5f8636329436d/library/core/src/panic/unwind_safe.rs[0m:[35m271[0m
[INFO] [stdout]   19: [32mstd::panicking::try::do_call[0m[90m::ha8b740c7b9478074[0m
[INFO] [stdout]       at [35m/rustc/1b7dd2252b99671ce5d1cb9664c5f8636329436d/library/std/src/panicking.rs[0m:[35m485[0m
[INFO] [stdout]   20: [32mstd::panicking::try[0m[90m::h5d34f63d0e41b64e[0m
[INFO] [stdout]       at [35m/rustc/1b7dd2252b99671ce5d1cb9664c5f8636329436d/library/std/src/panicking.rs[0m:[35m449[0m
[INFO] [stdout]   21: [32mstd::panic::catch_unwind[0m[90m::hcfbb511e1aa7fc67[0m
[INFO] [stdout]       at [35m/rustc/1b7dd2252b99671ce5d1cb9664c5f8636329436d/library/std/src/panic.rs[0m:[35m140[0m
[INFO] [stdout]   22: [32mtest::run_test_in_process[0m[90m::h9abda90f802eaf21[0m
[INFO] [stdout]       at [35m/rustc/1b7dd2252b99671ce5d1cb9664c5f8636329436d/library/test/src/lib.rs[0m:[35m678[0m
[INFO] [stdout]   [96m                              ⋮ 14 frames hidden ⋮                              [0m
[INFO] [stdout] 
[INFO] [stdout] Run with COLORBT_SHOW_HIDDEN=1 environment variable to disable frame filtering.
[INFO] [stdout] 
[INFO] [stdout] ---- test_record_insert_rewrite_public_commit stdout ----
[INFO] [stdout] Error: 
[INFO] [stdout]    0: [91mNo path to Git executable was set. Try running as: `TEST_GIT=$(which git) cargo test ...` or set `env.TEST_GIT` in your `config.toml` (see https://doc.rust-lang.org/cargo/reference/config.html)[0m
[INFO] [stdout] 
[INFO] [stdout] Location:
[INFO] [stdout]    [35m/opt/rustwide/cargo-home/registry/src/index.crates.io-6f17d22bba15001f/git-branchless-lib-0.7.0/src/core/config.rs[0m:[35m334[0m
[INFO] [stdout] 
[INFO] [stdout]   ━━━━━━━━━━━━━━━━━━━━━━━━━━━━━━━━━━ BACKTRACE ━━━━━━━━━━━━━━━━━━━━━━━━━━━━━━━━━━━
[INFO] [stdout]   [96m                              ⋮ 5 frames hidden ⋮                               [0m
[INFO] [stdout]    6: [91mbranchless::core::config::env_vars::get_path_to_git::{{closure}}[0m[90m::h922964821c5afc49[0m
[INFO] [stdout]       at [35m/opt/rustwide/cargo-home/registry/src/index.crates.io-6f17d22bba15001f/git-branchless-lib-0.7.0/src/core/config.rs[0m:[35m334[0m
[INFO] [stdout]        332 │     pub fn get_path_to_git() -> eyre::Result<PathBuf> {
[INFO] [stdout]        333 │         let path_to_git = std::env::var_os(TEST_GIT).ok_or_else(|| {
[INFO] [stdout]   [37;1m     334[0m [37;1m>[0m [37;1m            eyre::eyre!([0m
[INFO] [stdout]        335 │                 "No path to Git executable was set. \
[INFO] [stdout]        336 │ Try running as: `{0}=$(which git) cargo test ...` \
[INFO] [stdout]    7: [32mcore::option::Option<T>::ok_or_else[0m[90m::hb89fbe676fdc8547[0m
[INFO] [stdout]       at [35m/rustc/1b7dd2252b99671ce5d1cb9664c5f8636329436d/library/core/src/option.rs[0m:[35m1257[0m
[INFO] [stdout]    8: [91mbranchless::core::config::env_vars::get_path_to_git[0m[90m::h49c3a7c60dac899a[0m
[INFO] [stdout]       at [35m/opt/rustwide/cargo-home/registry/src/index.crates.io-6f17d22bba15001f/git-branchless-lib-0.7.0/src/core/config.rs[0m:[35m333[0m
[INFO] [stdout]        331 │     #[instrument]
[INFO] [stdout]        332 │     pub fn get_path_to_git() -> eyre::Result<PathBuf> {
[INFO] [stdout]   [37;1m     333[0m [37;1m>[0m [37;1m        let path_to_git = std::env::var_os(TEST_GIT).ok_or_else(|| {[0m
[INFO] [stdout]        334 │             eyre::eyre!(
[INFO] [stdout]        335 │                 "No path to Git executable was set. \
[INFO] [stdout]    9: [91mbranchless::testing::make_git[0m[90m::ha0e33537159aef50[0m
[INFO] [stdout]       at [35m/opt/rustwide/cargo-home/registry/src/index.crates.io-6f17d22bba15001f/git-branchless-lib-0.7.0/src/testing.rs[0m:[35m650[0m
[INFO] [stdout]        648 │ 
[INFO] [stdout]        649 │     let repo_dir = tempfile::tempdir()?;
[INFO] [stdout]   [37;1m     650[0m [37;1m>[0m [37;1m    let path_to_git = get_path_to_git()?;[0m
[INFO] [stdout]        651 │     let git_exec_path = get_git_exec_path()?;
[INFO] [stdout]        652 │     let git = Git::new(path_to_git, repo_dir.path().to_path_buf(), git_exec_path);
[INFO] [stdout]   10: [91mtest_record::test_record_insert_rewrite_public_commit[0m[90m::h8569af855c5a8f2a[0m
[INFO] [stdout]       at [35m/opt/rustwide/workdir/tests/test_record.rs[0m:[35m351[0m
[INFO] [stdout]        349 │ #[test]
[INFO] [stdout]        350 │ fn test_record_insert_rewrite_public_commit() -> eyre::Result<()> {
[INFO] [stdout]   [37;1m     351[0m [37;1m>[0m [37;1m    let git = make_git()?;[0m
[INFO] [stdout]        352 │     git.init_repo()?;
[INFO] [stdout]        353 │ 
[INFO] [stdout]   11: [91mtest_record::test_record_insert_rewrite_public_commit::{{closure}}[0m[90m::h34f4dd9ba7c7598f[0m
[INFO] [stdout]       at [35m/opt/rustwide/workdir/tests/test_record.rs[0m:[35m350[0m
[INFO] [stdout]        348 │ 
[INFO] [stdout]        349 │ #[test]
[INFO] [stdout]   [37;1m     350[0m [37;1m>[0m [37;1mfn test_record_insert_rewrite_public_commit() -> eyre::Result<()> {[0m
[INFO] [stdout]        351 │     let git = make_git()?;
[INFO] [stdout]        352 │     git.init_repo()?;
[INFO] [stdout]   12: [32mcore::ops::function::FnOnce::call_once[0m[90m::h2ab9a50e9f679b1d[0m
[INFO] [stdout]       at [35m/rustc/1b7dd2252b99671ce5d1cb9664c5f8636329436d/library/core/src/ops/function.rs[0m:[35m250[0m
[INFO] [stdout]   13: [32mcore::ops::function::FnOnce::call_once[0m[90m::ha6a70e79f7481a7e[0m
[INFO] [stdout]       at [35m/rustc/1b7dd2252b99671ce5d1cb9664c5f8636329436d/library/core/src/ops/function.rs[0m:[35m250[0m
[INFO] [stdout]   14: [32mtest::__rust_begin_short_backtrace[0m[90m::hce33033019b61e69[0m
[INFO] [stdout]       at [35m/rustc/1b7dd2252b99671ce5d1cb9664c5f8636329436d/library/test/src/lib.rs[0m:[35m655[0m
[INFO] [stdout]   15: [32mtest::run_test::{{closure}}[0m[90m::h858d3528838ae3e5[0m
[INFO] [stdout]       at [35m/rustc/1b7dd2252b99671ce5d1cb9664c5f8636329436d/library/test/src/lib.rs[0m:[35m646[0m
[INFO] [stdout]   16: [32mcore::ops::function::FnOnce::call_once{{vtable.shim}}[0m[90m::he8ac2b00f01ae79e[0m
[INFO] [stdout]       at [35m/rustc/1b7dd2252b99671ce5d1cb9664c5f8636329436d/library/core/src/ops/function.rs[0m:[35m250[0m
[INFO] [stdout]   17: [32m<alloc::boxed::Box<F,A> as core::ops::function::FnOnce<Args>>::call_once[0m[90m::h8093d25b522725ef[0m
[INFO] [stdout]       at [35m/rustc/1b7dd2252b99671ce5d1cb9664c5f8636329436d/library/alloc/src/boxed.rs[0m:[35m1973[0m
[INFO] [stdout]   18: [32m<core::panic::unwind_safe::AssertUnwindSafe<F> as core::ops::function::FnOnce<()>>::call_once[0m[90m::h5c334c204e4a3913[0m
[INFO] [stdout]       at [35m/rustc/1b7dd2252b99671ce5d1cb9664c5f8636329436d/library/core/src/panic/unwind_safe.rs[0m:[35m271[0m
[INFO] [stdout]   19: [32mstd::panicking::try::do_call[0m[90m::ha8b740c7b9478074[0m
[INFO] [stdout]       at [35m/rustc/1b7dd2252b99671ce5d1cb9664c5f8636329436d/library/std/src/panicking.rs[0m:[35m485[0m
[INFO] [stdout]   20: [32mstd::panicking::try[0m[90m::h5d34f63d0e41b64e[0m
[INFO] [stdout]       at [35m/rustc/1b7dd2252b99671ce5d1cb9664c5f8636329436d/library/std/src/panicking.rs[0m:[35m449[0m
[INFO] [stdout]   21: [32mstd::panic::catch_unwind[0m[90m::hcfbb511e1aa7fc67[0m
[INFO] [stdout]       at [35m/rustc/1b7dd2252b99671ce5d1cb9664c5f8636329436d/library/std/src/panic.rs[0m:[35m140[0m
[INFO] [stdout]   22: [32mtest::run_test_in_process[0m[90m::h9abda90f802eaf21[0m
[INFO] [stdout]       at [35m/rustc/1b7dd2252b99671ce5d1cb9664c5f8636329436d/library/test/src/lib.rs[0m:[35m678[0m
[INFO] [stdout]   [96m                              ⋮ 14 frames hidden ⋮                              [0m
[INFO] [stdout] 
[INFO] [stdout] Run with COLORBT_SHOW_HIDDEN=1 environment variable to disable frame filtering.
[INFO] [stdout] 
[INFO] [stdout] ---- test_record_insert stdout ----
[INFO] [stdout] Error: 
[INFO] [stdout]    0: [91mNo path to Git executable was set. Try running as: `TEST_GIT=$(which git) cargo test ...` or set `env.TEST_GIT` in your `config.toml` (see https://doc.rust-lang.org/cargo/reference/config.html)[0m
[INFO] [stdout] 
[INFO] [stdout] Location:
[INFO] [stdout]    [35m/opt/rustwide/cargo-home/registry/src/index.crates.io-6f17d22bba15001f/git-branchless-lib-0.7.0/src/core/config.rs[0m:[35m334[0m
[INFO] [stdout] 
[INFO] [stdout]   ━━━━━━━━━━━━━━━━━━━━━━━━━━━━━━━━━━ BACKTRACE ━━━━━━━━━━━━━━━━━━━━━━━━━━━━━━━━━━━
[INFO] [stdout]   [96m                              ⋮ 5 frames hidden ⋮                               [0m
[INFO] [stdout]    6: [91mbranchless::core::config::env_vars::get_path_to_git::{{closure}}[0m[90m::h922964821c5afc49[0m
[INFO] [stdout]       at [35m/opt/rustwide/cargo-home/registry/src/index.crates.io-6f17d22bba15001f/git-branchless-lib-0.7.0/src/core/config.rs[0m:[35m334[0m
[INFO] [stdout]        332 │     pub fn get_path_to_git() -> eyre::Result<PathBuf> {
[INFO] [stdout]        333 │         let path_to_git = std::env::var_os(TEST_GIT).ok_or_else(|| {
[INFO] [stdout]   [37;1m     334[0m [37;1m>[0m [37;1m            eyre::eyre!([0m
[INFO] [stdout]        335 │                 "No path to Git executable was set. \
[INFO] [stdout]        336 │ Try running as: `{0}=$(which git) cargo test ...` \
[INFO] [stdout]    7: [32mcore::option::Option<T>::ok_or_else[0m[90m::hb89fbe676fdc8547[0m
[INFO] [stdout]       at [35m/rustc/1b7dd2252b99671ce5d1cb9664c5f8636329436d/library/core/src/option.rs[0m:[35m1257[0m
[INFO] [stdout]    8: [91mbranchless::core::config::env_vars::get_path_to_git[0m[90m::h49c3a7c60dac899a[0m
[INFO] [stdout]       at [35m/opt/rustwide/cargo-home/registry/src/index.crates.io-6f17d22bba15001f/git-branchless-lib-0.7.0/src/core/config.rs[0m:[35m333[0m
[INFO] [stdout]        331 │     #[instrument]
[INFO] [stdout]        332 │     pub fn get_path_to_git() -> eyre::Result<PathBuf> {
[INFO] [stdout]   [37;1m     333[0m [37;1m>[0m [37;1m        let path_to_git = std::env::var_os(TEST_GIT).ok_or_else(|| {[0m
[INFO] [stdout]        334 │             eyre::eyre!(
[INFO] [stdout]        335 │                 "No path to Git executable was set. \
[INFO] [stdout]    9: [91mbranchless::testing::make_git[0m[90m::ha0e33537159aef50[0m
[INFO] [stdout]       at [35m/opt/rustwide/cargo-home/registry/src/index.crates.io-6f17d22bba15001f/git-branchless-lib-0.7.0/src/testing.rs[0m:[35m650[0m
[INFO] [stdout]        648 │ 
[INFO] [stdout]        649 │     let repo_dir = tempfile::tempdir()?;
[INFO] [stdout]   [37;1m     650[0m [37;1m>[0m [37;1m    let path_to_git = get_path_to_git()?;[0m
[INFO] [stdout]        651 │     let git_exec_path = get_git_exec_path()?;
[INFO] [stdout]        652 │     let git = Git::new(path_to_git, repo_dir.path().to_path_buf(), git_exec_path);
[INFO] [stdout]   10: [91mtest_record::test_record_insert[0m[90m::h3800b635d9b15d08[0m
[INFO] [stdout]       at [35m/opt/rustwide/workdir/tests/test_record.rs[0m:[35m310[0m
[INFO] [stdout]        308 │ #[test]
[INFO] [stdout]        309 │ fn test_record_insert() -> eyre::Result<()> {
[INFO] [stdout]   [37;1m     310[0m [37;1m>[0m [37;1m    let git = make_git()?;[0m
[INFO] [stdout]        311 │     git.init_repo()?;
[INFO] [stdout]        312 │ 
[INFO] [stdout]   11: [91mtest_record::test_record_insert::{{closure}}[0m[90m::h9aeaf3e0ea108031[0m
[INFO] [stdout]       at [35m/opt/rustwide/workdir/tests/test_record.rs[0m:[35m309[0m
[INFO] [stdout]        307 │ 
[INFO] [stdout]        308 │ #[test]
[INFO] [stdout]   [37;1m     309[0m [37;1m>[0m [37;1mfn test_record_insert() -> eyre::Result<()> {[0m
[INFO] [stdout]        310 │     let git = make_git()?;
[INFO] [stdout]        311 │     git.init_repo()?;
[INFO] [stdout]   12: [32mcore::ops::function::FnOnce::call_once[0m[90m::h66a026ceccbcf182[0m
[INFO] [stdout]       at [35m/rustc/1b7dd2252b99671ce5d1cb9664c5f8636329436d/library/core/src/ops/function.rs[0m:[35m250[0m
[INFO] [stdout]   13: [32mcore::ops::function::FnOnce::call_once[0m[90m::ha6a70e79f7481a7e[0m
[INFO] [stdout]       at [35m/rustc/1b7dd2252b99671ce5d1cb9664c5f8636329436d/library/core/src/ops/function.rs[0m:[35m250[0m
[INFO] [stdout]   14: [32mtest::__rust_begin_short_backtrace[0m[90m::hce33033019b61e69[0m
[INFO] [stdout]       at [35m/rustc/1b7dd2252b99671ce5d1cb9664c5f8636329436d/library/test/src/lib.rs[0m:[35m655[0m
[INFO] [stdout]   15: [32mtest::run_test::{{closure}}[0m[90m::h858d3528838ae3e5[0m
[INFO] [stdout]       at [35m/rustc/1b7dd2252b99671ce5d1cb9664c5f8636329436d/library/test/src/lib.rs[0m:[35m646[0m
[INFO] [stdout]   16: [32mcore::ops::function::FnOnce::call_once{{vtable.shim}}[0m[90m::he8ac2b00f01ae79e[0m
[INFO] [stdout]       at [35m/rustc/1b7dd2252b99671ce5d1cb9664c5f8636329436d/library/core/src/ops/function.rs[0m:[35m250[0m
[INFO] [stdout]   17: [32m<alloc::boxed::Box<F,A> as core::ops::function::FnOnce<Args>>::call_once[0m[90m::h8093d25b522725ef[0m
[INFO] [stdout]       at [35m/rustc/1b7dd2252b99671ce5d1cb9664c5f8636329436d/library/alloc/src/boxed.rs[0m:[35m1973[0m
[INFO] [stdout]   18: [32m<core::panic::unwind_safe::AssertUnwindSafe<F> as core::ops::function::FnOnce<()>>::call_once[0m[90m::h5c334c204e4a3913[0m
[INFO] [stdout]       at [35m/rustc/1b7dd2252b99671ce5d1cb9664c5f8636329436d/library/core/src/panic/unwind_safe.rs[0m:[35m271[0m
[INFO] [stdout]   19: [32mstd::panicking::try::do_call[0m[90m::ha8b740c7b9478074[0m
[INFO] [stdout]       at [35m/rustc/1b7dd2252b99671ce5d1cb9664c5f8636329436d/library/std/src/panicking.rs[0m:[35m485[0m
[INFO] [stdout]   20: [32mstd::panicking::try[0m[90m::h5d34f63d0e41b64e[0m
[INFO] [stdout]       at [35m/rustc/1b7dd2252b99671ce5d1cb9664c5f8636329436d/library/std/src/panicking.rs[0m:[35m449[0m
[INFO] [stdout]   21: [32mstd::panic::catch_unwind[0m[90m::hcfbb511e1aa7fc67[0m
[INFO] [stdout]       at [35m/rustc/1b7dd2252b99671ce5d1cb9664c5f8636329436d/library/std/src/panic.rs[0m:[35m140[0m
[INFO] [stdout]   22: [32mtest::run_test_in_process[0m[90m::h9abda90f802eaf21[0m
[INFO] [stdout]       at [35m/rustc/1b7dd2252b99671ce5d1cb9664c5f8636329436d/library/test/src/lib.rs[0m:[35m678[0m
[INFO] [stdout]   [96m                              ⋮ 14 frames hidden ⋮                              [0m
[INFO] [stdout] 
[INFO] [stdout] Run with COLORBT_SHOW_HIDDEN=1 environment variable to disable frame filtering.
[INFO] [stdout] 
[INFO] [stdout] 
[INFO] [stdout] failures:
[INFO] [stdout]     test_record_create_branch
[INFO] [stdout]     test_record_detach
[INFO] [stdout]     test_record_insert
[INFO] [stdout]     test_record_insert_merge_conflict
[INFO] [stdout]     test_record_insert_obsolete_siblings
[INFO] [stdout]     test_record_insert_rewrite_public_commit
[INFO] [stdout]     test_record_staged_changes
[INFO] [stdout]     test_record_staged_changes_interactive
[INFO] [stdout]     test_record_unstaged_changes
[INFO] [stdout]     test_record_unstaged_changes_interactive
[INFO] [stdout] 
[INFO] [stdout] test result: FAILED. 0 passed; 10 failed; 0 ignored; 0 measured; 0 filtered out; finished in 1.32s
[INFO] [stdout] 
[INFO] [stderr] error: test failed, to rerun pass `--test test_record`
[INFO] running `Command { std: "docker" "inspect" "2407fc8ace31de550297d7cb152d45d62dc5b0014bc96c0d3b32bd836307cab2", kill_on_drop: false }`
[INFO] running `Command { std: "docker" "rm" "-f" "2407fc8ace31de550297d7cb152d45d62dc5b0014bc96c0d3b32bd836307cab2", kill_on_drop: false }`
[INFO] [stdout] 2407fc8ace31de550297d7cb152d45d62dc5b0014bc96c0d3b32bd836307cab2
