[INFO] fetching crate git-branchless-query 0.7.0...
[INFO] testing git-branchless-query-0.7.0 against 1.69.0 for beta-1.70-1
[INFO] extracting crate git-branchless-query 0.7.0 into /workspace/builds/worker-4-tc1/source
[INFO] validating manifest of crates.io crate git-branchless-query 0.7.0 on toolchain 1.69.0
[INFO] running `Command { std: CARGO_HOME="/workspace/cargo-home" RUSTUP_HOME="/workspace/rustup-home" "/workspace/cargo-home/bin/cargo" "+1.69.0" "metadata" "--manifest-path" "Cargo.toml" "--no-deps", kill_on_drop: false }`
[INFO] started tweaking crates.io crate git-branchless-query 0.7.0
[INFO] finished tweaking crates.io crate git-branchless-query 0.7.0
[INFO] tweaked toml for crates.io crate git-branchless-query 0.7.0 written to /workspace/builds/worker-4-tc1/source/Cargo.toml
[INFO] crate crates.io crate git-branchless-query 0.7.0 already has a lockfile, it will not be regenerated
[INFO] running `Command { std: CARGO_HOME="/workspace/cargo-home" RUSTUP_HOME="/workspace/rustup-home" "/workspace/cargo-home/bin/cargo" "+1.69.0" "fetch" "--manifest-path" "Cargo.toml", kill_on_drop: false }`
[INFO] [stderr]     Blocking waiting for file lock on package cache
[INFO] [stderr]  Downloading crates ...
[INFO] [stderr]   Downloaded vt100 v0.15.2
[INFO] [stderr]   Downloaded clap_mangen v0.2.9
[INFO] [stderr]   Downloaded git-branchless-invoke v0.7.0
[INFO] [stderr]   Downloaded scanlex v0.1.4
[INFO] [stderr]   Downloaded chrono-english v0.1.7
[INFO] [stderr]   Downloaded predicates v2.1.5
[INFO] [stderr]   Downloaded git-branchless-opts v0.7.0
[INFO] [stderr]   Downloaded git-branchless-revset v0.7.0
[INFO] [stderr]   Downloaded git-branchless-lib v0.7.0
[INFO] [stderr]   Downloaded tracing-chrome v0.6.0
[INFO] [stderr]   Downloaded cursive v0.20.0
[INFO] [stderr]   Downloaded concolor-query v0.1.0
[INFO] [stderr]   Downloaded assert_cmd v2.0.8
[INFO] [stderr]   Downloaded concolor v0.0.12
[INFO] [stderr]   Downloaded esl01-drawdag v0.1.0
[INFO] [stderr]   Downloaded esl01-indexedlog v0.1.2
[INFO] [stderr]   Downloaded chronoutil v0.2.3
[INFO] [stderr]   Downloaded predicates-core v1.0.5
[INFO] [stderr]   Downloaded termtree v0.4.0
[INFO] [stderr]   Downloaded insta v1.28.0
[INFO] [stderr]   Downloaded bstr v1.3.0
[INFO] [stderr]   Downloaded predicates-tree v1.0.7
[INFO] [stderr]   Downloaded enum-map v2.4.2
[INFO] [stderr]   Downloaded esl01-minibytes v0.2.0
[INFO] [stderr]   Downloaded esl01-vlqencoding v0.1.0
[INFO] [stderr]   Downloaded esl01-dag v0.2.1
[INFO] [stderr]   Downloaded cursive_buffered_backend v0.6.1
[INFO] [stderr]   Downloaded git-record v0.3.0
[INFO] [stderr]   Downloaded ena v0.14.1
[INFO] running `Command { std: "docker" "create" "-v" "/var/lib/crater-agent-workspace/builds/worker-4-tc1/target:/opt/rustwide/target:rw,Z" "-v" "/var/lib/crater-agent-workspace/builds/worker-4-tc1/source:/opt/rustwide/workdir:ro,Z" "-v" "/var/lib/crater-agent-workspace/cargo-home:/opt/rustwide/cargo-home:ro,Z" "-v" "/var/lib/crater-agent-workspace/rustup-home:/opt/rustwide/rustup-home:ro,Z" "-e" "SOURCE_DIR=/opt/rustwide/workdir" "-e" "CARGO_TARGET_DIR=/opt/rustwide/target" "-e" "CARGO_HOME=/opt/rustwide/cargo-home" "-e" "RUSTUP_HOME=/opt/rustwide/rustup-home" "-w" "/opt/rustwide/workdir" "-m" "1610612736" "--user" "0:0" "--network" "none" "ghcr.io/rust-lang/crates-build-env/linux@sha256:5ff2268d62e97bff2cde7d5815dd6ed5b47097566f13b8d0ca110b04b60e07ed" "/opt/rustwide/cargo-home/bin/cargo" "+1.69.0" "metadata" "--no-deps" "--format-version=1", kill_on_drop: false }`
[INFO] [stdout] 2680ea4b88bb6cfa66dfaef0f180b2619279ae215e1cd9fa7ea768cd72e3fe18
[INFO] running `Command { std: "docker" "start" "-a" "2680ea4b88bb6cfa66dfaef0f180b2619279ae215e1cd9fa7ea768cd72e3fe18", kill_on_drop: false }`
[INFO] running `Command { std: "docker" "inspect" "2680ea4b88bb6cfa66dfaef0f180b2619279ae215e1cd9fa7ea768cd72e3fe18", kill_on_drop: false }`
[INFO] running `Command { std: "docker" "rm" "-f" "2680ea4b88bb6cfa66dfaef0f180b2619279ae215e1cd9fa7ea768cd72e3fe18", kill_on_drop: false }`
[INFO] [stdout] 2680ea4b88bb6cfa66dfaef0f180b2619279ae215e1cd9fa7ea768cd72e3fe18
[INFO] running `Command { std: "docker" "create" "-v" "/var/lib/crater-agent-workspace/builds/worker-4-tc1/target:/opt/rustwide/target:rw,Z" "-v" "/var/lib/crater-agent-workspace/builds/worker-4-tc1/source:/opt/rustwide/workdir:ro,Z" "-v" "/var/lib/crater-agent-workspace/cargo-home:/opt/rustwide/cargo-home:ro,Z" "-v" "/var/lib/crater-agent-workspace/rustup-home:/opt/rustwide/rustup-home:ro,Z" "-e" "SOURCE_DIR=/opt/rustwide/workdir" "-e" "CARGO_TARGET_DIR=/opt/rustwide/target" "-e" "CARGO_INCREMENTAL=0" "-e" "RUST_BACKTRACE=full" "-e" "RUSTFLAGS=--cap-lints=warn" "-e" "RUSTDOCFLAGS=--cap-lints=warn" "-e" "CARGO_HOME=/opt/rustwide/cargo-home" "-e" "RUSTUP_HOME=/opt/rustwide/rustup-home" "-w" "/opt/rustwide/workdir" "-m" "1610612736" "--user" "0:0" "--network" "none" "ghcr.io/rust-lang/crates-build-env/linux@sha256:5ff2268d62e97bff2cde7d5815dd6ed5b47097566f13b8d0ca110b04b60e07ed" "/opt/rustwide/cargo-home/bin/cargo" "+1.69.0" "build" "--frozen" "--message-format=json", kill_on_drop: false }`
[INFO] [stdout] a854e42e0e620caa50861cb0919e232fe021b7a81a941aa1607af24894842b69
[INFO] running `Command { std: "docker" "start" "-a" "a854e42e0e620caa50861cb0919e232fe021b7a81a941aa1607af24894842b69", kill_on_drop: false }`
[INFO] [stderr]    Compiling libc v0.2.139
[INFO] [stderr]    Compiling proc-macro2 v1.0.51
[INFO] [stderr]    Compiling unicode-ident v1.0.6
[INFO] [stderr]    Compiling quote v1.0.23
[INFO] [stderr]    Compiling once_cell v1.17.1
[INFO] [stderr]    Compiling syn v1.0.109
[INFO] [stderr]    Compiling version_check v0.9.4
[INFO] [stderr]    Compiling log v0.4.17
[INFO] [stderr]    Compiling smallvec v1.10.0
[INFO] [stderr]    Compiling regex-syntax v0.6.28
[INFO] [stderr]    Compiling crossbeam-utils v0.8.15
[INFO] [stderr]    Compiling num-traits v0.2.15
[INFO] [stderr]    Compiling num-integer v0.1.45
[INFO] [stderr]    Compiling pkg-config v0.3.26
[INFO] [stderr]    Compiling lock_api v0.4.9
[INFO] [stderr]    Compiling aho-corasick v0.7.20
[INFO] [stderr]    Compiling io-lifetimes v1.0.5
[INFO] [stderr]    Compiling tracing-core v0.1.30
[INFO] [stderr]    Compiling parking_lot_core v0.9.7
[INFO] [stderr]    Compiling rustix v0.36.8
[INFO] [stderr]    Compiling either v1.8.1
[INFO] [stderr]    Compiling memoffset v0.8.0
[INFO] [stderr]    Compiling ahash v0.7.6
[INFO] [stderr]    Compiling linux-raw-sys v0.1.4
[INFO] [stderr]    Compiling stable_deref_trait v1.2.0
[INFO] [stderr]    Compiling unicode-width v0.1.10
[INFO] [stderr]    Compiling indexmap v1.9.2
[INFO] [stderr]    Compiling num-rational v0.4.1
[INFO] [stderr]    Compiling crossbeam-channel v0.5.7
[INFO] [stderr]    Compiling num-iter v0.1.43
[INFO] [stderr]    Compiling crossbeam-epoch v0.9.14
[INFO] [stderr]    Compiling serde_derive v1.0.152
[INFO] [stderr]    Compiling itoa v1.0.5
[INFO] [stderr]    Compiling ppv-lite86 v0.2.17
[INFO] [stderr]    Compiling getrandom v0.1.16
[INFO] [stderr]    Compiling ahash v0.8.3
[INFO] [stderr]    Compiling serde v1.0.152
[INFO] [stderr]    Compiling maybe-uninit v2.0.0
[INFO] [stderr]    Compiling signal-hook v0.3.15
[INFO] [stderr]    Compiling tracing-log v0.1.3
[INFO] [stderr]    Compiling itertools v0.10.5
[INFO] [stderr]    Compiling proc-macro-error-attr v1.0.4
[INFO] [stderr]    Compiling thread_local v1.1.7
[INFO] [stderr]    Compiling sharded-slab v0.1.4
[INFO] [stderr]    Compiling num_threads v0.1.6
[INFO] [stderr]    Compiling time-core v0.1.0
[INFO] [stderr]    Compiling num-complex v0.4.3
[INFO] [stderr]    Compiling getrandom v0.2.8
[INFO] [stderr]    Compiling jobserver v0.1.26
[INFO] [stderr]    Compiling signal-hook-registry v1.4.1
[INFO] [stderr]    Compiling ansi_term v0.12.1
[INFO] [stderr]    Compiling cc v1.0.79
[INFO] [stderr]    Compiling parking_lot v0.12.1
[INFO] [stderr]    Compiling rand_core v0.6.4
[INFO] [stderr]    Compiling hashbrown v0.12.3
[INFO] [stderr]    Compiling thiserror v1.0.38
[INFO] [stderr]    Compiling regex v1.7.1
[INFO] [stderr]    Compiling regex-automata v0.1.10
[INFO] [stderr]    Compiling rand_core v0.5.1
[INFO] [stderr]    Compiling rand_chacha v0.3.1
[INFO] [stderr]    Compiling num v0.4.0
[INFO] [stderr]    Compiling crossbeam-deque v0.8.3
[INFO] [stderr]    Compiling time v0.3.20
[INFO] [stderr]    Compiling mio v0.8.6
[INFO] [stderr]    Compiling owning_ref v0.4.1
[INFO] [stderr]    Compiling proc-macro-error v1.0.4
[INFO] [stderr]    Compiling vcpkg v0.2.15
[INFO] [stderr]    Compiling crossbeam-queue v0.3.8
[INFO] [stderr]    Compiling anyhow v1.0.69
[INFO] [stderr]    Compiling xi-unicode v0.3.0
[INFO] [stderr]    Compiling signal-hook-mio v0.2.3
[INFO] [stderr]    Compiling matchers v0.1.0
[INFO] [stderr]    Compiling rand v0.8.5
[INFO] [stderr]    Compiling smallvec v0.6.14
[INFO] [stderr]    Compiling libz-sys v1.1.8
[INFO] [stderr]    Compiling is-terminal v0.4.4
[INFO] [stderr]    Compiling libgit2-sys v0.14.2+1.5.1
[INFO] [stderr]    Compiling backtrace v0.3.67
[INFO] [stderr]    Compiling rand_chacha v0.2.2
[INFO] [stderr]    Compiling memmap v0.7.0
[INFO] [stderr]    Compiling ioctl-rs v0.1.6
[INFO] [stderr]    Compiling dirs-sys-next v0.1.2
[INFO] [stderr]    Compiling serial-core v0.4.0
[INFO] [stderr]    Compiling termios v0.2.2
[INFO] [stderr]    Compiling rand v0.4.6
[INFO] [stderr]    Compiling time v0.1.45
[INFO] [stderr]    Compiling fastrand v1.9.0
[INFO] [stderr]    Compiling static_assertions v1.1.0
[INFO] [stderr]    Compiling cfg-if v0.1.10
[INFO] [stderr]    Compiling libsqlite3-sys v0.25.2
[INFO] [stderr]    Compiling gimli v0.27.2
[INFO] [stderr]    Compiling adler v1.0.2
[INFO] [stderr]    Compiling doc-comment v0.3.3
[INFO] [stderr]    Compiling crunchy v0.2.2
[INFO] [stderr]    Compiling predicates-core v1.0.5
[INFO] [stderr]    Compiling portable-atomic v0.3.19
[INFO] [stderr]    Compiling eyre v0.6.8
[INFO] [stderr]    Compiling iana-time-zone v0.1.53
[INFO] [stderr]    Compiling unicode-bidi v0.3.10
[INFO] [stderr]    Compiling rayon-core v1.10.2
[INFO] [stderr]    Compiling parking_lot_core v0.2.14
[INFO] [stderr]    Compiling chrono v0.4.23
[INFO] [stderr]    Compiling miniz_oxide v0.6.2
[INFO] [stderr]    Compiling tempfile v3.4.0
[INFO] [stderr]    Compiling parking_lot_core v0.7.3
[INFO] [stderr]    Compiling twox-hash v1.6.3
[INFO] [stderr]    Compiling idna v0.3.0
[INFO] [stderr]    Compiling serial-unix v0.4.0
[INFO] [stderr]    Compiling dirs-next v2.0.0
[INFO] [stderr]    Compiling rand v0.7.3
[INFO] [stderr]    Compiling crossterm v0.25.0
[INFO] [stderr]    Compiling fs2 v0.4.3
[INFO] [stderr]    Compiling num_cpus v1.15.0
[INFO] [stderr]    Compiling vte_generate_state_changes v0.1.1
[INFO] [stderr]    Compiling darling_core v0.14.3
[INFO] [stderr]    Compiling owning_ref v0.3.3
[INFO] [stderr]    Compiling object v0.30.3
[INFO] [stderr]    Compiling lock_api v0.3.4
[INFO] [stderr]    Compiling esl01-vlqencoding v0.1.0
[INFO] [stderr]    Compiling termtree v0.4.0
[INFO] [stderr]    Compiling byteorder v1.4.3
[INFO] [stderr]    Compiling difflib v0.4.0
[INFO] [stderr]    Compiling arrayvec v0.7.2
[INFO] [stderr]    Compiling utf8parse v0.2.0
[INFO] [stderr]    Compiling rustc-demangle v0.1.21
[INFO] [stderr]    Compiling indenter v0.3.3
[INFO] [stderr]    Compiling owo-colors v3.5.0
[INFO] [stderr]    Compiling siphasher v0.3.10
[INFO] [stderr]    Compiling hex v0.4.3
[INFO] [stderr]    Compiling tiny-keccak v2.0.2
[INFO] [stderr]    Compiling os_str_bytes v6.4.1
[INFO] [stderr]    Compiling clap_lex v0.3.2
[INFO] [stderr]    Compiling phf_shared v0.10.0
[INFO] [stderr]    Compiling vte v0.11.0
[INFO] [stderr]    Compiling predicates v2.1.5
[INFO] [stderr]    Compiling parking_lot v0.10.2
[INFO] [stderr]    Compiling addr2line v0.19.0
[INFO] [stderr]    Compiling predicates-tree v1.0.7
[INFO] [stderr]    Compiling parking_lot v0.4.8
[INFO] [stderr]    Compiling url v2.3.1
[INFO] [stderr]    Compiling crossbeam v0.8.2
[INFO] [stderr]    Compiling term v0.7.0
[INFO] [stderr]    Compiling serial v0.4.0
[INFO] [stderr]    Compiling bstr v1.3.0
[INFO] [stderr]    Compiling unicode-linebreak v0.1.4
[INFO] [stderr]    Compiling hashlink v0.8.1
[INFO] [stderr]    Compiling console v0.15.5
[INFO] [stderr]    Compiling wait-timeout v0.2.0
[INFO] [stderr]    Compiling itertools v0.8.2
[INFO] [stderr]    Compiling precomputed-hash v0.1.1
[INFO] [stderr]    Compiling bit-vec v0.6.3
[INFO] [stderr]    Compiling smawk v0.3.1
[INFO] [stderr]    Compiling termcolor v1.2.0
[INFO] [stderr]    Compiling shell-words v1.1.0
[INFO] [stderr]    Compiling json v0.12.4
[INFO] [stderr]    Compiling concolor-query v0.1.0
[INFO] [stderr]    Compiling fallible-iterator v0.2.0
[INFO] [stderr]    Compiling number_prefix v0.4.0
[INFO] [stderr]    Compiling new_debug_unreachable v1.0.4
[INFO] [stderr]    Compiling fallible-streaming-iterator v0.1.9
[INFO] [stderr]    Compiling fixedbitset v0.4.2
[INFO] [stderr]    Compiling esl01-drawdag v0.1.0
[INFO] [stderr]    Compiling indicatif v0.17.3
[INFO] [stderr]    Compiling string_cache v0.8.4
[INFO] [stderr]    Compiling concolor v0.0.12
[INFO] [stderr]    Compiling rayon v1.6.1
[INFO] [stderr]    Compiling petgraph v0.6.3
[INFO] [stderr]    Compiling bit-set v0.5.3
[INFO] [stderr]    Compiling assert_cmd v2.0.8
[INFO] [stderr]    Compiling ascii-canvas v3.0.0
[INFO] [stderr]    Compiling vt100 v0.15.2
[INFO] [stderr]    Compiling chashmap v2.2.2
[INFO] [stderr]    Compiling lalrpop-util v0.19.8
[INFO] [stderr]    Compiling atty v0.2.14
[INFO] [stderr]    Compiling ena v0.14.1
[INFO] [stderr]    Compiling diff v0.1.13
[INFO] [stderr]    Compiling unicode-xid v0.2.4
[INFO] [stderr]    Compiling tracing-attributes v0.1.23
[INFO] [stderr]    Compiling darling_macro v0.14.3
[INFO] [stderr]    Compiling enum-map-derive v0.11.0
[INFO] [stderr]    Compiling thiserror-impl v1.0.38
[INFO] [stderr]    Compiling clap_derive v4.1.8
[INFO] [stderr]    Compiling roff v0.2.1
[INFO] [stderr]    Compiling pico-args v0.4.2
[INFO] [stderr]    Compiling serde_json v1.0.93
[INFO] [stderr]    Compiling ryu v1.0.12
[INFO] [stderr]    Compiling scanlex v0.1.4
[INFO] [stderr]    Compiling chronoutil v0.2.3
[INFO] [stderr]    Compiling enum-map v2.4.2
[INFO] [stderr]    Compiling darling v0.14.3
[INFO] [stderr]    Compiling lalrpop v0.19.8
[INFO] [stderr]    Compiling chrono-english v0.1.7
[INFO] [stderr]    Compiling enumset_derive v0.6.1
[INFO] [stderr]    Compiling glob v0.3.1
[INFO] [stderr]    Compiling textwrap v0.16.0
[INFO] [stderr]    Compiling enumset v1.0.12
[INFO] [stderr]    Compiling clap v4.1.8
[INFO] [stderr]    Compiling tracing v0.1.37
[INFO] [stderr]    Compiling filedescriptor v0.8.2
[INFO] [stderr]    Compiling cursive_core v0.3.7
[INFO] [stderr]    Compiling tracing-subscriber v0.3.11
[INFO] [stderr]    Compiling portable-pty v0.7.0
[INFO] [stderr]    Compiling rusqlite v0.28.0
[INFO] [stderr]    Compiling tracing-error v0.2.0
[INFO] [stderr]    Compiling tracing-chrome v0.6.0
[INFO] [stderr]    Compiling color-spantrace v0.2.0
[INFO] [stderr]    Compiling color-eyre v0.6.2
[INFO] [stderr]    Compiling cursive v0.20.0
[INFO] [stderr]    Compiling cursive_buffered_backend v0.6.1
[INFO] [stderr]    Compiling clap_mangen v0.2.9
[INFO] [stderr]    Compiling git-record v0.3.0
[INFO] [stderr]    Compiling git2 v0.16.1
[INFO] [stderr]    Compiling esl01-minibytes v0.2.0
[INFO] [stderr]    Compiling esl01-indexedlog v0.1.2
[INFO] [stderr]    Compiling esl01-dag v0.2.1
[INFO] [stderr]    Compiling git-branchless-lib v0.7.0
[INFO] [stderr]    Compiling git-branchless-revset v0.7.0
[INFO] [stderr]    Compiling git-branchless-opts v0.7.0
[INFO] [stderr]    Compiling git-branchless-invoke v0.7.0
[INFO] [stderr]    Compiling git-branchless-query v0.7.0 (/opt/rustwide/workdir)
[INFO] [stderr]     Finished dev [unoptimized + debuginfo] target(s) in 1m 23s
[INFO] [stderr] warning: the following packages contain code that will be rejected by a future version of Rust: lalrpop v0.19.8
[INFO] [stderr] note: to see what the problems were, use the option `--future-incompat-report`, or run `cargo report future-incompatibilities --id 2`
[INFO] running `Command { std: "docker" "inspect" "a854e42e0e620caa50861cb0919e232fe021b7a81a941aa1607af24894842b69", kill_on_drop: false }`
[INFO] running `Command { std: "docker" "rm" "-f" "a854e42e0e620caa50861cb0919e232fe021b7a81a941aa1607af24894842b69", kill_on_drop: false }`
[INFO] [stdout] a854e42e0e620caa50861cb0919e232fe021b7a81a941aa1607af24894842b69
[INFO] running `Command { std: "docker" "create" "-v" "/var/lib/crater-agent-workspace/builds/worker-4-tc1/target:/opt/rustwide/target:rw,Z" "-v" "/var/lib/crater-agent-workspace/builds/worker-4-tc1/source:/opt/rustwide/workdir:ro,Z" "-v" "/var/lib/crater-agent-workspace/cargo-home:/opt/rustwide/cargo-home:ro,Z" "-v" "/var/lib/crater-agent-workspace/rustup-home:/opt/rustwide/rustup-home:ro,Z" "-e" "SOURCE_DIR=/opt/rustwide/workdir" "-e" "CARGO_TARGET_DIR=/opt/rustwide/target" "-e" "CARGO_INCREMENTAL=0" "-e" "RUST_BACKTRACE=full" "-e" "RUSTFLAGS=--cap-lints=warn" "-e" "RUSTDOCFLAGS=--cap-lints=warn" "-e" "CARGO_HOME=/opt/rustwide/cargo-home" "-e" "RUSTUP_HOME=/opt/rustwide/rustup-home" "-w" "/opt/rustwide/workdir" "-m" "1610612736" "--user" "0:0" "--network" "none" "ghcr.io/rust-lang/crates-build-env/linux@sha256:5ff2268d62e97bff2cde7d5815dd6ed5b47097566f13b8d0ca110b04b60e07ed" "/opt/rustwide/cargo-home/bin/cargo" "+1.69.0" "test" "--frozen" "--no-run" "--message-format=json", kill_on_drop: false }`
[INFO] [stdout] 134f817fb21ef34d1eef028ba33f670678b7765c99189f422361c2f7f964454b
[INFO] running `Command { std: "docker" "start" "-a" "134f817fb21ef34d1eef028ba33f670678b7765c99189f422361c2f7f964454b", kill_on_drop: false }`
[INFO] [stderr]    Compiling linked-hash-map v0.5.6
[INFO] [stderr]    Compiling similar v2.2.1
[INFO] [stderr]    Compiling yaml-rust v0.4.5
[INFO] [stderr]    Compiling insta v1.28.0
[INFO] [stderr]    Compiling git-branchless-query v0.7.0 (/opt/rustwide/workdir)
[INFO] [stderr]     Finished test [unoptimized + debuginfo] target(s) in 10.47s
[INFO] [stderr] warning: the following packages contain code that will be rejected by a future version of Rust: lalrpop v0.19.8
[INFO] [stderr] note: to see what the problems were, use the option `--future-incompat-report`, or run `cargo report future-incompatibilities --id 2`
[INFO] running `Command { std: "docker" "inspect" "134f817fb21ef34d1eef028ba33f670678b7765c99189f422361c2f7f964454b", kill_on_drop: false }`
[INFO] running `Command { std: "docker" "rm" "-f" "134f817fb21ef34d1eef028ba33f670678b7765c99189f422361c2f7f964454b", kill_on_drop: false }`
[INFO] [stdout] 134f817fb21ef34d1eef028ba33f670678b7765c99189f422361c2f7f964454b
[INFO] running `Command { std: "docker" "create" "-v" "/var/lib/crater-agent-workspace/builds/worker-4-tc1/target:/opt/rustwide/target:rw,Z" "-v" "/var/lib/crater-agent-workspace/builds/worker-4-tc1/source:/opt/rustwide/workdir:ro,Z" "-v" "/var/lib/crater-agent-workspace/cargo-home:/opt/rustwide/cargo-home:ro,Z" "-v" "/var/lib/crater-agent-workspace/rustup-home:/opt/rustwide/rustup-home:ro,Z" "-e" "SOURCE_DIR=/opt/rustwide/workdir" "-e" "CARGO_TARGET_DIR=/opt/rustwide/target" "-e" "CARGO_INCREMENTAL=0" "-e" "RUST_BACKTRACE=full" "-e" "RUSTFLAGS=--cap-lints=warn" "-e" "RUSTDOCFLAGS=--cap-lints=warn" "-e" "CARGO_HOME=/opt/rustwide/cargo-home" "-e" "RUSTUP_HOME=/opt/rustwide/rustup-home" "-w" "/opt/rustwide/workdir" "-m" "1610612736" "--user" "0:0" "--network" "none" "ghcr.io/rust-lang/crates-build-env/linux@sha256:5ff2268d62e97bff2cde7d5815dd6ed5b47097566f13b8d0ca110b04b60e07ed" "/opt/rustwide/cargo-home/bin/cargo" "+1.69.0" "test" "--frozen", kill_on_drop: false }`
[INFO] [stdout] b10c6ff4e3201b29c95aff9ab7ec2a07888223243062bed7ced8fcc3486ae8bb
[INFO] running `Command { std: "docker" "start" "-a" "b10c6ff4e3201b29c95aff9ab7ec2a07888223243062bed7ced8fcc3486ae8bb", kill_on_drop: false }`
[INFO] [stderr]     Blocking waiting for file lock on package cache
[INFO] [stderr]     Finished test [unoptimized + debuginfo] target(s) in 0.52s
[INFO] [stderr] warning: the following packages contain code that will be rejected by a future version of Rust: lalrpop v0.19.8
[INFO] [stderr] note: to see what the problems were, use the option `--future-incompat-report`, or run `cargo report future-incompatibilities --id 2`
[INFO] [stderr]      Running unittests src/lib.rs (/opt/rustwide/target/debug/deps/git_branchless_query-5e58756af6a10ef5)
[INFO] [stdout] 
[INFO] [stdout] running 0 tests
[INFO] [stdout] 
[INFO] [stdout] test result: ok. 0 passed; 0 failed; 0 ignored; 0 measured; 0 filtered out; finished in 0.00s
[INFO] [stdout] 
[INFO] [stderr]      Running unittests src/main.rs (/opt/rustwide/target/debug/deps/git_branchless_query-6860b747a0e0025d)
[INFO] [stdout] 
[INFO] [stdout] running 0 tests
[INFO] [stdout] 
[INFO] [stdout] test result: ok. 0 passed; 0 failed; 0 ignored; 0 measured; 0 filtered out; finished in 0.00s
[INFO] [stdout] 
[INFO] [stderr]      Running tests/test_query.rs (/opt/rustwide/target/debug/deps/test_query-447a0551eb45bec1)
[INFO] [stdout] 
[INFO] [stdout] running 6 tests
[INFO] [stdout] test test_query_hidden_commits ... FAILED
[INFO] [stdout] test test_query_parse_error ... FAILED
[INFO] [stdout] test test_query ... FAILED
[INFO] [stdout] test test_query_eval_error ... FAILED
[INFO] [stdout] test test_query_legacy_git_syntax ... FAILED
[INFO] [stdout] test test_query_branches ... FAILED
[INFO] [stdout] 
[INFO] [stdout] failures:
[INFO] [stdout] 
[INFO] [stdout] ---- test_query_hidden_commits stdout ----
[INFO] [stdout] Error: 
[INFO] [stdout]    0: [91mNo path to Git executable was set. Try running as: `TEST_GIT=$(which git) cargo test ...` or set `env.TEST_GIT` in your `config.toml` (see https://doc.rust-lang.org/cargo/reference/config.html)[0m
[INFO] [stdout] 
[INFO] [stdout] Location:
[INFO] [stdout]    [35m/opt/rustwide/cargo-home/registry/src/github.com-1ecc6299db9ec823/git-branchless-lib-0.7.0/src/core/config.rs[0m:[35m334[0m
[INFO] [stdout] 
[INFO] [stdout]   ━━━━━━━━━━━━━━━━━━━━━━━━━━━━━━━━━━ BACKTRACE ━━━━━━━━━━━━━━━━━━━━━━━━━━━━━━━━━━━
[INFO] [stdout]   [96m                              ⋮ 5 frames hidden ⋮                               [0m
[INFO] [stdout]    6: [91mbranchless::core::config::env_vars::get_path_to_git::{{closure}}[0m[90m::h08f8c131ad752995[0m
[INFO] [stdout]       at [35m/opt/rustwide/cargo-home/registry/src/github.com-1ecc6299db9ec823/git-branchless-lib-0.7.0/src/core/config.rs[0m:[35m334[0m
[INFO] [stdout]        332 │     pub fn get_path_to_git() -> eyre::Result<PathBuf> {
[INFO] [stdout]        333 │         let path_to_git = std::env::var_os(TEST_GIT).ok_or_else(|| {
[INFO] [stdout]   [37;1m     334[0m [37;1m>[0m [37;1m            eyre::eyre!([0m
[INFO] [stdout]        335 │                 "No path to Git executable was set. \
[INFO] [stdout]        336 │ Try running as: `{0}=$(which git) cargo test ...` \
[INFO] [stdout]    7: [32mcore::option::Option<T>::ok_or_else[0m[90m::hb26fa8c81a6ab326[0m
[INFO] [stdout]       at [35m/rustc/84c898d65adf2f39a5a98507f1fe0ce10a2b8dbc/library/core/src/option.rs[0m:[35m1249[0m
[INFO] [stdout]    8: [91mbranchless::core::config::env_vars::get_path_to_git[0m[90m::h600e3ee03f87b390[0m
[INFO] [stdout]       at [35m/opt/rustwide/cargo-home/registry/src/github.com-1ecc6299db9ec823/git-branchless-lib-0.7.0/src/core/config.rs[0m:[35m333[0m
[INFO] [stdout]        331 │     #[instrument]
[INFO] [stdout]        332 │     pub fn get_path_to_git() -> eyre::Result<PathBuf> {
[INFO] [stdout]   [37;1m     333[0m [37;1m>[0m [37;1m        let path_to_git = std::env::var_os(TEST_GIT).ok_or_else(|| {[0m
[INFO] [stdout]        334 │             eyre::eyre!(
[INFO] [stdout]        335 │                 "No path to Git executable was set. \
[INFO] [stdout]    9: [91mbranchless::testing::make_git[0m[90m::h92ae309746586943[0m
[INFO] [stdout]       at [35m/opt/rustwide/cargo-home/registry/src/github.com-1ecc6299db9ec823/git-branchless-lib-0.7.0/src/testing.rs[0m:[35m650[0m
[INFO] [stdout]        648 │ 
[INFO] [stdout]        649 │     let repo_dir = tempfile::tempdir()?;
[INFO] [stdout]   [37;1m     650[0m [37;1m>[0m [37;1m    let path_to_git = get_path_to_git()?;[0m
[INFO] [stdout]        651 │     let git_exec_path = get_git_exec_path()?;
[INFO] [stdout]        652 │     let git = Git::new(path_to_git, repo_dir.path().to_path_buf(), git_exec_path);
[INFO] [stdout]   10: [91mtest_query::test_query_hidden_commits[0m[90m::hb9b52345ee2ac58d[0m
[INFO] [stdout]       at [35m/opt/rustwide/workdir/tests/test_query.rs[0m:[35m181[0m
[INFO] [stdout]        179 │ #[test]
[INFO] [stdout]        180 │ fn test_query_hidden_commits() -> eyre::Result<()> {
[INFO] [stdout]   [37;1m     181[0m [37;1m>[0m [37;1m    let git = make_git()?;[0m
[INFO] [stdout]        182 │     git.init_repo()?;
[INFO] [stdout]        183 │ 
[INFO] [stdout]   11: [91mtest_query::test_query_hidden_commits::{{closure}}[0m[90m::hbab484f153fec4d3[0m
[INFO] [stdout]       at [35m/opt/rustwide/workdir/tests/test_query.rs[0m:[35m180[0m
[INFO] [stdout]        178 │ 
[INFO] [stdout]        179 │ #[test]
[INFO] [stdout]   [37;1m     180[0m [37;1m>[0m [37;1mfn test_query_hidden_commits() -> eyre::Result<()> {[0m
[INFO] [stdout]        181 │     let git = make_git()?;
[INFO] [stdout]        182 │     git.init_repo()?;
[INFO] [stdout]   12: [32mcore::ops::function::FnOnce::call_once[0m[90m::hcc8b097fc3d43870[0m
[INFO] [stdout]       at [35m/rustc/84c898d65adf2f39a5a98507f1fe0ce10a2b8dbc/library/core/src/ops/function.rs[0m:[35m250[0m
[INFO] [stdout]   13: [32mcore::ops::function::FnOnce::call_once[0m[90m::h7d969581be7d0075[0m
[INFO] [stdout]       at [35m/rustc/84c898d65adf2f39a5a98507f1fe0ce10a2b8dbc/library/core/src/ops/function.rs[0m:[35m250[0m
[INFO] [stdout]   14: [32mtest::__rust_begin_short_backtrace[0m[90m::hca25a52684e56655[0m
[INFO] [stdout]       at [35m/rustc/84c898d65adf2f39a5a98507f1fe0ce10a2b8dbc/library/test/src/lib.rs[0m:[35m656[0m
[INFO] [stdout]   15: [32mtest::run_test::{{closure}}[0m[90m::ha8ac744c4af1a4bb[0m
[INFO] [stdout]       at [35m/rustc/84c898d65adf2f39a5a98507f1fe0ce10a2b8dbc/library/test/src/lib.rs[0m:[35m647[0m
[INFO] [stdout]   16: [32mcore::ops::function::FnOnce::call_once{{vtable.shim}}[0m[90m::h7b411a9ed45bdecf[0m
[INFO] [stdout]       at [35m/rustc/84c898d65adf2f39a5a98507f1fe0ce10a2b8dbc/library/core/src/ops/function.rs[0m:[35m250[0m
[INFO] [stdout]   17: [32m<alloc::boxed::Box<F,A> as core::ops::function::FnOnce<Args>>::call_once[0m[90m::hd05328869a8ed200[0m
[INFO] [stdout]       at [35m/rustc/84c898d65adf2f39a5a98507f1fe0ce10a2b8dbc/library/alloc/src/boxed.rs[0m:[35m1987[0m
[INFO] [stdout]   18: [32m<core::panic::unwind_safe::AssertUnwindSafe<F> as core::ops::function::FnOnce<()>>::call_once[0m[90m::h0c601ce20bd5b2be[0m
[INFO] [stdout]       at [35m/rustc/84c898d65adf2f39a5a98507f1fe0ce10a2b8dbc/library/core/src/panic/unwind_safe.rs[0m:[35m271[0m
[INFO] [stdout]   19: [32mstd::panicking::try::do_call[0m[90m::ha4be5c164fe30854[0m
[INFO] [stdout]       at [35m/rustc/84c898d65adf2f39a5a98507f1fe0ce10a2b8dbc/library/std/src/panicking.rs[0m:[35m487[0m
[INFO] [stdout]   20: [32mstd::panicking::try[0m[90m::h604546f3609af05f[0m
[INFO] [stdout]       at [35m/rustc/84c898d65adf2f39a5a98507f1fe0ce10a2b8dbc/library/std/src/panicking.rs[0m:[35m451[0m
[INFO] [stdout]   21: [32mstd::panic::catch_unwind[0m[90m::h5bfa8afe44c9c2f9[0m
[INFO] [stdout]       at [35m/rustc/84c898d65adf2f39a5a98507f1fe0ce10a2b8dbc/library/std/src/panic.rs[0m:[35m140[0m
[INFO] [stdout]   22: [32mtest::run_test_in_process[0m[90m::hd50dee55dd63e6aa[0m
[INFO] [stdout]       at [35m/rustc/84c898d65adf2f39a5a98507f1fe0ce10a2b8dbc/library/test/src/lib.rs[0m:[35m679[0m
[INFO] [stdout]   [96m                              ⋮ 14 frames hidden ⋮                              [0m
[INFO] [stdout] 
[INFO] [stdout] Run with COLORBT_SHOW_HIDDEN=1 environment variable to disable frame filtering.
[INFO] [stdout] 
[INFO] [stdout] ---- test_query_parse_error stdout ----
[INFO] [stdout] Error: 
[INFO] [stdout]    0: [91mNo path to Git executable was set. Try running as: `TEST_GIT=$(which git) cargo test ...` or set `env.TEST_GIT` in your `config.toml` (see https://doc.rust-lang.org/cargo/reference/config.html)[0m
[INFO] [stdout] 
[INFO] [stdout] Location:
[INFO] [stdout]    [35m/opt/rustwide/cargo-home/registry/src/github.com-1ecc6299db9ec823/git-branchless-lib-0.7.0/src/core/config.rs[0m:[35m334[0m
[INFO] [stdout] 
[INFO] [stdout]   ━━━━━━━━━━━━━━━━━━━━━━━━━━━━━━━━━━ BACKTRACE ━━━━━━━━━━━━━━━━━━━━━━━━━━━━━━━━━━━
[INFO] [stdout]   [96m                              ⋮ 5 frames hidden ⋮                               [0m
[INFO] [stdout]    6: [91mbranchless::core::config::env_vars::get_path_to_git::{{closure}}[0m[90m::h08f8c131ad752995[0m
[INFO] [stdout]       at [35m/opt/rustwide/cargo-home/registry/src/github.com-1ecc6299db9ec823/git-branchless-lib-0.7.0/src/core/config.rs[0m:[35m334[0m
[INFO] [stdout]        332 │     pub fn get_path_to_git() -> eyre::Result<PathBuf> {
[INFO] [stdout]        333 │         let path_to_git = std::env::var_os(TEST_GIT).ok_or_else(|| {
[INFO] [stdout]   [37;1m     334[0m [37;1m>[0m [37;1m            eyre::eyre!([0m
[INFO] [stdout]        335 │                 "No path to Git executable was set. \
[INFO] [stdout]        336 │ Try running as: `{0}=$(which git) cargo test ...` \
[INFO] [stdout]    7: [32mcore::option::Option<T>::ok_or_else[0m[90m::hb26fa8c81a6ab326[0m
[INFO] [stdout]       at [35m/rustc/84c898d65adf2f39a5a98507f1fe0ce10a2b8dbc/library/core/src/option.rs[0m:[35m1249[0m
[INFO] [stdout]    8: [91mbranchless::core::config::env_vars::get_path_to_git[0m[90m::h600e3ee03f87b390[0m
[INFO] [stdout]       at [35m/opt/rustwide/cargo-home/registry/src/github.com-1ecc6299db9ec823/git-branchless-lib-0.7.0/src/core/config.rs[0m:[35m333[0m
[INFO] [stdout]        331 │     #[instrument]
[INFO] [stdout]        332 │     pub fn get_path_to_git() -> eyre::Result<PathBuf> {
[INFO] [stdout]   [37;1m     333[0m [37;1m>[0m [37;1m        let path_to_git = std::env::var_os(TEST_GIT).ok_or_else(|| {[0m
[INFO] [stdout]        334 │             eyre::eyre!(
[INFO] [stdout]        335 │                 "No path to Git executable was set. \
[INFO] [stdout]    9: [91mbranchless::testing::make_git[0m[90m::h92ae309746586943[0m
[INFO] [stdout]       at [35m/opt/rustwide/cargo-home/registry/src/github.com-1ecc6299db9ec823/git-branchless-lib-0.7.0/src/testing.rs[0m:[35m650[0m
[INFO] [stdout]        648 │ 
[INFO] [stdout]        649 │     let repo_dir = tempfile::tempdir()?;
[INFO] [stdout]   [37;1m     650[0m [37;1m>[0m [37;1m    let path_to_git = get_path_to_git()?;[0m
[INFO] [stdout]        651 │     let git_exec_path = get_git_exec_path()?;
[INFO] [stdout]        652 │     let git = Git::new(path_to_git, repo_dir.path().to_path_buf(), git_exec_path);
[INFO] [stdout]   10: [91mtest_query::test_query_parse_error[0m[90m::h6defad7b36ae4599[0m
[INFO] [stdout]       at [35m/opt/rustwide/workdir/tests/test_query.rs[0m:[35m35[0m
[INFO] [stdout]         33 │ #[test]
[INFO] [stdout]         34 │ fn test_query_parse_error() -> eyre::Result<()> {
[INFO] [stdout]   [37;1m      35[0m [37;1m>[0m [37;1m    let git = make_git()?;[0m
[INFO] [stdout]         36 │     git.init_repo()?;
[INFO] [stdout]         37 │ 
[INFO] [stdout]   11: [91mtest_query::test_query_parse_error::{{closure}}[0m[90m::h86e89c4bd4a1c1ef[0m
[INFO] [stdout]       at [35m/opt/rustwide/workdir/tests/test_query.rs[0m:[35m34[0m
[INFO] [stdout]         32 │ 
[INFO] [stdout]         33 │ #[test]
[INFO] [stdout]   [37;1m      34[0m [37;1m>[0m [37;1mfn test_query_parse_error() -> eyre::Result<()> {[0m
[INFO] [stdout]         35 │     let git = make_git()?;
[INFO] [stdout]         36 │     git.init_repo()?;
[INFO] [stdout]   12: [32mcore::ops::function::FnOnce::call_once[0m[90m::hb192bc6875fa40a0[0m
[INFO] [stdout]       at [35m/rustc/84c898d65adf2f39a5a98507f1fe0ce10a2b8dbc/library/core/src/ops/function.rs[0m:[35m250[0m
[INFO] [stdout]   13: [32mcore::ops::function::FnOnce::call_once[0m[90m::h7d969581be7d0075[0m
[INFO] [stdout]       at [35m/rustc/84c898d65adf2f39a5a98507f1fe0ce10a2b8dbc/library/core/src/ops/function.rs[0m:[35m250[0m
[INFO] [stdout]   14: [32mtest::__rust_begin_short_backtrace[0m[90m::hca25a52684e56655[0m
[INFO] [stdout]       at [35m/rustc/84c898d65adf2f39a5a98507f1fe0ce10a2b8dbc/library/test/src/lib.rs[0m:[35m656[0m
[INFO] [stdout]   15: [32mtest::run_test::{{closure}}[0m[90m::ha8ac744c4af1a4bb[0m
[INFO] [stdout]       at [35m/rustc/84c898d65adf2f39a5a98507f1fe0ce10a2b8dbc/library/test/src/lib.rs[0m:[35m647[0m
[INFO] [stdout]   16: [32mcore::ops::function::FnOnce::call_once{{vtable.shim}}[0m[90m::h7b411a9ed45bdecf[0m
[INFO] [stdout]       at [35m/rustc/84c898d65adf2f39a5a98507f1fe0ce10a2b8dbc/library/core/src/ops/function.rs[0m:[35m250[0m
[INFO] [stdout]   17: [32m<alloc::boxed::Box<F,A> as core::ops::function::FnOnce<Args>>::call_once[0m[90m::hd05328869a8ed200[0m
[INFO] [stdout]       at [35m/rustc/84c898d65adf2f39a5a98507f1fe0ce10a2b8dbc/library/alloc/src/boxed.rs[0m:[35m1987[0m
[INFO] [stdout]   18: [32m<core::panic::unwind_safe::AssertUnwindSafe<F> as core::ops::function::FnOnce<()>>::call_once[0m[90m::h0c601ce20bd5b2be[0m
[INFO] [stdout]       at [35m/rustc/84c898d65adf2f39a5a98507f1fe0ce10a2b8dbc/library/core/src/panic/unwind_safe.rs[0m:[35m271[0m
[INFO] [stdout]   19: [32mstd::panicking::try::do_call[0m[90m::ha4be5c164fe30854[0m
[INFO] [stdout]       at [35m/rustc/84c898d65adf2f39a5a98507f1fe0ce10a2b8dbc/library/std/src/panicking.rs[0m:[35m487[0m
[INFO] [stdout]   20: [32mstd::panicking::try[0m[90m::h604546f3609af05f[0m
[INFO] [stdout]       at [35m/rustc/84c898d65adf2f39a5a98507f1fe0ce10a2b8dbc/library/std/src/panicking.rs[0m:[35m451[0m
[INFO] [stdout]   21: [32mstd::panic::catch_unwind[0m[90m::h5bfa8afe44c9c2f9[0m
[INFO] [stdout]       at [35m/rustc/84c898d65adf2f39a5a98507f1fe0ce10a2b8dbc/library/std/src/panic.rs[0m:[35m140[0m
[INFO] [stdout]   22: [32mtest::run_test_in_process[0m[90m::hd50dee55dd63e6aa[0m
[INFO] [stdout]       at [35m/rustc/84c898d65adf2f39a5a98507f1fe0ce10a2b8dbc/library/test/src/lib.rs[0m:[35m679[0m
[INFO] [stdout]   [96m                              ⋮ 14 frames hidden ⋮                              [0m
[INFO] [stdout] 
[INFO] [stdout] Run with COLORBT_SHOW_HIDDEN=1 environment variable to disable frame filtering.
[INFO] [stdout] 
[INFO] [stdout] ---- test_query stdout ----
[INFO] [stdout] Error: 
[INFO] [stdout]    0: [91mNo path to Git executable was set. Try running as: `TEST_GIT=$(which git) cargo test ...` or set `env.TEST_GIT` in your `config.toml` (see https://doc.rust-lang.org/cargo/reference/config.html)[0m
[INFO] [stdout] 
[INFO] [stdout] Location:
[INFO] [stdout]    [35m/opt/rustwide/cargo-home/registry/src/github.com-1ecc6299db9ec823/git-branchless-lib-0.7.0/src/core/config.rs[0m:[35m334[0m
[INFO] [stdout] 
[INFO] [stdout]   ━━━━━━━━━━━━━━━━━━━━━━━━━━━━━━━━━━ BACKTRACE ━━━━━━━━━━━━━━━━━━━━━━━━━━━━━━━━━━━
[INFO] [stdout]   [96m                              ⋮ 5 frames hidden ⋮                               [0m
[INFO] [stdout]    6: [91mbranchless::core::config::env_vars::get_path_to_git::{{closure}}[0m[90m::h08f8c131ad752995[0m
[INFO] [stdout]       at [35m/opt/rustwide/cargo-home/registry/src/github.com-1ecc6299db9ec823/git-branchless-lib-0.7.0/src/core/config.rs[0m:[35m334[0m
[INFO] [stdout]        332 │     pub fn get_path_to_git() -> eyre::Result<PathBuf> {
[INFO] [stdout]        333 │         let path_to_git = std::env::var_os(TEST_GIT).ok_or_else(|| {
[INFO] [stdout]   [37;1m     334[0m [37;1m>[0m [37;1m            eyre::eyre!([0m
[INFO] [stdout]        335 │                 "No path to Git executable was set. \
[INFO] [stdout]        336 │ Try running as: `{0}=$(which git) cargo test ...` \
[INFO] [stdout]    7: [32mcore::option::Option<T>::ok_or_else[0m[90m::hb26fa8c81a6ab326[0m
[INFO] [stdout]       at [35m/rustc/84c898d65adf2f39a5a98507f1fe0ce10a2b8dbc/library/core/src/option.rs[0m:[35m1249[0m
[INFO] [stdout]    8: [91mbranchless::core::config::env_vars::get_path_to_git[0m[90m::h600e3ee03f87b390[0m
[INFO] [stdout]       at [35m/opt/rustwide/cargo-home/registry/src/github.com-1ecc6299db9ec823/git-branchless-lib-0.7.0/src/core/config.rs[0m:[35m333[0m
[INFO] [stdout]        331 │     #[instrument]
[INFO] [stdout]        332 │     pub fn get_path_to_git() -> eyre::Result<PathBuf> {
[INFO] [stdout]   [37;1m     333[0m [37;1m>[0m [37;1m        let path_to_git = std::env::var_os(TEST_GIT).ok_or_else(|| {[0m
[INFO] [stdout]        334 │             eyre::eyre!(
[INFO] [stdout]        335 │                 "No path to Git executable was set. \
[INFO] [stdout]    9: [91mbranchless::testing::make_git[0m[90m::h92ae309746586943[0m
[INFO] [stdout]       at [35m/opt/rustwide/cargo-home/registry/src/github.com-1ecc6299db9ec823/git-branchless-lib-0.7.0/src/testing.rs[0m:[35m650[0m
[INFO] [stdout]        648 │ 
[INFO] [stdout]        649 │     let repo_dir = tempfile::tempdir()?;
[INFO] [stdout]   [37;1m     650[0m [37;1m>[0m [37;1m    let path_to_git = get_path_to_git()?;[0m
[INFO] [stdout]        651 │     let git_exec_path = get_git_exec_path()?;
[INFO] [stdout]        652 │     let git = Git::new(path_to_git, repo_dir.path().to_path_buf(), git_exec_path);
[INFO] [stdout]   10: [91mtest_query::test_query[0m[90m::h3808d23c2191acfd[0m
[INFO] [stdout]       at [35m/opt/rustwide/workdir/tests/test_query.rs[0m:[35m5[0m
[INFO] [stdout]          3 │ #[test]
[INFO] [stdout]          4 │ fn test_query() -> eyre::Result<()> {
[INFO] [stdout]   [37;1m       5[0m [37;1m>[0m [37;1m    let git = make_git()?;[0m
[INFO] [stdout]          6 │     git.init_repo()?;
[INFO] [stdout]          7 │ 
[INFO] [stdout]   11: [91mtest_query::test_query::{{closure}}[0m[90m::h35456fbaaf441ae1[0m
[INFO] [stdout]       at [35m/opt/rustwide/workdir/tests/test_query.rs[0m:[35m4[0m
[INFO] [stdout]          2 │ 
[INFO] [stdout]          3 │ #[test]
[INFO] [stdout]   [37;1m       4[0m [37;1m>[0m [37;1mfn test_query() -> eyre::Result<()> {[0m
[INFO] [stdout]          5 │     let git = make_git()?;
[INFO] [stdout]          6 │     git.init_repo()?;
[INFO] [stdout]   12: [32mcore::ops::function::FnOnce::call_once[0m[90m::he6d275bb8d2da38f[0m
[INFO] [stdout]       at [35m/rustc/84c898d65adf2f39a5a98507f1fe0ce10a2b8dbc/library/core/src/ops/function.rs[0m:[35m250[0m
[INFO] [stdout]   13: [32mcore::ops::function::FnOnce::call_once[0m[90m::h7d969581be7d0075[0m
[INFO] [stdout]       at [35m/rustc/84c898d65adf2f39a5a98507f1fe0ce10a2b8dbc/library/core/src/ops/function.rs[0m:[35m250[0m
[INFO] [stdout]   14: [32mtest::__rust_begin_short_backtrace[0m[90m::hca25a52684e56655[0m
[INFO] [stdout]       at [35m/rustc/84c898d65adf2f39a5a98507f1fe0ce10a2b8dbc/library/test/src/lib.rs[0m:[35m656[0m
[INFO] [stdout]   15: [32mtest::run_test::{{closure}}[0m[90m::ha8ac744c4af1a4bb[0m
[INFO] [stdout]       at [35m/rustc/84c898d65adf2f39a5a98507f1fe0ce10a2b8dbc/library/test/src/lib.rs[0m:[35m647[0m
[INFO] [stdout]   16: [32mcore::ops::function::FnOnce::call_once{{vtable.shim}}[0m[90m::h7b411a9ed45bdecf[0m
[INFO] [stdout]       at [35m/rustc/84c898d65adf2f39a5a98507f1fe0ce10a2b8dbc/library/core/src/ops/function.rs[0m:[35m250[0m
[INFO] [stdout]   17: [32m<alloc::boxed::Box<F,A> as core::ops::function::FnOnce<Args>>::call_once[0m[90m::hd05328869a8ed200[0m
[INFO] [stdout]       at [35m/rustc/84c898d65adf2f39a5a98507f1fe0ce10a2b8dbc/library/alloc/src/boxed.rs[0m:[35m1987[0m
[INFO] [stdout]   18: [32m<core::panic::unwind_safe::AssertUnwindSafe<F> as core::ops::function::FnOnce<()>>::call_once[0m[90m::h0c601ce20bd5b2be[0m
[INFO] [stdout]       at [35m/rustc/84c898d65adf2f39a5a98507f1fe0ce10a2b8dbc/library/core/src/panic/unwind_safe.rs[0m:[35m271[0m
[INFO] [stdout]   19: [32mstd::panicking::try::do_call[0m[90m::ha4be5c164fe30854[0m
[INFO] [stdout]       at [35m/rustc/84c898d65adf2f39a5a98507f1fe0ce10a2b8dbc/library/std/src/panicking.rs[0m:[35m487[0m
[INFO] [stdout]   20: [32mstd::panicking::try[0m[90m::h604546f3609af05f[0m
[INFO] [stdout]       at [35m/rustc/84c898d65adf2f39a5a98507f1fe0ce10a2b8dbc/library/std/src/panicking.rs[0m:[35m451[0m
[INFO] [stdout]   21: [32mstd::panic::catch_unwind[0m[90m::h5bfa8afe44c9c2f9[0m
[INFO] [stdout]       at [35m/rustc/84c898d65adf2f39a5a98507f1fe0ce10a2b8dbc/library/std/src/panic.rs[0m:[35m140[0m
[INFO] [stdout]   22: [32mtest::run_test_in_process[0m[90m::hd50dee55dd63e6aa[0m
[INFO] [stdout]       at [35m/rustc/84c898d65adf2f39a5a98507f1fe0ce10a2b8dbc/library/test/src/lib.rs[0m:[35m679[0m
[INFO] [stdout]   [96m                              ⋮ 14 frames hidden ⋮                              [0m
[INFO] [stdout] 
[INFO] [stdout] Run with COLORBT_SHOW_HIDDEN=1 environment variable to disable frame filtering.
[INFO] [stdout] 
[INFO] [stdout] ---- test_query_eval_error stdout ----
[INFO] [stdout] Error: 
[INFO] [stdout]    0: [91mNo path to Git executable was set. Try running as: `TEST_GIT=$(which git) cargo test ...` or set `env.TEST_GIT` in your `config.toml` (see https://doc.rust-lang.org/cargo/reference/config.html)[0m
[INFO] [stdout] 
[INFO] [stdout] Location:
[INFO] [stdout]    [35m/opt/rustwide/cargo-home/registry/src/github.com-1ecc6299db9ec823/git-branchless-lib-0.7.0/src/core/config.rs[0m:[35m334[0m
[INFO] [stdout] 
[INFO] [stdout]   ━━━━━━━━━━━━━━━━━━━━━━━━━━━━━━━━━━ BACKTRACE ━━━━━━━━━━━━━━━━━━━━━━━━━━━━━━━━━━━
[INFO] [stdout]   [96m                              ⋮ 5 frames hidden ⋮                               [0m
[INFO] [stdout]    6: [91mbranchless::core::config::env_vars::get_path_to_git::{{closure}}[0m[90m::h08f8c131ad752995[0m
[INFO] [stdout]       at [35m/opt/rustwide/cargo-home/registry/src/github.com-1ecc6299db9ec823/git-branchless-lib-0.7.0/src/core/config.rs[0m:[35m334[0m
[INFO] [stdout]        332 │     pub fn get_path_to_git() -> eyre::Result<PathBuf> {
[INFO] [stdout]        333 │         let path_to_git = std::env::var_os(TEST_GIT).ok_or_else(|| {
[INFO] [stdout]   [37;1m     334[0m [37;1m>[0m [37;1m            eyre::eyre!([0m
[INFO] [stdout]        335 │                 "No path to Git executable was set. \
[INFO] [stdout]        336 │ Try running as: `{0}=$(which git) cargo test ...` \
[INFO] [stdout]    7: [32mcore::option::Option<T>::ok_or_else[0m[90m::hb26fa8c81a6ab326[0m
[INFO] [stdout]       at [35m/rustc/84c898d65adf2f39a5a98507f1fe0ce10a2b8dbc/library/core/src/option.rs[0m:[35m1249[0m
[INFO] [stdout]    8: [91mbranchless::core::config::env_vars::get_path_to_git[0m[90m::h600e3ee03f87b390[0m
[INFO] [stdout]       at [35m/opt/rustwide/cargo-home/registry/src/github.com-1ecc6299db9ec823/git-branchless-lib-0.7.0/src/core/config.rs[0m:[35m333[0m
[INFO] [stdout]        331 │     #[instrument]
[INFO] [stdout]        332 │     pub fn get_path_to_git() -> eyre::Result<PathBuf> {
[INFO] [stdout]   [37;1m     333[0m [37;1m>[0m [37;1m        let path_to_git = std::env::var_os(TEST_GIT).ok_or_else(|| {[0m
[INFO] [stdout]        334 │             eyre::eyre!(
[INFO] [stdout]        335 │                 "No path to Git executable was set. \
[INFO] [stdout]    9: [91mbranchless::testing::make_git[0m[90m::h92ae309746586943[0m
[INFO] [stdout]       at [35m/opt/rustwide/cargo-home/registry/src/github.com-1ecc6299db9ec823/git-branchless-lib-0.7.0/src/testing.rs[0m:[35m650[0m
[INFO] [stdout]        648 │ 
[INFO] [stdout]        649 │     let repo_dir = tempfile::tempdir()?;
[INFO] [stdout]   [37;1m     650[0m [37;1m>[0m [37;1m    let path_to_git = get_path_to_git()?;[0m
[INFO] [stdout]        651 │     let git_exec_path = get_git_exec_path()?;
[INFO] [stdout]        652 │     let git = Git::new(path_to_git, repo_dir.path().to_path_buf(), git_exec_path);
[INFO] [stdout]   10: [91mtest_query::test_query_eval_error[0m[90m::hb2ae00194a47c3e1[0m
[INFO] [stdout]       at [35m/opt/rustwide/workdir/tests/test_query.rs[0m:[35m59[0m
[INFO] [stdout]         57 │ #[test]
[INFO] [stdout]         58 │ fn test_query_eval_error() -> eyre::Result<()> {
[INFO] [stdout]   [37;1m      59[0m [37;1m>[0m [37;1m    let git = make_git()?;[0m
[INFO] [stdout]         60 │     git.init_repo()?;
[INFO] [stdout]         61 │ 
[INFO] [stdout]   11: [91mtest_query::test_query_eval_error::{{closure}}[0m[90m::h314451e66b860389[0m
[INFO] [stdout]       at [35m/opt/rustwide/workdir/tests/test_query.rs[0m:[35m58[0m
[INFO] [stdout]         56 │ 
[INFO] [stdout]         57 │ #[test]
[INFO] [stdout]   [37;1m      58[0m [37;1m>[0m [37;1mfn test_query_eval_error() -> eyre::Result<()> {[0m
[INFO] [stdout]         59 │     let git = make_git()?;
[INFO] [stdout]         60 │     git.init_repo()?;
[INFO] [stdout]   12: [32mcore::ops::function::FnOnce::call_once[0m[90m::h53d672446b0838a0[0m
[INFO] [stdout]       at [35m/rustc/84c898d65adf2f39a5a98507f1fe0ce10a2b8dbc/library/core/src/ops/function.rs[0m:[35m250[0m
[INFO] [stdout]   13: [32mcore::ops::function::FnOnce::call_once[0m[90m::h7d969581be7d0075[0m
[INFO] [stdout]       at [35m/rustc/84c898d65adf2f39a5a98507f1fe0ce10a2b8dbc/library/core/src/ops/function.rs[0m:[35m250[0m
[INFO] [stdout]   14: [32mtest::__rust_begin_short_backtrace[0m[90m::hca25a52684e56655[0m
[INFO] [stdout]       at [35m/rustc/84c898d65adf2f39a5a98507f1fe0ce10a2b8dbc/library/test/src/lib.rs[0m:[35m656[0m
[INFO] [stdout]   15: [32mtest::run_test::{{closure}}[0m[90m::ha8ac744c4af1a4bb[0m
[INFO] [stdout]       at [35m/rustc/84c898d65adf2f39a5a98507f1fe0ce10a2b8dbc/library/test/src/lib.rs[0m:[35m647[0m
[INFO] [stdout]   16: [32mcore::ops::function::FnOnce::call_once{{vtable.shim}}[0m[90m::h7b411a9ed45bdecf[0m
[INFO] [stdout]       at [35m/rustc/84c898d65adf2f39a5a98507f1fe0ce10a2b8dbc/library/core/src/ops/function.rs[0m:[35m250[0m
[INFO] [stdout]   17: [32m<alloc::boxed::Box<F,A> as core::ops::function::FnOnce<Args>>::call_once[0m[90m::hd05328869a8ed200[0m
[INFO] [stdout]       at [35m/rustc/84c898d65adf2f39a5a98507f1fe0ce10a2b8dbc/library/alloc/src/boxed.rs[0m:[35m1987[0m
[INFO] [stdout]   18: [32m<core::panic::unwind_safe::AssertUnwindSafe<F> as core::ops::function::FnOnce<()>>::call_once[0m[90m::h0c601ce20bd5b2be[0m
[INFO] [stdout]       at [35m/rustc/84c898d65adf2f39a5a98507f1fe0ce10a2b8dbc/library/core/src/panic/unwind_safe.rs[0m:[35m271[0m
[INFO] [stdout]   19: [32mstd::panicking::try::do_call[0m[90m::ha4be5c164fe30854[0m
[INFO] [stdout]       at [35m/rustc/84c898d65adf2f39a5a98507f1fe0ce10a2b8dbc/library/std/src/panicking.rs[0m:[35m487[0m
[INFO] [stdout]   20: [32mstd::panicking::try[0m[90m::h604546f3609af05f[0m
[INFO] [stdout]       at [35m/rustc/84c898d65adf2f39a5a98507f1fe0ce10a2b8dbc/library/std/src/panicking.rs[0m:[35m451[0m
[INFO] [stdout]   21: [32mstd::panic::catch_unwind[0m[90m::h5bfa8afe44c9c2f9[0m
[INFO] [stdout]       at [35m/rustc/84c898d65adf2f39a5a98507f1fe0ce10a2b8dbc/library/std/src/panic.rs[0m:[35m140[0m
[INFO] [stdout]   22: [32mtest::run_test_in_process[0m[90m::hd50dee55dd63e6aa[0m
[INFO] [stdout]       at [35m/rustc/84c898d65adf2f39a5a98507f1fe0ce10a2b8dbc/library/test/src/lib.rs[0m:[35m679[0m
[INFO] [stdout]   [96m                              ⋮ 14 frames hidden ⋮                              [0m
[INFO] [stdout] 
[INFO] [stdout] Run with COLORBT_SHOW_HIDDEN=1 environment variable to disable frame filtering.
[INFO] [stdout] 
[INFO] [stdout] ---- test_query_legacy_git_syntax stdout ----
[INFO] [stdout] Error: 
[INFO] [stdout]    0: [91mNo path to Git executable was set. Try running as: `TEST_GIT=$(which git) cargo test ...` or set `env.TEST_GIT` in your `config.toml` (see https://doc.rust-lang.org/cargo/reference/config.html)[0m
[INFO] [stdout] 
[INFO] [stdout] Location:
[INFO] [stdout]    [35m/opt/rustwide/cargo-home/registry/src/github.com-1ecc6299db9ec823/git-branchless-lib-0.7.0/src/core/config.rs[0m:[35m334[0m
[INFO] [stdout] 
[INFO] [stdout]   ━━━━━━━━━━━━━━━━━━━━━━━━━━━━━━━━━━ BACKTRACE ━━━━━━━━━━━━━━━━━━━━━━━━━━━━━━━━━━━
[INFO] [stdout]   [96m                              ⋮ 5 frames hidden ⋮                               [0m
[INFO] [stdout]    6: [91mbranchless::core::config::env_vars::get_path_to_git::{{closure}}[0m[90m::h08f8c131ad752995[0m
[INFO] [stdout]       at [35m/opt/rustwide/cargo-home/registry/src/github.com-1ecc6299db9ec823/git-branchless-lib-0.7.0/src/core/config.rs[0m:[35m334[0m
[INFO] [stdout]        332 │     pub fn get_path_to_git() -> eyre::Result<PathBuf> {
[INFO] [stdout]        333 │         let path_to_git = std::env::var_os(TEST_GIT).ok_or_else(|| {
[INFO] [stdout]   [37;1m     334[0m [37;1m>[0m [37;1m            eyre::eyre!([0m
[INFO] [stdout]        335 │                 "No path to Git executable was set. \
[INFO] [stdout]        336 │ Try running as: `{0}=$(which git) cargo test ...` \
[INFO] [stdout]    7: [32mcore::option::Option<T>::ok_or_else[0m[90m::hb26fa8c81a6ab326[0m
[INFO] [stdout]       at [35m/rustc/84c898d65adf2f39a5a98507f1fe0ce10a2b8dbc/library/core/src/option.rs[0m:[35m1249[0m
[INFO] [stdout]    8: [91mbranchless::core::config::env_vars::get_path_to_git[0m[90m::h600e3ee03f87b390[0m
[INFO] [stdout]       at [35m/opt/rustwide/cargo-home/registry/src/github.com-1ecc6299db9ec823/git-branchless-lib-0.7.0/src/core/config.rs[0m:[35m333[0m
[INFO] [stdout]        331 │     #[instrument]
[INFO] [stdout]        332 │     pub fn get_path_to_git() -> eyre::Result<PathBuf> {
[INFO] [stdout]   [37;1m     333[0m [37;1m>[0m [37;1m        let path_to_git = std::env::var_os(TEST_GIT).ok_or_else(|| {[0m
[INFO] [stdout]        334 │             eyre::eyre!(
[INFO] [stdout]        335 │                 "No path to Git executable was set. \
[INFO] [stdout]    9: [91mbranchless::testing::make_git[0m[90m::h92ae309746586943[0m
[INFO] [stdout]       at [35m/opt/rustwide/cargo-home/registry/src/github.com-1ecc6299db9ec823/git-branchless-lib-0.7.0/src/testing.rs[0m:[35m650[0m
[INFO] [stdout]        648 │ 
[INFO] [stdout]        649 │     let repo_dir = tempfile::tempdir()?;
[INFO] [stdout]   [37;1m     650[0m [37;1m>[0m [37;1m    let path_to_git = get_path_to_git()?;[0m
[INFO] [stdout]        651 │     let git_exec_path = get_git_exec_path()?;
[INFO] [stdout]        652 │     let git = Git::new(path_to_git, repo_dir.path().to_path_buf(), git_exec_path);
[INFO] [stdout]   10: [91mtest_query::test_query_legacy_git_syntax[0m[90m::hb31e2a036b89017f[0m
[INFO] [stdout]       at [35m/opt/rustwide/workdir/tests/test_query.rs[0m:[35m100[0m
[INFO] [stdout]         98 │ #[test]
[INFO] [stdout]         99 │ fn test_query_legacy_git_syntax() -> eyre::Result<()> {
[INFO] [stdout]   [37;1m     100[0m [37;1m>[0m [37;1m    let git = make_git()?;[0m
[INFO] [stdout]        101 │     git.init_repo()?;
[INFO] [stdout]        102 │ 
[INFO] [stdout]   11: [91mtest_query::test_query_legacy_git_syntax::{{closure}}[0m[90m::h8f6c4f2f41e45f37[0m
[INFO] [stdout]       at [35m/opt/rustwide/workdir/tests/test_query.rs[0m:[35m99[0m
[INFO] [stdout]         97 │ 
[INFO] [stdout]         98 │ #[test]
[INFO] [stdout]   [37;1m      99[0m [37;1m>[0m [37;1mfn test_query_legacy_git_syntax() -> eyre::Result<()> {[0m
[INFO] [stdout]        100 │     let git = make_git()?;
[INFO] [stdout]        101 │     git.init_repo()?;
[INFO] [stdout]   12: [32mcore::ops::function::FnOnce::call_once[0m[90m::h5cc28aec5864dbc8[0m
[INFO] [stdout]       at [35m/rustc/84c898d65adf2f39a5a98507f1fe0ce10a2b8dbc/library/core/src/ops/function.rs[0m:[35m250[0m
[INFO] [stdout]   13: [32mcore::ops::function::FnOnce::call_once[0m[90m::h7d969581be7d0075[0m
[INFO] [stdout]       at [35m/rustc/84c898d65adf2f39a5a98507f1fe0ce10a2b8dbc/library/core/src/ops/function.rs[0m:[35m250[0m
[INFO] [stdout]   14: [32mtest::__rust_begin_short_backtrace[0m[90m::hca25a52684e56655[0m
[INFO] [stdout]       at [35m/rustc/84c898d65adf2f39a5a98507f1fe0ce10a2b8dbc/library/test/src/lib.rs[0m:[35m656[0m
[INFO] [stdout]   15: [32mtest::run_test::{{closure}}[0m[90m::ha8ac744c4af1a4bb[0m
[INFO] [stdout]       at [35m/rustc/84c898d65adf2f39a5a98507f1fe0ce10a2b8dbc/library/test/src/lib.rs[0m:[35m647[0m
[INFO] [stdout]   16: [32mcore::ops::function::FnOnce::call_once{{vtable.shim}}[0m[90m::h7b411a9ed45bdecf[0m
[INFO] [stdout]       at [35m/rustc/84c898d65adf2f39a5a98507f1fe0ce10a2b8dbc/library/core/src/ops/function.rs[0m:[35m250[0m
[INFO] [stdout]   17: [32m<alloc::boxed::Box<F,A> as core::ops::function::FnOnce<Args>>::call_once[0m[90m::hd05328869a8ed200[0m
[INFO] [stdout]       at [35m/rustc/84c898d65adf2f39a5a98507f1fe0ce10a2b8dbc/library/alloc/src/boxed.rs[0m:[35m1987[0m
[INFO] [stdout]   18: [32m<core::panic::unwind_safe::AssertUnwindSafe<F> as core::ops::function::FnOnce<()>>::call_once[0m[90m::h0c601ce20bd5b2be[0m
[INFO] [stdout]       at [35m/rustc/84c898d65adf2f39a5a98507f1fe0ce10a2b8dbc/library/core/src/panic/unwind_safe.rs[0m:[35m271[0m
[INFO] [stdout]   19: [32mstd::panicking::try::do_call[0m[90m::ha4be5c164fe30854[0m
[INFO] [stdout]       at [35m/rustc/84c898d65adf2f39a5a98507f1fe0ce10a2b8dbc/library/std/src/panicking.rs[0m:[35m487[0m
[INFO] [stdout]   20: [32mstd::panicking::try[0m[90m::h604546f3609af05f[0m
[INFO] [stdout]       at [35m/rustc/84c898d65adf2f39a5a98507f1fe0ce10a2b8dbc/library/std/src/panicking.rs[0m:[35m451[0m
[INFO] [stdout]   21: [32mstd::panic::catch_unwind[0m[90m::h5bfa8afe44c9c2f9[0m
[INFO] [stdout]       at [35m/rustc/84c898d65adf2f39a5a98507f1fe0ce10a2b8dbc/library/std/src/panic.rs[0m:[35m140[0m
[INFO] [stdout]   22: [32mtest::run_test_in_process[0m[90m::hd50dee55dd63e6aa[0m
[INFO] [stdout]       at [35m/rustc/84c898d65adf2f39a5a98507f1fe0ce10a2b8dbc/library/test/src/lib.rs[0m:[35m679[0m
[INFO] [stdout]   [96m                              ⋮ 14 frames hidden ⋮                              [0m
[INFO] [stdout] 
[INFO] [stdout] Run with COLORBT_SHOW_HIDDEN=1 environment variable to disable frame filtering.
[INFO] [stdout] 
[INFO] [stdout] ---- test_query_branches stdout ----
[INFO] [stdout] Error: 
[INFO] [stdout]    0: [91mNo path to Git executable was set. Try running as: `TEST_GIT=$(which git) cargo test ...` or set `env.TEST_GIT` in your `config.toml` (see https://doc.rust-lang.org/cargo/reference/config.html)[0m
[INFO] [stdout] 
[INFO] [stdout] Location:
[INFO] [stdout]    [35m/opt/rustwide/cargo-home/registry/src/github.com-1ecc6299db9ec823/git-branchless-lib-0.7.0/src/core/config.rs[0m:[35m334[0m
[INFO] [stdout] 
[INFO] [stdout]   ━━━━━━━━━━━━━━━━━━━━━━━━━━━━━━━━━━ BACKTRACE ━━━━━━━━━━━━━━━━━━━━━━━━━━━━━━━━━━━
[INFO] [stdout]   [96m                              ⋮ 5 frames hidden ⋮                               [0m
[INFO] [stdout]    6: [91mbranchless::core::config::env_vars::get_path_to_git::{{closure}}[0m[90m::h08f8c131ad752995[0m
[INFO] [stdout]       at [35m/opt/rustwide/cargo-home/registry/src/github.com-1ecc6299db9ec823/git-branchless-lib-0.7.0/src/core/config.rs[0m:[35m334[0m
[INFO] [stdout]        332 │     pub fn get_path_to_git() -> eyre::Result<PathBuf> {
[INFO] [stdout]        333 │         let path_to_git = std::env::var_os(TEST_GIT).ok_or_else(|| {
[INFO] [stdout]   [37;1m     334[0m [37;1m>[0m [37;1m            eyre::eyre!([0m
[INFO] [stdout]        335 │                 "No path to Git executable was set. \
[INFO] [stdout]        336 │ Try running as: `{0}=$(which git) cargo test ...` \
[INFO] [stdout]    7: [32mcore::option::Option<T>::ok_or_else[0m[90m::hb26fa8c81a6ab326[0m
[INFO] [stdout]       at [35m/rustc/84c898d65adf2f39a5a98507f1fe0ce10a2b8dbc/library/core/src/option.rs[0m:[35m1249[0m
[INFO] [stdout]    8: [91mbranchless::core::config::env_vars::get_path_to_git[0m[90m::h600e3ee03f87b390[0m
[INFO] [stdout]       at [35m/opt/rustwide/cargo-home/registry/src/github.com-1ecc6299db9ec823/git-branchless-lib-0.7.0/src/core/config.rs[0m:[35m333[0m
[INFO] [stdout]        331 │     #[instrument]
[INFO] [stdout]        332 │     pub fn get_path_to_git() -> eyre::Result<PathBuf> {
[INFO] [stdout]   [37;1m     333[0m [37;1m>[0m [37;1m        let path_to_git = std::env::var_os(TEST_GIT).ok_or_else(|| {[0m
[INFO] [stdout]        334 │             eyre::eyre!(
[INFO] [stdout]        335 │                 "No path to Git executable was set. \
[INFO] [stdout]    9: [91mbranchless::testing::make_git[0m[90m::h92ae309746586943[0m
[INFO] [stdout]       at [35m/opt/rustwide/cargo-home/registry/src/github.com-1ecc6299db9ec823/git-branchless-lib-0.7.0/src/testing.rs[0m:[35m650[0m
[INFO] [stdout]        648 │ 
[INFO] [stdout]        649 │     let repo_dir = tempfile::tempdir()?;
[INFO] [stdout]   [37;1m     650[0m [37;1m>[0m [37;1m    let path_to_git = get_path_to_git()?;[0m
[INFO] [stdout]        651 │     let git_exec_path = get_git_exec_path()?;
[INFO] [stdout]        652 │     let git = Git::new(path_to_git, repo_dir.path().to_path_buf(), git_exec_path);
[INFO] [stdout]   10: [91mtest_query::test_query_branches[0m[90m::h3e3be01806d5d0cc[0m
[INFO] [stdout]       at [35m/opt/rustwide/workdir/tests/test_query.rs[0m:[35m134[0m
[INFO] [stdout]        132 │ #[test]
[INFO] [stdout]        133 │ fn test_query_branches() -> eyre::Result<()> {
[INFO] [stdout]   [37;1m     134[0m [37;1m>[0m [37;1m    let git = make_git()?;[0m
[INFO] [stdout]        135 │     git.init_repo()?;
[INFO] [stdout]        136 │ 
[INFO] [stdout]   11: [91mtest_query::test_query_branches::{{closure}}[0m[90m::h675b037d679f9292[0m
[INFO] [stdout]       at [35m/opt/rustwide/workdir/tests/test_query.rs[0m:[35m133[0m
[INFO] [stdout]        131 │ 
[INFO] [stdout]        132 │ #[test]
[INFO] [stdout]   [37;1m     133[0m [37;1m>[0m [37;1mfn test_query_branches() -> eyre::Result<()> {[0m
[INFO] [stdout]        134 │     let git = make_git()?;
[INFO] [stdout]        135 │     git.init_repo()?;
[INFO] [stdout]   12: [32mcore::ops::function::FnOnce::call_once[0m[90m::hb551c58e7c63e1c0[0m
[INFO] [stdout]       at [35m/rustc/84c898d65adf2f39a5a98507f1fe0ce10a2b8dbc/library/core/src/ops/function.rs[0m:[35m250[0m
[INFO] [stdout]   13: [32mcore::ops::function::FnOnce::call_once[0m[90m::h7d969581be7d0075[0m
[INFO] [stdout]       at [35m/rustc/84c898d65adf2f39a5a98507f1fe0ce10a2b8dbc/library/core/src/ops/function.rs[0m:[35m250[0m
[INFO] [stdout]   14: [32mtest::__rust_begin_short_backtrace[0m[90m::hca25a52684e56655[0m
[INFO] [stdout]       at [35m/rustc/84c898d65adf2f39a5a98507f1fe0ce10a2b8dbc/library/test/src/lib.rs[0m:[35m656[0m
[INFO] [stdout]   15: [32mtest::run_test::{{closure}}[0m[90m::ha8ac744c4af1a4bb[0m
[INFO] [stdout]       at [35m/rustc/84c898d65adf2f39a5a98507f1fe0ce10a2b8dbc/library/test/src/lib.rs[0m:[35m647[0m
[INFO] [stdout]   16: [32mcore::ops::function::FnOnce::call_once{{vtable.shim}}[0m[90m::h7b411a9ed45bdecf[0m
[INFO] [stdout]       at [35m/rustc/84c898d65adf2f39a5a98507f1fe0ce10a2b8dbc/library/core/src/ops/function.rs[0m:[35m250[0m
[INFO] [stdout]   17: [32m<alloc::boxed::Box<F,A> as core::ops::function::FnOnce<Args>>::call_once[0m[90m::hd05328869a8ed200[0m
[INFO] [stdout]       at [35m/rustc/84c898d65adf2f39a5a98507f1fe0ce10a2b8dbc/library/alloc/src/boxed.rs[0m:[35m1987[0m
[INFO] [stdout]   18: [32m<core::panic::unwind_safe::AssertUnwindSafe<F> as core::ops::function::FnOnce<()>>::call_once[0m[90m::h0c601ce20bd5b2be[0m
[INFO] [stdout]       at [35m/rustc/84c898d65adf2f39a5a98507f1fe0ce10a2b8dbc/library/core/src/panic/unwind_safe.rs[0m:[35m271[0m
[INFO] [stdout]   19: [32mstd::panicking::try::do_call[0m[90m::ha4be5c164fe30854[0m
[INFO] [stdout]       at [35m/rustc/84c898d65adf2f39a5a98507f1fe0ce10a2b8dbc/library/std/src/panicking.rs[0m:[35m487[0m
[INFO] [stdout]   20: [32mstd::panicking::try[0m[90m::h604546f3609af05f[0m
[INFO] [stdout]       at [35m/rustc/84c898d65adf2f39a5a98507f1fe0ce10a2b8dbc/library/std/src/panicking.rs[0m:[35m451[0m
[INFO] [stdout]   21: [32mstd::panic::catch_unwind[0m[90m::h5bfa8afe44c9c2f9[0m
[INFO] [stdout]       at [35m/rustc/84c898d65adf2f39a5a98507f1fe0ce10a2b8dbc/library/std/src/panic.rs[0m:[35m140[0m
[INFO] [stdout]   22: [32mtest::run_test_in_process[0m[90m::hd50dee55dd63e6aa[0m
[INFO] [stdout]       at [35m/rustc/84c898d65adf2f39a5a98507f1fe0ce10a2b8dbc/library/test/src/lib.rs[0m:[35m679[0m
[INFO] [stdout]   [96m                              ⋮ 14 frames hidden ⋮                              [0m
[INFO] [stdout] 
[INFO] [stdout] Run with COLORBT_SHOW_HIDDEN=1 environment variable to disable frame filtering.
[INFO] [stdout] 
[INFO] [stdout] 
[INFO] [stdout] failures:
[INFO] [stdout]     test_query
[INFO] [stdout]     test_query_branches
[INFO] [stdout]     test_query_eval_error
[INFO] [stdout]     test_query_hidden_commits
[INFO] [stdout]     test_query_legacy_git_syntax
[INFO] [stdout]     test_query_parse_error
[INFO] [stdout] 
[INFO] [stdout] test result: FAILED. 0 passed; 6 failed; 0 ignored; 0 measured; 0 filtered out; finished in 1.57s
[INFO] [stdout] 
[INFO] [stderr] error: test failed, to rerun pass `--test test_query`
[INFO] running `Command { std: "docker" "inspect" "b10c6ff4e3201b29c95aff9ab7ec2a07888223243062bed7ced8fcc3486ae8bb", kill_on_drop: false }`
[INFO] running `Command { std: "docker" "rm" "-f" "b10c6ff4e3201b29c95aff9ab7ec2a07888223243062bed7ced8fcc3486ae8bb", kill_on_drop: false }`
[INFO] [stdout] b10c6ff4e3201b29c95aff9ab7ec2a07888223243062bed7ced8fcc3486ae8bb
