[INFO] fetching crate git-branchless-lib 0.7.0...
[INFO] testing git-branchless-lib-0.7.0 against beta-2023-04-20 for beta-1.70-1
[INFO] extracting crate git-branchless-lib 0.7.0 into /workspace/builds/worker-3-tc2/source
[INFO] validating manifest of crates.io crate git-branchless-lib 0.7.0 on toolchain beta-2023-04-20
[INFO] running `Command { std: CARGO_HOME="/workspace/cargo-home" RUSTUP_HOME="/workspace/rustup-home" "/workspace/cargo-home/bin/cargo" "+beta-2023-04-20" "metadata" "--manifest-path" "Cargo.toml" "--no-deps", kill_on_drop: false }`
[INFO] started tweaking crates.io crate git-branchless-lib 0.7.0
[INFO] finished tweaking crates.io crate git-branchless-lib 0.7.0
[INFO] tweaked toml for crates.io crate git-branchless-lib 0.7.0 written to /workspace/builds/worker-3-tc2/source/Cargo.toml
[INFO] crate crates.io crate git-branchless-lib 0.7.0 already has a lockfile, it will not be regenerated
[INFO] running `Command { std: CARGO_HOME="/workspace/cargo-home" RUSTUP_HOME="/workspace/rustup-home" "/workspace/cargo-home/bin/cargo" "+beta-2023-04-20" "fetch" "--manifest-path" "Cargo.toml", kill_on_drop: false }`
[INFO] [stderr]  Downloading crates ...
[INFO] [stderr]   Downloaded insta v1.28.0
[INFO] running `Command { std: "docker" "create" "-v" "/var/lib/crater-agent-workspace/builds/worker-3-tc2/target:/opt/rustwide/target:rw,Z" "-v" "/var/lib/crater-agent-workspace/builds/worker-3-tc2/source:/opt/rustwide/workdir:ro,Z" "-v" "/var/lib/crater-agent-workspace/cargo-home:/opt/rustwide/cargo-home:ro,Z" "-v" "/var/lib/crater-agent-workspace/rustup-home:/opt/rustwide/rustup-home:ro,Z" "-e" "SOURCE_DIR=/opt/rustwide/workdir" "-e" "CARGO_TARGET_DIR=/opt/rustwide/target" "-e" "CARGO_HOME=/opt/rustwide/cargo-home" "-e" "RUSTUP_HOME=/opt/rustwide/rustup-home" "-w" "/opt/rustwide/workdir" "-m" "1610612736" "--user" "0:0" "--network" "none" "ghcr.io/rust-lang/crates-build-env/linux@sha256:5ff2268d62e97bff2cde7d5815dd6ed5b47097566f13b8d0ca110b04b60e07ed" "/opt/rustwide/cargo-home/bin/cargo" "+beta-2023-04-20" "metadata" "--no-deps" "--format-version=1", kill_on_drop: false }`
[INFO] [stdout] bd689f6a73e2ff45403a7b9cae6f72181bdf01f7b23cf2a2f3d6f2b2dc70f9b1
[INFO] running `Command { std: "docker" "start" "-a" "bd689f6a73e2ff45403a7b9cae6f72181bdf01f7b23cf2a2f3d6f2b2dc70f9b1", kill_on_drop: false }`
[INFO] running `Command { std: "docker" "inspect" "bd689f6a73e2ff45403a7b9cae6f72181bdf01f7b23cf2a2f3d6f2b2dc70f9b1", kill_on_drop: false }`
[INFO] running `Command { std: "docker" "rm" "-f" "bd689f6a73e2ff45403a7b9cae6f72181bdf01f7b23cf2a2f3d6f2b2dc70f9b1", kill_on_drop: false }`
[INFO] [stdout] bd689f6a73e2ff45403a7b9cae6f72181bdf01f7b23cf2a2f3d6f2b2dc70f9b1
[INFO] running `Command { std: "docker" "create" "-v" "/var/lib/crater-agent-workspace/builds/worker-3-tc2/target:/opt/rustwide/target:rw,Z" "-v" "/var/lib/crater-agent-workspace/builds/worker-3-tc2/source:/opt/rustwide/workdir:ro,Z" "-v" "/var/lib/crater-agent-workspace/cargo-home:/opt/rustwide/cargo-home:ro,Z" "-v" "/var/lib/crater-agent-workspace/rustup-home:/opt/rustwide/rustup-home:ro,Z" "-e" "SOURCE_DIR=/opt/rustwide/workdir" "-e" "CARGO_TARGET_DIR=/opt/rustwide/target" "-e" "CARGO_INCREMENTAL=0" "-e" "RUST_BACKTRACE=full" "-e" "RUSTFLAGS=--cap-lints=warn" "-e" "RUSTDOCFLAGS=--cap-lints=warn" "-e" "CARGO_HOME=/opt/rustwide/cargo-home" "-e" "RUSTUP_HOME=/opt/rustwide/rustup-home" "-w" "/opt/rustwide/workdir" "-m" "1610612736" "--user" "0:0" "--network" "none" "ghcr.io/rust-lang/crates-build-env/linux@sha256:5ff2268d62e97bff2cde7d5815dd6ed5b47097566f13b8d0ca110b04b60e07ed" "/opt/rustwide/cargo-home/bin/cargo" "+beta-2023-04-20" "build" "--frozen" "--message-format=json", kill_on_drop: false }`
[INFO] [stdout] eb216e8efd79cba6e90d07b7ba9fae7bfcca9d6e5e61bd2ae5a5bb4463c67b29
[INFO] running `Command { std: "docker" "start" "-a" "eb216e8efd79cba6e90d07b7ba9fae7bfcca9d6e5e61bd2ae5a5bb4463c67b29", kill_on_drop: false }`
[INFO] [stderr]    Compiling libc v0.2.139
[INFO] [stderr]    Compiling autocfg v1.1.0
[INFO] [stderr]    Compiling proc-macro2 v1.0.51
[INFO] [stderr]    Compiling quote v1.0.23
[INFO] [stderr]    Compiling unicode-ident v1.0.6
[INFO] [stderr]    Compiling syn v1.0.109
[INFO] [stderr]    Compiling once_cell v1.17.1
[INFO] [stderr]    Compiling version_check v0.9.4
[INFO] [stderr]    Compiling log v0.4.17
[INFO] [stderr]    Compiling memchr v2.5.0
[INFO] [stderr]    Compiling smallvec v1.10.0
[INFO] [stderr]    Compiling crossbeam-utils v0.8.15
[INFO] [stderr]    Compiling scopeguard v1.1.0
[INFO] [stderr]    Compiling regex-syntax v0.6.28
[INFO] [stderr]    Compiling lazy_static v1.4.0
[INFO] [stderr]    Compiling num-traits v0.2.15
[INFO] [stderr]    Compiling ahash v0.7.6
[INFO] [stderr]    Compiling pkg-config v0.3.26
[INFO] [stderr]    Compiling aho-corasick v0.7.20
[INFO] [stderr]    Compiling num-integer v0.1.45
[INFO] [stderr]    Compiling tracing-core v0.1.30
[INFO] [stderr]    Compiling ident_case v1.0.1
[INFO] [stderr]    Compiling fnv v1.0.7
[INFO] [stderr]    Compiling pin-project-lite v0.2.9
[INFO] [stderr]    Compiling crossbeam-channel v0.5.7
[INFO] [stderr]    Compiling getrandom v0.2.8
[INFO] [stderr]    Compiling jobserver v0.1.26
[INFO] [stderr]    Compiling hashbrown v0.12.3
[INFO] [stderr]    Compiling regex v1.7.1
[INFO] [stderr]    Compiling cc v1.0.73
[INFO] [stderr]    Compiling regex-automata v0.1.10
[INFO] [stderr]    Compiling memoffset v0.8.0
[INFO] [stderr]    Compiling unicode-width v0.1.10
[INFO] [stderr]    Compiling stable_deref_trait v1.2.0
[INFO] [stderr]    Compiling io-lifetimes v1.0.5
[INFO] [stderr]    Compiling num-rational v0.4.1
[INFO] [stderr]    Compiling num-iter v0.1.43
[INFO] [stderr]    Compiling crossbeam-epoch v0.9.14
[INFO] [stderr]    Compiling ppv-lite86 v0.2.17
[INFO] [stderr]    Compiling rustix v0.36.8
[INFO] [stderr]    Compiling getrandom v0.1.16
[INFO] [stderr]    Compiling darling_core v0.14.3
[INFO] [stderr]    Compiling lock_api v0.4.9
[INFO] [stderr]    Compiling ahash v0.8.3
[INFO] [stderr]    Compiling itoa v1.0.5
[INFO] [stderr]    Compiling signal-hook v0.3.15
[INFO] [stderr]    Compiling serde_derive v1.0.152
[INFO] [stderr]    Compiling either v1.8.1
[INFO] [stderr]    Compiling maybe-uninit v2.0.0
[INFO] [stderr]    Compiling linux-raw-sys v0.1.4
[INFO] [stderr]    Compiling parking_lot_core v0.9.7
[INFO] [stderr]    Compiling libz-sys v1.1.8
[INFO] [stderr]    Compiling matchers v0.1.0
[INFO] [stderr]    Compiling num-complex v0.4.3
[INFO] [stderr]    Compiling rand_core v0.6.4
[INFO] [stderr]    Compiling signal-hook-registry v1.4.1
[INFO] [stderr]    Compiling tracing-log v0.1.3
[INFO] [stderr]    Compiling sharded-slab v0.1.4
[INFO] [stderr]    Compiling thread_local v1.1.7
[INFO] [stderr]    Compiling num_threads v0.1.6
[INFO] [stderr]    Compiling thiserror v1.0.38
[INFO] [stderr]    Compiling time-core v0.1.0
[INFO] [stderr]    Compiling serde v1.0.152
[INFO] [stderr]    Compiling ansi_term v0.12.1
[INFO] [stderr]    Compiling unicode-segmentation v1.10.1
[INFO] [stderr]    Compiling tinyvec_macros v0.1.1
[INFO] [stderr]    Compiling tinyvec v1.6.0
[INFO] [stderr]    Compiling time v0.3.20
[INFO] [stderr]    Compiling num v0.4.0
[INFO] [stderr]    Compiling rand_chacha v0.3.1
[INFO] [stderr]    Compiling crossbeam-deque v0.8.3
[INFO] [stderr]    Compiling rand_core v0.5.1
[INFO] [stderr]    Compiling tracing-attributes v0.1.23
[INFO] [stderr]    Compiling darling_macro v0.14.3
[INFO] [stderr]    Compiling enum-map-derive v0.11.0
[INFO] [stderr]    Compiling thiserror-impl v1.0.38
[INFO] [stderr]    Compiling enum-map v2.4.2
[INFO] [stderr]    Compiling darling v0.14.3
[INFO] [stderr]    Compiling owning_ref v0.4.1
[INFO] [stderr]    Compiling enumset_derive v0.6.1
[INFO] [stderr]    Compiling mio v0.8.6
[INFO] [stderr]    Compiling crossbeam-queue v0.3.8
[INFO] [stderr]    Compiling anyhow v1.0.69
[INFO] [stderr]    Compiling xi-unicode v0.3.0
[INFO] [stderr]    Compiling vcpkg v0.2.15
[INFO] [stderr]    Compiling signal-hook-mio v0.2.3
[INFO] [stderr]    Compiling tracing v0.1.37
[INFO] [stderr]    Compiling parking_lot v0.12.1
[INFO] [stderr]    Compiling smallvec v0.6.14
[INFO] [stderr]    Compiling unicode-normalization v0.1.22
[INFO] [stderr]    Compiling tracing-subscriber v0.3.11
[INFO] [stderr]    Compiling rand_chacha v0.2.2
[INFO] [stderr]    Compiling enumset v1.0.12
[INFO] [stderr]    Compiling rand v0.8.5
[INFO] [stderr]    Compiling cursive_core v0.3.7
[INFO] [stderr]    Compiling unicode-linebreak v0.1.4
[INFO] [stderr]    Compiling backtrace v0.3.67
[INFO] [stderr]    Compiling libsqlite3-sys v0.25.2
[INFO] [stderr]    Compiling libgit2-sys v0.14.2+1.5.1
[INFO] [stderr]    Compiling termios v0.2.2
[INFO] [stderr]    Compiling serial-core v0.4.0
[INFO] [stderr]    Compiling ioctl-rs v0.1.6
[INFO] [stderr]    Compiling memmap v0.7.0
[INFO] [stderr]    Compiling rand v0.4.6
[INFO] [stderr]    Compiling indexmap v1.9.2
[INFO] [stderr]    Compiling rayon-core v1.10.2
[INFO] [stderr]    Compiling cfg-if v0.1.10
[INFO] [stderr]    Compiling percent-encoding v2.2.0
[INFO] [stderr]    Compiling gimli v0.27.2
[INFO] [stderr]    Compiling eyre v0.6.8
[INFO] [stderr]    Compiling adler v1.0.2
[INFO] [stderr]    Compiling static_assertions v1.1.0
[INFO] [stderr]    Compiling predicates-core v1.0.5
[INFO] [stderr]    Compiling fastrand v1.9.0
[INFO] [stderr]    Compiling unicode-bidi v0.3.10
[INFO] [stderr]    Compiling doc-comment v0.3.3
[INFO] [stderr]    Compiling portable-atomic v0.3.19
[INFO] [stderr]    Compiling idna v0.3.0
[INFO] [stderr]    Compiling tempfile v3.4.0
[INFO] [stderr]    Compiling twox-hash v1.6.3
[INFO] [stderr]    Compiling parking_lot_core v0.2.14
[INFO] [stderr]    Compiling miniz_oxide v0.6.2
[INFO] [stderr]    Compiling form_urlencoded v1.1.0
[INFO] [stderr]    Compiling parking_lot_core v0.7.3
[INFO] [stderr]    Compiling serial-unix v0.4.0
[INFO] [stderr]    Compiling addr2line v0.19.0
[INFO] [stderr]    Compiling tracing-error v0.2.0
[INFO] [stderr]    Compiling rand v0.7.3
[INFO] [stderr]    Compiling crossterm v0.25.0
[INFO] [stderr]    Compiling itertools v0.10.5
[INFO] [stderr]    Compiling owning_ref v0.3.3
[INFO] [stderr]    Compiling fs2 v0.4.3
[INFO] [stderr]    Compiling num_cpus v1.15.0
[INFO] [stderr]    Compiling vte_generate_state_changes v0.1.1
[INFO] [stderr]    Compiling object v0.30.3
[INFO] [stderr]    Compiling lock_api v0.3.4
[INFO] [stderr]    Compiling arrayvec v0.7.2
[INFO] [stderr]    Compiling indenter v0.3.3
[INFO] [stderr]    Compiling owo-colors v3.5.0
[INFO] [stderr]    Compiling termtree v0.4.0
[INFO] [stderr]    Compiling utf8parse v0.2.0
[INFO] [stderr]    Compiling hex v0.4.3
[INFO] [stderr]    Compiling rustc-demangle v0.1.21
[INFO] [stderr]    Compiling difflib v0.4.0
[INFO] [stderr]    Compiling byteorder v1.4.3
[INFO] [stderr]    Compiling esl01-minibytes v0.2.0
[INFO] [stderr]    Compiling esl01-vlqencoding v0.1.0
[INFO] [stderr]    Compiling vte v0.11.0
[INFO] [stderr]    Compiling parking_lot v0.10.2
[INFO] [stderr]    Compiling esl01-indexedlog v0.1.2
[INFO] [stderr]    Compiling predicates v2.1.5
[INFO] [stderr]    Compiling color-spantrace v0.2.0
[INFO] [stderr]    Compiling predicates-tree v1.0.7
[INFO] [stderr]    Compiling cursive v0.20.0
[INFO] [stderr]    Compiling parking_lot v0.4.8
[INFO] [stderr]    Compiling crossbeam v0.8.2
[INFO] [stderr]    Compiling serial v0.4.0
[INFO] [stderr]    Compiling url v2.3.1
[INFO] [stderr]    Compiling cursive_buffered_backend v0.6.1
[INFO] [stderr]    Compiling filedescriptor v0.8.2
[INFO] [stderr]    Compiling is-terminal v0.4.4
[INFO] [stderr]    Compiling itertools v0.8.2
[INFO] [stderr]    Compiling bstr v1.3.0
[INFO] [stderr]    Compiling console v0.15.5
[INFO] [stderr]    Compiling hashlink v0.8.1
[INFO] [stderr]    Compiling time v0.1.45
[INFO] [stderr]    Compiling wait-timeout v0.2.0
[INFO] [stderr]    Compiling fallible-streaming-iterator v0.1.9
[INFO] [stderr]    Compiling shell-words v1.1.0
[INFO] [stderr]    Compiling fallible-iterator v0.2.0
[INFO] [stderr]    Compiling smawk v0.3.1
[INFO] [stderr]    Compiling esl01-drawdag v0.1.0
[INFO] [stderr]    Compiling iana-time-zone v0.1.53
[INFO] [stderr]    Compiling concolor-query v0.1.0
[INFO] [stderr]    Compiling json v0.12.4
[INFO] [stderr]    Compiling number_prefix v0.4.0
[INFO] [stderr]    Compiling chrono v0.4.23
[INFO] [stderr]    Compiling indicatif v0.17.3
[INFO] [stderr]    Compiling esl01-dag v0.2.1
[INFO] [stderr]    Compiling concolor v0.0.12
[INFO] [stderr]    Compiling textwrap v0.16.0
[INFO] [stderr]    Compiling tracing-chrome v0.6.0
[INFO] [stderr]    Compiling portable-pty v0.7.0
[INFO] [stderr]    Compiling assert_cmd v2.0.8
[INFO] [stderr]    Compiling color-eyre v0.6.2
[INFO] [stderr]    Compiling git-record v0.3.0
[INFO] [stderr]    Compiling chashmap v2.2.2
[INFO] [stderr]    Compiling rayon v1.6.1
[INFO] [stderr]    Compiling vt100 v0.15.2
[INFO] [stderr]    Compiling rusqlite v0.28.0
[INFO] [stderr]    Compiling git2 v0.16.1
[INFO] [stderr]    Compiling git-branchless-lib v0.7.0 (/opt/rustwide/workdir)
[INFO] [stderr]     Finished dev [unoptimized + debuginfo] target(s) in 1m 59s
[INFO] running `Command { std: "docker" "inspect" "eb216e8efd79cba6e90d07b7ba9fae7bfcca9d6e5e61bd2ae5a5bb4463c67b29", kill_on_drop: false }`
[INFO] running `Command { std: "docker" "rm" "-f" "eb216e8efd79cba6e90d07b7ba9fae7bfcca9d6e5e61bd2ae5a5bb4463c67b29", kill_on_drop: false }`
[INFO] [stdout] eb216e8efd79cba6e90d07b7ba9fae7bfcca9d6e5e61bd2ae5a5bb4463c67b29
[INFO] running `Command { std: "docker" "create" "-v" "/var/lib/crater-agent-workspace/builds/worker-3-tc2/target:/opt/rustwide/target:rw,Z" "-v" "/var/lib/crater-agent-workspace/builds/worker-3-tc2/source:/opt/rustwide/workdir:ro,Z" "-v" "/var/lib/crater-agent-workspace/cargo-home:/opt/rustwide/cargo-home:ro,Z" "-v" "/var/lib/crater-agent-workspace/rustup-home:/opt/rustwide/rustup-home:ro,Z" "-e" "SOURCE_DIR=/opt/rustwide/workdir" "-e" "CARGO_TARGET_DIR=/opt/rustwide/target" "-e" "CARGO_INCREMENTAL=0" "-e" "RUST_BACKTRACE=full" "-e" "RUSTFLAGS=--cap-lints=warn" "-e" "RUSTDOCFLAGS=--cap-lints=warn" "-e" "CARGO_HOME=/opt/rustwide/cargo-home" "-e" "RUSTUP_HOME=/opt/rustwide/rustup-home" "-w" "/opt/rustwide/workdir" "-m" "1610612736" "--user" "0:0" "--network" "none" "ghcr.io/rust-lang/crates-build-env/linux@sha256:5ff2268d62e97bff2cde7d5815dd6ed5b47097566f13b8d0ca110b04b60e07ed" "/opt/rustwide/cargo-home/bin/cargo" "+beta-2023-04-20" "test" "--frozen" "--no-run" "--message-format=json", kill_on_drop: false }`
[INFO] [stdout] 99ad3c46031cc4ed44c873e321fca76799fb0cdee461f843034d446fd1007d05
[INFO] running `Command { std: "docker" "start" "-a" "99ad3c46031cc4ed44c873e321fca76799fb0cdee461f843034d446fd1007d05", kill_on_drop: false }`
[INFO] [stderr]    Compiling jobserver v0.1.26
[INFO] [stderr]    Compiling serde_json v1.0.93
[INFO] [stderr]    Compiling plotters-backend v0.3.4
[INFO] [stderr]    Compiling os_str_bytes v6.4.1
[INFO] [stderr]    Compiling half v1.8.2
[INFO] [stderr]    Compiling ryu v1.0.12
[INFO] [stderr]    Compiling ciborium-io v0.2.0
[INFO] [stderr]    Compiling cast v0.3.0
[INFO] [stderr]    Compiling linked-hash-map v0.5.6
[INFO] [stderr]    Compiling cc v1.0.73
[INFO] [stderr]    Compiling clap_lex v0.2.4
[INFO] [stderr]    Compiling ciborium-ll v0.2.0
[INFO] [stderr]    Compiling plotters-svg v0.3.3
[INFO] [stderr]    Compiling same-file v1.0.6
[INFO] [stderr]    Compiling clap v3.2.23
[INFO] [stderr]    Compiling walkdir v2.3.2
[INFO] [stderr]    Compiling ciborium v0.2.0
[INFO] [stderr]    Compiling plotters v0.3.4
[INFO] [stderr]    Compiling yaml-rust v0.4.5
[INFO] [stderr]    Compiling criterion-plot v0.5.0
[INFO] [stderr]    Compiling atty v0.2.14
[INFO] [stderr]    Compiling similar v2.2.1
[INFO] [stderr]    Compiling oorandom v11.1.3
[INFO] [stderr]    Compiling anes v0.1.6
[INFO] [stderr]    Compiling tinytemplate v1.2.1
[INFO] [stderr]    Compiling insta v1.28.0
[INFO] [stderr]    Compiling libz-sys v1.1.8
[INFO] [stderr]    Compiling libsqlite3-sys v0.25.2
[INFO] [stderr]    Compiling libgit2-sys v0.14.2+1.5.1
[INFO] [stderr]    Compiling backtrace v0.3.67
[INFO] [stderr]    Compiling criterion v0.4.0
[INFO] [stderr]    Compiling color-eyre v0.6.2
[INFO] [stderr]    Compiling git2 v0.16.1
[INFO] [stderr]    Compiling rusqlite v0.28.0
[INFO] [stderr]    Compiling git-branchless-lib v0.7.0 (/opt/rustwide/workdir)
[INFO] [stderr]     Finished test [unoptimized + debuginfo] target(s) in 1m 42s
[INFO] running `Command { std: "docker" "inspect" "99ad3c46031cc4ed44c873e321fca76799fb0cdee461f843034d446fd1007d05", kill_on_drop: false }`
[INFO] running `Command { std: "docker" "rm" "-f" "99ad3c46031cc4ed44c873e321fca76799fb0cdee461f843034d446fd1007d05", kill_on_drop: false }`
[INFO] [stdout] 99ad3c46031cc4ed44c873e321fca76799fb0cdee461f843034d446fd1007d05
[INFO] running `Command { std: "docker" "create" "-v" "/var/lib/crater-agent-workspace/builds/worker-3-tc2/target:/opt/rustwide/target:rw,Z" "-v" "/var/lib/crater-agent-workspace/builds/worker-3-tc2/source:/opt/rustwide/workdir:ro,Z" "-v" "/var/lib/crater-agent-workspace/cargo-home:/opt/rustwide/cargo-home:ro,Z" "-v" "/var/lib/crater-agent-workspace/rustup-home:/opt/rustwide/rustup-home:ro,Z" "-e" "SOURCE_DIR=/opt/rustwide/workdir" "-e" "CARGO_TARGET_DIR=/opt/rustwide/target" "-e" "CARGO_INCREMENTAL=0" "-e" "RUST_BACKTRACE=full" "-e" "RUSTFLAGS=--cap-lints=warn" "-e" "RUSTDOCFLAGS=--cap-lints=warn" "-e" "CARGO_HOME=/opt/rustwide/cargo-home" "-e" "RUSTUP_HOME=/opt/rustwide/rustup-home" "-w" "/opt/rustwide/workdir" "-m" "1610612736" "--user" "0:0" "--network" "none" "ghcr.io/rust-lang/crates-build-env/linux@sha256:5ff2268d62e97bff2cde7d5815dd6ed5b47097566f13b8d0ca110b04b60e07ed" "/opt/rustwide/cargo-home/bin/cargo" "+beta-2023-04-20" "test" "--frozen", kill_on_drop: false }`
[INFO] [stdout] bae0fd3b1734851f82ff1134aeaa38ba7249c90603093ec84ec509052654e3cb
[INFO] running `Command { std: "docker" "start" "-a" "bae0fd3b1734851f82ff1134aeaa38ba7249c90603093ec84ec509052654e3cb", kill_on_drop: false }`
[INFO] [stderr]     Finished test [unoptimized + debuginfo] target(s) in 0.50s
[INFO] [stderr]      Running unittests src/lib.rs (/opt/rustwide/target/debug/deps/branchless-003bec68a9b355ba)
[INFO] [stdout] 
[INFO] [stdout] running 37 tests
[INFO] [stdout] test core::eventlog::tests::test_advance_cursor_by_transaction ... ok
[INFO] [stdout] test core::node_descriptors::tests::test_describe_time_delta ... ok
[INFO] [stdout] test core::eventlog::tests::test_drop_non_meaningful_events ... ok
[INFO] [stdout] test core::effects::tests::test_effects_progress_rewind_panic ... ok
[INFO] [stdout] test core::node_descriptors::tests::test_extract_diff_number ... ok
[INFO] [stdout] test core::effects::tests::test_effects_progress ... ok
[INFO] [stdout] test core::rewrite::plan::tests::test_plan_moving_consecutive_commits ... FAILED
[INFO] [stdout] test core::rewrite::plan::tests::test_plan_moving_commit_add_then_giving_it_a_child ... FAILED
[INFO] [stdout] test core::rewrite::plan::tests::test_plan_moving_commit_again_overrides_previous_move ... FAILED
[INFO] [stdout] test core::rewrite::plan::tests::test_plan_moving_commit_and_one_child_leaves_other_child ... FAILED
[INFO] [stdout] test core::eventlog::tests::test_different_event_transaction_ids ... FAILED
[INFO] [stdout] test core::rewrite::plan::tests::test_plan_moving_range_and_then_partial_beginning_range_again ... FAILED
[INFO] [stdout] test core::rewrite::plan::tests::test_plan_moving_subtree_again_overrides_previous_move ... FAILED
[INFO] [stdout] test core::rewrite::plan::tests::test_plan_moving_range_again_overrides_previous_move ... FAILED
[INFO] [stdout] test core::rewrite::plan::tests::test_plan_moving_consecutive_commits_in_other_order ... FAILED
[INFO] [stdout] test core::rewrite::plan::tests::test_cache_shared_between_builders ... FAILED
[INFO] [stdout] test core::rewrite::evolve::tests::test_find_rewrite_target ... FAILED
[INFO] [stdout] test core::rewrite::plan::tests::test_plan_moving_range_and_then_partial_ending_range_again ... FAILED
[INFO] [stdout] test core::rewrite::plan::tests::test_plan_moving_subtree_and_commit_within_subtree ... FAILED
[INFO] [stdout] test core::rewrite::plan::tests::test_plan_moving_nonconsecutive_commits ... FAILED
[INFO] [stdout] test core::rewrite::plan::tests::test_plan_moving_subtree_and_then_its_parent_commit ... FAILED
[INFO] [stdout] test core::rewrite::plan::tests::test_plan_moving_subtree_within_moved_subtree ... FAILED
[INFO] [stdout] test git::repo::tests::test_parse_git_version_output ... ok
[INFO] [stdout] test core::rewrite::plan::tests::test_plan_moving_subtree_to_descendant_of_itself ... FAILED
[INFO] [stdout] test git::repo::tests::test_amend_fast_from_working_tree ... FAILED
[INFO] [stdout] test git::repo::tests::test_amend_fast_from_index ... FAILED
[INFO] [stdout] test git::repo::tests::test_branch_debug ... FAILED
[INFO] [stdout] test core::rewrite::plan::tests::test_plan_moving_subtree_with_merge_commit ... FAILED
[INFO] [stdout] test git::repo::tests::test_cherry_pick_fast ... FAILED
[INFO] [stdout] test git::status::tests::test_get_status ... FAILED
[INFO] [stdout] test git::snapshot::tests::test_has_conflicts ... FAILED
[INFO] [stdout] test git::tree::tests::test_hydrate_tree ... FAILED
[INFO] [stdout] test git::run::tests::test_run_silent_failures ... FAILED
[INFO] [stdout] test git::run::tests::test_hook_working_dir ... FAILED
[INFO] [stdout] test core::rewrite::plan::tests::test_plan_moving_subtree_within_moved_subtree_in_other_order ... FAILED
[INFO] [stdout] test git::tree::tests::test_detect_path_only_changed_file_mode ... FAILED
[INFO] [stdout] test git::status::tests::test_parse_status_line ... ok
[INFO] [stdout] 
[INFO] [stdout] failures:
[INFO] [stdout] 
[INFO] [stdout] ---- core::rewrite::plan::tests::test_plan_moving_consecutive_commits stdout ----
[INFO] [stdout] Error: 
[INFO] [stdout]    0: [91mNo path to Git executable was set. Try running as: `TEST_GIT=$(which git) cargo test ...` or set `env.TEST_GIT` in your `config.toml` (see https://doc.rust-lang.org/cargo/reference/config.html)[0m
[INFO] [stdout] 
[INFO] [stdout] Location:
[INFO] [stdout]    [35msrc/core/config.rs[0m:[35m334[0m
[INFO] [stdout] 
[INFO] [stdout]   ━━━━━━━━━━━━━━━━━━━━━━━━━━━━━━━━━━ BACKTRACE ━━━━━━━━━━━━━━━━━━━━━━━━━━━━━━━━━━━
[INFO] [stdout]   [96m                              ⋮ 5 frames hidden ⋮                               [0m
[INFO] [stdout]    6: [91mbranchless::core::config::env_vars::get_path_to_git::{{closure}}[0m[90m::h321317bf90042d10[0m
[INFO] [stdout]       at [35m/opt/rustwide/workdir/src/core/config.rs[0m:[35m334[0m
[INFO] [stdout]        332 │     pub fn get_path_to_git() -> eyre::Result<PathBuf> {
[INFO] [stdout]        333 │         let path_to_git = std::env::var_os(TEST_GIT).ok_or_else(|| {
[INFO] [stdout]   [37;1m     334[0m [37;1m>[0m [37;1m            eyre::eyre!([0m
[INFO] [stdout]        335 │                 "No path to Git executable was set. \
[INFO] [stdout]        336 │ Try running as: `{0}=$(which git) cargo test ...` \
[INFO] [stdout]    7: [32mcore::option::Option<T>::ok_or_else[0m[90m::h6f2fa644e4940ccf[0m
[INFO] [stdout]       at [35m/rustc/1b7dd2252b99671ce5d1cb9664c5f8636329436d/library/core/src/option.rs[0m:[35m1257[0m
[INFO] [stdout]    8: [91mbranchless::core::config::env_vars::get_path_to_git[0m[90m::h4000a0211ae1165f[0m
[INFO] [stdout]       at [35m/opt/rustwide/workdir/src/core/config.rs[0m:[35m333[0m
[INFO] [stdout]        331 │     #[instrument]
[INFO] [stdout]        332 │     pub fn get_path_to_git() -> eyre::Result<PathBuf> {
[INFO] [stdout]   [37;1m     333[0m [37;1m>[0m [37;1m        let path_to_git = std::env::var_os(TEST_GIT).ok_or_else(|| {[0m
[INFO] [stdout]        334 │             eyre::eyre!(
[INFO] [stdout]        335 │                 "No path to Git executable was set. \
[INFO] [stdout]    9: [91mbranchless::testing::make_git[0m[90m::he5769ef44b424eab[0m
[INFO] [stdout]       at [35m/opt/rustwide/workdir/src/testing.rs[0m:[35m650[0m
[INFO] [stdout]        648 │ 
[INFO] [stdout]        649 │     let repo_dir = tempfile::tempdir()?;
[INFO] [stdout]   [37;1m     650[0m [37;1m>[0m [37;1m    let path_to_git = get_path_to_git()?;[0m
[INFO] [stdout]        651 │     let git_exec_path = get_git_exec_path()?;
[INFO] [stdout]        652 │     let git = Git::new(path_to_git, repo_dir.path().to_path_buf(), git_exec_path);
[INFO] [stdout]   10: [91mbranchless::core::rewrite::plan::tests::test_plan_moving_consecutive_commits[0m[90m::hdc38c0062db22a36[0m
[INFO] [stdout]       at [35m/opt/rustwide/workdir/src/core/rewrite/plan.rs[0m:[35m1588[0m
[INFO] [stdout]       1586 │     #[test]
[INFO] [stdout]       1587 │     fn test_plan_moving_consecutive_commits() -> eyre::Result<()> {
[INFO] [stdout]   [37;1m    1588[0m [37;1m>[0m [37;1m        let git = make_git()?;[0m
[INFO] [stdout]       1589 │         git.init_repo()?;
[INFO] [stdout]       1590 │         git.detach_head()?;
[INFO] [stdout]   11: [91mbranchless::core::rewrite::plan::tests::test_plan_moving_consecutive_commits::{{closure}}[0m[90m::hdc94fcf1379d04ac[0m
[INFO] [stdout]       at [35m/opt/rustwide/workdir/src/core/rewrite/plan.rs[0m:[35m1587[0m
[INFO] [stdout]       1585 │ 
[INFO] [stdout]       1586 │     #[test]
[INFO] [stdout]   [37;1m    1587[0m [37;1m>[0m [37;1m    fn test_plan_moving_consecutive_commits() -> eyre::Result<()> {[0m
[INFO] [stdout]       1588 │         let git = make_git()?;
[INFO] [stdout]       1589 │         git.init_repo()?;
[INFO] [stdout]   12: [32mcore::ops::function::FnOnce::call_once[0m[90m::he451f730c0c2d53c[0m
[INFO] [stdout]       at [35m/rustc/1b7dd2252b99671ce5d1cb9664c5f8636329436d/library/core/src/ops/function.rs[0m:[35m250[0m
[INFO] [stdout]   13: [32mcore::ops::function::FnOnce::call_once[0m[90m::ha6a70e79f7481a7e[0m
[INFO] [stdout]       at [35m/rustc/1b7dd2252b99671ce5d1cb9664c5f8636329436d/library/core/src/ops/function.rs[0m:[35m250[0m
[INFO] [stdout]   14: [32mtest::__rust_begin_short_backtrace[0m[90m::hce33033019b61e69[0m
[INFO] [stdout]       at [35m/rustc/1b7dd2252b99671ce5d1cb9664c5f8636329436d/library/test/src/lib.rs[0m:[35m655[0m
[INFO] [stdout]   15: [32mtest::run_test::{{closure}}[0m[90m::h858d3528838ae3e5[0m
[INFO] [stdout]       at [35m/rustc/1b7dd2252b99671ce5d1cb9664c5f8636329436d/library/test/src/lib.rs[0m:[35m646[0m
[INFO] [stdout]   16: [32mcore::ops::function::FnOnce::call_once{{vtable.shim}}[0m[90m::he8ac2b00f01ae79e[0m
[INFO] [stdout]       at [35m/rustc/1b7dd2252b99671ce5d1cb9664c5f8636329436d/library/core/src/ops/function.rs[0m:[35m250[0m
[INFO] [stdout]   17: [32m<alloc::boxed::Box<F,A> as core::ops::function::FnOnce<Args>>::call_once[0m[90m::h8093d25b522725ef[0m
[INFO] [stdout]       at [35m/rustc/1b7dd2252b99671ce5d1cb9664c5f8636329436d/library/alloc/src/boxed.rs[0m:[35m1973[0m
[INFO] [stdout]   18: [32m<core::panic::unwind_safe::AssertUnwindSafe<F> as core::ops::function::FnOnce<()>>::call_once[0m[90m::h5c334c204e4a3913[0m
[INFO] [stdout]       at [35m/rustc/1b7dd2252b99671ce5d1cb9664c5f8636329436d/library/core/src/panic/unwind_safe.rs[0m:[35m271[0m
[INFO] [stdout]   19: [32mstd::panicking::try::do_call[0m[90m::ha8b740c7b9478074[0m
[INFO] [stdout]       at [35m/rustc/1b7dd2252b99671ce5d1cb9664c5f8636329436d/library/std/src/panicking.rs[0m:[35m485[0m
[INFO] [stdout]   20: [32mstd::panicking::try[0m[90m::h5d34f63d0e41b64e[0m
[INFO] [stdout]       at [35m/rustc/1b7dd2252b99671ce5d1cb9664c5f8636329436d/library/std/src/panicking.rs[0m:[35m449[0m
[INFO] [stdout]   21: [32mstd::panic::catch_unwind[0m[90m::hcfbb511e1aa7fc67[0m
[INFO] [stdout]       at [35m/rustc/1b7dd2252b99671ce5d1cb9664c5f8636329436d/library/std/src/panic.rs[0m:[35m140[0m
[INFO] [stdout]   22: [32mtest::run_test_in_process[0m[90m::h9abda90f802eaf21[0m
[INFO] [stdout]       at [35m/rustc/1b7dd2252b99671ce5d1cb9664c5f8636329436d/library/test/src/lib.rs[0m:[35m678[0m
[INFO] [stdout]   [96m                              ⋮ 14 frames hidden ⋮                              [0m
[INFO] [stdout] 
[INFO] [stdout] Run with COLORBT_SHOW_HIDDEN=1 environment variable to disable frame filtering.
[INFO] [stdout] 
[INFO] [stdout] ---- core::rewrite::plan::tests::test_plan_moving_commit_add_then_giving_it_a_child stdout ----
[INFO] [stdout] Error: 
[INFO] [stdout]    0: [91mNo path to Git executable was set. Try running as: `TEST_GIT=$(which git) cargo test ...` or set `env.TEST_GIT` in your `config.toml` (see https://doc.rust-lang.org/cargo/reference/config.html)[0m
[INFO] [stdout] 
[INFO] [stdout] Location:
[INFO] [stdout]    [35msrc/core/config.rs[0m:[35m334[0m
[INFO] [stdout] 
[INFO] [stdout]   ━━━━━━━━━━━━━━━━━━━━━━━━━━━━━━━━━━ BACKTRACE ━━━━━━━━━━━━━━━━━━━━━━━━━━━━━━━━━━━
[INFO] [stdout]   [96m                              ⋮ 5 frames hidden ⋮                               [0m
[INFO] [stdout]    6: [91mbranchless::core::config::env_vars::get_path_to_git::{{closure}}[0m[90m::h321317bf90042d10[0m
[INFO] [stdout]       at [35m/opt/rustwide/workdir/src/core/config.rs[0m:[35m334[0m
[INFO] [stdout]        332 │     pub fn get_path_to_git() -> eyre::Result<PathBuf> {
[INFO] [stdout]        333 │         let path_to_git = std::env::var_os(TEST_GIT).ok_or_else(|| {
[INFO] [stdout]   [37;1m     334[0m [37;1m>[0m [37;1m            eyre::eyre!([0m
[INFO] [stdout]        335 │                 "No path to Git executable was set. \
[INFO] [stdout]        336 │ Try running as: `{0}=$(which git) cargo test ...` \
[INFO] [stdout]    7: [32mcore::option::Option<T>::ok_or_else[0m[90m::h6f2fa644e4940ccf[0m
[INFO] [stdout]       at [35m/rustc/1b7dd2252b99671ce5d1cb9664c5f8636329436d/library/core/src/option.rs[0m:[35m1257[0m
[INFO] [stdout]    8: [91mbranchless::core::config::env_vars::get_path_to_git[0m[90m::h4000a0211ae1165f[0m
[INFO] [stdout]       at [35m/opt/rustwide/workdir/src/core/config.rs[0m:[35m333[0m
[INFO] [stdout]        331 │     #[instrument]
[INFO] [stdout]        332 │     pub fn get_path_to_git() -> eyre::Result<PathBuf> {
[INFO] [stdout]   [37;1m     333[0m [37;1m>[0m [37;1m        let path_to_git = std::env::var_os(TEST_GIT).ok_or_else(|| {[0m
[INFO] [stdout]        334 │             eyre::eyre!(
[INFO] [stdout]        335 │                 "No path to Git executable was set. \
[INFO] [stdout]    9: [91mbranchless::testing::make_git[0m[90m::he5769ef44b424eab[0m
[INFO] [stdout]       at [35m/opt/rustwide/workdir/src/testing.rs[0m:[35m650[0m
[INFO] [stdout]        648 │ 
[INFO] [stdout]        649 │     let repo_dir = tempfile::tempdir()?;
[INFO] [stdout]   [37;1m     650[0m [37;1m>[0m [37;1m    let path_to_git = get_path_to_git()?;[0m
[INFO] [stdout]        651 │     let git_exec_path = get_git_exec_path()?;
[INFO] [stdout]        652 │     let git = Git::new(path_to_git, repo_dir.path().to_path_buf(), git_exec_path);
[INFO] [stdout]   10: [91mbranchless::core::rewrite::plan::tests::test_plan_moving_commit_add_then_giving_it_a_child[0m[90m::he567de3aa7a76467[0m
[INFO] [stdout]       at [35m/opt/rustwide/workdir/src/core/rewrite/plan.rs[0m:[35m1710[0m
[INFO] [stdout]       1708 │     #[test]
[INFO] [stdout]       1709 │     fn test_plan_moving_commit_add_then_giving_it_a_child() -> eyre::Result<()> {
[INFO] [stdout]   [37;1m    1710[0m [37;1m>[0m [37;1m        let git = make_git()?;[0m
[INFO] [stdout]       1711 │         git.init_repo()?;
[INFO] [stdout]       1712 │         git.detach_head()?;
[INFO] [stdout]   11: [91mbranchless::core::rewrite::plan::tests::test_plan_moving_commit_add_then_giving_it_a_child::{{closure}}[0m[90m::ha1cfaef66bdb8e15[0m
[INFO] [stdout]       at [35m/opt/rustwide/workdir/src/core/rewrite/plan.rs[0m:[35m1709[0m
[INFO] [stdout]       1707 │ 
[INFO] [stdout]       1708 │     #[test]
[INFO] [stdout]   [37;1m    1709[0m [37;1m>[0m [37;1m    fn test_plan_moving_commit_add_then_giving_it_a_child() -> eyre::Result<()> {[0m
[INFO] [stdout]       1710 │         let git = make_git()?;
[INFO] [stdout]       1711 │         git.init_repo()?;
[INFO] [stdout]   12: [32mcore::ops::function::FnOnce::call_once[0m[90m::hc62a162e8de56149[0m
[INFO] [stdout]       at [35m/rustc/1b7dd2252b99671ce5d1cb9664c5f8636329436d/library/core/src/ops/function.rs[0m:[35m250[0m
[INFO] [stdout]   13: [32mcore::ops::function::FnOnce::call_once[0m[90m::ha6a70e79f7481a7e[0m
[INFO] [stdout]       at [35m/rustc/1b7dd2252b99671ce5d1cb9664c5f8636329436d/library/core/src/ops/function.rs[0m:[35m250[0m
[INFO] [stdout]   14: [32mtest::__rust_begin_short_backtrace[0m[90m::hce33033019b61e69[0m
[INFO] [stdout]       at [35m/rustc/1b7dd2252b99671ce5d1cb9664c5f8636329436d/library/test/src/lib.rs[0m:[35m655[0m
[INFO] [stdout]   15: [32mtest::run_test::{{closure}}[0m[90m::h858d3528838ae3e5[0m
[INFO] [stdout]       at [35m/rustc/1b7dd2252b99671ce5d1cb9664c5f8636329436d/library/test/src/lib.rs[0m:[35m646[0m
[INFO] [stdout]   16: [32mcore::ops::function::FnOnce::call_once{{vtable.shim}}[0m[90m::he8ac2b00f01ae79e[0m
[INFO] [stdout]       at [35m/rustc/1b7dd2252b99671ce5d1cb9664c5f8636329436d/library/core/src/ops/function.rs[0m:[35m250[0m
[INFO] [stdout]   17: [32m<alloc::boxed::Box<F,A> as core::ops::function::FnOnce<Args>>::call_once[0m[90m::h8093d25b522725ef[0m
[INFO] [stdout]       at [35m/rustc/1b7dd2252b99671ce5d1cb9664c5f8636329436d/library/alloc/src/boxed.rs[0m:[35m1973[0m
[INFO] [stdout]   18: [32m<core::panic::unwind_safe::AssertUnwindSafe<F> as core::ops::function::FnOnce<()>>::call_once[0m[90m::h5c334c204e4a3913[0m
[INFO] [stdout]       at [35m/rustc/1b7dd2252b99671ce5d1cb9664c5f8636329436d/library/core/src/panic/unwind_safe.rs[0m:[35m271[0m
[INFO] [stdout]   19: [32mstd::panicking::try::do_call[0m[90m::ha8b740c7b9478074[0m
[INFO] [stdout]       at [35m/rustc/1b7dd2252b99671ce5d1cb9664c5f8636329436d/library/std/src/panicking.rs[0m:[35m485[0m
[INFO] [stdout]   20: [32mstd::panicking::try[0m[90m::h5d34f63d0e41b64e[0m
[INFO] [stdout]       at [35m/rustc/1b7dd2252b99671ce5d1cb9664c5f8636329436d/library/std/src/panicking.rs[0m:[35m449[0m
[INFO] [stdout]   21: [32mstd::panic::catch_unwind[0m[90m::hcfbb511e1aa7fc67[0m
[INFO] [stdout]       at [35m/rustc/1b7dd2252b99671ce5d1cb9664c5f8636329436d/library/std/src/panic.rs[0m:[35m140[0m
[INFO] [stdout]   22: [32mtest::run_test_in_process[0m[90m::h9abda90f802eaf21[0m
[INFO] [stdout]       at [35m/rustc/1b7dd2252b99671ce5d1cb9664c5f8636329436d/library/test/src/lib.rs[0m:[35m678[0m
[INFO] [stdout]   [96m                              ⋮ 14 frames hidden ⋮                              [0m
[INFO] [stdout] 
[INFO] [stdout] Run with COLORBT_SHOW_HIDDEN=1 environment variable to disable frame filtering.
[INFO] [stdout] 
[INFO] [stdout] ---- core::rewrite::plan::tests::test_plan_moving_commit_again_overrides_previous_move stdout ----
[INFO] [stdout] Error: 
[INFO] [stdout]    0: [91mNo path to Git executable was set. Try running as: `TEST_GIT=$(which git) cargo test ...` or set `env.TEST_GIT` in your `config.toml` (see https://doc.rust-lang.org/cargo/reference/config.html)[0m
[INFO] [stdout] 
[INFO] [stdout] Location:
[INFO] [stdout]    [35msrc/core/config.rs[0m:[35m334[0m
[INFO] [stdout] 
[INFO] [stdout]   ━━━━━━━━━━━━━━━━━━━━━━━━━━━━━━━━━━ BACKTRACE ━━━━━━━━━━━━━━━━━━━━━━━━━━━━━━━━━━━
[INFO] [stdout]   [96m                              ⋮ 5 frames hidden ⋮                               [0m
[INFO] [stdout]    6: [91mbranchless::core::config::env_vars::get_path_to_git::{{closure}}[0m[90m::h321317bf90042d10[0m
[INFO] [stdout]       at [35m/opt/rustwide/workdir/src/core/config.rs[0m:[35m334[0m
[INFO] [stdout]        332 │     pub fn get_path_to_git() -> eyre::Result<PathBuf> {
[INFO] [stdout]        333 │         let path_to_git = std::env::var_os(TEST_GIT).ok_or_else(|| {
[INFO] [stdout]   [37;1m     334[0m [37;1m>[0m [37;1m            eyre::eyre!([0m
[INFO] [stdout]        335 │                 "No path to Git executable was set. \
[INFO] [stdout]        336 │ Try running as: `{0}=$(which git) cargo test ...` \
[INFO] [stdout]    7: [32mcore::option::Option<T>::ok_or_else[0m[90m::h6f2fa644e4940ccf[0m
[INFO] [stdout]       at [35m/rustc/1b7dd2252b99671ce5d1cb9664c5f8636329436d/library/core/src/option.rs[0m:[35m1257[0m
[INFO] [stdout]    8: [91mbranchless::core::config::env_vars::get_path_to_git[0m[90m::h4000a0211ae1165f[0m
[INFO] [stdout]       at [35m/opt/rustwide/workdir/src/core/config.rs[0m:[35m333[0m
[INFO] [stdout]        331 │     #[instrument]
[INFO] [stdout]        332 │     pub fn get_path_to_git() -> eyre::Result<PathBuf> {
[INFO] [stdout]   [37;1m     333[0m [37;1m>[0m [37;1m        let path_to_git = std::env::var_os(TEST_GIT).ok_or_else(|| {[0m
[INFO] [stdout]        334 │             eyre::eyre!(
[INFO] [stdout]        335 │                 "No path to Git executable was set. \
[INFO] [stdout]    9: [91mbranchless::testing::make_git[0m[90m::he5769ef44b424eab[0m
[INFO] [stdout]       at [35m/opt/rustwide/workdir/src/testing.rs[0m:[35m650[0m
[INFO] [stdout]        648 │ 
[INFO] [stdout]        649 │     let repo_dir = tempfile::tempdir()?;
[INFO] [stdout]   [37;1m     650[0m [37;1m>[0m [37;1m    let path_to_git = get_path_to_git()?;[0m
[INFO] [stdout]        651 │     let git_exec_path = get_git_exec_path()?;
[INFO] [stdout]        652 │     let git = Git::new(path_to_git, repo_dir.path().to_path_buf(), git_exec_path);
[INFO] [stdout]   10: [91mbranchless::core::rewrite::plan::tests::test_plan_moving_commit_again_overrides_previous_move[0m[90m::h9fe2b08f8e3796f4[0m
[INFO] [stdout]       at [35m/opt/rustwide/workdir/src/core/rewrite/plan.rs[0m:[35m1516[0m
[INFO] [stdout]       1514 │     #[test]
[INFO] [stdout]       1515 │     fn test_plan_moving_commit_again_overrides_previous_move() -> eyre::Result<()> {
[INFO] [stdout]   [37;1m    1516[0m [37;1m>[0m [37;1m        let git = make_git()?;[0m
[INFO] [stdout]       1517 │         git.init_repo()?;
[INFO] [stdout]       1518 │         git.detach_head()?;
[INFO] [stdout]   11: [91mbranchless::core::rewrite::plan::tests::test_plan_moving_commit_again_overrides_previous_move::{{closure}}[0m[90m::h88e97f3ce9e07c7c[0m
[INFO] [stdout]       at [35m/opt/rustwide/workdir/src/core/rewrite/plan.rs[0m:[35m1515[0m
[INFO] [stdout]       1513 │ 
[INFO] [stdout]       1514 │     #[test]
[INFO] [stdout]   [37;1m    1515[0m [37;1m>[0m [37;1m    fn test_plan_moving_commit_again_overrides_previous_move() -> eyre::Result<()> {[0m
[INFO] [stdout]       1516 │         let git = make_git()?;
[INFO] [stdout]       1517 │         git.init_repo()?;
[INFO] [stdout]   12: [32mcore::ops::function::FnOnce::call_once[0m[90m::h1a5dad65eb74f237[0m
[INFO] [stdout]       at [35m/rustc/1b7dd2252b99671ce5d1cb9664c5f8636329436d/library/core/src/ops/function.rs[0m:[35m250[0m
[INFO] [stdout]   13: [32mcore::ops::function::FnOnce::call_once[0m[90m::ha6a70e79f7481a7e[0m
[INFO] [stdout]       at [35m/rustc/1b7dd2252b99671ce5d1cb9664c5f8636329436d/library/core/src/ops/function.rs[0m:[35m250[0m
[INFO] [stdout]   14: [32mtest::__rust_begin_short_backtrace[0m[90m::hce33033019b61e69[0m
[INFO] [stdout]       at [35m/rustc/1b7dd2252b99671ce5d1cb9664c5f8636329436d/library/test/src/lib.rs[0m:[35m655[0m
[INFO] [stdout]   15: [32mtest::run_test::{{closure}}[0m[90m::h858d3528838ae3e5[0m
[INFO] [stdout]       at [35m/rustc/1b7dd2252b99671ce5d1cb9664c5f8636329436d/library/test/src/lib.rs[0m:[35m646[0m
[INFO] [stdout]   16: [32mcore::ops::function::FnOnce::call_once{{vtable.shim}}[0m[90m::he8ac2b00f01ae79e[0m
[INFO] [stdout]       at [35m/rustc/1b7dd2252b99671ce5d1cb9664c5f8636329436d/library/core/src/ops/function.rs[0m:[35m250[0m
[INFO] [stdout]   17: [32m<alloc::boxed::Box<F,A> as core::ops::function::FnOnce<Args>>::call_once[0m[90m::h8093d25b522725ef[0m
[INFO] [stdout]       at [35m/rustc/1b7dd2252b99671ce5d1cb9664c5f8636329436d/library/alloc/src/boxed.rs[0m:[35m1973[0m
[INFO] [stdout]   18: [32m<core::panic::unwind_safe::AssertUnwindSafe<F> as core::ops::function::FnOnce<()>>::call_once[0m[90m::h5c334c204e4a3913[0m
[INFO] [stdout]       at [35m/rustc/1b7dd2252b99671ce5d1cb9664c5f8636329436d/library/core/src/panic/unwind_safe.rs[0m:[35m271[0m
[INFO] [stdout]   19: [32mstd::panicking::try::do_call[0m[90m::ha8b740c7b9478074[0m
[INFO] [stdout]       at [35m/rustc/1b7dd2252b99671ce5d1cb9664c5f8636329436d/library/std/src/panicking.rs[0m:[35m485[0m
[INFO] [stdout]   20: [32mstd::panicking::try[0m[90m::h5d34f63d0e41b64e[0m
[INFO] [stdout]       at [35m/rustc/1b7dd2252b99671ce5d1cb9664c5f8636329436d/library/std/src/panicking.rs[0m:[35m449[0m
[INFO] [stdout]   21: [32mstd::panic::catch_unwind[0m[90m::hcfbb511e1aa7fc67[0m
[INFO] [stdout]       at [35m/rustc/1b7dd2252b99671ce5d1cb9664c5f8636329436d/library/std/src/panic.rs[0m:[35m140[0m
[INFO] [stdout]   22: [32mtest::run_test_in_process[0m[90m::h9abda90f802eaf21[0m
[INFO] [stdout]       at [35m/rustc/1b7dd2252b99671ce5d1cb9664c5f8636329436d/library/test/src/lib.rs[0m:[35m678[0m
[INFO] [stdout]   [96m                              ⋮ 14 frames hidden ⋮                              [0m
[INFO] [stdout] 
[INFO] [stdout] Run with COLORBT_SHOW_HIDDEN=1 environment variable to disable frame filtering.
[INFO] [stdout] 
[INFO] [stdout] ---- core::rewrite::plan::tests::test_plan_moving_commit_and_one_child_leaves_other_child stdout ----
[INFO] [stdout] Error: 
[INFO] [stdout]    0: [91mNo path to Git executable was set. Try running as: `TEST_GIT=$(which git) cargo test ...` or set `env.TEST_GIT` in your `config.toml` (see https://doc.rust-lang.org/cargo/reference/config.html)[0m
[INFO] [stdout] 
[INFO] [stdout] Location:
[INFO] [stdout]    [35msrc/core/config.rs[0m:[35m334[0m
[INFO] [stdout] 
[INFO] [stdout]   ━━━━━━━━━━━━━━━━━━━━━━━━━━━━━━━━━━ BACKTRACE ━━━━━━━━━━━━━━━━━━━━━━━━━━━━━━━━━━━
[INFO] [stdout]   [96m                              ⋮ 5 frames hidden ⋮                               [0m
[INFO] [stdout]    6: [91mbranchless::core::config::env_vars::get_path_to_git::{{closure}}[0m[90m::h321317bf90042d10[0m
[INFO] [stdout]       at [35m/opt/rustwide/workdir/src/core/config.rs[0m:[35m334[0m
[INFO] [stdout]        332 │     pub fn get_path_to_git() -> eyre::Result<PathBuf> {
[INFO] [stdout]        333 │         let path_to_git = std::env::var_os(TEST_GIT).ok_or_else(|| {
[INFO] [stdout]   [37;1m     334[0m [37;1m>[0m [37;1m            eyre::eyre!([0m
[INFO] [stdout]        335 │                 "No path to Git executable was set. \
[INFO] [stdout]        336 │ Try running as: `{0}=$(which git) cargo test ...` \
[INFO] [stdout]    7: [32mcore::option::Option<T>::ok_or_else[0m[90m::h6f2fa644e4940ccf[0m
[INFO] [stdout]       at [35m/rustc/1b7dd2252b99671ce5d1cb9664c5f8636329436d/library/core/src/option.rs[0m:[35m1257[0m
[INFO] [stdout]    8: [91mbranchless::core::config::env_vars::get_path_to_git[0m[90m::h4000a0211ae1165f[0m
[INFO] [stdout]       at [35m/opt/rustwide/workdir/src/core/config.rs[0m:[35m333[0m
[INFO] [stdout]        331 │     #[instrument]
[INFO] [stdout]        332 │     pub fn get_path_to_git() -> eyre::Result<PathBuf> {
[INFO] [stdout]   [37;1m     333[0m [37;1m>[0m [37;1m        let path_to_git = std::env::var_os(TEST_GIT).ok_or_else(|| {[0m
[INFO] [stdout]        334 │             eyre::eyre!(
[INFO] [stdout]        335 │                 "No path to Git executable was set. \
[INFO] [stdout]    9: [91mbranchless::testing::make_git[0m[90m::he5769ef44b424eab[0m
[INFO] [stdout]       at [35m/opt/rustwide/workdir/src/testing.rs[0m:[35m650[0m
[INFO] [stdout]        648 │ 
[INFO] [stdout]        649 │     let repo_dir = tempfile::tempdir()?;
[INFO] [stdout]   [37;1m     650[0m [37;1m>[0m [37;1m    let path_to_git = get_path_to_git()?;[0m
[INFO] [stdout]        651 │     let git_exec_path = get_git_exec_path()?;
[INFO] [stdout]        652 │     let git = Git::new(path_to_git, repo_dir.path().to_path_buf(), git_exec_path);
[INFO] [stdout]   10: [91mbranchless::core::rewrite::plan::tests::test_plan_moving_commit_and_one_child_leaves_other_child[0m[90m::h4b7c3134f512c745[0m
[INFO] [stdout]       at [35m/opt/rustwide/workdir/src/core/rewrite/plan.rs[0m:[35m1658[0m
[INFO] [stdout]       1656 │     #[test]
[INFO] [stdout]       1657 │     fn test_plan_moving_commit_and_one_child_leaves_other_child() -> eyre::Result<()> {
[INFO] [stdout]   [37;1m    1658[0m [37;1m>[0m [37;1m        let git = make_git()?;[0m
[INFO] [stdout]       1659 │         git.init_repo()?;
[INFO] [stdout]       1660 │         git.detach_head()?;
[INFO] [stdout]   11: [91mbranchless::core::rewrite::plan::tests::test_plan_moving_commit_and_one_child_leaves_other_child::{{closure}}[0m[90m::h5ab0bd97f68d2d01[0m
[INFO] [stdout]       at [35m/opt/rustwide/workdir/src/core/rewrite/plan.rs[0m:[35m1657[0m
[INFO] [stdout]       1655 │ 
[INFO] [stdout]       1656 │     #[test]
[INFO] [stdout]   [37;1m    1657[0m [37;1m>[0m [37;1m    fn test_plan_moving_commit_and_one_child_leaves_other_child() -> eyre::Result<()> {[0m
[INFO] [stdout]       1658 │         let git = make_git()?;
[INFO] [stdout]       1659 │         git.init_repo()?;
[INFO] [stdout]   12: [32mcore::ops::function::FnOnce::call_once[0m[90m::h98e2e3133f5e6349[0m
[INFO] [stdout]       at [35m/rustc/1b7dd2252b99671ce5d1cb9664c5f8636329436d/library/core/src/ops/function.rs[0m:[35m250[0m
[INFO] [stdout]   13: [32mcore::ops::function::FnOnce::call_once[0m[90m::ha6a70e79f7481a7e[0m
[INFO] [stdout]       at [35m/rustc/1b7dd2252b99671ce5d1cb9664c5f8636329436d/library/core/src/ops/function.rs[0m:[35m250[0m
[INFO] [stdout]   14: [32mtest::__rust_begin_short_backtrace[0m[90m::hce33033019b61e69[0m
[INFO] [stdout]       at [35m/rustc/1b7dd2252b99671ce5d1cb9664c5f8636329436d/library/test/src/lib.rs[0m:[35m655[0m
[INFO] [stdout]   15: [32mtest::run_test::{{closure}}[0m[90m::h858d3528838ae3e5[0m
[INFO] [stdout]       at [35m/rustc/1b7dd2252b99671ce5d1cb9664c5f8636329436d/library/test/src/lib.rs[0m:[35m646[0m
[INFO] [stdout]   16: [32mcore::ops::function::FnOnce::call_once{{vtable.shim}}[0m[90m::he8ac2b00f01ae79e[0m
[INFO] [stdout]       at [35m/rustc/1b7dd2252b99671ce5d1cb9664c5f8636329436d/library/core/src/ops/function.rs[0m:[35m250[0m
[INFO] [stdout]   17: [32m<alloc::boxed::Box<F,A> as core::ops::function::FnOnce<Args>>::call_once[0m[90m::h8093d25b522725ef[0m
[INFO] [stdout]       at [35m/rustc/1b7dd2252b99671ce5d1cb9664c5f8636329436d/library/alloc/src/boxed.rs[0m:[35m1973[0m
[INFO] [stdout]   18: [32m<core::panic::unwind_safe::AssertUnwindSafe<F> as core::ops::function::FnOnce<()>>::call_once[0m[90m::h5c334c204e4a3913[0m
[INFO] [stdout]       at [35m/rustc/1b7dd2252b99671ce5d1cb9664c5f8636329436d/library/core/src/panic/unwind_safe.rs[0m:[35m271[0m
[INFO] [stdout]   19: [32mstd::panicking::try::do_call[0m[90m::ha8b740c7b9478074[0m
[INFO] [stdout]       at [35m/rustc/1b7dd2252b99671ce5d1cb9664c5f8636329436d/library/std/src/panicking.rs[0m:[35m485[0m
[INFO] [stdout]   20: [32mstd::panicking::try[0m[90m::h5d34f63d0e41b64e[0m
[INFO] [stdout]       at [35m/rustc/1b7dd2252b99671ce5d1cb9664c5f8636329436d/library/std/src/panicking.rs[0m:[35m449[0m
[INFO] [stdout]   21: [32mstd::panic::catch_unwind[0m[90m::hcfbb511e1aa7fc67[0m
[INFO] [stdout]       at [35m/rustc/1b7dd2252b99671ce5d1cb9664c5f8636329436d/library/std/src/panic.rs[0m:[35m140[0m
[INFO] [stdout]   22: [32mtest::run_test_in_process[0m[90m::h9abda90f802eaf21[0m
[INFO] [stdout]       at [35m/rustc/1b7dd2252b99671ce5d1cb9664c5f8636329436d/library/test/src/lib.rs[0m:[35m678[0m
[INFO] [stdout]   [96m                              ⋮ 14 frames hidden ⋮                              [0m
[INFO] [stdout] 
[INFO] [stdout] Run with COLORBT_SHOW_HIDDEN=1 environment variable to disable frame filtering.
[INFO] [stdout] 
[INFO] [stdout] ---- core::eventlog::tests::test_different_event_transaction_ids stdout ----
[INFO] [stdout] Error: 
[INFO] [stdout]    0: [91mNo path to Git executable was set. Try running as: `TEST_GIT=$(which git) cargo test ...` or set `env.TEST_GIT` in your `config.toml` (see https://doc.rust-lang.org/cargo/reference/config.html)[0m
[INFO] [stdout] 
[INFO] [stdout] Location:
[INFO] [stdout]    [35msrc/core/config.rs[0m:[35m334[0m
[INFO] [stdout] 
[INFO] [stdout]   ━━━━━━━━━━━━━━━━━━━━━━━━━━━━━━━━━━ BACKTRACE ━━━━━━━━━━━━━━━━━━━━━━━━━━━━━━━━━━━
[INFO] [stdout]   [96m                              ⋮ 5 frames hidden ⋮                               [0m
[INFO] [stdout]    6: [91mbranchless::core::config::env_vars::get_path_to_git::{{closure}}[0m[90m::h321317bf90042d10[0m
[INFO] [stdout]       at [35m/opt/rustwide/workdir/src/core/config.rs[0m:[35m334[0m
[INFO] [stdout]        332 │     pub fn get_path_to_git() -> eyre::Result<PathBuf> {
[INFO] [stdout]        333 │         let path_to_git = std::env::var_os(TEST_GIT).ok_or_else(|| {
[INFO] [stdout]   [37;1m     334[0m [37;1m>[0m [37;1m            eyre::eyre!([0m
[INFO] [stdout]        335 │                 "No path to Git executable was set. \
[INFO] [stdout]        336 │ Try running as: `{0}=$(which git) cargo test ...` \
[INFO] [stdout]    7: [32mcore::option::Option<T>::ok_or_else[0m[90m::h6f2fa644e4940ccf[0m
[INFO] [stdout]       at [35m/rustc/1b7dd2252b99671ce5d1cb9664c5f8636329436d/library/core/src/option.rs[0m:[35m1257[0m
[INFO] [stdout]    8: [91mbranchless::core::config::env_vars::get_path_to_git[0m[90m::h4000a0211ae1165f[0m
[INFO] [stdout]       at [35m/opt/rustwide/workdir/src/core/config.rs[0m:[35m333[0m
[INFO] [stdout]        331 │     #[instrument]
[INFO] [stdout]        332 │     pub fn get_path_to_git() -> eyre::Result<PathBuf> {
[INFO] [stdout]   [37;1m     333[0m [37;1m>[0m [37;1m        let path_to_git = std::env::var_os(TEST_GIT).ok_or_else(|| {[0m
[INFO] [stdout]        334 │             eyre::eyre!(
[INFO] [stdout]        335 │                 "No path to Git executable was set. \
[INFO] [stdout]    9: [91mbranchless::testing::make_git[0m[90m::he5769ef44b424eab[0m
[INFO] [stdout]       at [35m/opt/rustwide/workdir/src/testing.rs[0m:[35m650[0m
[INFO] [stdout]        648 │ 
[INFO] [stdout]        649 │     let repo_dir = tempfile::tempdir()?;
[INFO] [stdout]   [37;1m     650[0m [37;1m>[0m [37;1m    let path_to_git = get_path_to_git()?;[0m
[INFO] [stdout]        651 │     let git_exec_path = get_git_exec_path()?;
[INFO] [stdout]        652 │     let git = Git::new(path_to_git, repo_dir.path().to_path_buf(), git_exec_path);
[INFO] [stdout]   10: [91mbranchless::core::eventlog::tests::test_different_event_transaction_ids[0m[90m::h08a075137a0a3159[0m
[INFO] [stdout]       at [35m/opt/rustwide/workdir/src/core/eventlog.rs[0m:[35m1428[0m
[INFO] [stdout]       1426 │     #[test]
[INFO] [stdout]       1427 │     fn test_different_event_transaction_ids() -> eyre::Result<()> {
[INFO] [stdout]   [37;1m    1428[0m [37;1m>[0m [37;1m        let git = make_git()?;[0m
[INFO] [stdout]       1429 │ 
[INFO] [stdout]       1430 │         git.init_repo()?;
[INFO] [stdout]   11: [91mbranchless::core::eventlog::tests::test_different_event_transaction_ids::{{closure}}[0m[90m::h9529d85b3651d6c3[0m
[INFO] [stdout]       at [35m/opt/rustwide/workdir/src/core/eventlog.rs[0m:[35m1427[0m
[INFO] [stdout]       1425 │ 
[INFO] [stdout]       1426 │     #[test]
[INFO] [stdout]   [37;1m    1427[0m [37;1m>[0m [37;1m    fn test_different_event_transaction_ids() -> eyre::Result<()> {[0m
[INFO] [stdout]       1428 │         let git = make_git()?;
[INFO] [stdout]       1429 │ 
[INFO] [stdout]   12: [32mcore::ops::function::FnOnce::call_once[0m[90m::h81500462382765e5[0m
[INFO] [stdout]       at [35m/rustc/1b7dd2252b99671ce5d1cb9664c5f8636329436d/library/core/src/ops/function.rs[0m:[35m250[0m
[INFO] [stdout]   13: [32mcore::ops::function::FnOnce::call_once[0m[90m::ha6a70e79f7481a7e[0m
[INFO] [stdout]       at [35m/rustc/1b7dd2252b99671ce5d1cb9664c5f8636329436d/library/core/src/ops/function.rs[0m:[35m250[0m
[INFO] [stdout]   14: [32mtest::__rust_begin_short_backtrace[0m[90m::hce33033019b61e69[0m
[INFO] [stdout]       at [35m/rustc/1b7dd2252b99671ce5d1cb9664c5f8636329436d/library/test/src/lib.rs[0m:[35m655[0m
[INFO] [stdout]   15: [32mtest::run_test::{{closure}}[0m[90m::h858d3528838ae3e5[0m
[INFO] [stdout]       at [35m/rustc/1b7dd2252b99671ce5d1cb9664c5f8636329436d/library/test/src/lib.rs[0m:[35m646[0m
[INFO] [stdout]   16: [32mcore::ops::function::FnOnce::call_once{{vtable.shim}}[0m[90m::he8ac2b00f01ae79e[0m
[INFO] [stdout]       at [35m/rustc/1b7dd2252b99671ce5d1cb9664c5f8636329436d/library/core/src/ops/function.rs[0m:[35m250[0m
[INFO] [stdout]   17: [32m<alloc::boxed::Box<F,A> as core::ops::function::FnOnce<Args>>::call_once[0m[90m::h8093d25b522725ef[0m
[INFO] [stdout]       at [35m/rustc/1b7dd2252b99671ce5d1cb9664c5f8636329436d/library/alloc/src/boxed.rs[0m:[35m1973[0m
[INFO] [stdout]   18: [32m<core::panic::unwind_safe::AssertUnwindSafe<F> as core::ops::function::FnOnce<()>>::call_once[0m[90m::h5c334c204e4a3913[0m
[INFO] [stdout]       at [35m/rustc/1b7dd2252b99671ce5d1cb9664c5f8636329436d/library/core/src/panic/unwind_safe.rs[0m:[35m271[0m
[INFO] [stdout]   19: [32mstd::panicking::try::do_call[0m[90m::ha8b740c7b9478074[0m
[INFO] [stdout]       at [35m/rustc/1b7dd2252b99671ce5d1cb9664c5f8636329436d/library/std/src/panicking.rs[0m:[35m485[0m
[INFO] [stdout]   20: [32mstd::panicking::try[0m[90m::h5d34f63d0e41b64e[0m
[INFO] [stdout]       at [35m/rustc/1b7dd2252b99671ce5d1cb9664c5f8636329436d/library/std/src/panicking.rs[0m:[35m449[0m
[INFO] [stdout]   21: [32mstd::panic::catch_unwind[0m[90m::hcfbb511e1aa7fc67[0m
[INFO] [stdout]       at [35m/rustc/1b7dd2252b99671ce5d1cb9664c5f8636329436d/library/std/src/panic.rs[0m:[35m140[0m
[INFO] [stdout]   22: [32mtest::run_test_in_process[0m[90m::h9abda90f802eaf21[0m
[INFO] [stdout]       at [35m/rustc/1b7dd2252b99671ce5d1cb9664c5f8636329436d/library/test/src/lib.rs[0m:[35m678[0m
[INFO] [stdout]   [96m                              ⋮ 14 frames hidden ⋮                              [0m
[INFO] [stdout] 
[INFO] [stdout] Run with COLORBT_SHOW_HIDDEN=1 environment variable to disable frame filtering.
[INFO] [stdout] 
[INFO] [stdout] ---- core::rewrite::plan::tests::test_plan_moving_range_and_then_partial_beginning_range_again stdout ----
[INFO] [stdout] Error: 
[INFO] [stdout]    0: [91mNo path to Git executable was set. Try running as: `TEST_GIT=$(which git) cargo test ...` or set `env.TEST_GIT` in your `config.toml` (see https://doc.rust-lang.org/cargo/reference/config.html)[0m
[INFO] [stdout] 
[INFO] [stdout] Location:
[INFO] [stdout]    [35msrc/core/config.rs[0m:[35m334[0m
[INFO] [stdout] 
[INFO] [stdout]   ━━━━━━━━━━━━━━━━━━━━━━━━━━━━━━━━━━ BACKTRACE ━━━━━━━━━━━━━━━━━━━━━━━━━━━━━━━━━━━
[INFO] [stdout]   [96m                              ⋮ 5 frames hidden ⋮                               [0m
[INFO] [stdout]    6: [91mbranchless::core::config::env_vars::get_path_to_git::{{closure}}[0m[90m::h321317bf90042d10[0m
[INFO] [stdout]       at [35m/opt/rustwide/workdir/src/core/config.rs[0m:[35m334[0m
[INFO] [stdout]        332 │     pub fn get_path_to_git() -> eyre::Result<PathBuf> {
[INFO] [stdout]        333 │         let path_to_git = std::env::var_os(TEST_GIT).ok_or_else(|| {
[INFO] [stdout]   [37;1m     334[0m [37;1m>[0m [37;1m            eyre::eyre!([0m
[INFO] [stdout]        335 │                 "No path to Git executable was set. \
[INFO] [stdout]        336 │ Try running as: `{0}=$(which git) cargo test ...` \
[INFO] [stdout]    7: [32mcore::option::Option<T>::ok_or_else[0m[90m::h6f2fa644e4940ccf[0m
[INFO] [stdout]       at [35m/rustc/1b7dd2252b99671ce5d1cb9664c5f8636329436d/library/core/src/option.rs[0m:[35m1257[0m
[INFO] [stdout]    8: [91mbranchless::core::config::env_vars::get_path_to_git[0m[90m::h4000a0211ae1165f[0m
[INFO] [stdout]       at [35m/opt/rustwide/workdir/src/core/config.rs[0m:[35m333[0m
[INFO] [stdout]        331 │     #[instrument]
[INFO] [stdout]        332 │     pub fn get_path_to_git() -> eyre::Result<PathBuf> {
[INFO] [stdout]   [37;1m     333[0m [37;1m>[0m [37;1m        let path_to_git = std::env::var_os(TEST_GIT).ok_or_else(|| {[0m
[INFO] [stdout]        334 │             eyre::eyre!(
[INFO] [stdout]        335 │                 "No path to Git executable was set. \
[INFO] [stdout]    9: [91mbranchless::testing::make_git[0m[90m::he5769ef44b424eab[0m
[INFO] [stdout]       at [35m/opt/rustwide/workdir/src/testing.rs[0m:[35m650[0m
[INFO] [stdout]        648 │ 
[INFO] [stdout]        649 │     let repo_dir = tempfile::tempdir()?;
[INFO] [stdout]   [37;1m     650[0m [37;1m>[0m [37;1m    let path_to_git = get_path_to_git()?;[0m
[INFO] [stdout]        651 │     let git_exec_path = get_git_exec_path()?;
[INFO] [stdout]        652 │     let git = Git::new(path_to_git, repo_dir.path().to_path_buf(), git_exec_path);
[INFO] [stdout]   10: [91mbranchless::core::rewrite::plan::tests::test_plan_moving_range_and_then_partial_beginning_range_again[0m[90m::h72dbd1daa49a08d2[0m
[INFO] [stdout]       at [35m/opt/rustwide/workdir/src/core/rewrite/plan.rs[0m:[35m1783[0m
[INFO] [stdout]       1781 │     #[test]
[INFO] [stdout]       1782 │     fn test_plan_moving_range_and_then_partial_beginning_range_again() -> eyre::Result<()> {
[INFO] [stdout]   [37;1m    1783[0m [37;1m>[0m [37;1m        let git = make_git()?;[0m
[INFO] [stdout]       1784 │         git.init_repo()?;
[INFO] [stdout]       1785 │         git.detach_head()?;
[INFO] [stdout]   11: [91mbranchless::core::rewrite::plan::tests::test_plan_moving_range_and_then_partial_beginning_range_again::{{closure}}[0m[90m::hc1a4d750389b2852[0m
[INFO] [stdout]       at [35m/opt/rustwide/workdir/src/core/rewrite/plan.rs[0m:[35m1782[0m
[INFO] [stdout]       1780 │ 
[INFO] [stdout]       1781 │     #[test]
[INFO] [stdout]   [37;1m    1782[0m [37;1m>[0m [37;1m    fn test_plan_moving_range_and_then_partial_beginning_range_again() -> eyre::Result<()> {[0m
[INFO] [stdout]       1783 │         let git = make_git()?;
[INFO] [stdout]       1784 │         git.init_repo()?;
[INFO] [stdout]   12: [32mcore::ops::function::FnOnce::call_once[0m[90m::hae71813fc64580a4[0m
[INFO] [stdout]       at [35m/rustc/1b7dd2252b99671ce5d1cb9664c5f8636329436d/library/core/src/ops/function.rs[0m:[35m250[0m
[INFO] [stdout]   13: [32mcore::ops::function::FnOnce::call_once[0m[90m::ha6a70e79f7481a7e[0m
[INFO] [stdout]       at [35m/rustc/1b7dd2252b99671ce5d1cb9664c5f8636329436d/library/core/src/ops/function.rs[0m:[35m250[0m
[INFO] [stdout]   14: [32mtest::__rust_begin_short_backtrace[0m[90m::hce33033019b61e69[0m
[INFO] [stdout]       at [35m/rustc/1b7dd2252b99671ce5d1cb9664c5f8636329436d/library/test/src/lib.rs[0m:[35m655[0m
[INFO] [stdout]   15: [32mtest::run_test::{{closure}}[0m[90m::h858d3528838ae3e5[0m
[INFO] [stdout]       at [35m/rustc/1b7dd2252b99671ce5d1cb9664c5f8636329436d/library/test/src/lib.rs[0m:[35m646[0m
[INFO] [stdout]   16: [32mcore::ops::function::FnOnce::call_once{{vtable.shim}}[0m[90m::he8ac2b00f01ae79e[0m
[INFO] [stdout]       at [35m/rustc/1b7dd2252b99671ce5d1cb9664c5f8636329436d/library/core/src/ops/function.rs[0m:[35m250[0m
[INFO] [stdout]   17: [32m<alloc::boxed::Box<F,A> as core::ops::function::FnOnce<Args>>::call_once[0m[90m::h8093d25b522725ef[0m
[INFO] [stdout]       at [35m/rustc/1b7dd2252b99671ce5d1cb9664c5f8636329436d/library/alloc/src/boxed.rs[0m:[35m1973[0m
[INFO] [stdout]   18: [32m<core::panic::unwind_safe::AssertUnwindSafe<F> as core::ops::function::FnOnce<()>>::call_once[0m[90m::h5c334c204e4a3913[0m
[INFO] [stdout]       at [35m/rustc/1b7dd2252b99671ce5d1cb9664c5f8636329436d/library/core/src/panic/unwind_safe.rs[0m:[35m271[0m
[INFO] [stdout]   19: [32mstd::panicking::try::do_call[0m[90m::ha8b740c7b9478074[0m
[INFO] [stdout]       at [35m/rustc/1b7dd2252b99671ce5d1cb9664c5f8636329436d/library/std/src/panicking.rs[0m:[35m485[0m
[INFO] [stdout]   20: [32mstd::panicking::try[0m[90m::h5d34f63d0e41b64e[0m
[INFO] [stdout]       at [35m/rustc/1b7dd2252b99671ce5d1cb9664c5f8636329436d/library/std/src/panicking.rs[0m:[35m449[0m
[INFO] [stdout]   21: [32mstd::panic::catch_unwind[0m[90m::hcfbb511e1aa7fc67[0m
[INFO] [stdout]       at [35m/rustc/1b7dd2252b99671ce5d1cb9664c5f8636329436d/library/std/src/panic.rs[0m:[35m140[0m
[INFO] [stdout]   22: [32mtest::run_test_in_process[0m[90m::h9abda90f802eaf21[0m
[INFO] [stdout]       at [35m/rustc/1b7dd2252b99671ce5d1cb9664c5f8636329436d/library/test/src/lib.rs[0m:[35m678[0m
[INFO] [stdout]   [96m                              ⋮ 14 frames hidden ⋮                              [0m
[INFO] [stdout] 
[INFO] [stdout] Run with COLORBT_SHOW_HIDDEN=1 environment variable to disable frame filtering.
[INFO] [stdout] 
[INFO] [stdout] ---- core::rewrite::plan::tests::test_plan_moving_subtree_again_overrides_previous_move stdout ----
[INFO] [stdout] Error: 
[INFO] [stdout]    0: [91mNo path to Git executable was set. Try running as: `TEST_GIT=$(which git) cargo test ...` or set `env.TEST_GIT` in your `config.toml` (see https://doc.rust-lang.org/cargo/reference/config.html)[0m
[INFO] [stdout] 
[INFO] [stdout] Location:
[INFO] [stdout]    [35msrc/core/config.rs[0m:[35m334[0m
[INFO] [stdout] 
[INFO] [stdout]   ━━━━━━━━━━━━━━━━━━━━━━━━━━━━━━━━━━ BACKTRACE ━━━━━━━━━━━━━━━━━━━━━━━━━━━━━━━━━━━
[INFO] [stdout]   [96m                              ⋮ 5 frames hidden ⋮                               [0m
[INFO] [stdout]    6: [91mbranchless::core::config::env_vars::get_path_to_git::{{closure}}[0m[90m::h321317bf90042d10[0m
[INFO] [stdout]       at [35m/opt/rustwide/workdir/src/core/config.rs[0m:[35m334[0m
[INFO] [stdout]        332 │     pub fn get_path_to_git() -> eyre::Result<PathBuf> {
[INFO] [stdout]        333 │         let path_to_git = std::env::var_os(TEST_GIT).ok_or_else(|| {
[INFO] [stdout]   [37;1m     334[0m [37;1m>[0m [37;1m            eyre::eyre!([0m
[INFO] [stdout]        335 │                 "No path to Git executable was set. \
[INFO] [stdout]        336 │ Try running as: `{0}=$(which git) cargo test ...` \
[INFO] [stdout]    7: [32mcore::option::Option<T>::ok_or_else[0m[90m::h6f2fa644e4940ccf[0m
[INFO] [stdout]       at [35m/rustc/1b7dd2252b99671ce5d1cb9664c5f8636329436d/library/core/src/option.rs[0m:[35m1257[0m
[INFO] [stdout]    8: [91mbranchless::core::config::env_vars::get_path_to_git[0m[90m::h4000a0211ae1165f[0m
[INFO] [stdout]       at [35m/opt/rustwide/workdir/src/core/config.rs[0m:[35m333[0m
[INFO] [stdout]        331 │     #[instrument]
[INFO] [stdout]        332 │     pub fn get_path_to_git() -> eyre::Result<PathBuf> {
[INFO] [stdout]   [37;1m     333[0m [37;1m>[0m [37;1m        let path_to_git = std::env::var_os(TEST_GIT).ok_or_else(|| {[0m
[INFO] [stdout]        334 │             eyre::eyre!(
[INFO] [stdout]        335 │                 "No path to Git executable was set. \
[INFO] [stdout]    9: [91mbranchless::testing::make_git[0m[90m::he5769ef44b424eab[0m
[INFO] [stdout]       at [35m/opt/rustwide/workdir/src/testing.rs[0m:[35m650[0m
[INFO] [stdout]        648 │ 
[INFO] [stdout]        649 │     let repo_dir = tempfile::tempdir()?;
[INFO] [stdout]   [37;1m     650[0m [37;1m>[0m [37;1m    let path_to_git = get_path_to_git()?;[0m
[INFO] [stdout]        651 │     let git_exec_path = get_git_exec_path()?;
[INFO] [stdout]        652 │     let git = Git::new(path_to_git, repo_dir.path().to_path_buf(), git_exec_path);
[INFO] [stdout]   10: [91mbranchless::core::rewrite::plan::tests::test_plan_moving_subtree_again_overrides_previous_move[0m[90m::h3d5fddc366f353c9[0m
[INFO] [stdout]       at [35m/opt/rustwide/workdir/src/core/rewrite/plan.rs[0m:[35m1420[0m
[INFO] [stdout]       1418 │     #[test]
[INFO] [stdout]       1419 │     fn test_plan_moving_subtree_again_overrides_previous_move() -> eyre::Result<()> {
[INFO] [stdout]   [37;1m    1420[0m [37;1m>[0m [37;1m        let git = make_git()?;[0m
[INFO] [stdout]       1421 │         git.init_repo()?;
[INFO] [stdout]       1422 │         git.detach_head()?;
[INFO] [stdout]   11: [91mbranchless::core::rewrite::plan::tests::test_plan_moving_subtree_again_overrides_previous_move::{{closure}}[0m[90m::h889ee13f031cbde4[0m
[INFO] [stdout]       at [35m/opt/rustwide/workdir/src/core/rewrite/plan.rs[0m:[35m1419[0m
[INFO] [stdout]       1417 │ 
[INFO] [stdout]       1418 │     #[test]
[INFO] [stdout]   [37;1m    1419[0m [37;1m>[0m [37;1m    fn test_plan_moving_subtree_again_overrides_previous_move() -> eyre::Result<()> {[0m
[INFO] [stdout]       1420 │         let git = make_git()?;
[INFO] [stdout]       1421 │         git.init_repo()?;
[INFO] [stdout]   12: [32mcore::ops::function::FnOnce::call_once[0m[90m::hdbf334a7bb1d166c[0m
[INFO] [stdout]       at [35m/rustc/1b7dd2252b99671ce5d1cb9664c5f8636329436d/library/core/src/ops/function.rs[0m:[35m250[0m
[INFO] [stdout]   13: [32mcore::ops::function::FnOnce::call_once[0m[90m::ha6a70e79f7481a7e[0m
[INFO] [stdout]       at [35m/rustc/1b7dd2252b99671ce5d1cb9664c5f8636329436d/library/core/src/ops/function.rs[0m:[35m250[0m
[INFO] [stdout]   14: [32mtest::__rust_begin_short_backtrace[0m[90m::hce33033019b61e69[0m
[INFO] [stdout]       at [35m/rustc/1b7dd2252b99671ce5d1cb9664c5f8636329436d/library/test/src/lib.rs[0m:[35m655[0m
[INFO] [stdout]   15: [32mtest::run_test::{{closure}}[0m[90m::h858d3528838ae3e5[0m
[INFO] [stdout]       at [35m/rustc/1b7dd2252b99671ce5d1cb9664c5f8636329436d/library/test/src/lib.rs[0m:[35m646[0m
[INFO] [stdout]   16: [32mcore::ops::function::FnOnce::call_once{{vtable.shim}}[0m[90m::he8ac2b00f01ae79e[0m
[INFO] [stdout]       at [35m/rustc/1b7dd2252b99671ce5d1cb9664c5f8636329436d/library/core/src/ops/function.rs[0m:[35m250[0m
[INFO] [stdout]   17: [32m<alloc::boxed::Box<F,A> as core::ops::function::FnOnce<Args>>::call_once[0m[90m::h8093d25b522725ef[0m
[INFO] [stdout]       at [35m/rustc/1b7dd2252b99671ce5d1cb9664c5f8636329436d/library/alloc/src/boxed.rs[0m:[35m1973[0m
[INFO] [stdout]   18: [32m<core::panic::unwind_safe::AssertUnwindSafe<F> as core::ops::function::FnOnce<()>>::call_once[0m[90m::h5c334c204e4a3913[0m
[INFO] [stdout]       at [35m/rustc/1b7dd2252b99671ce5d1cb9664c5f8636329436d/library/core/src/panic/unwind_safe.rs[0m:[35m271[0m
[INFO] [stdout]   19: [32mstd::panicking::try::do_call[0m[90m::ha8b740c7b9478074[0m
[INFO] [stdout]       at [35m/rustc/1b7dd2252b99671ce5d1cb9664c5f8636329436d/library/std/src/panicking.rs[0m:[35m485[0m
[INFO] [stdout]   20: [32mstd::panicking::try[0m[90m::h5d34f63d0e41b64e[0m
[INFO] [stdout]       at [35m/rustc/1b7dd2252b99671ce5d1cb9664c5f8636329436d/library/std/src/panicking.rs[0m:[35m449[0m
[INFO] [stdout]   21: [32mstd::panic::catch_unwind[0m[90m::hcfbb511e1aa7fc67[0m
[INFO] [stdout]       at [35m/rustc/1b7dd2252b99671ce5d1cb9664c5f8636329436d/library/std/src/panic.rs[0m:[35m140[0m
[INFO] [stdout]   22: [32mtest::run_test_in_process[0m[90m::h9abda90f802eaf21[0m
[INFO] [stdout]       at [35m/rustc/1b7dd2252b99671ce5d1cb9664c5f8636329436d/library/test/src/lib.rs[0m:[35m678[0m
[INFO] [stdout]   [96m                              ⋮ 14 frames hidden ⋮                              [0m
[INFO] [stdout] 
[INFO] [stdout] Run with COLORBT_SHOW_HIDDEN=1 environment variable to disable frame filtering.
[INFO] [stdout] 
[INFO] [stdout] ---- core::rewrite::plan::tests::test_plan_moving_range_again_overrides_previous_move stdout ----
[INFO] [stdout] Error: 
[INFO] [stdout]    0: [91mNo path to Git executable was set. Try running as: `TEST_GIT=$(which git) cargo test ...` or set `env.TEST_GIT` in your `config.toml` (see https://doc.rust-lang.org/cargo/reference/config.html)[0m
[INFO] [stdout] 
[INFO] [stdout] Location:
[INFO] [stdout]    [35msrc/core/config.rs[0m:[35m334[0m
[INFO] [stdout] 
[INFO] [stdout]   ━━━━━━━━━━━━━━━━━━━━━━━━━━━━━━━━━━ BACKTRACE ━━━━━━━━━━━━━━━━━━━━━━━━━━━━━━━━━━━
[INFO] [stdout]   [96m                              ⋮ 5 frames hidden ⋮                               [0m
[INFO] [stdout]    6: [91mbranchless::core::config::env_vars::get_path_to_git::{{closure}}[0m[90m::h321317bf90042d10[0m
[INFO] [stdout]       at [35m/opt/rustwide/workdir/src/core/config.rs[0m:[35m334[0m
[INFO] [stdout]        332 │     pub fn get_path_to_git() -> eyre::Result<PathBuf> {
[INFO] [stdout]        333 │         let path_to_git = std::env::var_os(TEST_GIT).ok_or_else(|| {
[INFO] [stdout]   [37;1m     334[0m [37;1m>[0m [37;1m            eyre::eyre!([0m
[INFO] [stdout]        335 │                 "No path to Git executable was set. \
[INFO] [stdout]        336 │ Try running as: `{0}=$(which git) cargo test ...` \
[INFO] [stdout]    7: [32mcore::option::Option<T>::ok_or_else[0m[90m::h6f2fa644e4940ccf[0m
[INFO] [stdout]       at [35m/rustc/1b7dd2252b99671ce5d1cb9664c5f8636329436d/library/core/src/option.rs[0m:[35m1257[0m
[INFO] [stdout]    8: [91mbranchless::core::config::env_vars::get_path_to_git[0m[90m::h4000a0211ae1165f[0m
[INFO] [stdout]       at [35m/opt/rustwide/workdir/src/core/config.rs[0m:[35m333[0m
[INFO] [stdout]        331 │     #[instrument]
[INFO] [stdout]        332 │     pub fn get_path_to_git() -> eyre::Result<PathBuf> {
[INFO] [stdout]   [37;1m     333[0m [37;1m>[0m [37;1m        let path_to_git = std::env::var_os(TEST_GIT).ok_or_else(|| {[0m
[INFO] [stdout]        334 │             eyre::eyre!(
[INFO] [stdout]        335 │                 "No path to Git executable was set. \
[INFO] [stdout]    9: [91mbranchless::testing::make_git[0m[90m::he5769ef44b424eab[0m
[INFO] [stdout]       at [35m/opt/rustwide/workdir/src/testing.rs[0m:[35m650[0m
[INFO] [stdout]        648 │ 
[INFO] [stdout]        649 │     let repo_dir = tempfile::tempdir()?;
[INFO] [stdout]   [37;1m     650[0m [37;1m>[0m [37;1m    let path_to_git = get_path_to_git()?;[0m
[INFO] [stdout]        651 │     let git_exec_path = get_git_exec_path()?;
[INFO] [stdout]        652 │     let git = Git::new(path_to_git, repo_dir.path().to_path_buf(), git_exec_path);
[INFO] [stdout]   10: [91mbranchless::core::rewrite::plan::tests::test_plan_moving_range_again_overrides_previous_move[0m[90m::hb20095d967ea0a77[0m
[INFO] [stdout]       at [35m/opt/rustwide/workdir/src/core/rewrite/plan.rs[0m:[35m1745[0m
[INFO] [stdout]       1743 │     #[test]
[INFO] [stdout]       1744 │     fn test_plan_moving_range_again_overrides_previous_move() -> eyre::Result<()> {
[INFO] [stdout]   [37;1m    1745[0m [37;1m>[0m [37;1m        let git = make_git()?;[0m
[INFO] [stdout]       1746 │         git.init_repo()?;
[INFO] [stdout]       1747 │         git.detach_head()?;
[INFO] [stdout]   11: [91mbranchless::core::rewrite::plan::tests::test_plan_moving_range_again_overrides_previous_move::{{closure}}[0m[90m::hab9a829bb9202a38[0m
[INFO] [stdout]       at [35m/opt/rustwide/workdir/src/core/rewrite/plan.rs[0m:[35m1744[0m
[INFO] [stdout]       1742 │ 
[INFO] [stdout]       1743 │     #[test]
[INFO] [stdout]   [37;1m    1744[0m [37;1m>[0m [37;1m    fn test_plan_moving_range_again_overrides_previous_move() -> eyre::Result<()> {[0m
[INFO] [stdout]       1745 │         let git = make_git()?;
[INFO] [stdout]       1746 │         git.init_repo()?;
[INFO] [stdout]   12: [32mcore::ops::function::FnOnce::call_once[0m[90m::h8a5edb3813e986c1[0m
[INFO] [stdout]       at [35m/rustc/1b7dd2252b99671ce5d1cb9664c5f8636329436d/library/core/src/ops/function.rs[0m:[35m250[0m
[INFO] [stdout]   13: [32mcore::ops::function::FnOnce::call_once[0m[90m::ha6a70e79f7481a7e[0m
[INFO] [stdout]       at [35m/rustc/1b7dd2252b99671ce5d1cb9664c5f8636329436d/library/core/src/ops/function.rs[0m:[35m250[0m
[INFO] [stdout]   14: [32mtest::__rust_begin_short_backtrace[0m[90m::hce33033019b61e69[0m
[INFO] [stdout]       at [35m/rustc/1b7dd2252b99671ce5d1cb9664c5f8636329436d/library/test/src/lib.rs[0m:[35m655[0m
[INFO] [stdout]   15: [32mtest::run_test::{{closure}}[0m[90m::h858d3528838ae3e5[0m
[INFO] [stdout]       at [35m/rustc/1b7dd2252b99671ce5d1cb9664c5f8636329436d/library/test/src/lib.rs[0m:[35m646[0m
[INFO] [stdout]   16: [32mcore::ops::function::FnOnce::call_once{{vtable.shim}}[0m[90m::he8ac2b00f01ae79e[0m
[INFO] [stdout]       at [35m/rustc/1b7dd2252b99671ce5d1cb9664c5f8636329436d/library/core/src/ops/function.rs[0m:[35m250[0m
[INFO] [stdout]   17: [32m<alloc::boxed::Box<F,A> as core::ops::function::FnOnce<Args>>::call_once[0m[90m::h8093d25b522725ef[0m
[INFO] [stdout]       at [35m/rustc/1b7dd2252b99671ce5d1cb9664c5f8636329436d/library/alloc/src/boxed.rs[0m:[35m1973[0m
[INFO] [stdout]   18: [32m<core::panic::unwind_safe::AssertUnwindSafe<F> as core::ops::function::FnOnce<()>>::call_once[0m[90m::h5c334c204e4a3913[0m
[INFO] [stdout]       at [35m/rustc/1b7dd2252b99671ce5d1cb9664c5f8636329436d/library/core/src/panic/unwind_safe.rs[0m:[35m271[0m
[INFO] [stdout]   19: [32mstd::panicking::try::do_call[0m[90m::ha8b740c7b9478074[0m
[INFO] [stdout]       at [35m/rustc/1b7dd2252b99671ce5d1cb9664c5f8636329436d/library/std/src/panicking.rs[0m:[35m485[0m
[INFO] [stdout]   20: [32mstd::panicking::try[0m[90m::h5d34f63d0e41b64e[0m
[INFO] [stdout]       at [35m/rustc/1b7dd2252b99671ce5d1cb9664c5f8636329436d/library/std/src/panicking.rs[0m:[35m449[0m
[INFO] [stdout]   21: [32mstd::panic::catch_unwind[0m[90m::hcfbb511e1aa7fc67[0m
[INFO] [stdout]       at [35m/rustc/1b7dd2252b99671ce5d1cb9664c5f8636329436d/library/std/src/panic.rs[0m:[35m140[0m
[INFO] [stdout]   22: [32mtest::run_test_in_process[0m[90m::h9abda90f802eaf21[0m
[INFO] [stdout]       at [35m/rustc/1b7dd2252b99671ce5d1cb9664c5f8636329436d/library/test/src/lib.rs[0m:[35m678[0m
[INFO] [stdout]   [96m                              ⋮ 14 frames hidden ⋮                              [0m
[INFO] [stdout] 
[INFO] [stdout] Run with COLORBT_SHOW_HIDDEN=1 environment variable to disable frame filtering.
[INFO] [stdout] 
[INFO] [stdout] ---- core::rewrite::plan::tests::test_plan_moving_consecutive_commits_in_other_order stdout ----
[INFO] [stdout] Error: 
[INFO] [stdout]    0: [91mNo path to Git executable was set. Try running as: `TEST_GIT=$(which git) cargo test ...` or set `env.TEST_GIT` in your `config.toml` (see https://doc.rust-lang.org/cargo/reference/config.html)[0m
[INFO] [stdout] 
[INFO] [stdout] Location:
[INFO] [stdout]    [35msrc/core/config.rs[0m:[35m334[0m
[INFO] [stdout] 
[INFO] [stdout]   ━━━━━━━━━━━━━━━━━━━━━━━━━━━━━━━━━━ BACKTRACE ━━━━━━━━━━━━━━━━━━━━━━━━━━━━━━━━━━━
[INFO] [stdout]   [96m                              ⋮ 5 frames hidden ⋮                               [0m
[INFO] [stdout]    6: [91mbranchless::core::config::env_vars::get_path_to_git::{{closure}}[0m[90m::h321317bf90042d10[0m
[INFO] [stdout]       at [35m/opt/rustwide/workdir/src/core/config.rs[0m:[35m334[0m
[INFO] [stdout]        332 │     pub fn get_path_to_git() -> eyre::Result<PathBuf> {
[INFO] [stdout]        333 │         let path_to_git = std::env::var_os(TEST_GIT).ok_or_else(|| {
[INFO] [stdout]   [37;1m     334[0m [37;1m>[0m [37;1m            eyre::eyre!([0m
[INFO] [stdout]        335 │                 "No path to Git executable was set. \
[INFO] [stdout]        336 │ Try running as: `{0}=$(which git) cargo test ...` \
[INFO] [stdout]    7: [32mcore::option::Option<T>::ok_or_else[0m[90m::h6f2fa644e4940ccf[0m
[INFO] [stdout]       at [35m/rustc/1b7dd2252b99671ce5d1cb9664c5f8636329436d/library/core/src/option.rs[0m:[35m1257[0m
[INFO] [stdout]    8: [91mbranchless::core::config::env_vars::get_path_to_git[0m[90m::h4000a0211ae1165f[0m
[INFO] [stdout]       at [35m/opt/rustwide/workdir/src/core/config.rs[0m:[35m333[0m
[INFO] [stdout]        331 │     #[instrument]
[INFO] [stdout]        332 │     pub fn get_path_to_git() -> eyre::Result<PathBuf> {
[INFO] [stdout]   [37;1m     333[0m [37;1m>[0m [37;1m        let path_to_git = std::env::var_os(TEST_GIT).ok_or_else(|| {[0m
[INFO] [stdout]        334 │             eyre::eyre!(
[INFO] [stdout]        335 │                 "No path to Git executable was set. \
[INFO] [stdout]    9: [91mbranchless::testing::make_git[0m[90m::he5769ef44b424eab[0m
[INFO] [stdout]       at [35m/opt/rustwide/workdir/src/testing.rs[0m:[35m650[0m
[INFO] [stdout]        648 │ 
[INFO] [stdout]        649 │     let repo_dir = tempfile::tempdir()?;
[INFO] [stdout]   [37;1m     650[0m [37;1m>[0m [37;1m    let path_to_git = get_path_to_git()?;[0m
[INFO] [stdout]        651 │     let git_exec_path = get_git_exec_path()?;
[INFO] [stdout]        652 │     let git = Git::new(path_to_git, repo_dir.path().to_path_buf(), git_exec_path);
[INFO] [stdout]   10: [91mbranchless::core::rewrite::plan::tests::test_plan_moving_consecutive_commits_in_other_order[0m[90m::h3ff71f6e1fe0a036[0m
[INFO] [stdout]       at [35m/opt/rustwide/workdir/src/core/rewrite/plan.rs[0m:[35m1623[0m
[INFO] [stdout]       1621 │     #[test]
[INFO] [stdout]       1622 │     fn test_plan_moving_consecutive_commits_in_other_order() -> eyre::Result<()> {
[INFO] [stdout]   [37;1m    1623[0m [37;1m>[0m [37;1m        let git = make_git()?;[0m
[INFO] [stdout]       1624 │         git.init_repo()?;
[INFO] [stdout]       1625 │         git.detach_head()?;
[INFO] [stdout]   11: [91mbranchless::core::rewrite::plan::tests::test_plan_moving_consecutive_commits_in_other_order::{{closure}}[0m[90m::hc1efea75ca9372cf[0m
[INFO] [stdout]       at [35m/opt/rustwide/workdir/src/core/rewrite/plan.rs[0m:[35m1622[0m
[INFO] [stdout]       1620 │ 
[INFO] [stdout]       1621 │     #[test]
[INFO] [stdout]   [37;1m    1622[0m [37;1m>[0m [37;1m    fn test_plan_moving_consecutive_commits_in_other_order() -> eyre::Result<()> {[0m
[INFO] [stdout]       1623 │         let git = make_git()?;
[INFO] [stdout]       1624 │         git.init_repo()?;
[INFO] [stdout]   12: [32mcore::ops::function::FnOnce::call_once[0m[90m::hc6c47cd13b4aaa5e[0m
[INFO] [stdout]       at [35m/rustc/1b7dd2252b99671ce5d1cb9664c5f8636329436d/library/core/src/ops/function.rs[0m:[35m250[0m
[INFO] [stdout]   13: [32mcore::ops::function::FnOnce::call_once[0m[90m::ha6a70e79f7481a7e[0m
[INFO] [stdout]       at [35m/rustc/1b7dd2252b99671ce5d1cb9664c5f8636329436d/library/core/src/ops/function.rs[0m:[35m250[0m
[INFO] [stdout]   14: [32mtest::__rust_begin_short_backtrace[0m[90m::hce33033019b61e69[0m
[INFO] [stdout]       at [35m/rustc/1b7dd2252b99671ce5d1cb9664c5f8636329436d/library/test/src/lib.rs[0m:[35m655[0m
[INFO] [stdout]   15: [32mtest::run_test::{{closure}}[0m[90m::h858d3528838ae3e5[0m
[INFO] [stdout]       at [35m/rustc/1b7dd2252b99671ce5d1cb9664c5f8636329436d/library/test/src/lib.rs[0m:[35m646[0m
[INFO] [stdout]   16: [32mcore::ops::function::FnOnce::call_once{{vtable.shim}}[0m[90m::he8ac2b00f01ae79e[0m
[INFO] [stdout]       at [35m/rustc/1b7dd2252b99671ce5d1cb9664c5f8636329436d/library/core/src/ops/function.rs[0m:[35m250[0m
[INFO] [stdout]   17: [32m<alloc::boxed::Box<F,A> as core::ops::function::FnOnce<Args>>::call_once[0m[90m::h8093d25b522725ef[0m
[INFO] [stdout]       at [35m/rustc/1b7dd2252b99671ce5d1cb9664c5f8636329436d/library/alloc/src/boxed.rs[0m:[35m1973[0m
[INFO] [stdout]   18: [32m<core::panic::unwind_safe::AssertUnwindSafe<F> as core::ops::function::FnOnce<()>>::call_once[0m[90m::h5c334c204e4a3913[0m
[INFO] [stdout]       at [35m/rustc/1b7dd2252b99671ce5d1cb9664c5f8636329436d/library/core/src/panic/unwind_safe.rs[0m:[35m271[0m
[INFO] [stdout]   19: [32mstd::panicking::try::do_call[0m[90m::ha8b740c7b9478074[0m
[INFO] [stdout]       at [35m/rustc/1b7dd2252b99671ce5d1cb9664c5f8636329436d/library/std/src/panicking.rs[0m:[35m485[0m
[INFO] [stdout]   20: [32mstd::panicking::try[0m[90m::h5d34f63d0e41b64e[0m
[INFO] [stdout]       at [35m/rustc/1b7dd2252b99671ce5d1cb9664c5f8636329436d/library/std/src/panicking.rs[0m:[35m449[0m
[INFO] [stdout]   21: [32mstd::panic::catch_unwind[0m[90m::hcfbb511e1aa7fc67[0m
[INFO] [stdout]       at [35m/rustc/1b7dd2252b99671ce5d1cb9664c5f8636329436d/library/std/src/panic.rs[0m:[35m140[0m
[INFO] [stdout]   22: [32mtest::run_test_in_process[0m[90m::h9abda90f802eaf21[0m
[INFO] [stdout]       at [35m/rustc/1b7dd2252b99671ce5d1cb9664c5f8636329436d/library/test/src/lib.rs[0m:[35m678[0m
[INFO] [stdout]   [96m                              ⋮ 14 frames hidden ⋮                              [0m
[INFO] [stdout] 
[INFO] [stdout] Run with COLORBT_SHOW_HIDDEN=1 environment variable to disable frame filtering.
[INFO] [stdout] 
[INFO] [stdout] ---- core::rewrite::plan::tests::test_cache_shared_between_builders stdout ----
[INFO] [stdout] Error: 
[INFO] [stdout]    0: [91mNo path to Git executable was set. Try running as: `TEST_GIT=$(which git) cargo test ...` or set `env.TEST_GIT` in your `config.toml` (see https://doc.rust-lang.org/cargo/reference/config.html)[0m
[INFO] [stdout] 
[INFO] [stdout] Location:
[INFO] [stdout]    [35msrc/core/config.rs[0m:[35m334[0m
[INFO] [stdout] 
[INFO] [stdout]   ━━━━━━━━━━━━━━━━━━━━━━━━━━━━━━━━━━ BACKTRACE ━━━━━━━━━━━━━━━━━━━━━━━━━━━━━━━━━━━
[INFO] [stdout]   [96m                              ⋮ 5 frames hidden ⋮                               [0m
[INFO] [stdout]    6: [91mbranchless::core::config::env_vars::get_path_to_git::{{closure}}[0m[90m::h321317bf90042d10[0m
[INFO] [stdout]       at [35m/opt/rustwide/workdir/src/core/config.rs[0m:[35m334[0m
[INFO] [stdout]        332 │     pub fn get_path_to_git() -> eyre::Result<PathBuf> {
[INFO] [stdout]        333 │         let path_to_git = std::env::var_os(TEST_GIT).ok_or_else(|| {
[INFO] [stdout]   [37;1m     334[0m [37;1m>[0m [37;1m            eyre::eyre!([0m
[INFO] [stdout]        335 │                 "No path to Git executable was set. \
[INFO] [stdout]        336 │ Try running as: `{0}=$(which git) cargo test ...` \
[INFO] [stdout]    7: [32mcore::option::Option<T>::ok_or_else[0m[90m::h6f2fa644e4940ccf[0m
[INFO] [stdout]       at [35m/rustc/1b7dd2252b99671ce5d1cb9664c5f8636329436d/library/core/src/option.rs[0m:[35m1257[0m
[INFO] [stdout]    8: [91mbranchless::core::config::env_vars::get_path_to_git[0m[90m::h4000a0211ae1165f[0m
[INFO] [stdout]       at [35m/opt/rustwide/workdir/src/core/config.rs[0m:[35m333[0m
[INFO] [stdout]        331 │     #[instrument]
[INFO] [stdout]        332 │     pub fn get_path_to_git() -> eyre::Result<PathBuf> {
[INFO] [stdout]   [37;1m     333[0m [37;1m>[0m [37;1m        let path_to_git = std::env::var_os(TEST_GIT).ok_or_else(|| {[0m
[INFO] [stdout]        334 │             eyre::eyre!(
[INFO] [stdout]        335 │                 "No path to Git executable was set. \
[INFO] [stdout]    9: [91mbranchless::testing::make_git[0m[90m::he5769ef44b424eab[0m
[INFO] [stdout]       at [35m/opt/rustwide/workdir/src/testing.rs[0m:[35m650[0m
[INFO] [stdout]        648 │ 
[INFO] [stdout]        649 │     let repo_dir = tempfile::tempdir()?;
[INFO] [stdout]   [37;1m     650[0m [37;1m>[0m [37;1m    let path_to_git = get_path_to_git()?;[0m
[INFO] [stdout]        651 │     let git_exec_path = get_git_exec_path()?;
[INFO] [stdout]        652 │     let git = Git::new(path_to_git, repo_dir.path().to_path_buf(), git_exec_path);
[INFO] [stdout]   10: [91mbranchless::core::rewrite::plan::tests::test_cache_shared_between_builders[0m[90m::he442b406218b2f3e[0m
[INFO] [stdout]       at [35m/opt/rustwide/workdir/src/core/rewrite/plan.rs[0m:[35m1373[0m
[INFO] [stdout]       1371 │     #[test]
[INFO] [stdout]       1372 │     fn test_cache_shared_between_builders() -> eyre::Result<()> {
[INFO] [stdout]   [37;1m    1373[0m [37;1m>[0m [37;1m        let git = make_git()?;[0m
[INFO] [stdout]       1374 │         git.init_repo()?;
[INFO] [stdout]       1375 │ 
[INFO] [stdout]   11: [91mbranchless::core::rewrite::plan::tests::test_cache_shared_between_builders::{{closure}}[0m[90m::hbd7737ea2d4327e6[0m
[INFO] [stdout]       at [35m/opt/rustwide/workdir/src/core/rewrite/plan.rs[0m:[35m1372[0m
[INFO] [stdout]       1370 │ 
[INFO] [stdout]       1371 │     #[test]
[INFO] [stdout]   [37;1m    1372[0m [37;1m>[0m [37;1m    fn test_cache_shared_between_builders() -> eyre::Result<()> {[0m
[INFO] [stdout]       1373 │         let git = make_git()?;
[INFO] [stdout]       1374 │         git.init_repo()?;
[INFO] [stdout]   12: [32mcore::ops::function::FnOnce::call_once[0m[90m::h486cba16d283c729[0m
[INFO] [stdout]       at [35m/rustc/1b7dd2252b99671ce5d1cb9664c5f8636329436d/library/core/src/ops/function.rs[0m:[35m250[0m
[INFO] [stdout]   13: [32mcore::ops::function::FnOnce::call_once[0m[90m::ha6a70e79f7481a7e[0m
[INFO] [stdout]       at [35m/rustc/1b7dd2252b99671ce5d1cb9664c5f8636329436d/library/core/src/ops/function.rs[0m:[35m250[0m
[INFO] [stdout]   14: [32mtest::__rust_begin_short_backtrace[0m[90m::hce33033019b61e69[0m
[INFO] [stdout]       at [35m/rustc/1b7dd2252b99671ce5d1cb9664c5f8636329436d/library/test/src/lib.rs[0m:[35m655[0m
[INFO] [stdout]   15: [32mtest::run_test::{{closure}}[0m[90m::h858d3528838ae3e5[0m
[INFO] [stdout]       at [35m/rustc/1b7dd2252b99671ce5d1cb9664c5f8636329436d/library/test/src/lib.rs[0m:[35m646[0m
[INFO] [stdout]   16: [32mcore::ops::function::FnOnce::call_once{{vtable.shim}}[0m[90m::he8ac2b00f01ae79e[0m
[INFO] [stdout]       at [35m/rustc/1b7dd2252b99671ce5d1cb9664c5f8636329436d/library/core/src/ops/function.rs[0m:[35m250[0m
[INFO] [stdout]   17: [32m<alloc::boxed::Box<F,A> as core::ops::function::FnOnce<Args>>::call_once[0m[90m::h8093d25b522725ef[0m
[INFO] [stdout]       at [35m/rustc/1b7dd2252b99671ce5d1cb9664c5f8636329436d/library/alloc/src/boxed.rs[0m:[35m1973[0m
[INFO] [stdout]   18: [32m<core::panic::unwind_safe::AssertUnwindSafe<F> as core::ops::function::FnOnce<()>>::call_once[0m[90m::h5c334c204e4a3913[0m
[INFO] [stdout]       at [35m/rustc/1b7dd2252b99671ce5d1cb9664c5f8636329436d/library/core/src/panic/unwind_safe.rs[0m:[35m271[0m
[INFO] [stdout]   19: [32mstd::panicking::try::do_call[0m[90m::ha8b740c7b9478074[0m
[INFO] [stdout]       at [35m/rustc/1b7dd2252b99671ce5d1cb9664c5f8636329436d/library/std/src/panicking.rs[0m:[35m485[0m
[INFO] [stdout]   20: [32mstd::panicking::try[0m[90m::h5d34f63d0e41b64e[0m
[INFO] [stdout]       at [35m/rustc/1b7dd2252b99671ce5d1cb9664c5f8636329436d/library/std/src/panicking.rs[0m:[35m449[0m
[INFO] [stdout]   21: [32mstd::panic::catch_unwind[0m[90m::hcfbb511e1aa7fc67[0m
[INFO] [stdout]       at [35m/rustc/1b7dd2252b99671ce5d1cb9664c5f8636329436d/library/std/src/panic.rs[0m:[35m140[0m
[INFO] [stdout]   22: [32mtest::run_test_in_process[0m[90m::h9abda90f802eaf21[0m
[INFO] [stdout]       at [35m/rustc/1b7dd2252b99671ce5d1cb9664c5f8636329436d/library/test/src/lib.rs[0m:[35m678[0m
[INFO] [stdout]   [96m                              ⋮ 14 frames hidden ⋮                              [0m
[INFO] [stdout] 
[INFO] [stdout] Run with COLORBT_SHOW_HIDDEN=1 environment variable to disable frame filtering.
[INFO] [stdout] 
[INFO] [stdout] ---- core::rewrite::evolve::tests::test_find_rewrite_target stdout ----
[INFO] [stdout] Error: 
[INFO] [stdout]    0: [91mNo path to Git executable was set. Try running as: `TEST_GIT=$(which git) cargo test ...` or set `env.TEST_GIT` in your `config.toml` (see https://doc.rust-lang.org/cargo/reference/config.html)[0m
[INFO] [stdout] 
[INFO] [stdout] Location:
[INFO] [stdout]    [35msrc/core/config.rs[0m:[35m334[0m
[INFO] [stdout] 
[INFO] [stdout]   ━━━━━━━━━━━━━━━━━━━━━━━━━━━━━━━━━━ BACKTRACE ━━━━━━━━━━━━━━━━━━━━━━━━━━━━━━━━━━━
[INFO] [stdout]   [96m                              ⋮ 5 frames hidden ⋮                               [0m
[INFO] [stdout]    6: [91mbranchless::core::config::env_vars::get_path_to_git::{{closure}}[0m[90m::h321317bf90042d10[0m
[INFO] [stdout]       at [35m/opt/rustwide/workdir/src/core/config.rs[0m:[35m334[0m
[INFO] [stdout]        332 │     pub fn get_path_to_git() -> eyre::Result<PathBuf> {
[INFO] [stdout]        333 │         let path_to_git = std::env::var_os(TEST_GIT).ok_or_else(|| {
[INFO] [stdout]   [37;1m     334[0m [37;1m>[0m [37;1m            eyre::eyre!([0m
[INFO] [stdout]        335 │                 "No path to Git executable was set. \
[INFO] [stdout]        336 │ Try running as: `{0}=$(which git) cargo test ...` \
[INFO] [stdout]    7: [32mcore::option::Option<T>::ok_or_else[0m[90m::h6f2fa644e4940ccf[0m
[INFO] [stdout]       at [35m/rustc/1b7dd2252b99671ce5d1cb9664c5f8636329436d/library/core/src/option.rs[0m:[35m1257[0m
[INFO] [stdout]    8: [91mbranchless::core::config::env_vars::get_path_to_git[0m[90m::h4000a0211ae1165f[0m
[INFO] [stdout]       at [35m/opt/rustwide/workdir/src/core/config.rs[0m:[35m333[0m
[INFO] [stdout]        331 │     #[instrument]
[INFO] [stdout]        332 │     pub fn get_path_to_git() -> eyre::Result<PathBuf> {
[INFO] [stdout]   [37;1m     333[0m [37;1m>[0m [37;1m        let path_to_git = std::env::var_os(TEST_GIT).ok_or_else(|| {[0m
[INFO] [stdout]        334 │             eyre::eyre!(
[INFO] [stdout]        335 │                 "No path to Git executable was set. \
[INFO] [stdout]    9: [91mbranchless::testing::make_git[0m[90m::he5769ef44b424eab[0m
[INFO] [stdout]       at [35m/opt/rustwide/workdir/src/testing.rs[0m:[35m650[0m
[INFO] [stdout]        648 │ 
[INFO] [stdout]        649 │     let repo_dir = tempfile::tempdir()?;
[INFO] [stdout]   [37;1m     650[0m [37;1m>[0m [37;1m    let path_to_git = get_path_to_git()?;[0m
[INFO] [stdout]        651 │     let git_exec_path = get_git_exec_path()?;
[INFO] [stdout]        652 │     let git = Git::new(path_to_git, repo_dir.path().to_path_buf(), git_exec_path);
[INFO] [stdout]   10: [91mbranchless::core::rewrite::evolve::tests::test_find_rewrite_target[0m[90m::ha6cbb8a4c09e34dc[0m
[INFO] [stdout]       at [35m/opt/rustwide/workdir/src/core/rewrite/evolve.rs[0m:[35m122[0m
[INFO] [stdout]        120 │     fn test_find_rewrite_target() -> eyre::Result<()> {
[INFO] [stdout]        121 │         let effects = Effects::new_suppress_for_test(Glyphs::text());
[INFO] [stdout]   [37;1m     122[0m [37;1m>[0m [37;1m        let git = make_git()?;[0m
[INFO] [stdout]        123 │ 
[INFO] [stdout]        124 │         git.init_repo()?;
[INFO] [stdout]   11: [91mbranchless::core::rewrite::evolve::tests::test_find_rewrite_target::{{closure}}[0m[90m::h8b8bcf0da546796f[0m
[INFO] [stdout]       at [35m/opt/rustwide/workdir/src/core/rewrite/evolve.rs[0m:[35m120[0m
[INFO] [stdout]        118 │ 
[INFO] [stdout]        119 │     #[test]
[INFO] [stdout]   [37;1m     120[0m [37;1m>[0m [37;1m    fn test_find_rewrite_target() -> eyre::Result<()> {[0m
[INFO] [stdout]        121 │         let effects = Effects::new_suppress_for_test(Glyphs::text());
[INFO] [stdout]        122 │         let git = make_git()?;
[INFO] [stdout]   12: [32mcore::ops::function::FnOnce::call_once[0m[90m::h726cf40c1033513d[0m
[INFO] [stdout]       at [35m/rustc/1b7dd2252b99671ce5d1cb9664c5f8636329436d/library/core/src/ops/function.rs[0m:[35m250[0m
[INFO] [stdout]   13: [32mcore::ops::function::FnOnce::call_once[0m[90m::ha6a70e79f7481a7e[0m
[INFO] [stdout]       at [35m/rustc/1b7dd2252b99671ce5d1cb9664c5f8636329436d/library/core/src/ops/function.rs[0m:[35m250[0m
[INFO] [stdout]   14: [32mtest::__rust_begin_short_backtrace[0m[90m::hce33033019b61e69[0m
[INFO] [stdout]       at [35m/rustc/1b7dd2252b99671ce5d1cb9664c5f8636329436d/library/test/src/lib.rs[0m:[35m655[0m
[INFO] [stdout]   15: [32mtest::run_test::{{closure}}[0m[90m::h858d3528838ae3e5[0m
[INFO] [stdout]       at [35m/rustc/1b7dd2252b99671ce5d1cb9664c5f8636329436d/library/test/src/lib.rs[0m:[35m646[0m
[INFO] [stdout]   16: [32mcore::ops::function::FnOnce::call_once{{vtable.shim}}[0m[90m::he8ac2b00f01ae79e[0m
[INFO] [stdout]       at [35m/rustc/1b7dd2252b99671ce5d1cb9664c5f8636329436d/library/core/src/ops/function.rs[0m:[35m250[0m
[INFO] [stdout]   17: [32m<alloc::boxed::Box<F,A> as core::ops::function::FnOnce<Args>>::call_once[0m[90m::h8093d25b522725ef[0m
[INFO] [stdout]       at [35m/rustc/1b7dd2252b99671ce5d1cb9664c5f8636329436d/library/alloc/src/boxed.rs[0m:[35m1973[0m
[INFO] [stdout]   18: [32m<core::panic::unwind_safe::AssertUnwindSafe<F> as core::ops::function::FnOnce<()>>::call_once[0m[90m::h5c334c204e4a3913[0m
[INFO] [stdout]       at [35m/rustc/1b7dd2252b99671ce5d1cb9664c5f8636329436d/library/core/src/panic/unwind_safe.rs[0m:[35m271[0m
[INFO] [stdout]   19: [32mstd::panicking::try::do_call[0m[90m::ha8b740c7b9478074[0m
[INFO] [stdout]       at [35m/rustc/1b7dd2252b99671ce5d1cb9664c5f8636329436d/library/std/src/panicking.rs[0m:[35m485[0m
[INFO] [stdout]   20: [32mstd::panicking::try[0m[90m::h5d34f63d0e41b64e[0m
[INFO] [stdout]       at [35m/rustc/1b7dd2252b99671ce5d1cb9664c5f8636329436d/library/std/src/panicking.rs[0m:[35m449[0m
[INFO] [stdout]   21: [32mstd::panic::catch_unwind[0m[90m::hcfbb511e1aa7fc67[0m
[INFO] [stdout]       at [35m/rustc/1b7dd2252b99671ce5d1cb9664c5f8636329436d/library/std/src/panic.rs[0m:[35m140[0m
[INFO] [stdout]   22: [32mtest::run_test_in_process[0m[90m::h9abda90f802eaf21[0m
[INFO] [stdout]       at [35m/rustc/1b7dd2252b99671ce5d1cb9664c5f8636329436d/library/test/src/lib.rs[0m:[35m678[0m
[INFO] [stdout]   [96m                              ⋮ 14 frames hidden ⋮                              [0m
[INFO] [stdout] 
[INFO] [stdout] Run with COLORBT_SHOW_HIDDEN=1 environment variable to disable frame filtering.
[INFO] [stdout] 
[INFO] [stdout] ---- core::rewrite::plan::tests::test_plan_moving_range_and_then_partial_ending_range_again stdout ----
[INFO] [stdout] Error: 
[INFO] [stdout]    0: [91mNo path to Git executable was set. Try running as: `TEST_GIT=$(which git) cargo test ...` or set `env.TEST_GIT` in your `config.toml` (see https://doc.rust-lang.org/cargo/reference/config.html)[0m
[INFO] [stdout] 
[INFO] [stdout] Location:
[INFO] [stdout]    [35msrc/core/config.rs[0m:[35m334[0m
[INFO] [stdout] 
[INFO] [stdout]   ━━━━━━━━━━━━━━━━━━━━━━━━━━━━━━━━━━ BACKTRACE ━━━━━━━━━━━━━━━━━━━━━━━━━━━━━━━━━━━
[INFO] [stdout]   [96m                              ⋮ 5 frames hidden ⋮                               [0m
[INFO] [stdout]    6: [91mbranchless::core::config::env_vars::get_path_to_git::{{closure}}[0m[90m::h321317bf90042d10[0m
[INFO] [stdout]       at [35m/opt/rustwide/workdir/src/core/config.rs[0m:[35m334[0m
[INFO] [stdout]        332 │     pub fn get_path_to_git() -> eyre::Result<PathBuf> {
[INFO] [stdout]        333 │         let path_to_git = std::env::var_os(TEST_GIT).ok_or_else(|| {
[INFO] [stdout]   [37;1m     334[0m [37;1m>[0m [37;1m            eyre::eyre!([0m
[INFO] [stdout]        335 │                 "No path to Git executable was set. \
[INFO] [stdout]        336 │ Try running as: `{0}=$(which git) cargo test ...` \
[INFO] [stdout]    7: [32mcore::option::Option<T>::ok_or_else[0m[90m::h6f2fa644e4940ccf[0m
[INFO] [stdout]       at [35m/rustc/1b7dd2252b99671ce5d1cb9664c5f8636329436d/library/core/src/option.rs[0m:[35m1257[0m
[INFO] [stdout]    8: [91mbranchless::core::config::env_vars::get_path_to_git[0m[90m::h4000a0211ae1165f[0m
[INFO] [stdout]       at [35m/opt/rustwide/workdir/src/core/config.rs[0m:[35m333[0m
[INFO] [stdout]        331 │     #[instrument]
[INFO] [stdout]        332 │     pub fn get_path_to_git() -> eyre::Result<PathBuf> {
[INFO] [stdout]   [37;1m     333[0m [37;1m>[0m [37;1m        let path_to_git = std::env::var_os(TEST_GIT).ok_or_else(|| {[0m
[INFO] [stdout]        334 │             eyre::eyre!(
[INFO] [stdout]        335 │                 "No path to Git executable was set. \
[INFO] [stdout]    9: [91mbranchless::testing::make_git[0m[90m::he5769ef44b424eab[0m
[INFO] [stdout]       at [35m/opt/rustwide/workdir/src/testing.rs[0m:[35m650[0m
[INFO] [stdout]        648 │ 
[INFO] [stdout]        649 │     let repo_dir = tempfile::tempdir()?;
[INFO] [stdout]   [37;1m     650[0m [37;1m>[0m [37;1m    let path_to_git = get_path_to_git()?;[0m
[INFO] [stdout]        651 │     let git_exec_path = get_git_exec_path()?;
[INFO] [stdout]        652 │     let git = Git::new(path_to_git, repo_dir.path().to_path_buf(), git_exec_path);
[INFO] [stdout]   10: [91mbranchless::core::rewrite::plan::tests::test_plan_moving_range_and_then_partial_ending_range_again[0m[90m::ha21164febca178f3[0m
[INFO] [stdout]       at [35m/opt/rustwide/workdir/src/core/rewrite/plan.rs[0m:[35m1828[0m
[INFO] [stdout]       1826 │     #[test]
[INFO] [stdout]       1827 │     fn test_plan_moving_range_and_then_partial_ending_range_again() -> eyre::Result<()> {
[INFO] [stdout]   [37;1m    1828[0m [37;1m>[0m [37;1m        let git = make_git()?;[0m
[INFO] [stdout]       1829 │         git.init_repo()?;
[INFO] [stdout]       1830 │         git.detach_head()?;
[INFO] [stdout]   11: [91mbranchless::core::rewrite::plan::tests::test_plan_moving_range_and_then_partial_ending_range_again::{{closure}}[0m[90m::h236a542eb0544a0c[0m
[INFO] [stdout]       at [35m/opt/rustwide/workdir/src/core/rewrite/plan.rs[0m:[35m1827[0m
[INFO] [stdout]       1825 │ 
[INFO] [stdout]       1826 │     #[test]
[INFO] [stdout]   [37;1m    1827[0m [37;1m>[0m [37;1m    fn test_plan_moving_range_and_then_partial_ending_range_again() -> eyre::Result<()> {[0m
[INFO] [stdout]       1828 │         let git = make_git()?;
[INFO] [stdout]       1829 │         git.init_repo()?;
[INFO] [stdout]   12: [32mcore::ops::function::FnOnce::call_once[0m[90m::hd741b04aa44f3f26[0m
[INFO] [stdout]       at [35m/rustc/1b7dd2252b99671ce5d1cb9664c5f8636329436d/library/core/src/ops/function.rs[0m:[35m250[0m
[INFO] [stdout]   13: [32mcore::ops::function::FnOnce::call_once[0m[90m::ha6a70e79f7481a7e[0m
[INFO] [stdout]       at [35m/rustc/1b7dd2252b99671ce5d1cb9664c5f8636329436d/library/core/src/ops/function.rs[0m:[35m250[0m
[INFO] [stdout]   14: [32mtest::__rust_begin_short_backtrace[0m[90m::hce33033019b61e69[0m
[INFO] [stdout]       at [35m/rustc/1b7dd2252b99671ce5d1cb9664c5f8636329436d/library/test/src/lib.rs[0m:[35m655[0m
[INFO] [stdout]   15: [32mtest::run_test::{{closure}}[0m[90m::h858d3528838ae3e5[0m
[INFO] [stdout]       at [35m/rustc/1b7dd2252b99671ce5d1cb9664c5f8636329436d/library/test/src/lib.rs[0m:[35m646[0m
[INFO] [stdout]   16: [32mcore::ops::function::FnOnce::call_once{{vtable.shim}}[0m[90m::he8ac2b00f01ae79e[0m
[INFO] [stdout]       at [35m/rustc/1b7dd2252b99671ce5d1cb9664c5f8636329436d/library/core/src/ops/function.rs[0m:[35m250[0m
[INFO] [stdout]   17: [32m<alloc::boxed::Box<F,A> as core::ops::function::FnOnce<Args>>::call_once[0m[90m::h8093d25b522725ef[0m
[INFO] [stdout]       at [35m/rustc/1b7dd2252b99671ce5d1cb9664c5f8636329436d/library/alloc/src/boxed.rs[0m:[35m1973[0m
[INFO] [stdout]   18: [32m<core::panic::unwind_safe::AssertUnwindSafe<F> as core::ops::function::FnOnce<()>>::call_once[0m[90m::h5c334c204e4a3913[0m
[INFO] [stdout]       at [35m/rustc/1b7dd2252b99671ce5d1cb9664c5f8636329436d/library/core/src/panic/unwind_safe.rs[0m:[35m271[0m
[INFO] [stdout]   19: [32mstd::panicking::try::do_call[0m[90m::ha8b740c7b9478074[0m
[INFO] [stdout]       at [35m/rustc/1b7dd2252b99671ce5d1cb9664c5f8636329436d/library/std/src/panicking.rs[0m:[35m485[0m
[INFO] [stdout]   20: [32mstd::panicking::try[0m[90m::h5d34f63d0e41b64e[0m
[INFO] [stdout]       at [35m/rustc/1b7dd2252b99671ce5d1cb9664c5f8636329436d/library/std/src/panicking.rs[0m:[35m449[0m
[INFO] [stdout]   21: [32mstd::panic::catch_unwind[0m[90m::hcfbb511e1aa7fc67[0m
[INFO] [stdout]       at [35m/rustc/1b7dd2252b99671ce5d1cb9664c5f8636329436d/library/std/src/panic.rs[0m:[35m140[0m
[INFO] [stdout]   22: [32mtest::run_test_in_process[0m[90m::h9abda90f802eaf21[0m
[INFO] [stdout]       at [35m/rustc/1b7dd2252b99671ce5d1cb9664c5f8636329436d/library/test/src/lib.rs[0m:[35m678[0m
[INFO] [stdout]   [96m                              ⋮ 14 frames hidden ⋮                              [0m
[INFO] [stdout] 
[INFO] [stdout] Run with COLORBT_SHOW_HIDDEN=1 environment variable to disable frame filtering.
[INFO] [stdout] 
[INFO] [stdout] ---- core::rewrite::plan::tests::test_plan_moving_subtree_and_commit_within_subtree stdout ----
[INFO] [stdout] Error: 
[INFO] [stdout]    0: [91mNo path to Git executable was set. Try running as: `TEST_GIT=$(which git) cargo test ...` or set `env.TEST_GIT` in your `config.toml` (see https://doc.rust-lang.org/cargo/reference/config.html)[0m
[INFO] [stdout] 
[INFO] [stdout] Location:
[INFO] [stdout]    [35msrc/core/config.rs[0m:[35m334[0m
[INFO] [stdout] 
[INFO] [stdout]   ━━━━━━━━━━━━━━━━━━━━━━━━━━━━━━━━━━ BACKTRACE ━━━━━━━━━━━━━━━━━━━━━━━━━━━━━━━━━━━
[INFO] [stdout]   [96m                              ⋮ 5 frames hidden ⋮                               [0m
[INFO] [stdout]    6: [91mbranchless::core::config::env_vars::get_path_to_git::{{closure}}[0m[90m::h321317bf90042d10[0m
[INFO] [stdout]       at [35m/opt/rustwide/workdir/src/core/config.rs[0m:[35m334[0m
[INFO] [stdout]        332 │     pub fn get_path_to_git() -> eyre::Result<PathBuf> {
[INFO] [stdout]        333 │         let path_to_git = std::env::var_os(TEST_GIT).ok_or_else(|| {
[INFO] [stdout]   [37;1m     334[0m [37;1m>[0m [37;1m            eyre::eyre!([0m
[INFO] [stdout]        335 │                 "No path to Git executable was set. \
[INFO] [stdout]        336 │ Try running as: `{0}=$(which git) cargo test ...` \
[INFO] [stdout]    7: [32mcore::option::Option<T>::ok_or_else[0m[90m::h6f2fa644e4940ccf[0m
[INFO] [stdout]       at [35m/rustc/1b7dd2252b99671ce5d1cb9664c5f8636329436d/library/core/src/option.rs[0m:[35m1257[0m
[INFO] [stdout]    8: [91mbranchless::core::config::env_vars::get_path_to_git[0m[90m::h4000a0211ae1165f[0m
[INFO] [stdout]       at [35m/opt/rustwide/workdir/src/core/config.rs[0m:[35m333[0m
[INFO] [stdout]        331 │     #[instrument]
[INFO] [stdout]        332 │     pub fn get_path_to_git() -> eyre::Result<PathBuf> {
[INFO] [stdout]   [37;1m     333[0m [37;1m>[0m [37;1m        let path_to_git = std::env::var_os(TEST_GIT).ok_or_else(|| {[0m
[INFO] [stdout]        334 │             eyre::eyre!(
[INFO] [stdout]        335 │                 "No path to Git executable was set. \
[INFO] [stdout]    9: [91mbranchless::testing::make_git[0m[90m::he5769ef44b424eab[0m
[INFO] [stdout]       at [35m/opt/rustwide/workdir/src/testing.rs[0m:[35m650[0m
[INFO] [stdout]        648 │ 
[INFO] [stdout]        649 │     let repo_dir = tempfile::tempdir()?;
[INFO] [stdout]   [37;1m     650[0m [37;1m>[0m [37;1m    let path_to_git = get_path_to_git()?;[0m
[INFO] [stdout]        651 │     let git_exec_path = get_git_exec_path()?;
[INFO] [stdout]        652 │     let git = Git::new(path_to_git, repo_dir.path().to_path_buf(), git_exec_path);
[INFO] [stdout]   10: [91mbranchless::core::rewrite::plan::tests::test_plan_moving_subtree_and_commit_within_subtree[0m[90m::h17453ecb129aa5d4[0m
[INFO] [stdout]       at [35m/opt/rustwide/workdir/src/core/rewrite/plan.rs[0m:[35m1866[0m
[INFO] [stdout]       1864 │     #[test]
[INFO] [stdout]       1865 │     fn test_plan_moving_subtree_and_commit_within_subtree() -> eyre::Result<()> {
[INFO] [stdout]   [37;1m    1866[0m [37;1m>[0m [37;1m        let git = make_git()?;[0m
[INFO] [stdout]       1867 │         git.init_repo()?;
[INFO] [stdout]       1868 │         git.detach_head()?;
[INFO] [stdout]   11: [91mbranchless::core::rewrite::plan::tests::test_plan_moving_subtree_and_commit_within_subtree::{{closure}}[0m[90m::h02db5e278f07aa80[0m
[INFO] [stdout]       at [35m/opt/rustwide/workdir/src/core/rewrite/plan.rs[0m:[35m1865[0m
[INFO] [stdout]       1863 │ 
[INFO] [stdout]       1864 │     #[test]
[INFO] [stdout]   [37;1m    1865[0m [37;1m>[0m [37;1m    fn test_plan_moving_subtree_and_commit_within_subtree() -> eyre::Result<()> {[0m
[INFO] [stdout]       1866 │         let git = make_git()?;
[INFO] [stdout]       1867 │         git.init_repo()?;
[INFO] [stdout]   12: [32mcore::ops::function::FnOnce::call_once[0m[90m::hb2ea2ba12ec2ec0a[0m
[INFO] [stdout]       at [35m/rustc/1b7dd2252b99671ce5d1cb9664c5f8636329436d/library/core/src/ops/function.rs[0m:[35m250[0m
[INFO] [stdout]   13: [32mcore::ops::function::FnOnce::call_once[0m[90m::ha6a70e79f7481a7e[0m
[INFO] [stdout]       at [35m/rustc/1b7dd2252b99671ce5d1cb9664c5f8636329436d/library/core/src/ops/function.rs[0m:[35m250[0m
[INFO] [stdout]   14: [32mtest::__rust_begin_short_backtrace[0m[90m::hce33033019b61e69[0m
[INFO] [stdout]       at [35m/rustc/1b7dd2252b99671ce5d1cb9664c5f8636329436d/library/test/src/lib.rs[0m:[35m655[0m
[INFO] [stdout]   15: [32mtest::run_test::{{closure}}[0m[90m::h858d3528838ae3e5[0m
[INFO] [stdout]       at [35m/rustc/1b7dd2252b99671ce5d1cb9664c5f8636329436d/library/test/src/lib.rs[0m:[35m646[0m
[INFO] [stdout]   16: [32mcore::ops::function::FnOnce::call_once{{vtable.shim}}[0m[90m::he8ac2b00f01ae79e[0m
[INFO] [stdout]       at [35m/rustc/1b7dd2252b99671ce5d1cb9664c5f8636329436d/library/core/src/ops/function.rs[0m:[35m250[0m
[INFO] [stdout]   17: [32m<alloc::boxed::Box<F,A> as core::ops::function::FnOnce<Args>>::call_once[0m[90m::h8093d25b522725ef[0m
[INFO] [stdout]       at [35m/rustc/1b7dd2252b99671ce5d1cb9664c5f8636329436d/library/alloc/src/boxed.rs[0m:[35m1973[0m
[INFO] [stdout]   18: [32m<core::panic::unwind_safe::AssertUnwindSafe<F> as core::ops::function::FnOnce<()>>::call_once[0m[90m::h5c334c204e4a3913[0m
[INFO] [stdout]       at [35m/rustc/1b7dd2252b99671ce5d1cb9664c5f8636329436d/library/core/src/panic/unwind_safe.rs[0m:[35m271[0m
[INFO] [stdout]   19: [32mstd::panicking::try::do_call[0m[90m::ha8b740c7b9478074[0m
[INFO] [stdout]       at [35m/rustc/1b7dd2252b99671ce5d1cb9664c5f8636329436d/library/std/src/panicking.rs[0m:[35m485[0m
[INFO] [stdout]   20: [32mstd::panicking::try[0m[90m::h5d34f63d0e41b64e[0m
[INFO] [stdout]       at [35m/rustc/1b7dd2252b99671ce5d1cb9664c5f8636329436d/library/std/src/panicking.rs[0m:[35m449[0m
[INFO] [stdout]   21: [32mstd::panic::catch_unwind[0m[90m::hcfbb511e1aa7fc67[0m
[INFO] [stdout]       at [35m/rustc/1b7dd2252b99671ce5d1cb9664c5f8636329436d/library/std/src/panic.rs[0m:[35m140[0m
[INFO] [stdout]   22: [32mtest::run_test_in_process[0m[90m::h9abda90f802eaf21[0m
[INFO] [stdout]       at [35m/rustc/1b7dd2252b99671ce5d1cb9664c5f8636329436d/library/test/src/lib.rs[0m:[35m678[0m
[INFO] [stdout]   [96m                              ⋮ 14 frames hidden ⋮                              [0m
[INFO] [stdout] 
[INFO] [stdout] Run with COLORBT_SHOW_HIDDEN=1 environment variable to disable frame filtering.
[INFO] [stdout] 
[INFO] [stdout] ---- core::rewrite::plan::tests::test_plan_moving_nonconsecutive_commits stdout ----
[INFO] [stdout] Error: 
[INFO] [stdout]    0: [91mNo path to Git executable was set. Try running as: `TEST_GIT=$(which git) cargo test ...` or set `env.TEST_GIT` in your `config.toml` (see https://doc.rust-lang.org/cargo/reference/config.html)[0m
[INFO] [stdout] 
[INFO] [stdout] Location:
[INFO] [stdout]    [35msrc/core/config.rs[0m:[35m334[0m
[INFO] [stdout] 
[INFO] [stdout]   ━━━━━━━━━━━━━━━━━━━━━━━━━━━━━━━━━━ BACKTRACE ━━━━━━━━━━━━━━━━━━━━━━━━━━━━━━━━━━━
[INFO] [stdout]   [96m                              ⋮ 5 frames hidden ⋮                               [0m
[INFO] [stdout]    6: [91mbranchless::core::config::env_vars::get_path_to_git::{{closure}}[0m[90m::h321317bf90042d10[0m
[INFO] [stdout]       at [35m/opt/rustwide/workdir/src/core/config.rs[0m:[35m334[0m
[INFO] [stdout]        332 │     pub fn get_path_to_git() -> eyre::Result<PathBuf> {
[INFO] [stdout]        333 │         let path_to_git = std::env::var_os(TEST_GIT).ok_or_else(|| {
[INFO] [stdout]   [37;1m     334[0m [37;1m>[0m [37;1m            eyre::eyre!([0m
[INFO] [stdout]        335 │                 "No path to Git executable was set. \
[INFO] [stdout]        336 │ Try running as: `{0}=$(which git) cargo test ...` \
[INFO] [stdout]    7: [32mcore::option::Option<T>::ok_or_else[0m[90m::h6f2fa644e4940ccf[0m
[INFO] [stdout]       at [35m/rustc/1b7dd2252b99671ce5d1cb9664c5f8636329436d/library/core/src/option.rs[0m:[35m1257[0m
[INFO] [stdout]    8: [91mbranchless::core::config::env_vars::get_path_to_git[0m[90m::h4000a0211ae1165f[0m
[INFO] [stdout]       at [35m/opt/rustwide/workdir/src/core/config.rs[0m:[35m333[0m
[INFO] [stdout]        331 │     #[instrument]
[INFO] [stdout]        332 │     pub fn get_path_to_git() -> eyre::Result<PathBuf> {
[INFO] [stdout]   [37;1m     333[0m [37;1m>[0m [37;1m        let path_to_git = std::env::var_os(TEST_GIT).ok_or_else(|| {[0m
[INFO] [stdout]        334 │             eyre::eyre!(
[INFO] [stdout]        335 │                 "No path to Git executable was set. \
[INFO] [stdout]    9: [91mbranchless::testing::make_git[0m[90m::he5769ef44b424eab[0m
[INFO] [stdout]       at [35m/opt/rustwide/workdir/src/testing.rs[0m:[35m650[0m
[INFO] [stdout]        648 │ 
[INFO] [stdout]        649 │     let repo_dir = tempfile::tempdir()?;
[INFO] [stdout]   [37;1m     650[0m [37;1m>[0m [37;1m    let path_to_git = get_path_to_git()?;[0m
[INFO] [stdout]        651 │     let git_exec_path = get_git_exec_path()?;
[INFO] [stdout]        652 │     let git = Git::new(path_to_git, repo_dir.path().to_path_buf(), git_exec_path);
[INFO] [stdout]   10: [91mbranchless::core::rewrite::plan::tests::test_plan_moving_nonconsecutive_commits[0m[90m::h831d60c8ead61780[0m
[INFO] [stdout]       at [35m/opt/rustwide/workdir/src/core/rewrite/plan.rs[0m:[35m1548[0m
[INFO] [stdout]       1546 │     #[test]
[INFO] [stdout]       1547 │     fn test_plan_moving_nonconsecutive_commits() -> eyre::Result<()> {
[INFO] [stdout]   [37;1m    1548[0m [37;1m>[0m [37;1m        let git = make_git()?;[0m
[INFO] [stdout]       1549 │         git.init_repo()?;
[INFO] [stdout]       1550 │         git.detach_head()?;
[INFO] [stdout]   11: [91mbranchless::core::rewrite::plan::tests::test_plan_moving_nonconsecutive_commits::{{closure}}[0m[90m::ha6e878ead52ea166[0m
[INFO] [stdout]       at [35m/opt/rustwide/workdir/src/core/rewrite/plan.rs[0m:[35m1547[0m
[INFO] [stdout]       1545 │ 
[INFO] [stdout]       1546 │     #[test]
[INFO] [stdout]   [37;1m    1547[0m [37;1m>[0m [37;1m    fn test_plan_moving_nonconsecutive_commits() -> eyre::Result<()> {[0m
[INFO] [stdout]       1548 │         let git = make_git()?;
[INFO] [stdout]       1549 │         git.init_repo()?;
[INFO] [stdout]   12: [32mcore::ops::function::FnOnce::call_once[0m[90m::h3d3572aeef853901[0m
[INFO] [stdout]       at [35m/rustc/1b7dd2252b99671ce5d1cb9664c5f8636329436d/library/core/src/ops/function.rs[0m:[35m250[0m
[INFO] [stdout]   13: [32mcore::ops::function::FnOnce::call_once[0m[90m::ha6a70e79f7481a7e[0m
[INFO] [stdout]       at [35m/rustc/1b7dd2252b99671ce5d1cb9664c5f8636329436d/library/core/src/ops/function.rs[0m:[35m250[0m
[INFO] [stdout]   14: [32mtest::__rust_begin_short_backtrace[0m[90m::hce33033019b61e69[0m
[INFO] [stdout]       at [35m/rustc/1b7dd2252b99671ce5d1cb9664c5f8636329436d/library/test/src/lib.rs[0m:[35m655[0m
[INFO] [stdout]   15: [32mtest::run_test::{{closure}}[0m[90m::h858d3528838ae3e5[0m
[INFO] [stdout]       at [35m/rustc/1b7dd2252b99671ce5d1cb9664c5f8636329436d/library/test/src/lib.rs[0m:[35m646[0m
[INFO] [stdout]   16: [32mcore::ops::function::FnOnce::call_once{{vtable.shim}}[0m[90m::he8ac2b00f01ae79e[0m
[INFO] [stdout]       at [35m/rustc/1b7dd2252b99671ce5d1cb9664c5f8636329436d/library/core/src/ops/function.rs[0m:[35m250[0m
[INFO] [stdout]   17: [32m<alloc::boxed::Box<F,A> as core::ops::function::FnOnce<Args>>::call_once[0m[90m::h8093d25b522725ef[0m
[INFO] [stdout]       at [35m/rustc/1b7dd2252b99671ce5d1cb9664c5f8636329436d/library/alloc/src/boxed.rs[0m:[35m1973[0m
[INFO] [stdout]   18: [32m<core::panic::unwind_safe::AssertUnwindSafe<F> as core::ops::function::FnOnce<()>>::call_once[0m[90m::h5c334c204e4a3913[0m
[INFO] [stdout]       at [35m/rustc/1b7dd2252b99671ce5d1cb9664c5f8636329436d/library/core/src/panic/unwind_safe.rs[0m:[35m271[0m
[INFO] [stdout]   19: [32mstd::panicking::try::do_call[0m[90m::ha8b740c7b9478074[0m
[INFO] [stdout]       at [35m/rustc/1b7dd2252b99671ce5d1cb9664c5f8636329436d/library/std/src/panicking.rs[0m:[35m485[0m
[INFO] [stdout]   20: [32mstd::panicking::try[0m[90m::h5d34f63d0e41b64e[0m
[INFO] [stdout]       at [35m/rustc/1b7dd2252b99671ce5d1cb9664c5f8636329436d/library/std/src/panicking.rs[0m:[35m449[0m
[INFO] [stdout]   21: [32mstd::panic::catch_unwind[0m[90m::hcfbb511e1aa7fc67[0m
[INFO] [stdout]       at [35m/rustc/1b7dd2252b99671ce5d1cb9664c5f8636329436d/library/std/src/panic.rs[0m:[35m140[0m
[INFO] [stdout]   22: [32mtest::run_test_in_process[0m[90m::h9abda90f802eaf21[0m
[INFO] [stdout]       at [35m/rustc/1b7dd2252b99671ce5d1cb9664c5f8636329436d/library/test/src/lib.rs[0m:[35m678[0m
[INFO] [stdout]   [96m                              ⋮ 14 frames hidden ⋮                              [0m
[INFO] [stdout] 
[INFO] [stdout] Run with COLORBT_SHOW_HIDDEN=1 environment variable to disable frame filtering.
[INFO] [stdout] 
[INFO] [stdout] ---- core::rewrite::plan::tests::test_plan_moving_subtree_and_then_its_parent_commit stdout ----
[INFO] [stdout] Error: 
[INFO] [stdout]    0: [91mNo path to Git executable was set. Try running as: `TEST_GIT=$(which git) cargo test ...` or set `env.TEST_GIT` in your `config.toml` (see https://doc.rust-lang.org/cargo/reference/config.html)[0m
[INFO] [stdout] 
[INFO] [stdout] Location:
[INFO] [stdout]    [35msrc/core/config.rs[0m:[35m334[0m
[INFO] [stdout] 
[INFO] [stdout]   ━━━━━━━━━━━━━━━━━━━━━━━━━━━━━━━━━━ BACKTRACE ━━━━━━━━━━━━━━━━━━━━━━━━━━━━━━━━━━━
[INFO] [stdout]   [96m                              ⋮ 5 frames hidden ⋮                               [0m
[INFO] [stdout]    6: [91mbranchless::core::config::env_vars::get_path_to_git::{{closure}}[0m[90m::h321317bf90042d10[0m
[INFO] [stdout]       at [35m/opt/rustwide/workdir/src/core/config.rs[0m:[35m334[0m
[INFO] [stdout]        332 │     pub fn get_path_to_git() -> eyre::Result<PathBuf> {
[INFO] [stdout]        333 │         let path_to_git = std::env::var_os(TEST_GIT).ok_or_else(|| {
[INFO] [stdout]   [37;1m     334[0m [37;1m>[0m [37;1m            eyre::eyre!([0m
[INFO] [stdout]        335 │                 "No path to Git executable was set. \
[INFO] [stdout]        336 │ Try running as: `{0}=$(which git) cargo test ...` \
[INFO] [stdout]    7: [32mcore::option::Option<T>::ok_or_else[0m[90m::h6f2fa644e4940ccf[0m
[INFO] [stdout]       at [35m/rustc/1b7dd2252b99671ce5d1cb9664c5f8636329436d/library/core/src/option.rs[0m:[35m1257[0m
[INFO] [stdout]    8: [91mbranchless::core::config::env_vars::get_path_to_git[0m[90m::h4000a0211ae1165f[0m
[INFO] [stdout]       at [35m/opt/rustwide/workdir/src/core/config.rs[0m:[35m333[0m
[INFO] [stdout]        331 │     #[instrument]
[INFO] [stdout]        332 │     pub fn get_path_to_git() -> eyre::Result<PathBuf> {
[INFO] [stdout]   [37;1m     333[0m [37;1m>[0m [37;1m        let path_to_git = std::env::var_os(TEST_GIT).ok_or_else(|| {[0m
[INFO] [stdout]        334 │             eyre::eyre!(
[INFO] [stdout]        335 │                 "No path to Git executable was set. \
[INFO] [stdout]    9: [91mbranchless::testing::make_git[0m[90m::he5769ef44b424eab[0m
[INFO] [stdout]       at [35m/opt/rustwide/workdir/src/testing.rs[0m:[35m650[0m
[INFO] [stdout]        648 │ 
[INFO] [stdout]        649 │     let repo_dir = tempfile::tempdir()?;
[INFO] [stdout]   [37;1m     650[0m [37;1m>[0m [37;1m    let path_to_git = get_path_to_git()?;[0m
[INFO] [stdout]        651 │     let git_exec_path = get_git_exec_path()?;
[INFO] [stdout]        652 │     let git = Git::new(path_to_git, repo_dir.path().to_path_buf(), git_exec_path);
[INFO] [stdout]   10: [91mbranchless::core::rewrite::plan::tests::test_plan_moving_subtree_and_then_its_parent_commit[0m[90m::h80de175d33736781[0m
[INFO] [stdout]       at [35m/opt/rustwide/workdir/src/core/rewrite/plan.rs[0m:[35m1901[0m
[INFO] [stdout]       1899 │     #[test]
[INFO] [stdout]       1900 │     fn test_plan_moving_subtree_and_then_its_parent_commit() -> eyre::Result<()> {
[INFO] [stdout]   [37;1m    1901[0m [37;1m>[0m [37;1m        let git = make_git()?;[0m
[INFO] [stdout]       1902 │         git.init_repo()?;
[INFO] [stdout]       1903 │         git.detach_head()?;
[INFO] [stdout]   11: [91mbranchless::core::rewrite::plan::tests::test_plan_moving_subtree_and_then_its_parent_commit::{{closure}}[0m[90m::hdcd9595d4dcd9f91[0m
[INFO] [stdout]       at [35m/opt/rustwide/workdir/src/core/rewrite/plan.rs[0m:[35m1900[0m
[INFO] [stdout]       1898 │ 
[INFO] [stdout]       1899 │     #[test]
[INFO] [stdout]   [37;1m    1900[0m [37;1m>[0m [37;1m    fn test_plan_moving_subtree_and_then_its_parent_commit() -> eyre::Result<()> {[0m
[INFO] [stdout]       1901 │         let git = make_git()?;
[INFO] [stdout]       1902 │         git.init_repo()?;
[INFO] [stdout]   12: [32mcore::ops::function::FnOnce::call_once[0m[90m::hee2f17f590a1ea0b[0m
[INFO] [stdout]       at [35m/rustc/1b7dd2252b99671ce5d1cb9664c5f8636329436d/library/core/src/ops/function.rs[0m:[35m250[0m
[INFO] [stdout]   13: [32mcore::ops::function::FnOnce::call_once[0m[90m::ha6a70e79f7481a7e[0m
[INFO] [stdout]       at [35m/rustc/1b7dd2252b99671ce5d1cb9664c5f8636329436d/library/core/src/ops/function.rs[0m:[35m250[0m
[INFO] [stdout]   14: [32mtest::__rust_begin_short_backtrace[0m[90m::hce33033019b61e69[0m
[INFO] [stdout]       at [35m/rustc/1b7dd2252b99671ce5d1cb9664c5f8636329436d/library/test/src/lib.rs[0m:[35m655[0m
[INFO] [stdout]   15: [32mtest::run_test::{{closure}}[0m[90m::h858d3528838ae3e5[0m
[INFO] [stdout]       at [35m/rustc/1b7dd2252b99671ce5d1cb9664c5f8636329436d/library/test/src/lib.rs[0m:[35m646[0m
[INFO] [stdout]   16: [32mcore::ops::function::FnOnce::call_once{{vtable.shim}}[0m[90m::he8ac2b00f01ae79e[0m
[INFO] [stdout]       at [35m/rustc/1b7dd2252b99671ce5d1cb9664c5f8636329436d/library/core/src/ops/function.rs[0m:[35m250[0m
[INFO] [stdout]   17: [32m<alloc::boxed::Box<F,A> as core::ops::function::FnOnce<Args>>::call_once[0m[90m::h8093d25b522725ef[0m
[INFO] [stdout]       at [35m/rustc/1b7dd2252b99671ce5d1cb9664c5f8636329436d/library/alloc/src/boxed.rs[0m:[35m1973[0m
[INFO] [stdout]   18: [32m<core::panic::unwind_safe::AssertUnwindSafe<F> as core::ops::function::FnOnce<()>>::call_once[0m[90m::h5c334c204e4a3913[0m
[INFO] [stdout]       at [35m/rustc/1b7dd2252b99671ce5d1cb9664c5f8636329436d/library/core/src/panic/unwind_safe.rs[0m:[35m271[0m
[INFO] [stdout]   19: [32mstd::panicking::try::do_call[0m[90m::ha8b740c7b9478074[0m
[INFO] [stdout]       at [35m/rustc/1b7dd2252b99671ce5d1cb9664c5f8636329436d/library/std/src/panicking.rs[0m:[35m485[0m
[INFO] [stdout]   20: [32mstd::panicking::try[0m[90m::h5d34f63d0e41b64e[0m
[INFO] [stdout]       at [35m/rustc/1b7dd2252b99671ce5d1cb9664c5f8636329436d/library/std/src/panicking.rs[0m:[35m449[0m
[INFO] [stdout]   21: [32mstd::panic::catch_unwind[0m[90m::hcfbb511e1aa7fc67[0m
[INFO] [stdout]       at [35m/rustc/1b7dd2252b99671ce5d1cb9664c5f8636329436d/library/std/src/panic.rs[0m:[35m140[0m
[INFO] [stdout]   22: [32mtest::run_test_in_process[0m[90m::h9abda90f802eaf21[0m
[INFO] [stdout]       at [35m/rustc/1b7dd2252b99671ce5d1cb9664c5f8636329436d/library/test/src/lib.rs[0m:[35m678[0m
[INFO] [stdout]   [96m                              ⋮ 14 frames hidden ⋮                              [0m
[INFO] [stdout] 
[INFO] [stdout] Run with COLORBT_SHOW_HIDDEN=1 environment variable to disable frame filtering.
[INFO] [stdout] 
[INFO] [stdout] ---- core::rewrite::plan::tests::test_plan_moving_subtree_within_moved_subtree stdout ----
[INFO] [stdout] Error: 
[INFO] [stdout]    0: [91mNo path to Git executable was set. Try running as: `TEST_GIT=$(which git) cargo test ...` or set `env.TEST_GIT` in your `config.toml` (see https://doc.rust-lang.org/cargo/reference/config.html)[0m
[INFO] [stdout] 
[INFO] [stdout] Location:
[INFO] [stdout]    [35msrc/core/config.rs[0m:[35m334[0m
[INFO] [stdout] 
[INFO] [stdout]   ━━━━━━━━━━━━━━━━━━━━━━━━━━━━━━━━━━ BACKTRACE ━━━━━━━━━━━━━━━━━━━━━━━━━━━━━━━━━━━
[INFO] [stdout]   [96m                              ⋮ 5 frames hidden ⋮                               [0m
[INFO] [stdout]    6: [91mbranchless::core::config::env_vars::get_path_to_git::{{closure}}[0m[90m::h321317bf90042d10[0m
[INFO] [stdout]       at [35m/opt/rustwide/workdir/src/core/config.rs[0m:[35m334[0m
[INFO] [stdout]        332 │     pub fn get_path_to_git() -> eyre::Result<PathBuf> {
[INFO] [stdout]        333 │         let path_to_git = std::env::var_os(TEST_GIT).ok_or_else(|| {
[INFO] [stdout]   [37;1m     334[0m [37;1m>[0m [37;1m            eyre::eyre!([0m
[INFO] [stdout]        335 │                 "No path to Git executable was set. \
[INFO] [stdout]        336 │ Try running as: `{0}=$(which git) cargo test ...` \
[INFO] [stdout]    7: [32mcore::option::Option<T>::ok_or_else[0m[90m::h6f2fa644e4940ccf[0m
[INFO] [stdout]       at [35m/rustc/1b7dd2252b99671ce5d1cb9664c5f8636329436d/library/core/src/option.rs[0m:[35m1257[0m
[INFO] [stdout]    8: [91mbranchless::core::config::env_vars::get_path_to_git[0m[90m::h4000a0211ae1165f[0m
[INFO] [stdout]       at [35m/opt/rustwide/workdir/src/core/config.rs[0m:[35m333[0m
[INFO] [stdout]        331 │     #[instrument]
[INFO] [stdout]        332 │     pub fn get_path_to_git() -> eyre::Result<PathBuf> {
[INFO] [stdout]   [37;1m     333[0m [37;1m>[0m [37;1m        let path_to_git = std::env::var_os(TEST_GIT).ok_or_else(|| {[0m
[INFO] [stdout]        334 │             eyre::eyre!(
[INFO] [stdout]        335 │                 "No path to Git executable was set. \
[INFO] [stdout]    9: [91mbranchless::testing::make_git[0m[90m::he5769ef44b424eab[0m
[INFO] [stdout]       at [35m/opt/rustwide/workdir/src/testing.rs[0m:[35m650[0m
[INFO] [stdout]        648 │ 
[INFO] [stdout]        649 │     let repo_dir = tempfile::tempdir()?;
[INFO] [stdout]   [37;1m     650[0m [37;1m>[0m [37;1m    let path_to_git = get_path_to_git()?;[0m
[INFO] [stdout]        651 │     let git_exec_path = get_git_exec_path()?;
[INFO] [stdout]        652 │     let git = Git::new(path_to_git, repo_dir.path().to_path_buf(), git_exec_path);
[INFO] [stdout]   10: [91mbranchless::core::rewrite::plan::tests::test_plan_moving_subtree_within_moved_subtree[0m[90m::hc7edf995adb8fd06[0m
[INFO] [stdout]       at [35m/opt/rustwide/workdir/src/core/rewrite/plan.rs[0m:[35m1452[0m
[INFO] [stdout]       1450 │     #[test]
[INFO] [stdout]       1451 │     fn test_plan_moving_subtree_within_moved_subtree() -> eyre::Result<()> {
[INFO] [stdout]   [37;1m    1452[0m [37;1m>[0m [37;1m        let git = make_git()?;[0m
[INFO] [stdout]       1453 │         git.init_repo()?;
[INFO] [stdout]       1454 │         git.detach_head()?;
[INFO] [stdout]   11: [91mbranchless::core::rewrite::plan::tests::test_plan_moving_subtree_within_moved_subtree::{{closure}}[0m[90m::h538340facccd8838[0m
[INFO] [stdout]       at [35m/opt/rustwide/workdir/src/core/rewrite/plan.rs[0m:[35m1451[0m
[INFO] [stdout]       1449 │ 
[INFO] [stdout]       1450 │     #[test]
[INFO] [stdout]   [37;1m    1451[0m [37;1m>[0m [37;1m    fn test_plan_moving_subtree_within_moved_subtree() -> eyre::Result<()> {[0m
[INFO] [stdout]       1452 │         let git = make_git()?;
[INFO] [stdout]       1453 │         git.init_repo()?;
[INFO] [stdout]   12: [32mcore::ops::function::FnOnce::call_once[0m[90m::hc0b873fcb4e1417d[0m
[INFO] [stdout]       at [35m/rustc/1b7dd2252b99671ce5d1cb9664c5f8636329436d/library/core/src/ops/function.rs[0m:[35m250[0m
[INFO] [stdout]   13: [32mcore::ops::function::FnOnce::call_once[0m[90m::ha6a70e79f7481a7e[0m
[INFO] [stdout]       at [35m/rustc/1b7dd2252b99671ce5d1cb9664c5f8636329436d/library/core/src/ops/function.rs[0m:[35m250[0m
[INFO] [stdout]   14: [32mtest::__rust_begin_short_backtrace[0m[90m::hce33033019b61e69[0m
[INFO] [stdout]       at [35m/rustc/1b7dd2252b99671ce5d1cb9664c5f8636329436d/library/test/src/lib.rs[0m:[35m655[0m
[INFO] [stdout]   15: [32mtest::run_test::{{closure}}[0m[90m::h858d3528838ae3e5[0m
[INFO] [stdout]       at [35m/rustc/1b7dd2252b99671ce5d1cb9664c5f8636329436d/library/test/src/lib.rs[0m:[35m646[0m
[INFO] [stdout]   16: [32mcore::ops::function::FnOnce::call_once{{vtable.shim}}[0m[90m::he8ac2b00f01ae79e[0m
[INFO] [stdout]       at [35m/rustc/1b7dd2252b99671ce5d1cb9664c5f8636329436d/library/core/src/ops/function.rs[0m:[35m250[0m
[INFO] [stdout]   17: [32m<alloc::boxed::Box<F,A> as core::ops::function::FnOnce<Args>>::call_once[0m[90m::h8093d25b522725ef[0m
[INFO] [stdout]       at [35m/rustc/1b7dd2252b99671ce5d1cb9664c5f8636329436d/library/alloc/src/boxed.rs[0m:[35m1973[0m
[INFO] [stdout]   18: [32m<core::panic::unwind_safe::AssertUnwindSafe<F> as core::ops::function::FnOnce<()>>::call_once[0m[90m::h5c334c204e4a3913[0m
[INFO] [stdout]       at [35m/rustc/1b7dd2252b99671ce5d1cb9664c5f8636329436d/library/core/src/panic/unwind_safe.rs[0m:[35m271[0m
[INFO] [stdout]   19: [32mstd::panicking::try::do_call[0m[90m::ha8b740c7b9478074[0m
[INFO] [stdout]       at [35m/rustc/1b7dd2252b99671ce5d1cb9664c5f8636329436d/library/std/src/panicking.rs[0m:[35m485[0m
[INFO] [stdout]   20: [32mstd::panicking::try[0m[90m::h5d34f63d0e41b64e[0m
[INFO] [stdout]       at [35m/rustc/1b7dd2252b99671ce5d1cb9664c5f8636329436d/library/std/src/panicking.rs[0m:[35m449[0m
[INFO] [stdout]   21: [32mstd::panic::catch_unwind[0m[90m::hcfbb511e1aa7fc67[0m
[INFO] [stdout]       at [35m/rustc/1b7dd2252b99671ce5d1cb9664c5f8636329436d/library/std/src/panic.rs[0m:[35m140[0m
[INFO] [stdout]   22: [32mtest::run_test_in_process[0m[90m::h9abda90f802eaf21[0m
[INFO] [stdout]       at [35m/rustc/1b7dd2252b99671ce5d1cb9664c5f8636329436d/library/test/src/lib.rs[0m:[35m678[0m
[INFO] [stdout]   [96m                              ⋮ 14 frames hidden ⋮                              [0m
[INFO] [stdout] 
[INFO] [stdout] Run with COLORBT_SHOW_HIDDEN=1 environment variable to disable frame filtering.
[INFO] [stdout] 
[INFO] [stdout] ---- core::rewrite::plan::tests::test_plan_moving_subtree_to_descendant_of_itself stdout ----
[INFO] [stdout] Error: 
[INFO] [stdout]    0: [91mNo path to Git executable was set. Try running as: `TEST_GIT=$(which git) cargo test ...` or set `env.TEST_GIT` in your `config.toml` (see https://doc.rust-lang.org/cargo/reference/config.html)[0m
[INFO] [stdout] 
[INFO] [stdout] Location:
[INFO] [stdout]    [35msrc/core/config.rs[0m:[35m334[0m
[INFO] [stdout] 
[INFO] [stdout]   ━━━━━━━━━━━━━━━━━━━━━━━━━━━━━━━━━━ BACKTRACE ━━━━━━━━━━━━━━━━━━━━━━━━━━━━━━━━━━━
[INFO] [stdout]   [96m                              ⋮ 5 frames hidden ⋮                               [0m
[INFO] [stdout]    6: [91mbranchless::core::config::env_vars::get_path_to_git::{{closure}}[0m[90m::h321317bf90042d10[0m
[INFO] [stdout]       at [35m/opt/rustwide/workdir/src/core/config.rs[0m:[35m334[0m
[INFO] [stdout]        332 │     pub fn get_path_to_git() -> eyre::Result<PathBuf> {
[INFO] [stdout]        333 │         let path_to_git = std::env::var_os(TEST_GIT).ok_or_else(|| {
[INFO] [stdout]   [37;1m     334[0m [37;1m>[0m [37;1m            eyre::eyre!([0m
[INFO] [stdout]        335 │                 "No path to Git executable was set. \
[INFO] [stdout]        336 │ Try running as: `{0}=$(which git) cargo test ...` \
[INFO] [stdout]    7: [32mcore::option::Option<T>::ok_or_else[0m[90m::h6f2fa644e4940ccf[0m
[INFO] [stdout]       at [35m/rustc/1b7dd2252b99671ce5d1cb9664c5f8636329436d/library/core/src/option.rs[0m:[35m1257[0m
[INFO] [stdout]    8: [91mbranchless::core::config::env_vars::get_path_to_git[0m[90m::h4000a0211ae1165f[0m
[INFO] [stdout]       at [35m/opt/rustwide/workdir/src/core/config.rs[0m:[35m333[0m
[INFO] [stdout]        331 │     #[instrument]
[INFO] [stdout]        332 │     pub fn get_path_to_git() -> eyre::Result<PathBuf> {
[INFO] [stdout]   [37;1m     333[0m [37;1m>[0m [37;1m        let path_to_git = std::env::var_os(TEST_GIT).ok_or_else(|| {[0m
[INFO] [stdout]        334 │             eyre::eyre!(
[INFO] [stdout]        335 │                 "No path to Git executable was set. \
[INFO] [stdout]    9: [91mbranchless::testing::make_git[0m[90m::he5769ef44b424eab[0m
[INFO] [stdout]       at [35m/opt/rustwide/workdir/src/testing.rs[0m:[35m650[0m
[INFO] [stdout]        648 │ 
[INFO] [stdout]        649 │     let repo_dir = tempfile::tempdir()?;
[INFO] [stdout]   [37;1m     650[0m [37;1m>[0m [37;1m    let path_to_git = get_path_to_git()?;[0m
[INFO] [stdout]        651 │     let git_exec_path = get_git_exec_path()?;
[INFO] [stdout]        652 │     let git = Git::new(path_to_git, repo_dir.path().to_path_buf(), git_exec_path);
[INFO] [stdout]   10: [91mbranchless::core::rewrite::plan::tests::test_plan_moving_subtree_to_descendant_of_itself[0m[90m::hdd6a3e952b9bbb57[0m
[INFO] [stdout]       at [35m/opt/rustwide/workdir/src/core/rewrite/plan.rs[0m:[35m1936[0m
[INFO] [stdout]       1934 │     #[test]
[INFO] [stdout]       1935 │     fn test_plan_moving_subtree_to_descendant_of_itself() -> eyre::Result<()> {
[INFO] [stdout]   [37;1m    1936[0m [37;1m>[0m [37;1m        let git = make_git()?;[0m
[INFO] [stdout]       1937 │         git.init_repo()?;
[INFO] [stdout]       1938 │         git.detach_head()?;
[INFO] [stdout]   11: [91mbranchless::core::rewrite::plan::tests::test_plan_moving_subtree_to_descendant_of_itself::{{closure}}[0m[90m::h30e5b3023bd66cdb[0m
[INFO] [stdout]       at [35m/opt/rustwide/workdir/src/core/rewrite/plan.rs[0m:[35m1935[0m
[INFO] [stdout]       1933 │ 
[INFO] [stdout]       1934 │     #[test]
[INFO] [stdout]   [37;1m    1935[0m [37;1m>[0m [37;1m    fn test_plan_moving_subtree_to_descendant_of_itself() -> eyre::Result<()> {[0m
[INFO] [stdout]       1936 │         let git = make_git()?;
[INFO] [stdout]       1937 │         git.init_repo()?;
[INFO] [stdout]   12: [32mcore::ops::function::FnOnce::call_once[0m[90m::h83116e603bb8ec42[0m
[INFO] [stdout]       at [35m/rustc/1b7dd2252b99671ce5d1cb9664c5f8636329436d/library/core/src/ops/function.rs[0m:[35m250[0m
[INFO] [stdout]   13: [32mcore::ops::function::FnOnce::call_once[0m[90m::ha6a70e79f7481a7e[0m
[INFO] [stdout]       at [35m/rustc/1b7dd2252b99671ce5d1cb9664c5f8636329436d/library/core/src/ops/function.rs[0m:[35m250[0m
[INFO] [stdout]   14: [32mtest::__rust_begin_short_backtrace[0m[90m::hce33033019b61e69[0m
[INFO] [stdout]       at [35m/rustc/1b7dd2252b99671ce5d1cb9664c5f8636329436d/library/test/src/lib.rs[0m:[35m655[0m
[INFO] [stdout]   15: [32mtest::run_test::{{closure}}[0m[90m::h858d3528838ae3e5[0m
[INFO] [stdout]       at [35m/rustc/1b7dd2252b99671ce5d1cb9664c5f8636329436d/library/test/src/lib.rs[0m:[35m646[0m
[INFO] [stdout]   16: [32mcore::ops::function::FnOnce::call_once{{vtable.shim}}[0m[90m::he8ac2b00f01ae79e[0m
[INFO] [stdout]       at [35m/rustc/1b7dd2252b99671ce5d1cb9664c5f8636329436d/library/core/src/ops/function.rs[0m:[35m250[0m
[INFO] [stdout]   17: [32m<alloc::boxed::Box<F,A> as core::ops::function::FnOnce<Args>>::call_once[0m[90m::h8093d25b522725ef[0m
[INFO] [stdout]       at [35m/rustc/1b7dd2252b99671ce5d1cb9664c5f8636329436d/library/alloc/src/boxed.rs[0m:[35m1973[0m
[INFO] [stdout]   18: [32m<core::panic::unwind_safe::AssertUnwindSafe<F> as core::ops::function::FnOnce<()>>::call_once[0m[90m::h5c334c204e4a3913[0m
[INFO] [stdout]       at [35m/rustc/1b7dd2252b99671ce5d1cb9664c5f8636329436d/library/core/src/panic/unwind_safe.rs[0m:[35m271[0m
[INFO] [stdout]   19: [32mstd::panicking::try::do_call[0m[90m::ha8b740c7b9478074[0m
[INFO] [stdout]       at [35m/rustc/1b7dd2252b99671ce5d1cb9664c5f8636329436d/library/std/src/panicking.rs[0m:[35m485[0m
[INFO] [stdout]   20: [32mstd::panicking::try[0m[90m::h5d34f63d0e41b64e[0m
[INFO] [stdout]       at [35m/rustc/1b7dd2252b99671ce5d1cb9664c5f8636329436d/library/std/src/panicking.rs[0m:[35m449[0m
[INFO] [stdout]   21: [32mstd::panic::catch_unwind[0m[90m::hcfbb511e1aa7fc67[0m
[INFO] [stdout]       at [35m/rustc/1b7dd2252b99671ce5d1cb9664c5f8636329436d/library/std/src/panic.rs[0m:[35m140[0m
[INFO] [stdout]   22: [32mtest::run_test_in_process[0m[90m::h9abda90f802eaf21[0m
[INFO] [stdout]       at [35m/rustc/1b7dd2252b99671ce5d1cb9664c5f8636329436d/library/test/src/lib.rs[0m:[35m678[0m
[INFO] [stdout]   [96m                              ⋮ 14 frames hidden ⋮                              [0m
[INFO] [stdout] 
[INFO] [stdout] Run with COLORBT_SHOW_HIDDEN=1 environment variable to disable frame filtering.
[INFO] [stdout] 
[INFO] [stdout] ---- git::repo::tests::test_amend_fast_from_working_tree stdout ----
[INFO] [stdout] Error: 
[INFO] [stdout]    0: [91mNo path to Git executable was set. Try running as: `TEST_GIT=$(which git) cargo test ...` or set `env.TEST_GIT` in your `config.toml` (see https://doc.rust-lang.org/cargo/reference/config.html)[0m
[INFO] [stdout] 
[INFO] [stdout] Location:
[INFO] [stdout]    [35msrc/core/config.rs[0m:[35m334[0m
[INFO] [stdout] 
[INFO] [stdout]   ━━━━━━━━━━━━━━━━━━━━━━━━━━━━━━━━━━ BACKTRACE ━━━━━━━━━━━━━━━━━━━━━━━━━━━━━━━━━━━
[INFO] [stdout]   [96m                              ⋮ 5 frames hidden ⋮                               [0m
[INFO] [stdout]    6: [91mbranchless::core::config::env_vars::get_path_to_git::{{closure}}[0m[90m::h321317bf90042d10[0m
[INFO] [stdout]       at [35m/opt/rustwide/workdir/src/core/config.rs[0m:[35m334[0m
[INFO] [stdout]        332 │     pub fn get_path_to_git() -> eyre::Result<PathBuf> {
[INFO] [stdout]        333 │         let path_to_git = std::env::var_os(TEST_GIT).ok_or_else(|| {
[INFO] [stdout]   [37;1m     334[0m [37;1m>[0m [37;1m            eyre::eyre!([0m
[INFO] [stdout]        335 │                 "No path to Git executable was set. \
[INFO] [stdout]        336 │ Try running as: `{0}=$(which git) cargo test ...` \
[INFO] [stdout]    7: [32mcore::option::Option<T>::ok_or_else[0m[90m::h6f2fa644e4940ccf[0m
[INFO] [stdout]       at [35m/rustc/1b7dd2252b99671ce5d1cb9664c5f8636329436d/library/core/src/option.rs[0m:[35m1257[0m
[INFO] [stdout]    8: [91mbranchless::core::config::env_vars::get_path_to_git[0m[90m::h4000a0211ae1165f[0m
[INFO] [stdout]       at [35m/opt/rustwide/workdir/src/core/config.rs[0m:[35m333[0m
[INFO] [stdout]        331 │     #[instrument]
[INFO] [stdout]        332 │     pub fn get_path_to_git() -> eyre::Result<PathBuf> {
[INFO] [stdout]   [37;1m     333[0m [37;1m>[0m [37;1m        let path_to_git = std::env::var_os(TEST_GIT).ok_or_else(|| {[0m
[INFO] [stdout]        334 │             eyre::eyre!(
[INFO] [stdout]        335 │                 "No path to Git executable was set. \
[INFO] [stdout]    9: [91mbranchless::testing::make_git[0m[90m::he5769ef44b424eab[0m
[INFO] [stdout]       at [35m/opt/rustwide/workdir/src/testing.rs[0m:[35m650[0m
[INFO] [stdout]        648 │ 
[INFO] [stdout]        649 │     let repo_dir = tempfile::tempdir()?;
[INFO] [stdout]   [37;1m     650[0m [37;1m>[0m [37;1m    let path_to_git = get_path_to_git()?;[0m
[INFO] [stdout]        651 │     let git_exec_path = get_git_exec_path()?;
[INFO] [stdout]        652 │     let git = Git::new(path_to_git, repo_dir.path().to_path_buf(), git_exec_path);
[INFO] [stdout]   10: [91mbranchless::git::repo::tests::test_amend_fast_from_working_tree[0m[90m::h4962f7473c96ee9f[0m
[INFO] [stdout]       at [35m/opt/rustwide/workdir/src/git/repo.rs[0m:[35m1791[0m
[INFO] [stdout]       1789 │     #[test]
[INFO] [stdout]       1790 │     fn test_amend_fast_from_working_tree() -> eyre::Result<()> {
[INFO] [stdout]   [37;1m    1791[0m [37;1m>[0m [37;1m        let git = make_git()?;[0m
[INFO] [stdout]       1792 │         git.init_repo()?;
[INFO] [stdout]       1793 │ 
[INFO] [stdout]   11: [91mbranchless::git::repo::tests::test_amend_fast_from_working_tree::{{closure}}[0m[90m::h8121bda6a2b41b4f[0m
[INFO] [stdout]       at [35m/opt/rustwide/workdir/src/git/repo.rs[0m:[35m1790[0m
[INFO] [stdout]       1788 │ 
[INFO] [stdout]       1789 │     #[test]
[INFO] [stdout]   [37;1m    1790[0m [37;1m>[0m [37;1m    fn test_amend_fast_from_working_tree() -> eyre::Result<()> {[0m
[INFO] [stdout]       1791 │         let git = make_git()?;
[INFO] [stdout]       1792 │         git.init_repo()?;
[INFO] [stdout]   12: [32mcore::ops::function::FnOnce::call_once[0m[90m::hedf217608c12da54[0m
[INFO] [stdout]       at [35m/rustc/1b7dd2252b99671ce5d1cb9664c5f8636329436d/library/core/src/ops/function.rs[0m:[35m250[0m
[INFO] [stdout]   13: [32mcore::ops::function::FnOnce::call_once[0m[90m::ha6a70e79f7481a7e[0m
[INFO] [stdout]       at [35m/rustc/1b7dd2252b99671ce5d1cb9664c5f8636329436d/library/core/src/ops/function.rs[0m:[35m250[0m
[INFO] [stdout]   14: [32mtest::__rust_begin_short_backtrace[0m[90m::hce33033019b61e69[0m
[INFO] [stdout]       at [35m/rustc/1b7dd2252b99671ce5d1cb9664c5f8636329436d/library/test/src/lib.rs[0m:[35m655[0m
[INFO] [stdout]   15: [32mtest::run_test::{{closure}}[0m[90m::h858d3528838ae3e5[0m
[INFO] [stdout]       at [35m/rustc/1b7dd2252b99671ce5d1cb9664c5f8636329436d/library/test/src/lib.rs[0m:[35m646[0m
[INFO] [stdout]   16: [32mcore::ops::function::FnOnce::call_once{{vtable.shim}}[0m[90m::he8ac2b00f01ae79e[0m
[INFO] [stdout]       at [35m/rustc/1b7dd2252b99671ce5d1cb9664c5f8636329436d/library/core/src/ops/function.rs[0m:[35m250[0m
[INFO] [stdout]   17: [32m<alloc::boxed::Box<F,A> as core::ops::function::FnOnce<Args>>::call_once[0m[90m::h8093d25b522725ef[0m
[INFO] [stdout]       at [35m/rustc/1b7dd2252b99671ce5d1cb9664c5f8636329436d/library/alloc/src/boxed.rs[0m:[35m1973[0m
[INFO] [stdout]   18: [32m<core::panic::unwind_safe::AssertUnwindSafe<F> as core::ops::function::FnOnce<()>>::call_once[0m[90m::h5c334c204e4a3913[0m
[INFO] [stdout]       at [35m/rustc/1b7dd2252b99671ce5d1cb9664c5f8636329436d/library/core/src/panic/unwind_safe.rs[0m:[35m271[0m
[INFO] [stdout]   19: [32mstd::panicking::try::do_call[0m[90m::ha8b740c7b9478074[0m
[INFO] [stdout]       at [35m/rustc/1b7dd2252b99671ce5d1cb9664c5f8636329436d/library/std/src/panicking.rs[0m:[35m485[0m
[INFO] [stdout]   20: [32mstd::panicking::try[0m[90m::h5d34f63d0e41b64e[0m
[INFO] [stdout]       at [35m/rustc/1b7dd2252b99671ce5d1cb9664c5f8636329436d/library/std/src/panicking.rs[0m:[35m449[0m
[INFO] [stdout]   21: [32mstd::panic::catch_unwind[0m[90m::hcfbb511e1aa7fc67[0m
[INFO] [stdout]       at [35m/rustc/1b7dd2252b99671ce5d1cb9664c5f8636329436d/library/std/src/panic.rs[0m:[35m140[0m
[INFO] [stdout]   22: [32mtest::run_test_in_process[0m[90m::h9abda90f802eaf21[0m
[INFO] [stdout]       at [35m/rustc/1b7dd2252b99671ce5d1cb9664c5f8636329436d/library/test/src/lib.rs[0m:[35m678[0m
[INFO] [stdout]   [96m                              ⋮ 14 frames hidden ⋮                              [0m
[INFO] [stdout] 
[INFO] [stdout] Run with COLORBT_SHOW_HIDDEN=1 environment variable to disable frame filtering.
[INFO] [stdout] 
[INFO] [stdout] ---- git::repo::tests::test_amend_fast_from_index stdout ----
[INFO] [stdout] Error: 
[INFO] [stdout]    0: [91mNo path to Git executable was set. Try running as: `TEST_GIT=$(which git) cargo test ...` or set `env.TEST_GIT` in your `config.toml` (see https://doc.rust-lang.org/cargo/reference/config.html)[0m
[INFO] [stdout] 
[INFO] [stdout] Location:
[INFO] [stdout]    [35msrc/core/config.rs[0m:[35m334[0m
[INFO] [stdout] 
[INFO] [stdout]   ━━━━━━━━━━━━━━━━━━━━━━━━━━━━━━━━━━ BACKTRACE ━━━━━━━━━━━━━━━━━━━━━━━━━━━━━━━━━━━
[INFO] [stdout]   [96m                              ⋮ 5 frames hidden ⋮                               [0m
[INFO] [stdout]    6: [91mbranchless::core::config::env_vars::get_path_to_git::{{closure}}[0m[90m::h321317bf90042d10[0m
[INFO] [stdout]       at [35m/opt/rustwide/workdir/src/core/config.rs[0m:[35m334[0m
[INFO] [stdout]        332 │     pub fn get_path_to_git() -> eyre::Result<PathBuf> {
[INFO] [stdout]        333 │         let path_to_git = std::env::var_os(TEST_GIT).ok_or_else(|| {
[INFO] [stdout]   [37;1m     334[0m [37;1m>[0m [37;1m            eyre::eyre!([0m
[INFO] [stdout]        335 │                 "No path to Git executable was set. \
[INFO] [stdout]        336 │ Try running as: `{0}=$(which git) cargo test ...` \
[INFO] [stdout]    7: [32mcore::option::Option<T>::ok_or_else[0m[90m::h6f2fa644e4940ccf[0m
[INFO] [stdout]       at [35m/rustc/1b7dd2252b99671ce5d1cb9664c5f8636329436d/library/core/src/option.rs[0m:[35m1257[0m
[INFO] [stdout]    8: [91mbranchless::core::config::env_vars::get_path_to_git[0m[90m::h4000a0211ae1165f[0m
[INFO] [stdout]       at [35m/opt/rustwide/workdir/src/core/config.rs[0m:[35m333[0m
[INFO] [stdout]        331 │     #[instrument]
[INFO] [stdout]        332 │     pub fn get_path_to_git() -> eyre::Result<PathBuf> {
[INFO] [stdout]   [37;1m     333[0m [37;1m>[0m [37;1m        let path_to_git = std::env::var_os(TEST_GIT).ok_or_else(|| {[0m
[INFO] [stdout]        334 │             eyre::eyre!(
[INFO] [stdout]        335 │                 "No path to Git executable was set. \
[INFO] [stdout]    9: [91mbranchless::testing::make_git[0m[90m::he5769ef44b424eab[0m
[INFO] [stdout]       at [35m/opt/rustwide/workdir/src/testing.rs[0m:[35m650[0m
[INFO] [stdout]        648 │ 
[INFO] [stdout]        649 │     let repo_dir = tempfile::tempdir()?;
[INFO] [stdout]   [37;1m     650[0m [37;1m>[0m [37;1m    let path_to_git = get_path_to_git()?;[0m
[INFO] [stdout]        651 │     let git_exec_path = get_git_exec_path()?;
[INFO] [stdout]        652 │     let git = Git::new(path_to_git, repo_dir.path().to_path_buf(), git_exec_path);
[INFO] [stdout]   10: [91mbranchless::git::repo::tests::test_amend_fast_from_index[0m[90m::h3b12d838415c4dc2[0m
[INFO] [stdout]       at [35m/opt/rustwide/workdir/src/git/repo.rs[0m:[35m1712[0m
[INFO] [stdout]       1710 │     #[test]
[INFO] [stdout]       1711 │     fn test_amend_fast_from_index() -> eyre::Result<()> {
[INFO] [stdout]   [37;1m    1712[0m [37;1m>[0m [37;1m        let git = make_git()?;[0m
[INFO] [stdout]       1713 │         git.init_repo()?;
[INFO] [stdout]       1714 │ 
[INFO] [stdout]   11: [91mbranchless::git::repo::tests::test_amend_fast_from_index::{{closure}}[0m[90m::h990d89ec8721e153[0m
[INFO] [stdout]       at [35m/opt/rustwide/workdir/src/git/repo.rs[0m:[35m1711[0m
[INFO] [stdout]       1709 │ 
[INFO] [stdout]       1710 │     #[test]
[INFO] [stdout]   [37;1m    1711[0m [37;1m>[0m [37;1m    fn test_amend_fast_from_index() -> eyre::Result<()> {[0m
[INFO] [stdout]       1712 │         let git = make_git()?;
[INFO] [stdout]       1713 │         git.init_repo()?;
[INFO] [stdout]   12: [32mcore::ops::function::FnOnce::call_once[0m[90m::he653b08087f39d0c[0m
[INFO] [stdout]       at [35m/rustc/1b7dd2252b99671ce5d1cb9664c5f8636329436d/library/core/src/ops/function.rs[0m:[35m250[0m
[INFO] [stdout]   13: [32mcore::ops::function::FnOnce::call_once[0m[90m::ha6a70e79f7481a7e[0m
[INFO] [stdout]       at [35m/rustc/1b7dd2252b99671ce5d1cb9664c5f8636329436d/library/core/src/ops/function.rs[0m:[35m250[0m
[INFO] [stdout]   14: [32mtest::__rust_begin_short_backtrace[0m[90m::hce33033019b61e69[0m
[INFO] [stdout]       at [35m/rustc/1b7dd2252b99671ce5d1cb9664c5f8636329436d/library/test/src/lib.rs[0m:[35m655[0m
[INFO] [stdout]   15: [32mtest::run_test::{{closure}}[0m[90m::h858d3528838ae3e5[0m
[INFO] [stdout]       at [35m/rustc/1b7dd2252b99671ce5d1cb9664c5f8636329436d/library/test/src/lib.rs[0m:[35m646[0m
[INFO] [stdout]   16: [32mcore::ops::function::FnOnce::call_once{{vtable.shim}}[0m[90m::he8ac2b00f01ae79e[0m
[INFO] [stdout]       at [35m/rustc/1b7dd2252b99671ce5d1cb9664c5f8636329436d/library/core/src/ops/function.rs[0m:[35m250[0m
[INFO] [stdout]   17: [32m<alloc::boxed::Box<F,A> as core::ops::function::FnOnce<Args>>::call_once[0m[90m::h8093d25b522725ef[0m
[INFO] [stdout]       at [35m/rustc/1b7dd2252b99671ce5d1cb9664c5f8636329436d/library/alloc/src/boxed.rs[0m:[35m1973[0m
[INFO] [stdout]   18: [32m<core::panic::unwind_safe::AssertUnwindSafe<F> as core::ops::function::FnOnce<()>>::call_once[0m[90m::h5c334c204e4a3913[0m
[INFO] [stdout]       at [35m/rustc/1b7dd2252b99671ce5d1cb9664c5f8636329436d/library/core/src/panic/unwind_safe.rs[0m:[35m271[0m
[INFO] [stdout]   19: [32mstd::panicking::try::do_call[0m[90m::ha8b740c7b9478074[0m
[INFO] [stdout]       at [35m/rustc/1b7dd2252b99671ce5d1cb9664c5f8636329436d/library/std/src/panicking.rs[0m:[35m485[0m
[INFO] [stdout]   20: [32mstd::panicking::try[0m[90m::h5d34f63d0e41b64e[0m
[INFO] [stdout]       at [35m/rustc/1b7dd2252b99671ce5d1cb9664c5f8636329436d/library/std/src/panicking.rs[0m:[35m449[0m
[INFO] [stdout]   21: [32mstd::panic::catch_unwind[0m[90m::hcfbb511e1aa7fc67[0m
[INFO] [stdout]       at [35m/rustc/1b7dd2252b99671ce5d1cb9664c5f8636329436d/library/std/src/panic.rs[0m:[35m140[0m
[INFO] [stdout]   22: [32mtest::run_test_in_process[0m[90m::h9abda90f802eaf21[0m
[INFO] [stdout]       at [35m/rustc/1b7dd2252b99671ce5d1cb9664c5f8636329436d/library/test/src/lib.rs[0m:[35m678[0m
[INFO] [stdout]   [96m                              ⋮ 14 frames hidden ⋮                              [0m
[INFO] [stdout] 
[INFO] [stdout] Run with COLORBT_SHOW_HIDDEN=1 environment variable to disable frame filtering.
[INFO] [stdout] 
[INFO] [stdout] ---- git::repo::tests::test_branch_debug stdout ----
[INFO] [stdout] Error: 
[INFO] [stdout]    0: [91mNo path to Git executable was set. Try running as: `TEST_GIT=$(which git) cargo test ...` or set `env.TEST_GIT` in your `config.toml` (see https://doc.rust-lang.org/cargo/reference/config.html)[0m
[INFO] [stdout] 
[INFO] [stdout] Location:
[INFO] [stdout]    [35msrc/core/config.rs[0m:[35m334[0m
[INFO] [stdout] 
[INFO] [stdout]   ━━━━━━━━━━━━━━━━━━━━━━━━━━━━━━━━━━ BACKTRACE ━━━━━━━━━━━━━━━━━━━━━━━━━━━━━━━━━━━
[INFO] [stdout]   [96m                              ⋮ 5 frames hidden ⋮                               [0m
[INFO] [stdout]    6: [91mbranchless::core::config::env_vars::get_path_to_git::{{closure}}[0m[90m::h321317bf90042d10[0m
[INFO] [stdout]       at [35m/opt/rustwide/workdir/src/core/config.rs[0m:[35m334[0m
[INFO] [stdout]        332 │     pub fn get_path_to_git() -> eyre::Result<PathBuf> {
[INFO] [stdout]        333 │         let path_to_git = std::env::var_os(TEST_GIT).ok_or_else(|| {
[INFO] [stdout]   [37;1m     334[0m [37;1m>[0m [37;1m            eyre::eyre!([0m
[INFO] [stdout]        335 │                 "No path to Git executable was set. \
[INFO] [stdout]        336 │ Try running as: `{0}=$(which git) cargo test ...` \
[INFO] [stdout]    7: [32mcore::option::Option<T>::ok_or_else[0m[90m::h6f2fa644e4940ccf[0m
[INFO] [stdout]       at [35m/rustc/1b7dd2252b99671ce5d1cb9664c5f8636329436d/library/core/src/option.rs[0m:[35m1257[0m
[INFO] [stdout]    8: [91mbranchless::core::config::env_vars::get_path_to_git[0m[90m::h4000a0211ae1165f[0m
[INFO] [stdout]       at [35m/opt/rustwide/workdir/src/core/config.rs[0m:[35m333[0m
[INFO] [stdout]        331 │     #[instrument]
[INFO] [stdout]        332 │     pub fn get_path_to_git() -> eyre::Result<PathBuf> {
[INFO] [stdout]   [37;1m     333[0m [37;1m>[0m [37;1m        let path_to_git = std::env::var_os(TEST_GIT).ok_or_else(|| {[0m
[INFO] [stdout]        334 │             eyre::eyre!(
[INFO] [stdout]        335 │                 "No path to Git executable was set. \
[INFO] [stdout]    9: [91mbranchless::testing::make_git[0m[90m::he5769ef44b424eab[0m
[INFO] [stdout]       at [35m/opt/rustwide/workdir/src/testing.rs[0m:[35m650[0m
[INFO] [stdout]        648 │ 
[INFO] [stdout]        649 │     let repo_dir = tempfile::tempdir()?;
[INFO] [stdout]   [37;1m     650[0m [37;1m>[0m [37;1m    let path_to_git = get_path_to_git()?;[0m
[INFO] [stdout]        651 │     let git_exec_path = get_git_exec_path()?;
[INFO] [stdout]        652 │     let git = Git::new(path_to_git, repo_dir.path().to_path_buf(), git_exec_path);
[INFO] [stdout]   10: [91mbranchless::git::repo::tests::test_branch_debug[0m[90m::h50e2602b89e58653[0m
[INFO] [stdout]       at [35m/opt/rustwide/workdir/src/git/repo.rs[0m:[35m1890[0m
[INFO] [stdout]       1888 │     #[test]
[INFO] [stdout]       1889 │     fn test_branch_debug() -> eyre::Result<()> {
[INFO] [stdout]   [37;1m    1890[0m [37;1m>[0m [37;1m        let git = make_git()?;[0m
[INFO] [stdout]       1891 │         git.init_repo()?;
[INFO] [stdout]       1892 │ 
[INFO] [stdout]   11: [91mbranchless::git::repo::tests::test_branch_debug::{{closure}}[0m[90m::hc27db5d3f62a2468[0m
[INFO] [stdout]       at [35m/opt/rustwide/workdir/src/git/repo.rs[0m:[35m1889[0m
[INFO] [stdout]       1887 │ 
[INFO] [stdout]       1888 │     #[test]
[INFO] [stdout]   [37;1m    1889[0m [37;1m>[0m [37;1m    fn test_branch_debug() -> eyre::Result<()> {[0m
[INFO] [stdout]       1890 │         let git = make_git()?;
[INFO] [stdout]       1891 │         git.init_repo()?;
[INFO] [stdout]   12: [32mcore::ops::function::FnOnce::call_once[0m[90m::h69cb206eb3e1f475[0m
[INFO] [stdout]       at [35m/rustc/1b7dd2252b99671ce5d1cb9664c5f8636329436d/library/core/src/ops/function.rs[0m:[35m250[0m
[INFO] [stdout]   13: [32mcore::ops::function::FnOnce::call_once[0m[90m::ha6a70e79f7481a7e[0m
[INFO] [stdout]       at [35m/rustc/1b7dd2252b99671ce5d1cb9664c5f8636329436d/library/core/src/ops/function.rs[0m:[35m250[0m
[INFO] [stdout]   14: [32mtest::__rust_begin_short_backtrace[0m[90m::hce33033019b61e69[0m
[INFO] [stdout]       at [35m/rustc/1b7dd2252b99671ce5d1cb9664c5f8636329436d/library/test/src/lib.rs[0m:[35m655[0m
[INFO] [stdout]   15: [32mtest::run_test::{{closure}}[0m[90m::h858d3528838ae3e5[0m
[INFO] [stdout]       at [35m/rustc/1b7dd2252b99671ce5d1cb9664c5f8636329436d/library/test/src/lib.rs[0m:[35m646[0m
[INFO] [stdout]   16: [32mcore::ops::function::FnOnce::call_once{{vtable.shim}}[0m[90m::he8ac2b00f01ae79e[0m
[INFO] [stdout]       at [35m/rustc/1b7dd2252b99671ce5d1cb9664c5f8636329436d/library/core/src/ops/function.rs[0m:[35m250[0m
[INFO] [stdout]   17: [32m<alloc::boxed::Box<F,A> as core::ops::function::FnOnce<Args>>::call_once[0m[90m::h8093d25b522725ef[0m
[INFO] [stdout]       at [35m/rustc/1b7dd2252b99671ce5d1cb9664c5f8636329436d/library/alloc/src/boxed.rs[0m:[35m1973[0m
[INFO] [stdout]   18: [32m<core::panic::unwind_safe::AssertUnwindSafe<F> as core::ops::function::FnOnce<()>>::call_once[0m[90m::h5c334c204e4a3913[0m
[INFO] [stdout]       at [35m/rustc/1b7dd2252b99671ce5d1cb9664c5f8636329436d/library/core/src/panic/unwind_safe.rs[0m:[35m271[0m
[INFO] [stdout]   19: [32mstd::panicking::try::do_call[0m[90m::ha8b740c7b9478074[0m
[INFO] [stdout]       at [35m/rustc/1b7dd2252b99671ce5d1cb9664c5f8636329436d/library/std/src/panicking.rs[0m:[35m485[0m
[INFO] [stdout]   20: [32mstd::panicking::try[0m[90m::h5d34f63d0e41b64e[0m
[INFO] [stdout]       at [35m/rustc/1b7dd2252b99671ce5d1cb9664c5f8636329436d/library/std/src/panicking.rs[0m:[35m449[0m
[INFO] [stdout]   21: [32mstd::panic::catch_unwind[0m[90m::hcfbb511e1aa7fc67[0m
[INFO] [stdout]       at [35m/rustc/1b7dd2252b99671ce5d1cb9664c5f8636329436d/library/std/src/panic.rs[0m:[35m140[0m
[INFO] [stdout]   22: [32mtest::run_test_in_process[0m[90m::h9abda90f802eaf21[0m
[INFO] [stdout]       at [35m/rustc/1b7dd2252b99671ce5d1cb9664c5f8636329436d/library/test/src/lib.rs[0m:[35m678[0m
[INFO] [stdout]   [96m                              ⋮ 14 frames hidden ⋮                              [0m
[INFO] [stdout] 
[INFO] [stdout] Run with COLORBT_SHOW_HIDDEN=1 environment variable to disable frame filtering.
[INFO] [stdout] 
[INFO] [stdout] ---- core::rewrite::plan::tests::test_plan_moving_subtree_with_merge_commit stdout ----
[INFO] [stdout] Error: 
[INFO] [stdout]    0: [91mNo path to Git executable was set. Try running as: `TEST_GIT=$(which git) cargo test ...` or set `env.TEST_GIT` in your `config.toml` (see https://doc.rust-lang.org/cargo/reference/config.html)[0m
[INFO] [stdout] 
[INFO] [stdout] Location:
[INFO] [stdout]    [35msrc/core/config.rs[0m:[35m334[0m
[INFO] [stdout] 
[INFO] [stdout]   ━━━━━━━━━━━━━━━━━━━━━━━━━━━━━━━━━━ BACKTRACE ━━━━━━━━━━━━━━━━━━━━━━━━━━━━━━━━━━━
[INFO] [stdout]   [96m                              ⋮ 5 frames hidden ⋮                               [0m
[INFO] [stdout]    6: [91mbranchless::core::config::env_vars::get_path_to_git::{{closure}}[0m[90m::h321317bf90042d10[0m
[INFO] [stdout]       at [35m/opt/rustwide/workdir/src/core/config.rs[0m:[35m334[0m
[INFO] [stdout]        332 │     pub fn get_path_to_git() -> eyre::Result<PathBuf> {
[INFO] [stdout]        333 │         let path_to_git = std::env::var_os(TEST_GIT).ok_or_else(|| {
[INFO] [stdout]   [37;1m     334[0m [37;1m>[0m [37;1m            eyre::eyre!([0m
[INFO] [stdout]        335 │                 "No path to Git executable was set. \
[INFO] [stdout]        336 │ Try running as: `{0}=$(which git) cargo test ...` \
[INFO] [stdout]    7: [32mcore::option::Option<T>::ok_or_else[0m[90m::h6f2fa644e4940ccf[0m
[INFO] [stdout]       at [35m/rustc/1b7dd2252b99671ce5d1cb9664c5f8636329436d/library/core/src/option.rs[0m:[35m1257[0m
[INFO] [stdout]    8: [91mbranchless::core::config::env_vars::get_path_to_git[0m[90m::h4000a0211ae1165f[0m
[INFO] [stdout]       at [35m/opt/rustwide/workdir/src/core/config.rs[0m:[35m333[0m
[INFO] [stdout]        331 │     #[instrument]
[INFO] [stdout]        332 │     pub fn get_path_to_git() -> eyre::Result<PathBuf> {
[INFO] [stdout]   [37;1m     333[0m [37;1m>[0m [37;1m        let path_to_git = std::env::var_os(TEST_GIT).ok_or_else(|| {[0m
[INFO] [stdout]        334 │             eyre::eyre!(
[INFO] [stdout]        335 │                 "No path to Git executable was set. \
[INFO] [stdout]    9: [91mbranchless::testing::make_git[0m[90m::he5769ef44b424eab[0m
[INFO] [stdout]       at [35m/opt/rustwide/workdir/src/testing.rs[0m:[35m650[0m
[INFO] [stdout]        648 │ 
[INFO] [stdout]        649 │     let repo_dir = tempfile::tempdir()?;
[INFO] [stdout]   [37;1m     650[0m [37;1m>[0m [37;1m    let path_to_git = get_path_to_git()?;[0m
[INFO] [stdout]        651 │     let git_exec_path = get_git_exec_path()?;
[INFO] [stdout]        652 │     let git = Git::new(path_to_git, repo_dir.path().to_path_buf(), git_exec_path);
[INFO] [stdout]   10: [91mbranchless::core::rewrite::plan::tests::test_plan_moving_subtree_with_merge_commit[0m[90m::hdb7b79f271f503d6[0m
[INFO] [stdout]       at [35m/opt/rustwide/workdir/src/core/rewrite/plan.rs[0m:[35m1971[0m
[INFO] [stdout]       1969 │     #[test]
[INFO] [stdout]       1970 │     fn test_plan_moving_subtree_with_merge_commit() -> eyre::Result<()> {
[INFO] [stdout]   [37;1m    1971[0m [37;1m>[0m [37;1m        let git = make_git()?;[0m
[INFO] [stdout]       1972 │         git.init_repo()?;
[INFO] [stdout]       1973 │         git.detach_head()?;
[INFO] [stdout]   11: [91mbranchless::core::rewrite::plan::tests::test_plan_moving_subtree_with_merge_commit::{{closure}}[0m[90m::he15bed8e6f065ac9[0m
[INFO] [stdout]       at [35m/opt/rustwide/workdir/src/core/rewrite/plan.rs[0m:[35m1970[0m
[INFO] [stdout]       1968 │ 
[INFO] [stdout]       1969 │     #[test]
[INFO] [stdout]   [37;1m    1970[0m [37;1m>[0m [37;1m    fn test_plan_moving_subtree_with_merge_commit() -> eyre::Result<()> {[0m
[INFO] [stdout]       1971 │         let git = make_git()?;
[INFO] [stdout]       1972 │         git.init_repo()?;
[INFO] [stdout]   12: [32mcore::ops::function::FnOnce::call_once[0m[90m::hc130e3e79c28ed39[0m
[INFO] [stdout]       at [35m/rustc/1b7dd2252b99671ce5d1cb9664c5f8636329436d/library/core/src/ops/function.rs[0m:[35m250[0m
[INFO] [stdout]   13: [32mcore::ops::function::FnOnce::call_once[0m[90m::ha6a70e79f7481a7e[0m
[INFO] [stdout]       at [35m/rustc/1b7dd2252b99671ce5d1cb9664c5f8636329436d/library/core/src/ops/function.rs[0m:[35m250[0m
[INFO] [stdout]   14: [32mtest::__rust_begin_short_backtrace[0m[90m::hce33033019b61e69[0m
[INFO] [stdout]       at [35m/rustc/1b7dd2252b99671ce5d1cb9664c5f8636329436d/library/test/src/lib.rs[0m:[35m655[0m
[INFO] [stdout]   15: [32mtest::run_test::{{closure}}[0m[90m::h858d3528838ae3e5[0m
[INFO] [stdout]       at [35m/rustc/1b7dd2252b99671ce5d1cb9664c5f8636329436d/library/test/src/lib.rs[0m:[35m646[0m
[INFO] [stdout]   16: [32mcore::ops::function::FnOnce::call_once{{vtable.shim}}[0m[90m::he8ac2b00f01ae79e[0m
[INFO] [stdout]       at [35m/rustc/1b7dd2252b99671ce5d1cb9664c5f8636329436d/library/core/src/ops/function.rs[0m:[35m250[0m
[INFO] [stdout]   17: [32m<alloc::boxed::Box<F,A> as core::ops::function::FnOnce<Args>>::call_once[0m[90m::h8093d25b522725ef[0m
[INFO] [stdout]       at [35m/rustc/1b7dd2252b99671ce5d1cb9664c5f8636329436d/library/alloc/src/boxed.rs[0m:[35m1973[0m
[INFO] [stdout]   18: [32m<core::panic::unwind_safe::AssertUnwindSafe<F> as core::ops::function::FnOnce<()>>::call_once[0m[90m::h5c334c204e4a3913[0m
[INFO] [stdout]       at [35m/rustc/1b7dd2252b99671ce5d1cb9664c5f8636329436d/library/core/src/panic/unwind_safe.rs[0m:[35m271[0m
[INFO] [stdout]   19: [32mstd::panicking::try::do_call[0m[90m::ha8b740c7b9478074[0m
[INFO] [stdout]       at [35m/rustc/1b7dd2252b99671ce5d1cb9664c5f8636329436d/library/std/src/panicking.rs[0m:[35m485[0m
[INFO] [stdout]   20: [32mstd::panicking::try[0m[90m::h5d34f63d0e41b64e[0m
[INFO] [stdout]       at [35m/rustc/1b7dd2252b99671ce5d1cb9664c5f8636329436d/library/std/src/panicking.rs[0m:[35m449[0m
[INFO] [stdout]   21: [32mstd::panic::catch_unwind[0m[90m::hcfbb511e1aa7fc67[0m
[INFO] [stdout]       at [35m/rustc/1b7dd2252b99671ce5d1cb9664c5f8636329436d/library/std/src/panic.rs[0m:[35m140[0m
[INFO] [stdout]   22: [32mtest::run_test_in_process[0m[90m::h9abda90f802eaf21[0m
[INFO] [stdout]       at [35m/rustc/1b7dd2252b99671ce5d1cb9664c5f8636329436d/library/test/src/lib.rs[0m:[35m678[0m
[INFO] [stdout]   [96m                              ⋮ 14 frames hidden ⋮                              [0m
[INFO] [stdout] 
[INFO] [stdout] Run with COLORBT_SHOW_HIDDEN=1 environment variable to disable frame filtering.
[INFO] [stdout] 
[INFO] [stdout] ---- git::repo::tests::test_cherry_pick_fast stdout ----
[INFO] [stdout] Error: 
[INFO] [stdout]    0: [91mNo path to Git executable was set. Try running as: `TEST_GIT=$(which git) cargo test ...` or set `env.TEST_GIT` in your `config.toml` (see https://doc.rust-lang.org/cargo/reference/config.html)[0m
[INFO] [stdout] 
[INFO] [stdout] Location:
[INFO] [stdout]    [35msrc/core/config.rs[0m:[35m334[0m
[INFO] [stdout] 
[INFO] [stdout]   ━━━━━━━━━━━━━━━━━━━━━━━━━━━━━━━━━━ BACKTRACE ━━━━━━━━━━━━━━━━━━━━━━━━━━━━━━━━━━━
[INFO] [stdout]   [96m                              ⋮ 5 frames hidden ⋮                               [0m
[INFO] [stdout]    6: [91mbranchless::core::config::env_vars::get_path_to_git::{{closure}}[0m[90m::h321317bf90042d10[0m
[INFO] [stdout]       at [35m/opt/rustwide/workdir/src/core/config.rs[0m:[35m334[0m
[INFO] [stdout]        332 │     pub fn get_path_to_git() -> eyre::Result<PathBuf> {
[INFO] [stdout]        333 │         let path_to_git = std::env::var_os(TEST_GIT).ok_or_else(|| {
[INFO] [stdout]   [37;1m     334[0m [37;1m>[0m [37;1m            eyre::eyre!([0m
[INFO] [stdout]        335 │                 "No path to Git executable was set. \
[INFO] [stdout]        336 │ Try running as: `{0}=$(which git) cargo test ...` \
[INFO] [stdout]    7: [32mcore::option::Option<T>::ok_or_else[0m[90m::h6f2fa644e4940ccf[0m
[INFO] [stdout]       at [35m/rustc/1b7dd2252b99671ce5d1cb9664c5f8636329436d/library/core/src/option.rs[0m:[35m1257[0m
[INFO] [stdout]    8: [91mbranchless::core::config::env_vars::get_path_to_git[0m[90m::h4000a0211ae1165f[0m
[INFO] [stdout]       at [35m/opt/rustwide/workdir/src/core/config.rs[0m:[35m333[0m
[INFO] [stdout]        331 │     #[instrument]
[INFO] [stdout]        332 │     pub fn get_path_to_git() -> eyre::Result<PathBuf> {
[INFO] [stdout]   [37;1m     333[0m [37;1m>[0m [37;1m        let path_to_git = std::env::var_os(TEST_GIT).ok_or_else(|| {[0m
[INFO] [stdout]        334 │             eyre::eyre!(
[INFO] [stdout]        335 │                 "No path to Git executable was set. \
[INFO] [stdout]    9: [91mbranchless::testing::make_git[0m[90m::he5769ef44b424eab[0m
[INFO] [stdout]       at [35m/opt/rustwide/workdir/src/testing.rs[0m:[35m650[0m
[INFO] [stdout]        648 │ 
[INFO] [stdout]        649 │     let repo_dir = tempfile::tempdir()?;
[INFO] [stdout]   [37;1m     650[0m [37;1m>[0m [37;1m    let path_to_git = get_path_to_git()?;[0m
[INFO] [stdout]        651 │     let git_exec_path = get_git_exec_path()?;
[INFO] [stdout]        652 │     let git = Git::new(path_to_git, repo_dir.path().to_path_buf(), git_exec_path);
[INFO] [stdout]   10: [91mbranchless::git::repo::tests::test_cherry_pick_fast[0m[90m::hd96c1325d8460cbc[0m
[INFO] [stdout]       at [35m/opt/rustwide/workdir/src/git/repo.rs[0m:[35m1672[0m
[INFO] [stdout]       1670 │     #[test]
[INFO] [stdout]       1671 │     fn test_cherry_pick_fast() -> eyre::Result<()> {
[INFO] [stdout]   [37;1m    1672[0m [37;1m>[0m [37;1m        let git = make_git()?;[0m
[INFO] [stdout]       1673 │         git.init_repo()?;
[INFO] [stdout]       1674 │ 
[INFO] [stdout]   11: [91mbranchless::git::repo::tests::test_cherry_pick_fast::{{closure}}[0m[90m::heb2b502410a4c3f5[0m
[INFO] [stdout]       at [35m/opt/rustwide/workdir/src/git/repo.rs[0m:[35m1671[0m
[INFO] [stdout]       1669 │ 
[INFO] [stdout]       1670 │     #[test]
[INFO] [stdout]   [37;1m    1671[0m [37;1m>[0m [37;1m    fn test_cherry_pick_fast() -> eyre::Result<()> {[0m
[INFO] [stdout]       1672 │         let git = make_git()?;
[INFO] [stdout]       1673 │         git.init_repo()?;
[INFO] [stdout]   12: [32mcore::ops::function::FnOnce::call_once[0m[90m::h6449b58ebb35f58c[0m
[INFO] [stdout]       at [35m/rustc/1b7dd2252b99671ce5d1cb9664c5f8636329436d/library/core/src/ops/function.rs[0m:[35m250[0m
[INFO] [stdout]   13: [32mcore::ops::function::FnOnce::call_once[0m[90m::ha6a70e79f7481a7e[0m
[INFO] [stdout]       at [35m/rustc/1b7dd2252b99671ce5d1cb9664c5f8636329436d/library/core/src/ops/function.rs[0m:[35m250[0m
[INFO] [stdout]   14: [32mtest::__rust_begin_short_backtrace[0m[90m::hce33033019b61e69[0m
[INFO] [stdout]       at [35m/rustc/1b7dd2252b99671ce5d1cb9664c5f8636329436d/library/test/src/lib.rs[0m:[35m655[0m
[INFO] [stdout]   15: [32mtest::run_test::{{closure}}[0m[90m::h858d3528838ae3e5[0m
[INFO] [stdout]       at [35m/rustc/1b7dd2252b99671ce5d1cb9664c5f8636329436d/library/test/src/lib.rs[0m:[35m646[0m
[INFO] [stdout]   16: [32mcore::ops::function::FnOnce::call_once{{vtable.shim}}[0m[90m::he8ac2b00f01ae79e[0m
[INFO] [stdout]       at [35m/rustc/1b7dd2252b99671ce5d1cb9664c5f8636329436d/library/core/src/ops/function.rs[0m:[35m250[0m
[INFO] [stdout]   17: [32m<alloc::boxed::Box<F,A> as core::ops::function::FnOnce<Args>>::call_once[0m[90m::h8093d25b522725ef[0m
[INFO] [stdout]       at [35m/rustc/1b7dd2252b99671ce5d1cb9664c5f8636329436d/library/alloc/src/boxed.rs[0m:[35m1973[0m
[INFO] [stdout]   18: [32m<core::panic::unwind_safe::AssertUnwindSafe<F> as core::ops::function::FnOnce<()>>::call_once[0m[90m::h5c334c204e4a3913[0m
[INFO] [stdout]       at [35m/rustc/1b7dd2252b99671ce5d1cb9664c5f8636329436d/library/core/src/panic/unwind_safe.rs[0m:[35m271[0m
[INFO] [stdout]   19: [32mstd::panicking::try::do_call[0m[90m::ha8b740c7b9478074[0m
[INFO] [stdout]       at [35m/rustc/1b7dd2252b99671ce5d1cb9664c5f8636329436d/library/std/src/panicking.rs[0m:[35m485[0m
[INFO] [stdout]   20: [32mstd::panicking::try[0m[90m::h5d34f63d0e41b64e[0m
[INFO] [stdout]       at [35m/rustc/1b7dd2252b99671ce5d1cb9664c5f8636329436d/library/std/src/panicking.rs[0m:[35m449[0m
[INFO] [stdout]   21: [32mstd::panic::catch_unwind[0m[90m::hcfbb511e1aa7fc67[0m
[INFO] [stdout]       at [35m/rustc/1b7dd2252b99671ce5d1cb9664c5f8636329436d/library/std/src/panic.rs[0m:[35m140[0m
[INFO] [stdout]   22: [32mtest::run_test_in_process[0m[90m::h9abda90f802eaf21[0m
[INFO] [stdout]       at [35m/rustc/1b7dd2252b99671ce5d1cb9664c5f8636329436d/library/test/src/lib.rs[0m:[35m678[0m
[INFO] [stdout]   [96m                              ⋮ 14 frames hidden ⋮                              [0m
[INFO] [stdout] 
[INFO] [stdout] Run with COLORBT_SHOW_HIDDEN=1 environment variable to disable frame filtering.
[INFO] [stdout] 
[INFO] [stdout] ---- git::status::tests::test_get_status stdout ----
[INFO] [stdout] Error: 
[INFO] [stdout]    0: [91mNo path to Git executable was set. Try running as: `TEST_GIT=$(which git) cargo test ...` or set `env.TEST_GIT` in your `config.toml` (see https://doc.rust-lang.org/cargo/reference/config.html)[0m
[INFO] [stdout] 
[INFO] [stdout] Location:
[INFO] [stdout]    [35msrc/core/config.rs[0m:[35m334[0m
[INFO] [stdout] 
[INFO] [stdout]   ━━━━━━━━━━━━━━━━━━━━━━━━━━━━━━━━━━ BACKTRACE ━━━━━━━━━━━━━━━━━━━━━━━━━━━━━━━━━━━
[INFO] [stdout]   [96m                              ⋮ 5 frames hidden ⋮                               [0m
[INFO] [stdout]    6: [91mbranchless::core::config::env_vars::get_path_to_git::{{closure}}[0m[90m::h321317bf90042d10[0m
[INFO] [stdout]       at [35m/opt/rustwide/workdir/src/core/config.rs[0m:[35m334[0m
[INFO] [stdout]        332 │     pub fn get_path_to_git() -> eyre::Result<PathBuf> {
[INFO] [stdout]        333 │         let path_to_git = std::env::var_os(TEST_GIT).ok_or_else(|| {
[INFO] [stdout]   [37;1m     334[0m [37;1m>[0m [37;1m            eyre::eyre!([0m
[INFO] [stdout]        335 │                 "No path to Git executable was set. \
[INFO] [stdout]        336 │ Try running as: `{0}=$(which git) cargo test ...` \
[INFO] [stdout]    7: [32mcore::option::Option<T>::ok_or_else[0m[90m::h6f2fa644e4940ccf[0m
[INFO] [stdout]       at [35m/rustc/1b7dd2252b99671ce5d1cb9664c5f8636329436d/library/core/src/option.rs[0m:[35m1257[0m
[INFO] [stdout]    8: [91mbranchless::core::config::env_vars::get_path_to_git[0m[90m::h4000a0211ae1165f[0m
[INFO] [stdout]       at [35m/opt/rustwide/workdir/src/core/config.rs[0m:[35m333[0m
[INFO] [stdout]        331 │     #[instrument]
[INFO] [stdout]        332 │     pub fn get_path_to_git() -> eyre::Result<PathBuf> {
[INFO] [stdout]   [37;1m     333[0m [37;1m>[0m [37;1m        let path_to_git = std::env::var_os(TEST_GIT).ok_or_else(|| {[0m
[INFO] [stdout]        334 │             eyre::eyre!(
[INFO] [stdout]        335 │                 "No path to Git executable was set. \
[INFO] [stdout]    9: [91mbranchless::testing::make_git[0m[90m::he5769ef44b424eab[0m
[INFO] [stdout]       at [35m/opt/rustwide/workdir/src/testing.rs[0m:[35m650[0m
[INFO] [stdout]        648 │ 
[INFO] [stdout]        649 │     let repo_dir = tempfile::tempdir()?;
[INFO] [stdout]   [37;1m     650[0m [37;1m>[0m [37;1m    let path_to_git = get_path_to_git()?;[0m
[INFO] [stdout]        651 │     let git_exec_path = get_git_exec_path()?;
[INFO] [stdout]        652 │     let git = Git::new(path_to_git, repo_dir.path().to_path_buf(), git_exec_path);
[INFO] [stdout]   10: [91mbranchless::git::status::tests::test_get_status[0m[90m::h05f05255c68f5c00[0m
[INFO] [stdout]       at [35m/opt/rustwide/workdir/src/git/status.rs[0m:[35m322[0m
[INFO] [stdout]        320 │     #[test]
[INFO] [stdout]        321 │     fn test_get_status() -> eyre::Result<()> {
[INFO] [stdout]   [37;1m     322[0m [37;1m>[0m [37;1m        let git = make_git()?;[0m
[INFO] [stdout]        323 │         let git_run_info = git.get_git_run_info();
[INFO] [stdout]        324 │         git.init_repo()?;
[INFO] [stdout]   11: [91mbranchless::git::status::tests::test_get_status::{{closure}}[0m[90m::h7bc65754f9233bb0[0m
[INFO] [stdout]       at [35m/opt/rustwide/workdir/src/git/status.rs[0m:[35m321[0m
[INFO] [stdout]        319 │ 
[INFO] [stdout]        320 │     #[test]
[INFO] [stdout]   [37;1m     321[0m [37;1m>[0m [37;1m    fn test_get_status() -> eyre::Result<()> {[0m
[INFO] [stdout]        322 │         let git = make_git()?;
[INFO] [stdout]        323 │         let git_run_info = git.get_git_run_info();
[INFO] [stdout]   12: [32mcore::ops::function::FnOnce::call_once[0m[90m::he0add33e5220cd73[0m
[INFO] [stdout]       at [35m/rustc/1b7dd2252b99671ce5d1cb9664c5f8636329436d/library/core/src/ops/function.rs[0m:[35m250[0m
[INFO] [stdout]   13: [32mcore::ops::function::FnOnce::call_once[0m[90m::ha6a70e79f7481a7e[0m
[INFO] [stdout]       at [35m/rustc/1b7dd2252b99671ce5d1cb9664c5f8636329436d/library/core/src/ops/function.rs[0m:[35m250[0m
[INFO] [stdout]   14: [32mtest::__rust_begin_short_backtrace[0m[90m::hce33033019b61e69[0m
[INFO] [stdout]       at [35m/rustc/1b7dd2252b99671ce5d1cb9664c5f8636329436d/library/test/src/lib.rs[0m:[35m655[0m
[INFO] [stdout]   15: [32mtest::run_test::{{closure}}[0m[90m::h858d3528838ae3e5[0m
[INFO] [stdout]       at [35m/rustc/1b7dd2252b99671ce5d1cb9664c5f8636329436d/library/test/src/lib.rs[0m:[35m646[0m
[INFO] [stdout]   16: [32mcore::ops::function::FnOnce::call_once{{vtable.shim}}[0m[90m::he8ac2b00f01ae79e[0m
[INFO] [stdout]       at [35m/rustc/1b7dd2252b99671ce5d1cb9664c5f8636329436d/library/core/src/ops/function.rs[0m:[35m250[0m
[INFO] [stdout]   17: [32m<alloc::boxed::Box<F,A> as core::ops::function::FnOnce<Args>>::call_once[0m[90m::h8093d25b522725ef[0m
[INFO] [stdout]       at [35m/rustc/1b7dd2252b99671ce5d1cb9664c5f8636329436d/library/alloc/src/boxed.rs[0m:[35m1973[0m
[INFO] [stdout]   18: [32m<core::panic::unwind_safe::AssertUnwindSafe<F> as core::ops::function::FnOnce<()>>::call_once[0m[90m::h5c334c204e4a3913[0m
[INFO] [stdout]       at [35m/rustc/1b7dd2252b99671ce5d1cb9664c5f8636329436d/library/core/src/panic/unwind_safe.rs[0m:[35m271[0m
[INFO] [stdout]   19: [32mstd::panicking::try::do_call[0m[90m::ha8b740c7b9478074[0m
[INFO] [stdout]       at [35m/rustc/1b7dd2252b99671ce5d1cb9664c5f8636329436d/library/std/src/panicking.rs[0m:[35m485[0m
[INFO] [stdout]   20: [32mstd::panicking::try[0m[90m::h5d34f63d0e41b64e[0m
[INFO] [stdout]       at [35m/rustc/1b7dd2252b99671ce5d1cb9664c5f8636329436d/library/std/src/panicking.rs[0m:[35m449[0m
[INFO] [stdout]   21: [32mstd::panic::catch_unwind[0m[90m::hcfbb511e1aa7fc67[0m
[INFO] [stdout]       at [35m/rustc/1b7dd2252b99671ce5d1cb9664c5f8636329436d/library/std/src/panic.rs[0m:[35m140[0m
[INFO] [stdout]   22: [32mtest::run_test_in_process[0m[90m::h9abda90f802eaf21[0m
[INFO] [stdout]       at [35m/rustc/1b7dd2252b99671ce5d1cb9664c5f8636329436d/library/test/src/lib.rs[0m:[35m678[0m
[INFO] [stdout]   [96m                              ⋮ 14 frames hidden ⋮                              [0m
[INFO] [stdout] 
[INFO] [stdout] Run with COLORBT_SHOW_HIDDEN=1 environment variable to disable frame filtering.
[INFO] [stdout] 
[INFO] [stdout] ---- git::snapshot::tests::test_has_conflicts stdout ----
[INFO] [stdout] Error: 
[INFO] [stdout]    0: [91mNo path to Git executable was set. Try running as: `TEST_GIT=$(which git) cargo test ...` or set `env.TEST_GIT` in your `config.toml` (see https://doc.rust-lang.org/cargo/reference/config.html)[0m
[INFO] [stdout] 
[INFO] [stdout] Location:
[INFO] [stdout]    [35msrc/core/config.rs[0m:[35m334[0m
[INFO] [stdout] 
[INFO] [stdout]   ━━━━━━━━━━━━━━━━━━━━━━━━━━━━━━━━━━ BACKTRACE ━━━━━━━━━━━━━━━━━━━━━━━━━━━━━━━━━━━
[INFO] [stdout]   [96m                              ⋮ 5 frames hidden ⋮                               [0m
[INFO] [stdout]    6: [91mbranchless::core::config::env_vars::get_path_to_git::{{closure}}[0m[90m::h321317bf90042d10[0m
[INFO] [stdout]       at [35m/opt/rustwide/workdir/src/core/config.rs[0m:[35m334[0m
[INFO] [stdout]        332 │     pub fn get_path_to_git() -> eyre::Result<PathBuf> {
[INFO] [stdout]        333 │         let path_to_git = std::env::var_os(TEST_GIT).ok_or_else(|| {
[INFO] [stdout]   [37;1m     334[0m [37;1m>[0m [37;1m            eyre::eyre!([0m
[INFO] [stdout]        335 │                 "No path to Git executable was set. \
[INFO] [stdout]        336 │ Try running as: `{0}=$(which git) cargo test ...` \
[INFO] [stdout]    7: [32mcore::option::Option<T>::ok_or_else[0m[90m::h6f2fa644e4940ccf[0m
[INFO] [stdout]       at [35m/rustc/1b7dd2252b99671ce5d1cb9664c5f8636329436d/library/core/src/option.rs[0m:[35m1257[0m
[INFO] [stdout]    8: [91mbranchless::core::config::env_vars::get_path_to_git[0m[90m::h4000a0211ae1165f[0m
[INFO] [stdout]       at [35m/opt/rustwide/workdir/src/core/config.rs[0m:[35m333[0m
[INFO] [stdout]        331 │     #[instrument]
[INFO] [stdout]        332 │     pub fn get_path_to_git() -> eyre::Result<PathBuf> {
[INFO] [stdout]   [37;1m     333[0m [37;1m>[0m [37;1m        let path_to_git = std::env::var_os(TEST_GIT).ok_or_else(|| {[0m
[INFO] [stdout]        334 │             eyre::eyre!(
[INFO] [stdout]        335 │                 "No path to Git executable was set. \
[INFO] [stdout]    9: [91mbranchless::testing::make_git[0m[90m::he5769ef44b424eab[0m
[INFO] [stdout]       at [35m/opt/rustwide/workdir/src/testing.rs[0m:[35m650[0m
[INFO] [stdout]        648 │ 
[INFO] [stdout]        649 │     let repo_dir = tempfile::tempdir()?;
[INFO] [stdout]   [37;1m     650[0m [37;1m>[0m [37;1m    let path_to_git = get_path_to_git()?;[0m
[INFO] [stdout]        651 │     let git_exec_path = get_git_exec_path()?;
[INFO] [stdout]        652 │     let git = Git::new(path_to_git, repo_dir.path().to_path_buf(), git_exec_path);
[INFO] [stdout]   10: [91mbranchless::git::snapshot::tests::test_has_conflicts[0m[90m::h05be018e93c0a17f[0m
[INFO] [stdout]       at [35m/opt/rustwide/workdir/src/git/snapshot.rs[0m:[35m505[0m
[INFO] [stdout]        503 │     #[test]
[INFO] [stdout]        504 │     fn test_has_conflicts() -> eyre::Result<()> {
[INFO] [stdout]   [37;1m     505[0m [37;1m>[0m [37;1m        let git = make_git()?;[0m
[INFO] [stdout]        506 │         git.init_repo()?;
[INFO] [stdout]        507 │ 
[INFO] [stdout]   11: [91mbranchless::git::snapshot::tests::test_has_conflicts::{{closure}}[0m[90m::h1d916c24d75e5eeb[0m
[INFO] [stdout]       at [35m/opt/rustwide/workdir/src/git/snapshot.rs[0m:[35m504[0m
[INFO] [stdout]        502 │ 
[INFO] [stdout]        503 │     #[test]
[INFO] [stdout]   [37;1m     504[0m [37;1m>[0m [37;1m    fn test_has_conflicts() -> eyre::Result<()> {[0m
[INFO] [stdout]        505 │         let git = make_git()?;
[INFO] [stdout]        506 │         git.init_repo()?;
[INFO] [stdout]   12: [32mcore::ops::function::FnOnce::call_once[0m[90m::hdde16db0fc31939c[0m
[INFO] [stdout]       at [35m/rustc/1b7dd2252b99671ce5d1cb9664c5f8636329436d/library/core/src/ops/function.rs[0m:[35m250[0m
[INFO] [stdout]   13: [32mcore::ops::function::FnOnce::call_once[0m[90m::ha6a70e79f7481a7e[0m
[INFO] [stdout]       at [35m/rustc/1b7dd2252b99671ce5d1cb9664c5f8636329436d/library/core/src/ops/function.rs[0m:[35m250[0m
[INFO] [stdout]   14: [32mtest::__rust_begin_short_backtrace[0m[90m::hce33033019b61e69[0m
[INFO] [stdout]       at [35m/rustc/1b7dd2252b99671ce5d1cb9664c5f8636329436d/library/test/src/lib.rs[0m:[35m655[0m
[INFO] [stdout]   15: [32mtest::run_test::{{closure}}[0m[90m::h858d3528838ae3e5[0m
[INFO] [stdout]       at [35m/rustc/1b7dd2252b99671ce5d1cb9664c5f8636329436d/library/test/src/lib.rs[0m:[35m646[0m
[INFO] [stdout]   16: [32mcore::ops::function::FnOnce::call_once{{vtable.shim}}[0m[90m::he8ac2b00f01ae79e[0m
[INFO] [stdout]       at [35m/rustc/1b7dd2252b99671ce5d1cb9664c5f8636329436d/library/core/src/ops/function.rs[0m:[35m250[0m
[INFO] [stdout]   17: [32m<alloc::boxed::Box<F,A> as core::ops::function::FnOnce<Args>>::call_once[0m[90m::h8093d25b522725ef[0m
[INFO] [stdout]       at [35m/rustc/1b7dd2252b99671ce5d1cb9664c5f8636329436d/library/alloc/src/boxed.rs[0m:[35m1973[0m
[INFO] [stdout]   18: [32m<core::panic::unwind_safe::AssertUnwindSafe<F> as core::ops::function::FnOnce<()>>::call_once[0m[90m::h5c334c204e4a3913[0m
[INFO] [stdout]       at [35m/rustc/1b7dd2252b99671ce5d1cb9664c5f8636329436d/library/core/src/panic/unwind_safe.rs[0m:[35m271[0m
[INFO] [stdout]   19: [32mstd::panicking::try::do_call[0m[90m::ha8b740c7b9478074[0m
[INFO] [stdout]       at [35m/rustc/1b7dd2252b99671ce5d1cb9664c5f8636329436d/library/std/src/panicking.rs[0m:[35m485[0m
[INFO] [stdout]   20: [32mstd::panicking::try[0m[90m::h5d34f63d0e41b64e[0m
[INFO] [stdout]       at [35m/rustc/1b7dd2252b99671ce5d1cb9664c5f8636329436d/library/std/src/panicking.rs[0m:[35m449[0m
[INFO] [stdout]   21: [32mstd::panic::catch_unwind[0m[90m::hcfbb511e1aa7fc67[0m
[INFO] [stdout]       at [35m/rustc/1b7dd2252b99671ce5d1cb9664c5f8636329436d/library/std/src/panic.rs[0m:[35m140[0m
[INFO] [stdout]   22: [32mtest::run_test_in_process[0m[90m::h9abda90f802eaf21[0m
[INFO] [stdout]       at [35m/rustc/1b7dd2252b99671ce5d1cb9664c5f8636329436d/library/test/src/lib.rs[0m:[35m678[0m
[INFO] [stdout]   [96m                              ⋮ 14 frames hidden ⋮                              [0m
[INFO] [stdout] 
[INFO] [stdout] Run with COLORBT_SHOW_HIDDEN=1 environment variable to disable frame filtering.
[INFO] [stdout] 
[INFO] [stdout] ---- git::tree::tests::test_hydrate_tree stdout ----
[INFO] [stdout] Error: 
[INFO] [stdout]    0: [91mNo path to Git executable was set. Try running as: `TEST_GIT=$(which git) cargo test ...` or set `env.TEST_GIT` in your `config.toml` (see https://doc.rust-lang.org/cargo/reference/config.html)[0m
[INFO] [stdout] 
[INFO] [stdout] Location:
[INFO] [stdout]    [35msrc/core/config.rs[0m:[35m334[0m
[INFO] [stdout] 
[INFO] [stdout]   ━━━━━━━━━━━━━━━━━━━━━━━━━━━━━━━━━━ BACKTRACE ━━━━━━━━━━━━━━━━━━━━━━━━━━━━━━━━━━━
[INFO] [stdout]   [96m                              ⋮ 5 frames hidden ⋮                               [0m
[INFO] [stdout]    6: [91mbranchless::core::config::env_vars::get_path_to_git::{{closure}}[0m[90m::h321317bf90042d10[0m
[INFO] [stdout]       at [35m/opt/rustwide/workdir/src/core/config.rs[0m:[35m334[0m
[INFO] [stdout]        332 │     pub fn get_path_to_git() -> eyre::Result<PathBuf> {
[INFO] [stdout]        333 │         let path_to_git = std::env::var_os(TEST_GIT).ok_or_else(|| {
[INFO] [stdout]   [37;1m     334[0m [37;1m>[0m [37;1m            eyre::eyre!([0m
[INFO] [stdout]        335 │                 "No path to Git executable was set. \
[INFO] [stdout]        336 │ Try running as: `{0}=$(which git) cargo test ...` \
[INFO] [stdout]    7: [32mcore::option::Option<T>::ok_or_else[0m[90m::h6f2fa644e4940ccf[0m
[INFO] [stdout]       at [35m/rustc/1b7dd2252b99671ce5d1cb9664c5f8636329436d/library/core/src/option.rs[0m:[35m1257[0m
[INFO] [stdout]    8: [91mbranchless::core::config::env_vars::get_path_to_git[0m[90m::h4000a0211ae1165f[0m
[INFO] [stdout]       at [35m/opt/rustwide/workdir/src/core/config.rs[0m:[35m333[0m
[INFO] [stdout]        331 │     #[instrument]
[INFO] [stdout]        332 │     pub fn get_path_to_git() -> eyre::Result<PathBuf> {
[INFO] [stdout]   [37;1m     333[0m [37;1m>[0m [37;1m        let path_to_git = std::env::var_os(TEST_GIT).ok_or_else(|| {[0m
[INFO] [stdout]        334 │             eyre::eyre!(
[INFO] [stdout]        335 │                 "No path to Git executable was set. \
[INFO] [stdout]    9: [91mbranchless::testing::make_git[0m[90m::he5769ef44b424eab[0m
[INFO] [stdout]       at [35m/opt/rustwide/workdir/src/testing.rs[0m:[35m650[0m
[INFO] [stdout]        648 │ 
[INFO] [stdout]        649 │     let repo_dir = tempfile::tempdir()?;
[INFO] [stdout]   [37;1m     650[0m [37;1m>[0m [37;1m    let path_to_git = get_path_to_git()?;[0m
[INFO] [stdout]        651 │     let git_exec_path = get_git_exec_path()?;
[INFO] [stdout]        652 │     let git = Git::new(path_to_git, repo_dir.path().to_path_buf(), git_exec_path);
[INFO] [stdout]   10: [91mbranchless::git::tree::tests::test_hydrate_tree[0m[90m::hceb756834e8b9c1a[0m
[INFO] [stdout]       at [35m/opt/rustwide/workdir/src/git/tree.rs[0m:[35m510[0m
[INFO] [stdout]        508 │     #[test]
[INFO] [stdout]        509 │     fn test_hydrate_tree() -> eyre::Result<()> {
[INFO] [stdout]   [37;1m     510[0m [37;1m>[0m [37;1m        let git = make_git()?;[0m
[INFO] [stdout]        511 │ 
[INFO] [stdout]        512 │         git.init_repo()?;
[INFO] [stdout]   11: [91mbranchless::git::tree::tests::test_hydrate_tree::{{closure}}[0m[90m::h7d533364da55cdde[0m
[INFO] [stdout]       at [35m/opt/rustwide/workdir/src/git/tree.rs[0m:[35m509[0m
[INFO] [stdout]        507 │ 
[INFO] [stdout]        508 │     #[test]
[INFO] [stdout]   [37;1m     509[0m [37;1m>[0m [37;1m    fn test_hydrate_tree() -> eyre::Result<()> {[0m
[INFO] [stdout]        510 │         let git = make_git()?;
[INFO] [stdout]        511 │ 
[INFO] [stdout]   12: [32mcore::ops::function::FnOnce::call_once[0m[90m::h57c509b9ab2c85f0[0m
[INFO] [stdout]       at [35m/rustc/1b7dd2252b99671ce5d1cb9664c5f8636329436d/library/core/src/ops/function.rs[0m:[35m250[0m
[INFO] [stdout]   13: [32mcore::ops::function::FnOnce::call_once[0m[90m::ha6a70e79f7481a7e[0m
[INFO] [stdout]       at [35m/rustc/1b7dd2252b99671ce5d1cb9664c5f8636329436d/library/core/src/ops/function.rs[0m:[35m250[0m
[INFO] [stdout]   14: [32mtest::__rust_begin_short_backtrace[0m[90m::hce33033019b61e69[0m
[INFO] [stdout]       at [35m/rustc/1b7dd2252b99671ce5d1cb9664c5f8636329436d/library/test/src/lib.rs[0m:[35m655[0m
[INFO] [stdout]   15: [32mtest::run_test::{{closure}}[0m[90m::h858d3528838ae3e5[0m
[INFO] [stdout]       at [35m/rustc/1b7dd2252b99671ce5d1cb9664c5f8636329436d/library/test/src/lib.rs[0m:[35m646[0m
[INFO] [stdout]   16: [32mcore::ops::function::FnOnce::call_once{{vtable.shim}}[0m[90m::he8ac2b00f01ae79e[0m
[INFO] [stdout]       at [35m/rustc/1b7dd2252b99671ce5d1cb9664c5f8636329436d/library/core/src/ops/function.rs[0m:[35m250[0m
[INFO] [stdout]   17: [32m<alloc::boxed::Box<F,A> as core::ops::function::FnOnce<Args>>::call_once[0m[90m::h8093d25b522725ef[0m
[INFO] [stdout]       at [35m/rustc/1b7dd2252b99671ce5d1cb9664c5f8636329436d/library/alloc/src/boxed.rs[0m:[35m1973[0m
[INFO] [stdout]   18: [32m<core::panic::unwind_safe::AssertUnwindSafe<F> as core::ops::function::FnOnce<()>>::call_once[0m[90m::h5c334c204e4a3913[0m
[INFO] [stdout]       at [35m/rustc/1b7dd2252b99671ce5d1cb9664c5f8636329436d/library/core/src/panic/unwind_safe.rs[0m:[35m271[0m
[INFO] [stdout]   19: [32mstd::panicking::try::do_call[0m[90m::ha8b740c7b9478074[0m
[INFO] [stdout]       at [35m/rustc/1b7dd2252b99671ce5d1cb9664c5f8636329436d/library/std/src/panicking.rs[0m:[35m485[0m
[INFO] [stdout]   20: [32mstd::panicking::try[0m[90m::h5d34f63d0e41b64e[0m
[INFO] [stdout]       at [35m/rustc/1b7dd2252b99671ce5d1cb9664c5f8636329436d/library/std/src/panicking.rs[0m:[35m449[0m
[INFO] [stdout]   21: [32mstd::panic::catch_unwind[0m[90m::hcfbb511e1aa7fc67[0m
[INFO] [stdout]       at [35m/rustc/1b7dd2252b99671ce5d1cb9664c5f8636329436d/library/std/src/panic.rs[0m:[35m140[0m
[INFO] [stdout]   22: [32mtest::run_test_in_process[0m[90m::h9abda90f802eaf21[0m
[INFO] [stdout]       at [35m/rustc/1b7dd2252b99671ce5d1cb9664c5f8636329436d/library/test/src/lib.rs[0m:[35m678[0m
[INFO] [stdout]   [96m                              ⋮ 14 frames hidden ⋮                              [0m
[INFO] [stdout] 
[INFO] [stdout] Run with COLORBT_SHOW_HIDDEN=1 environment variable to disable frame filtering.
[INFO] [stdout] 
[INFO] [stdout] ---- git::run::tests::test_run_silent_failures stdout ----
[INFO] [stdout] Error: 
[INFO] [stdout]    0: [91mNo path to Git executable was set. Try running as: `TEST_GIT=$(which git) cargo test ...` or set `env.TEST_GIT` in your `config.toml` (see https://doc.rust-lang.org/cargo/reference/config.html)[0m
[INFO] [stdout] 
[INFO] [stdout] Location:
[INFO] [stdout]    [35msrc/core/config.rs[0m:[35m334[0m
[INFO] [stdout] 
[INFO] [stdout]   ━━━━━━━━━━━━━━━━━━━━━━━━━━━━━━━━━━ BACKTRACE ━━━━━━━━━━━━━━━━━━━━━━━━━━━━━━━━━━━
[INFO] [stdout]   [96m                              ⋮ 5 frames hidden ⋮                               [0m
[INFO] [stdout]    6: [91mbranchless::core::config::env_vars::get_path_to_git::{{closure}}[0m[90m::h321317bf90042d10[0m
[INFO] [stdout]       at [35m/opt/rustwide/workdir/src/core/config.rs[0m:[35m334[0m
[INFO] [stdout]        332 │     pub fn get_path_to_git() -> eyre::Result<PathBuf> {
[INFO] [stdout]        333 │         let path_to_git = std::env::var_os(TEST_GIT).ok_or_else(|| {
[INFO] [stdout]   [37;1m     334[0m [37;1m>[0m [37;1m            eyre::eyre!([0m
[INFO] [stdout]        335 │                 "No path to Git executable was set. \
[INFO] [stdout]        336 │ Try running as: `{0}=$(which git) cargo test ...` \
[INFO] [stdout]    7: [32mcore::option::Option<T>::ok_or_else[0m[90m::h6f2fa644e4940ccf[0m
[INFO] [stdout]       at [35m/rustc/1b7dd2252b99671ce5d1cb9664c5f8636329436d/library/core/src/option.rs[0m:[35m1257[0m
[INFO] [stdout]    8: [91mbranchless::core::config::env_vars::get_path_to_git[0m[90m::h4000a0211ae1165f[0m
[INFO] [stdout]       at [35m/opt/rustwide/workdir/src/core/config.rs[0m:[35m333[0m
[INFO] [stdout]        331 │     #[instrument]
[INFO] [stdout]        332 │     pub fn get_path_to_git() -> eyre::Result<PathBuf> {
[INFO] [stdout]   [37;1m     333[0m [37;1m>[0m [37;1m        let path_to_git = std::env::var_os(TEST_GIT).ok_or_else(|| {[0m
[INFO] [stdout]        334 │             eyre::eyre!(
[INFO] [stdout]        335 │                 "No path to Git executable was set. \
[INFO] [stdout]    9: [91mbranchless::testing::make_git[0m[90m::he5769ef44b424eab[0m
[INFO] [stdout]       at [35m/opt/rustwide/workdir/src/testing.rs[0m:[35m650[0m
[INFO] [stdout]        648 │ 
[INFO] [stdout]        649 │     let repo_dir = tempfile::tempdir()?;
[INFO] [stdout]   [37;1m     650[0m [37;1m>[0m [37;1m    let path_to_git = get_path_to_git()?;[0m
[INFO] [stdout]        651 │     let git_exec_path = get_git_exec_path()?;
[INFO] [stdout]        652 │     let git = Git::new(path_to_git, repo_dir.path().to_path_buf(), git_exec_path);
[INFO] [stdout]   10: [91mbranchless::git::run::tests::test_run_silent_failures[0m[90m::ha4ca71141403ce97[0m
[INFO] [stdout]       at [35m/opt/rustwide/workdir/src/git/run.rs[0m:[35m495[0m
[INFO] [stdout]        493 │     #[test]
[INFO] [stdout]        494 │     fn test_run_silent_failures() -> eyre::Result<()> {
[INFO] [stdout]   [37;1m     495[0m [37;1m>[0m [37;1m        let git = make_git()?;[0m
[INFO] [stdout]        496 │         git.init_repo()?;
[INFO] [stdout]        497 │ 
[INFO] [stdout]   11: [91mbranchless::git::run::tests::test_run_silent_failures::{{closure}}[0m[90m::hdb4734bb3c57cd3b[0m
[INFO] [stdout]       at [35m/opt/rustwide/workdir/src/git/run.rs[0m:[35m494[0m
[INFO] [stdout]        492 │ 
[INFO] [stdout]        493 │     #[test]
[INFO] [stdout]   [37;1m     494[0m [37;1m>[0m [37;1m    fn test_run_silent_failures() -> eyre::Result<()> {[0m
[INFO] [stdout]        495 │         let git = make_git()?;
[INFO] [stdout]        496 │         git.init_repo()?;
[INFO] [stdout]   12: [32mcore::ops::function::FnOnce::call_once[0m[90m::ha1f77ee7e7f7a5c9[0m
[INFO] [stdout]       at [35m/rustc/1b7dd2252b99671ce5d1cb9664c5f8636329436d/library/core/src/ops/function.rs[0m:[35m250[0m
[INFO] [stdout]   13: [32mcore::ops::function::FnOnce::call_once[0m[90m::ha6a70e79f7481a7e[0m
[INFO] [stdout]       at [35m/rustc/1b7dd2252b99671ce5d1cb9664c5f8636329436d/library/core/src/ops/function.rs[0m:[35m250[0m
[INFO] [stdout]   14: [32mtest::__rust_begin_short_backtrace[0m[90m::hce33033019b61e69[0m
[INFO] [stdout]       at [35m/rustc/1b7dd2252b99671ce5d1cb9664c5f8636329436d/library/test/src/lib.rs[0m:[35m655[0m
[INFO] [stdout]   15: [32mtest::run_test::{{closure}}[0m[90m::h858d3528838ae3e5[0m
[INFO] [stdout]       at [35m/rustc/1b7dd2252b99671ce5d1cb9664c5f8636329436d/library/test/src/lib.rs[0m:[35m646[0m
[INFO] [stdout]   16: [32mcore::ops::function::FnOnce::call_once{{vtable.shim}}[0m[90m::he8ac2b00f01ae79e[0m
[INFO] [stdout]       at [35m/rustc/1b7dd2252b99671ce5d1cb9664c5f8636329436d/library/core/src/ops/function.rs[0m:[35m250[0m
[INFO] [stdout]   17: [32m<alloc::boxed::Box<F,A> as core::ops::function::FnOnce<Args>>::call_once[0m[90m::h8093d25b522725ef[0m
[INFO] [stdout]       at [35m/rustc/1b7dd2252b99671ce5d1cb9664c5f8636329436d/library/alloc/src/boxed.rs[0m:[35m1973[0m
[INFO] [stdout]   18: [32m<core::panic::unwind_safe::AssertUnwindSafe<F> as core::ops::function::FnOnce<()>>::call_once[0m[90m::h5c334c204e4a3913[0m
[INFO] [stdout]       at [35m/rustc/1b7dd2252b99671ce5d1cb9664c5f8636329436d/library/core/src/panic/unwind_safe.rs[0m:[35m271[0m
[INFO] [stdout]   19: [32mstd::panicking::try::do_call[0m[90m::ha8b740c7b9478074[0m
[INFO] [stdout]       at [35m/rustc/1b7dd2252b99671ce5d1cb9664c5f8636329436d/library/std/src/panicking.rs[0m:[35m485[0m
[INFO] [stdout]   20: [32mstd::panicking::try[0m[90m::h5d34f63d0e41b64e[0m
[INFO] [stdout]       at [35m/rustc/1b7dd2252b99671ce5d1cb9664c5f8636329436d/library/std/src/panicking.rs[0m:[35m449[0m
[INFO] [stdout]   21: [32mstd::panic::catch_unwind[0m[90m::hcfbb511e1aa7fc67[0m
[INFO] [stdout]       at [35m/rustc/1b7dd2252b99671ce5d1cb9664c5f8636329436d/library/std/src/panic.rs[0m:[35m140[0m
[INFO] [stdout]   22: [32mtest::run_test_in_process[0m[90m::h9abda90f802eaf21[0m
[INFO] [stdout]       at [35m/rustc/1b7dd2252b99671ce5d1cb9664c5f8636329436d/library/test/src/lib.rs[0m:[35m678[0m
[INFO] [stdout]   [96m                              ⋮ 14 frames hidden ⋮                              [0m
[INFO] [stdout] 
[INFO] [stdout] Run with COLORBT_SHOW_HIDDEN=1 environment variable to disable frame filtering.
[INFO] [stdout] 
[INFO] [stdout] ---- git::run::tests::test_hook_working_dir stdout ----
[INFO] [stdout] Error: 
[INFO] [stdout]    0: [91mNo path to Git executable was set. Try running as: `TEST_GIT=$(which git) cargo test ...` or set `env.TEST_GIT` in your `config.toml` (see https://doc.rust-lang.org/cargo/reference/config.html)[0m
[INFO] [stdout] 
[INFO] [stdout] Location:
[INFO] [stdout]    [35msrc/core/config.rs[0m:[35m334[0m
[INFO] [stdout] 
[INFO] [stdout]   ━━━━━━━━━━━━━━━━━━━━━━━━━━━━━━━━━━ BACKTRACE ━━━━━━━━━━━━━━━━━━━━━━━━━━━━━━━━━━━
[INFO] [stdout]   [96m                              ⋮ 5 frames hidden ⋮                               [0m
[INFO] [stdout]    6: [91mbranchless::core::config::env_vars::get_path_to_git::{{closure}}[0m[90m::h321317bf90042d10[0m
[INFO] [stdout]       at [35m/opt/rustwide/workdir/src/core/config.rs[0m:[35m334[0m
[INFO] [stdout]        332 │     pub fn get_path_to_git() -> eyre::Result<PathBuf> {
[INFO] [stdout]        333 │         let path_to_git = std::env::var_os(TEST_GIT).ok_or_else(|| {
[INFO] [stdout]   [37;1m     334[0m [37;1m>[0m [37;1m            eyre::eyre!([0m
[INFO] [stdout]        335 │                 "No path to Git executable was set. \
[INFO] [stdout]        336 │ Try running as: `{0}=$(which git) cargo test ...` \
[INFO] [stdout]    7: [32mcore::option::Option<T>::ok_or_else[0m[90m::h6f2fa644e4940ccf[0m
[INFO] [stdout]       at [35m/rustc/1b7dd2252b99671ce5d1cb9664c5f8636329436d/library/core/src/option.rs[0m:[35m1257[0m
[INFO] [stdout]    8: [91mbranchless::core::config::env_vars::get_path_to_git[0m[90m::h4000a0211ae1165f[0m
[INFO] [stdout]       at [35m/opt/rustwide/workdir/src/core/config.rs[0m:[35m333[0m
[INFO] [stdout]        331 │     #[instrument]
[INFO] [stdout]        332 │     pub fn get_path_to_git() -> eyre::Result<PathBuf> {
[INFO] [stdout]   [37;1m     333[0m [37;1m>[0m [37;1m        let path_to_git = std::env::var_os(TEST_GIT).ok_or_else(|| {[0m
[INFO] [stdout]        334 │             eyre::eyre!(
[INFO] [stdout]        335 │                 "No path to Git executable was set. \
[INFO] [stdout]    9: [91mbranchless::testing::make_git[0m[90m::he5769ef44b424eab[0m
[INFO] [stdout]       at [35m/opt/rustwide/workdir/src/testing.rs[0m:[35m650[0m
[INFO] [stdout]        648 │ 
[INFO] [stdout]        649 │     let repo_dir = tempfile::tempdir()?;
[INFO] [stdout]   [37;1m     650[0m [37;1m>[0m [37;1m    let path_to_git = get_path_to_git()?;[0m
[INFO] [stdout]        651 │     let git_exec_path = get_git_exec_path()?;
[INFO] [stdout]        652 │     let git = Git::new(path_to_git, repo_dir.path().to_path_buf(), git_exec_path);
[INFO] [stdout]   10: [91mbranchless::git::run::tests::test_hook_working_dir[0m[90m::h0966505692184f67[0m
[INFO] [stdout]       at [35m/opt/rustwide/workdir/src/git/run.rs[0m:[35m452[0m
[INFO] [stdout]        450 │     #[test]
[INFO] [stdout]        451 │     fn test_hook_working_dir() -> eyre::Result<()> {
[INFO] [stdout]   [37;1m     452[0m [37;1m>[0m [37;1m        let git = make_git()?;[0m
[INFO] [stdout]        453 │ 
[INFO] [stdout]        454 │         if !git.supports_reference_transactions()? {
[INFO] [stdout]   11: [91mbranchless::git::run::tests::test_hook_working_dir::{{closure}}[0m[90m::h9bbb0307b8e707fb[0m
[INFO] [stdout]       at [35m/opt/rustwide/workdir/src/git/run.rs[0m:[35m451[0m
[INFO] [stdout]        449 │ 
[INFO] [stdout]        450 │     #[test]
[INFO] [stdout]   [37;1m     451[0m [37;1m>[0m [37;1m    fn test_hook_working_dir() -> eyre::Result<()> {[0m
[INFO] [stdout]        452 │         let git = make_git()?;
[INFO] [stdout]        453 │ 
[INFO] [stdout]   12: [32mcore::ops::function::FnOnce::call_once[0m[90m::heaf9d107faa3087f[0m
[INFO] [stdout]       at [35m/rustc/1b7dd2252b99671ce5d1cb9664c5f8636329436d/library/core/src/ops/function.rs[0m:[35m250[0m
[INFO] [stdout]   13: [32mcore::ops::function::FnOnce::call_once[0m[90m::ha6a70e79f7481a7e[0m
[INFO] [stdout]       at [35m/rustc/1b7dd2252b99671ce5d1cb9664c5f8636329436d/library/core/src/ops/function.rs[0m:[35m250[0m
[INFO] [stdout]   14: [32mtest::__rust_begin_short_backtrace[0m[90m::hce33033019b61e69[0m
[INFO] [stdout]       at [35m/rustc/1b7dd2252b99671ce5d1cb9664c5f8636329436d/library/test/src/lib.rs[0m:[35m655[0m
[INFO] [stdout]   15: [32mtest::run_test::{{closure}}[0m[90m::h858d3528838ae3e5[0m
[INFO] [stdout]       at [35m/rustc/1b7dd2252b99671ce5d1cb9664c5f8636329436d/library/test/src/lib.rs[0m:[35m646[0m
[INFO] [stdout]   16: [32mcore::ops::function::FnOnce::call_once{{vtable.shim}}[0m[90m::he8ac2b00f01ae79e[0m
[INFO] [stdout]       at [35m/rustc/1b7dd2252b99671ce5d1cb9664c5f8636329436d/library/core/src/ops/function.rs[0m:[35m250[0m
[INFO] [stdout]   17: [32m<alloc::boxed::Box<F,A> as core::ops::function::FnOnce<Args>>::call_once[0m[90m::h8093d25b522725ef[0m
[INFO] [stdout]       at [35m/rustc/1b7dd2252b99671ce5d1cb9664c5f8636329436d/library/alloc/src/boxed.rs[0m:[35m1973[0m
[INFO] [stdout]   18: [32m<core::panic::unwind_safe::AssertUnwindSafe<F> as core::ops::function::FnOnce<()>>::call_once[0m[90m::h5c334c204e4a3913[0m
[INFO] [stdout]       at [35m/rustc/1b7dd2252b99671ce5d1cb9664c5f8636329436d/library/core/src/panic/unwind_safe.rs[0m:[35m271[0m
[INFO] [stdout]   19: [32mstd::panicking::try::do_call[0m[90m::ha8b740c7b9478074[0m
[INFO] [stdout]       at [35m/rustc/1b7dd2252b99671ce5d1cb9664c5f8636329436d/library/std/src/panicking.rs[0m:[35m485[0m
[INFO] [stdout]   20: [32mstd::panicking::try[0m[90m::h5d34f63d0e41b64e[0m
[INFO] [stdout]       at [35m/rustc/1b7dd2252b99671ce5d1cb9664c5f8636329436d/library/std/src/panicking.rs[0m:[35m449[0m
[INFO] [stdout]   21: [32mstd::panic::catch_unwind[0m[90m::hcfbb511e1aa7fc67[0m
[INFO] [stdout]       at [35m/rustc/1b7dd2252b99671ce5d1cb9664c5f8636329436d/library/std/src/panic.rs[0m:[35m140[0m
[INFO] [stdout]   22: [32mtest::run_test_in_process[0m[90m::h9abda90f802eaf21[0m
[INFO] [stdout]       at [35m/rustc/1b7dd2252b99671ce5d1cb9664c5f8636329436d/library/test/src/lib.rs[0m:[35m678[0m
[INFO] [stdout]   [96m                              ⋮ 14 frames hidden ⋮                              [0m
[INFO] [stdout] 
[INFO] [stdout] Run with COLORBT_SHOW_HIDDEN=1 environment variable to disable frame filtering.
[INFO] [stdout] 
[INFO] [stdout] ---- core::rewrite::plan::tests::test_plan_moving_subtree_within_moved_subtree_in_other_order stdout ----
[INFO] [stdout] Error: 
[INFO] [stdout]    0: [91mNo path to Git executable was set. Try running as: `TEST_GIT=$(which git) cargo test ...` or set `env.TEST_GIT` in your `config.toml` (see https://doc.rust-lang.org/cargo/reference/config.html)[0m
[INFO] [stdout] 
[INFO] [stdout] Location:
[INFO] [stdout]    [35msrc/core/config.rs[0m:[35m334[0m
[INFO] [stdout] 
[INFO] [stdout]   ━━━━━━━━━━━━━━━━━━━━━━━━━━━━━━━━━━ BACKTRACE ━━━━━━━━━━━━━━━━━━━━━━━━━━━━━━━━━━━
[INFO] [stdout]   [96m                              ⋮ 5 frames hidden ⋮                               [0m
[INFO] [stdout]    6: [91mbranchless::core::config::env_vars::get_path_to_git::{{closure}}[0m[90m::h321317bf90042d10[0m
[INFO] [stdout]       at [35m/opt/rustwide/workdir/src/core/config.rs[0m:[35m334[0m
[INFO] [stdout]        332 │     pub fn get_path_to_git() -> eyre::Result<PathBuf> {
[INFO] [stdout]        333 │         let path_to_git = std::env::var_os(TEST_GIT).ok_or_else(|| {
[INFO] [stdout]   [37;1m     334[0m [37;1m>[0m [37;1m            eyre::eyre!([0m
[INFO] [stdout]        335 │                 "No path to Git executable was set. \
[INFO] [stdout]        336 │ Try running as: `{0}=$(which git) cargo test ...` \
[INFO] [stdout]    7: [32mcore::option::Option<T>::ok_or_else[0m[90m::h6f2fa644e4940ccf[0m
[INFO] [stdout]       at [35m/rustc/1b7dd2252b99671ce5d1cb9664c5f8636329436d/library/core/src/option.rs[0m:[35m1257[0m
[INFO] [stdout]    8: [91mbranchless::core::config::env_vars::get_path_to_git[0m[90m::h4000a0211ae1165f[0m
[INFO] [stdout]       at [35m/opt/rustwide/workdir/src/core/config.rs[0m:[35m333[0m
[INFO] [stdout]        331 │     #[instrument]
[INFO] [stdout]        332 │     pub fn get_path_to_git() -> eyre::Result<PathBuf> {
[INFO] [stdout]   [37;1m     333[0m [37;1m>[0m [37;1m        let path_to_git = std::env::var_os(TEST_GIT).ok_or_else(|| {[0m
[INFO] [stdout]        334 │             eyre::eyre!(
[INFO] [stdout]        335 │                 "No path to Git executable was set. \
[INFO] [stdout]    9: [91mbranchless::testing::make_git[0m[90m::he5769ef44b424eab[0m
[INFO] [stdout]       at [35m/opt/rustwide/workdir/src/testing.rs[0m:[35m650[0m
[INFO] [stdout]        648 │ 
[INFO] [stdout]        649 │     let repo_dir = tempfile::tempdir()?;
[INFO] [stdout]   [37;1m     650[0m [37;1m>[0m [37;1m    let path_to_git = get_path_to_git()?;[0m
[INFO] [stdout]        651 │     let git_exec_path = get_git_exec_path()?;
[INFO] [stdout]        652 │     let git = Git::new(path_to_git, repo_dir.path().to_path_buf(), git_exec_path);
[INFO] [stdout]   10: [91mbranchless::core::rewrite::plan::tests::test_plan_moving_subtree_within_moved_subtree_in_other_order[0m[90m::h5271367e3dd22637[0m
[INFO] [stdout]       at [35m/opt/rustwide/workdir/src/core/rewrite/plan.rs[0m:[35m1484[0m
[INFO] [stdout]       1482 │     #[test]
[INFO] [stdout]       1483 │     fn test_plan_moving_subtree_within_moved_subtree_in_other_order() -> eyre::Result<()> {
[INFO] [stdout]   [37;1m    1484[0m [37;1m>[0m [37;1m        let git = make_git()?;[0m
[INFO] [stdout]       1485 │         git.init_repo()?;
[INFO] [stdout]       1486 │         git.detach_head()?;
[INFO] [stdout]   11: [91mbranchless::core::rewrite::plan::tests::test_plan_moving_subtree_within_moved_subtree_in_other_order::{{closure}}[0m[90m::he0c7149e047c11ee[0m
[INFO] [stdout]       at [35m/opt/rustwide/workdir/src/core/rewrite/plan.rs[0m:[35m1483[0m
[INFO] [stdout]       1481 │ 
[INFO] [stdout]       1482 │     #[test]
[INFO] [stdout]   [37;1m    1483[0m [37;1m>[0m [37;1m    fn test_plan_moving_subtree_within_moved_subtree_in_other_order() -> eyre::Result<()> {[0m
[INFO] [stdout]       1484 │         let git = make_git()?;
[INFO] [stdout]       1485 │         git.init_repo()?;
[INFO] [stdout]   12: [32mcore::ops::function::FnOnce::call_once[0m[90m::h60c05813e3f02f07[0m
[INFO] [stdout]       at [35m/rustc/1b7dd2252b99671ce5d1cb9664c5f8636329436d/library/core/src/ops/function.rs[0m:[35m250[0m
[INFO] [stdout]   13: [32mcore::ops::function::FnOnce::call_once[0m[90m::ha6a70e79f7481a7e[0m
[INFO] [stdout]       at [35m/rustc/1b7dd2252b99671ce5d1cb9664c5f8636329436d/library/core/src/ops/function.rs[0m:[35m250[0m
[INFO] [stdout]   14: [32mtest::__rust_begin_short_backtrace[0m[90m::hce33033019b61e69[0m
[INFO] [stdout]       at [35m/rustc/1b7dd2252b99671ce5d1cb9664c5f8636329436d/library/test/src/lib.rs[0m:[35m655[0m
[INFO] [stdout]   15: [32mtest::run_test::{{closure}}[0m[90m::h858d3528838ae3e5[0m
[INFO] [stdout]       at [35m/rustc/1b7dd2252b99671ce5d1cb9664c5f8636329436d/library/test/src/lib.rs[0m:[35m646[0m
[INFO] [stdout]   16: [32mcore::ops::function::FnOnce::call_once{{vtable.shim}}[0m[90m::he8ac2b00f01ae79e[0m
[INFO] [stdout]       at [35m/rustc/1b7dd2252b99671ce5d1cb9664c5f8636329436d/library/core/src/ops/function.rs[0m:[35m250[0m
[INFO] [stdout]   17: [32m<alloc::boxed::Box<F,A> as core::ops::function::FnOnce<Args>>::call_once[0m[90m::h8093d25b522725ef[0m
[INFO] [stdout]       at [35m/rustc/1b7dd2252b99671ce5d1cb9664c5f8636329436d/library/alloc/src/boxed.rs[0m:[35m1973[0m
[INFO] [stdout]   18: [32m<core::panic::unwind_safe::AssertUnwindSafe<F> as core::ops::function::FnOnce<()>>::call_once[0m[90m::h5c334c204e4a3913[0m
[INFO] [stdout]       at [35m/rustc/1b7dd2252b99671ce5d1cb9664c5f8636329436d/library/core/src/panic/unwind_safe.rs[0m:[35m271[0m
[INFO] [stdout]   19: [32mstd::panicking::try::do_call[0m[90m::ha8b740c7b9478074[0m
[INFO] [stdout]       at [35m/rustc/1b7dd2252b99671ce5d1cb9664c5f8636329436d/library/std/src/panicking.rs[0m:[35m485[0m
[INFO] [stdout]   20: [32mstd::panicking::try[0m[90m::h5d34f63d0e41b64e[0m
[INFO] [stdout]       at [35m/rustc/1b7dd2252b99671ce5d1cb9664c5f8636329436d/library/std/src/panicking.rs[0m:[35m449[0m
[INFO] [stdout]   21: [32mstd::panic::catch_unwind[0m[90m::hcfbb511e1aa7fc67[0m
[INFO] [stdout]       at [35m/rustc/1b7dd2252b99671ce5d1cb9664c5f8636329436d/library/std/src/panic.rs[0m:[35m140[0m
[INFO] [stdout]   22: [32mtest::run_test_in_process[0m[90m::h9abda90f802eaf21[0m
[INFO] [stdout]       at [35m/rustc/1b7dd2252b99671ce5d1cb9664c5f8636329436d/library/test/src/lib.rs[0m:[35m678[0m
[INFO] [stdout]   [96m                              ⋮ 14 frames hidden ⋮                              [0m
[INFO] [stdout] 
[INFO] [stdout] Run with COLORBT_SHOW_HIDDEN=1 environment variable to disable frame filtering.
[INFO] [stdout] 
[INFO] [stdout] ---- git::tree::tests::test_detect_path_only_changed_file_mode stdout ----
[INFO] [stdout] Error: 
[INFO] [stdout]    0: [91mNo path to Git executable was set. Try running as: `TEST_GIT=$(which git) cargo test ...` or set `env.TEST_GIT` in your `config.toml` (see https://doc.rust-lang.org/cargo/reference/config.html)[0m
[INFO] [stdout] 
[INFO] [stdout] Location:
[INFO] [stdout]    [35msrc/core/config.rs[0m:[35m334[0m
[INFO] [stdout] 
[INFO] [stdout]   ━━━━━━━━━━━━━━━━━━━━━━━━━━━━━━━━━━ BACKTRACE ━━━━━━━━━━━━━━━━━━━━━━━━━━━━━━━━━━━
[INFO] [stdout]   [96m                              ⋮ 5 frames hidden ⋮                               [0m
[INFO] [stdout]    6: [91mbranchless::core::config::env_vars::get_path_to_git::{{closure}}[0m[90m::h321317bf90042d10[0m
[INFO] [stdout]       at [35m/opt/rustwide/workdir/src/core/config.rs[0m:[35m334[0m
[INFO] [stdout]        332 │     pub fn get_path_to_git() -> eyre::Result<PathBuf> {
[INFO] [stdout]        333 │         let path_to_git = std::env::var_os(TEST_GIT).ok_or_else(|| {
[INFO] [stdout]   [37;1m     334[0m [37;1m>[0m [37;1m            eyre::eyre!([0m
[INFO] [stdout]        335 │                 "No path to Git executable was set. \
[INFO] [stdout]        336 │ Try running as: `{0}=$(which git) cargo test ...` \
[INFO] [stdout]    7: [32mcore::option::Option<T>::ok_or_else[0m[90m::h6f2fa644e4940ccf[0m
[INFO] [stdout]       at [35m/rustc/1b7dd2252b99671ce5d1cb9664c5f8636329436d/library/core/src/option.rs[0m:[35m1257[0m
[INFO] [stdout]    8: [91mbranchless::core::config::env_vars::get_path_to_git[0m[90m::h4000a0211ae1165f[0m
[INFO] [stdout]       at [35m/opt/rustwide/workdir/src/core/config.rs[0m:[35m333[0m
[INFO] [stdout]        331 │     #[instrument]
[INFO] [stdout]        332 │     pub fn get_path_to_git() -> eyre::Result<PathBuf> {
[INFO] [stdout]   [37;1m     333[0m [37;1m>[0m [37;1m        let path_to_git = std::env::var_os(TEST_GIT).ok_or_else(|| {[0m
[INFO] [stdout]        334 │             eyre::eyre!(
[INFO] [stdout]        335 │                 "No path to Git executable was set. \
[INFO] [stdout]    9: [91mbranchless::testing::make_git[0m[90m::he5769ef44b424eab[0m
[INFO] [stdout]       at [35m/opt/rustwide/workdir/src/testing.rs[0m:[35m650[0m
[INFO] [stdout]        648 │ 
[INFO] [stdout]        649 │     let repo_dir = tempfile::tempdir()?;
[INFO] [stdout]   [37;1m     650[0m [37;1m>[0m [37;1m    let path_to_git = get_path_to_git()?;[0m
[INFO] [stdout]        651 │     let git_exec_path = get_git_exec_path()?;
[INFO] [stdout]        652 │     let git = Git::new(path_to_git, repo_dir.path().to_path_buf(), git_exec_path);
[INFO] [stdout]   10: [91mbranchless::git::tree::tests::test_detect_path_only_changed_file_mode[0m[90m::h2db930b89a1c5a56[0m
[INFO] [stdout]       at [35m/opt/rustwide/workdir/src/git/tree.rs[0m:[35m612[0m
[INFO] [stdout]        610 │     #[test]
[INFO] [stdout]        611 │     fn test_detect_path_only_changed_file_mode() -> eyre::Result<()> {
[INFO] [stdout]   [37;1m     612[0m [37;1m>[0m [37;1m        let git = make_git()?;[0m
[INFO] [stdout]        613 │         git.init_repo()?;
[INFO] [stdout]        614 │ 
[INFO] [stdout]   11: [91mbranchless::git::tree::tests::test_detect_path_only_changed_file_mode::{{closure}}[0m[90m::hfbed7d9ae0904e7b[0m
[INFO] [stdout]       at [35m/opt/rustwide/workdir/src/git/tree.rs[0m:[35m611[0m
[INFO] [stdout]        609 │ 
[INFO] [stdout]        610 │     #[test]
[INFO] [stdout]   [37;1m     611[0m [37;1m>[0m [37;1m    fn test_detect_path_only_changed_file_mode() -> eyre::Result<()> {[0m
[INFO] [stdout]        612 │         let git = make_git()?;
[INFO] [stdout]        613 │         git.init_repo()?;
[INFO] [stdout]   12: [32mcore::ops::function::FnOnce::call_once[0m[90m::h64cbcc7f1797caee[0m
[INFO] [stdout]       at [35m/rustc/1b7dd2252b99671ce5d1cb9664c5f8636329436d/library/core/src/ops/function.rs[0m:[35m250[0m
[INFO] [stdout]   13: [32mcore::ops::function::FnOnce::call_once[0m[90m::ha6a70e79f7481a7e[0m
[INFO] [stdout]       at [35m/rustc/1b7dd2252b99671ce5d1cb9664c5f8636329436d/library/core/src/ops/function.rs[0m:[35m250[0m
[INFO] [stdout]   14: [32mtest::__rust_begin_short_backtrace[0m[90m::hce33033019b61e69[0m
[INFO] [stdout]       at [35m/rustc/1b7dd2252b99671ce5d1cb9664c5f8636329436d/library/test/src/lib.rs[0m:[35m655[0m
[INFO] [stdout]   15: [32mtest::run_test::{{closure}}[0m[90m::h858d3528838ae3e5[0m
[INFO] [stdout]       at [35m/rustc/1b7dd2252b99671ce5d1cb9664c5f8636329436d/library/test/src/lib.rs[0m:[35m646[0m
[INFO] [stdout]   16: [32mcore::ops::function::FnOnce::call_once{{vtable.shim}}[0m[90m::he8ac2b00f01ae79e[0m
[INFO] [stdout]       at [35m/rustc/1b7dd2252b99671ce5d1cb9664c5f8636329436d/library/core/src/ops/function.rs[0m:[35m250[0m
[INFO] [stdout]   17: [32m<alloc::boxed::Box<F,A> as core::ops::function::FnOnce<Args>>::call_once[0m[90m::h8093d25b522725ef[0m
[INFO] [stdout]       at [35m/rustc/1b7dd2252b99671ce5d1cb9664c5f8636329436d/library/alloc/src/boxed.rs[0m:[35m1973[0m
[INFO] [stdout]   18: [32m<core::panic::unwind_safe::AssertUnwindSafe<F> as core::ops::function::FnOnce<()>>::call_once[0m[90m::h5c334c204e4a3913[0m
[INFO] [stdout]       at [35m/rustc/1b7dd2252b99671ce5d1cb9664c5f8636329436d/library/core/src/panic/unwind_safe.rs[0m:[35m271[0m
[INFO] [stdout]   19: [32mstd::panicking::try::do_call[0m[90m::ha8b740c7b9478074[0m
[INFO] [stdout]       at [35m/rustc/1b7dd2252b99671ce5d1cb9664c5f8636329436d/library/std/src/panicking.rs[0m:[35m485[0m
[INFO] [stdout]   20: [32mstd::panicking::try[0m[90m::h5d34f63d0e41b64e[0m
[INFO] [stdout]       at [35m/rustc/1b7dd2252b99671ce5d1cb9664c5f8636329436d/library/std/src/panicking.rs[0m:[35m449[0m
[INFO] [stdout]   21: [32mstd::panic::catch_unwind[0m[90m::hcfbb511e1aa7fc67[0m
[INFO] [stdout]       at [35m/rustc/1b7dd2252b99671ce5d1cb9664c5f8636329436d/library/std/src/panic.rs[0m:[35m140[0m
[INFO] [stdout]   22: [32mtest::run_test_in_process[0m[90m::h9abda90f802eaf21[0m
[INFO] [stdout]       at [35m/rustc/1b7dd2252b99671ce5d1cb9664c5f8636329436d/library/test/src/lib.rs[0m:[35m678[0m
[INFO] [stdout]   [96m                              ⋮ 14 frames hidden ⋮                              [0m
[INFO] [stdout] 
[INFO] [stdout] Run with COLORBT_SHOW_HIDDEN=1 environment variable to disable frame filtering.
[INFO] [stdout] 
[INFO] [stdout] 
[INFO] [stdout] failures:
[INFO] [stdout]     core::eventlog::tests::test_different_event_transaction_ids
[INFO] [stdout]     core::rewrite::evolve::tests::test_find_rewrite_target
[INFO] [stdout]     core::rewrite::plan::tests::test_cache_shared_between_builders
[INFO] [stdout]     core::rewrite::plan::tests::test_plan_moving_commit_add_then_giving_it_a_child
[INFO] [stdout]     core::rewrite::plan::tests::test_plan_moving_commit_again_overrides_previous_move
[INFO] [stdout]     core::rewrite::plan::tests::test_plan_moving_commit_and_one_child_leaves_other_child
[INFO] [stdout]     core::rewrite::plan::tests::test_plan_moving_consecutive_commits
[INFO] [stdout]     core::rewrite::plan::tests::test_plan_moving_consecutive_commits_in_other_order
[INFO] [stdout]     core::rewrite::plan::tests::test_plan_moving_nonconsecutive_commits
[INFO] [stdout]     core::rewrite::plan::tests::test_plan_moving_range_again_overrides_previous_move
[INFO] [stdout]     core::rewrite::plan::tests::test_plan_moving_range_and_then_partial_beginning_range_again
[INFO] [stdout]     core::rewrite::plan::tests::test_plan_moving_range_and_then_partial_ending_range_again
[INFO] [stdout]     core::rewrite::plan::tests::test_plan_moving_subtree_again_overrides_previous_move
[INFO] [stdout]     core::rewrite::plan::tests::test_plan_moving_subtree_and_commit_within_subtree
[INFO] [stdout]     core::rewrite::plan::tests::test_plan_moving_subtree_and_then_its_parent_commit
[INFO] [stdout]     core::rewrite::plan::tests::test_plan_moving_subtree_to_descendant_of_itself
[INFO] [stdout]     core::rewrite::plan::tests::test_plan_moving_subtree_with_merge_commit
[INFO] [stdout]     core::rewrite::plan::tests::test_plan_moving_subtree_within_moved_subtree
[INFO] [stdout]     core::rewrite::plan::tests::test_plan_moving_subtree_within_moved_subtree_in_other_order
[INFO] [stdout]     git::repo::tests::test_amend_fast_from_index
[INFO] [stdout]     git::repo::tests::test_amend_fast_from_working_tree
[INFO] [stdout]     git::repo::tests::test_branch_debug
[INFO] [stdout]     git::repo::tests::test_cherry_pick_fast
[INFO] [stdout]     git::run::tests::test_hook_working_dir
[INFO] [stdout]     git::run::tests::test_run_silent_failures
[INFO] [stdout]     git::snapshot::tests::test_has_conflicts
[INFO] [stdout]     git::status::tests::test_get_status
[INFO] [stdout]     git::tree::tests::test_detect_path_only_changed_file_mode
[INFO] [stdout]     git::tree::tests::test_hydrate_tree
[INFO] [stdout] 
[INFO] [stdout] test result: FAILED. 8 passed; 29 failed; 0 ignored; 0 measured; 0 filtered out; finished in 1.68s
[INFO] [stdout] 
[INFO] [stderr] error: test failed, to rerun pass `--lib`
[INFO] running `Command { std: "docker" "inspect" "bae0fd3b1734851f82ff1134aeaa38ba7249c90603093ec84ec509052654e3cb", kill_on_drop: false }`
[INFO] running `Command { std: "docker" "rm" "-f" "bae0fd3b1734851f82ff1134aeaa38ba7249c90603093ec84ec509052654e3cb", kill_on_drop: false }`
[INFO] [stdout] bae0fd3b1734851f82ff1134aeaa38ba7249c90603093ec84ec509052654e3cb
