[INFO] fetching crate ghrepo 0.5.0...
[INFO] testing ghrepo-0.5.0 against beta-2023-04-20 for beta-1.70-1
[INFO] extracting crate ghrepo 0.5.0 into /workspace/builds/worker-0-tc2/source
[INFO] validating manifest of crates.io crate ghrepo 0.5.0 on toolchain beta-2023-04-20
[INFO] running `Command { std: CARGO_HOME="/workspace/cargo-home" RUSTUP_HOME="/workspace/rustup-home" "/workspace/cargo-home/bin/cargo" "+beta-2023-04-20" "metadata" "--manifest-path" "Cargo.toml" "--no-deps", kill_on_drop: false }`
[INFO] started tweaking crates.io crate ghrepo 0.5.0
[INFO] finished tweaking crates.io crate ghrepo 0.5.0
[INFO] tweaked toml for crates.io crate ghrepo 0.5.0 written to /workspace/builds/worker-0-tc2/source/Cargo.toml
[INFO] crate crates.io crate ghrepo 0.5.0 already has a lockfile, it will not be regenerated
[INFO] running `Command { std: CARGO_HOME="/workspace/cargo-home" RUSTUP_HOME="/workspace/rustup-home" "/workspace/cargo-home/bin/cargo" "+beta-2023-04-20" "fetch" "--manifest-path" "Cargo.toml", kill_on_drop: false }`
[INFO] [stderr]     Updating crates.io index
[INFO] [stderr]  Downloading crates ...
[INFO] [stderr]   Downloaded lexopt v0.3.0
[INFO] [stderr]   Downloaded rstest_macros v0.17.0
[INFO] [stderr]   Downloaded rstest_reuse v0.5.0
[INFO] [stderr]   Downloaded rstest v0.17.0
[INFO] running `Command { std: "docker" "create" "-v" "/var/lib/crater-agent-workspace/builds/worker-0-tc2/target:/opt/rustwide/target:rw,Z" "-v" "/var/lib/crater-agent-workspace/builds/worker-0-tc2/source:/opt/rustwide/workdir:ro,Z" "-v" "/var/lib/crater-agent-workspace/cargo-home:/opt/rustwide/cargo-home:ro,Z" "-v" "/var/lib/crater-agent-workspace/rustup-home:/opt/rustwide/rustup-home:ro,Z" "-e" "SOURCE_DIR=/opt/rustwide/workdir" "-e" "CARGO_TARGET_DIR=/opt/rustwide/target" "-e" "CARGO_HOME=/opt/rustwide/cargo-home" "-e" "RUSTUP_HOME=/opt/rustwide/rustup-home" "-w" "/opt/rustwide/workdir" "-m" "1610612736" "--user" "0:0" "--network" "none" "ghcr.io/rust-lang/crates-build-env/linux@sha256:5ff2268d62e97bff2cde7d5815dd6ed5b47097566f13b8d0ca110b04b60e07ed" "/opt/rustwide/cargo-home/bin/cargo" "+beta-2023-04-20" "metadata" "--no-deps" "--format-version=1", kill_on_drop: false }`
[INFO] [stdout] f8b36a2ef09df4db310a1db23a12d27be0eed50bb793c488d44c6eeb2a42e107
[INFO] running `Command { std: "docker" "start" "-a" "f8b36a2ef09df4db310a1db23a12d27be0eed50bb793c488d44c6eeb2a42e107", kill_on_drop: false }`
[INFO] running `Command { std: "docker" "inspect" "f8b36a2ef09df4db310a1db23a12d27be0eed50bb793c488d44c6eeb2a42e107", kill_on_drop: false }`
[INFO] running `Command { std: "docker" "rm" "-f" "f8b36a2ef09df4db310a1db23a12d27be0eed50bb793c488d44c6eeb2a42e107", kill_on_drop: false }`
[INFO] [stdout] f8b36a2ef09df4db310a1db23a12d27be0eed50bb793c488d44c6eeb2a42e107
[INFO] running `Command { std: "docker" "create" "-v" "/var/lib/crater-agent-workspace/builds/worker-0-tc2/target:/opt/rustwide/target:rw,Z" "-v" "/var/lib/crater-agent-workspace/builds/worker-0-tc2/source:/opt/rustwide/workdir:ro,Z" "-v" "/var/lib/crater-agent-workspace/cargo-home:/opt/rustwide/cargo-home:ro,Z" "-v" "/var/lib/crater-agent-workspace/rustup-home:/opt/rustwide/rustup-home:ro,Z" "-e" "SOURCE_DIR=/opt/rustwide/workdir" "-e" "CARGO_TARGET_DIR=/opt/rustwide/target" "-e" "CARGO_INCREMENTAL=0" "-e" "RUST_BACKTRACE=full" "-e" "RUSTFLAGS=--cap-lints=warn" "-e" "RUSTDOCFLAGS=--cap-lints=warn" "-e" "CARGO_HOME=/opt/rustwide/cargo-home" "-e" "RUSTUP_HOME=/opt/rustwide/rustup-home" "-w" "/opt/rustwide/workdir" "-m" "1610612736" "--user" "0:0" "--network" "none" "ghcr.io/rust-lang/crates-build-env/linux@sha256:5ff2268d62e97bff2cde7d5815dd6ed5b47097566f13b8d0ca110b04b60e07ed" "/opt/rustwide/cargo-home/bin/cargo" "+beta-2023-04-20" "build" "--frozen" "--message-format=json", kill_on_drop: false }`
[INFO] [stdout] 954e8eb1b4d6d62a5e2d52686cff7027aa83271c6f7b40e7de65a601d9a13ea1
[INFO] running `Command { std: "docker" "start" "-a" "954e8eb1b4d6d62a5e2d52686cff7027aa83271c6f7b40e7de65a601d9a13ea1", kill_on_drop: false }`
[INFO] [stderr]    Compiling lexopt v0.3.0
[INFO] [stderr]    Compiling ghrepo v0.5.0 (/opt/rustwide/workdir)
[INFO] [stderr]     Finished dev [unoptimized + debuginfo] target(s) in 0.95s
[INFO] running `Command { std: "docker" "inspect" "954e8eb1b4d6d62a5e2d52686cff7027aa83271c6f7b40e7de65a601d9a13ea1", kill_on_drop: false }`
[INFO] running `Command { std: "docker" "rm" "-f" "954e8eb1b4d6d62a5e2d52686cff7027aa83271c6f7b40e7de65a601d9a13ea1", kill_on_drop: false }`
[INFO] [stdout] 954e8eb1b4d6d62a5e2d52686cff7027aa83271c6f7b40e7de65a601d9a13ea1
[INFO] running `Command { std: "docker" "create" "-v" "/var/lib/crater-agent-workspace/builds/worker-0-tc2/target:/opt/rustwide/target:rw,Z" "-v" "/var/lib/crater-agent-workspace/builds/worker-0-tc2/source:/opt/rustwide/workdir:ro,Z" "-v" "/var/lib/crater-agent-workspace/cargo-home:/opt/rustwide/cargo-home:ro,Z" "-v" "/var/lib/crater-agent-workspace/rustup-home:/opt/rustwide/rustup-home:ro,Z" "-e" "SOURCE_DIR=/opt/rustwide/workdir" "-e" "CARGO_TARGET_DIR=/opt/rustwide/target" "-e" "CARGO_INCREMENTAL=0" "-e" "RUST_BACKTRACE=full" "-e" "RUSTFLAGS=--cap-lints=warn" "-e" "RUSTDOCFLAGS=--cap-lints=warn" "-e" "CARGO_HOME=/opt/rustwide/cargo-home" "-e" "RUSTUP_HOME=/opt/rustwide/rustup-home" "-w" "/opt/rustwide/workdir" "-m" "1610612736" "--user" "0:0" "--network" "none" "ghcr.io/rust-lang/crates-build-env/linux@sha256:5ff2268d62e97bff2cde7d5815dd6ed5b47097566f13b8d0ca110b04b60e07ed" "/opt/rustwide/cargo-home/bin/cargo" "+beta-2023-04-20" "test" "--frozen" "--no-run" "--message-format=json", kill_on_drop: false }`
[INFO] [stdout] c61dd58fc7bd1bd5ddcd4539b6bbb20b558e752d499ae132080d922dd6ac4bb8
[INFO] running `Command { std: "docker" "start" "-a" "c61dd58fc7bd1bd5ddcd4539b6bbb20b558e752d499ae132080d922dd6ac4bb8", kill_on_drop: false }`
[INFO] [stderr]     Blocking waiting for file lock on package cache
[INFO] [stderr]    Compiling proc-macro2 v1.0.56
[INFO] [stderr]    Compiling quote v1.0.26
[INFO] [stderr]    Compiling unicode-ident v1.0.8
[INFO] [stderr]    Compiling semver v1.0.17
[INFO] [stderr]    Compiling libc v0.2.142
[INFO] [stderr]    Compiling syn v1.0.109
[INFO] [stderr]    Compiling serde_derive v1.0.160
[INFO] [stderr]    Compiling io-lifetimes v1.0.10
[INFO] [stderr]    Compiling either v1.8.1
[INFO] [stderr]    Compiling memchr v2.5.0
[INFO] [stderr]    Compiling doc-comment v0.3.3
[INFO] [stderr]    Compiling rustix v0.37.15
[INFO] [stderr]    Compiling predicates-core v1.0.6
[INFO] [stderr]    Compiling ppv-lite86 v0.2.17
[INFO] [stderr]    Compiling serde v1.0.160
[INFO] [stderr]    Compiling anstyle v1.0.0
[INFO] [stderr]    Compiling itertools v0.10.5
[INFO] [stderr]    Compiling once_cell v1.17.1
[INFO] [stderr]    Compiling serde_json v1.0.96
[INFO] [stderr]    Compiling termtree v0.4.1
[INFO] [stderr]    Compiling regex-automata v0.1.10
[INFO] [stderr]    Compiling difflib v0.4.0
[INFO] [stderr]    Compiling linux-raw-sys v0.3.4
[INFO] [stderr]    Compiling ryu v1.0.13
[INFO] [stderr]    Compiling predicates-tree v1.0.9
[INFO] [stderr]    Compiling fastrand v1.9.0
[INFO] [stderr]    Compiling itoa v1.0.6
[INFO] [stderr]    Compiling rustc_version v0.4.0
[INFO] [stderr]    Compiling getrandom v0.2.9
[INFO] [stderr]    Compiling bstr v1.4.0
[INFO] [stderr]    Compiling rand_core v0.6.4
[INFO] [stderr]    Compiling rstest_macros v0.17.0
[INFO] [stderr]    Compiling rstest_reuse v0.5.0
[INFO] [stderr]    Compiling syn v2.0.15
[INFO] [stderr]    Compiling rand_chacha v0.3.1
[INFO] [stderr]    Compiling rand v0.8.5
[INFO] [stderr]    Compiling predicates v3.0.3
[INFO] [stderr]    Compiling wait-timeout v0.2.0
[INFO] [stderr]    Compiling which v4.4.0
[INFO] [stderr]    Compiling assert_cmd v2.0.11
[INFO] [stderr]    Compiling tempfile v3.5.0
[INFO] [stderr]    Compiling rstest v0.17.0
[INFO] [stderr]    Compiling ghrepo v0.5.0 (/opt/rustwide/workdir)
[INFO] [stderr]     Finished test [unoptimized + debuginfo] target(s) in 24.36s
[INFO] running `Command { std: "docker" "inspect" "c61dd58fc7bd1bd5ddcd4539b6bbb20b558e752d499ae132080d922dd6ac4bb8", kill_on_drop: false }`
[INFO] running `Command { std: "docker" "rm" "-f" "c61dd58fc7bd1bd5ddcd4539b6bbb20b558e752d499ae132080d922dd6ac4bb8", kill_on_drop: false }`
[INFO] [stdout] c61dd58fc7bd1bd5ddcd4539b6bbb20b558e752d499ae132080d922dd6ac4bb8
[INFO] running `Command { std: "docker" "create" "-v" "/var/lib/crater-agent-workspace/builds/worker-0-tc2/target:/opt/rustwide/target:rw,Z" "-v" "/var/lib/crater-agent-workspace/builds/worker-0-tc2/source:/opt/rustwide/workdir:ro,Z" "-v" "/var/lib/crater-agent-workspace/cargo-home:/opt/rustwide/cargo-home:ro,Z" "-v" "/var/lib/crater-agent-workspace/rustup-home:/opt/rustwide/rustup-home:ro,Z" "-e" "SOURCE_DIR=/opt/rustwide/workdir" "-e" "CARGO_TARGET_DIR=/opt/rustwide/target" "-e" "CARGO_INCREMENTAL=0" "-e" "RUST_BACKTRACE=full" "-e" "RUSTFLAGS=--cap-lints=warn" "-e" "RUSTDOCFLAGS=--cap-lints=warn" "-e" "CARGO_HOME=/opt/rustwide/cargo-home" "-e" "RUSTUP_HOME=/opt/rustwide/rustup-home" "-w" "/opt/rustwide/workdir" "-m" "1610612736" "--user" "0:0" "--network" "none" "ghcr.io/rust-lang/crates-build-env/linux@sha256:5ff2268d62e97bff2cde7d5815dd6ed5b47097566f13b8d0ca110b04b60e07ed" "/opt/rustwide/cargo-home/bin/cargo" "+beta-2023-04-20" "test" "--frozen", kill_on_drop: false }`
[INFO] [stdout] 07946fefbf14f77e60ccf31eeae7c89de4fba4cc4929ddcba1e5d6a4e78aa526
[INFO] running `Command { std: "docker" "start" "-a" "07946fefbf14f77e60ccf31eeae7c89de4fba4cc4929ddcba1e5d6a4e78aa526", kill_on_drop: false }`
[INFO] [stderr]     Finished test [unoptimized + debuginfo] target(s) in 0.09s
[INFO] [stderr]      Running unittests src/lib.rs (/opt/rustwide/target/debug/deps/ghrepo-6cab6d8a31306a64)
[INFO] [stdout] 
[INFO] [stdout] running 99 tests
[INFO] [stdout] test parser::tests::test_consume::case_1 ... ok
[INFO] [stdout] test parser::tests::test_consume::case_7 ... ok
[INFO] [stdout] test parser::tests::test_consume::case_3 ... ok
[INFO] [stdout] test parser::tests::test_parse_github_url::case_04 ... ok
[INFO] [stdout] test parser::tests::test_consume_seq::case_2 ... ok
[INFO] [stdout] test parser::tests::test_consume_seq::case_1 ... ok
[INFO] [stdout] test parser::tests::test_consume::case_8 ... ok
[INFO] [stdout] test parser::tests::test_parse_github_url::case_05 ... ok
[INFO] [stdout] test parser::tests::test_parse_github_url::case_08 ... ok
[INFO] [stdout] test parser::tests::test_parse_github_url::case_09 ... ok
[INFO] [stdout] test parser::tests::test_parse_github_url::case_06 ... ok
[INFO] [stdout] test parser::tests::test_parse_github_url::case_10 ... ok
[INFO] [stdout] test parser::tests::test_consume::case_5 ... ok
[INFO] [stdout] test parser::tests::test_parse_github_url::case_11 ... ok
[INFO] [stdout] test parser::tests::test_parse_github_url::case_12 ... ok
[INFO] [stdout] test parser::tests::test_parse_github_url::case_13 ... ok
[INFO] [stdout] test parser::tests::test_parse_github_url::case_14 ... ok
[INFO] [stdout] test parser::tests::test_parse_github_url::case_15 ... ok
[INFO] [stdout] test parser::tests::test_parse_github_url::case_16 ... ok
[INFO] [stdout] test parser::tests::test_parse_github_url::case_18 ... ok
[INFO] [stdout] test parser::tests::test_parse_github_url::case_19 ... ok
[INFO] [stdout] test parser::tests::test_parse_github_url::case_20 ... ok
[INFO] [stdout] test parser::tests::test_consume::case_4 ... ok
[INFO] [stdout] test parser::tests::test_parse_github_url::case_21 ... ok
[INFO] [stdout] test parser::tests::test_parse_github_url::case_22 ... ok
[INFO] [stdout] test parser::tests::test_parse_github_url::case_28 ... ok
[INFO] [stdout] test parser::tests::test_parse_github_url::case_02 ... ok
[INFO] [stdout] test parser::tests::test_parse_github_url::case_30 ... ok
[INFO] [stdout] test parser::tests::test_parse_github_url::case_23 ... ok
[INFO] [stdout] test parser::tests::test_parse_github_url::case_31 ... ok
[INFO] [stdout] test parser::tests::test_parse_github_url::case_25 ... ok
[INFO] [stdout] test parser::tests::test_parse_github_url::case_03 ... ok
[INFO] [stdout] test parser::tests::test_parse_github_url::case_36 ... ok
[INFO] [stdout] test parser::tests::test_parse_github_url::case_33 ... ok
[INFO] [stdout] test parser::tests::test_parse_github_url::case_39 ... ok
[INFO] [stdout] test parser::tests::test_parse_github_url::case_24 ... ok
[INFO] [stdout] test parser::tests::test_parse_github_url::case_07 ... ok
[INFO] [stdout] test parser::tests::test_parse_github_url::case_32 ... ok
[INFO] [stdout] test parser::tests::test_parse_github_url::case_38 ... ok
[INFO] [stdout] test parser::tests::test_parse_github_url::case_34 ... ok
[INFO] [stdout] test parser::tests::test_parse_github_url::case_35 ... ok
[INFO] [stdout] test parser::tests::test_parse_github_url::case_37 ... ok
[INFO] [stdout] test parser::tests::test_parse_github_url::case_01 ... ok
[INFO] [stdout] test parser::tests::test_parse_github_url::case_29 ... ok
[INFO] [stdout] test parser::tests::test_parse_github_url::case_17 ... ok
[INFO] [stdout] test parser::tests::test_consume::case_6 ... ok
[INFO] [stdout] test parser::tests::test_parse_github_url::case_26 ... ok
[INFO] [stdout] test parser::tests::test_parse_github_url::case_27 ... ok
[INFO] [stdout] test parser::tests::test_parse_github_url::case_40 ... ok
[INFO] [stdout] test parser::tests::test_parse_github_url::case_41 ... ok
[INFO] [stdout] test parser::tests::test_consume::case_2 ... ok
[INFO] [stdout] test parser::tests::test_parse_github_url::case_44 ... ok
[INFO] [stdout] test parser::tests::test_parse_github_url::case_49 ... ok
[INFO] [stdout] test parser::tests::test_parse_github_url::case_52 ... ok
[INFO] [stdout] test parser::tests::test_parse_github_url::case_53 ... ok
[INFO] [stdout] test parser::tests::test_parse_github_url::case_43 ... ok
[INFO] [stdout] test parser::tests::test_parse_github_url::case_48 ... ok
[INFO] [stdout] test parser::tests::test_split_name::case_03 ... ok
[INFO] [stdout] test parser::tests::test_split_name::case_05 ... ok
[INFO] [stdout] test parser::tests::test_parse_github_url::case_54 ... ok
[INFO] [stdout] test parser::tests::test_split_name::case_04 ... ok
[INFO] [stdout] test parser::tests::test_split_name::case_01 ... ok
[INFO] [stdout] test parser::tests::test_parse_github_url::case_50 ... ok
[INFO] [stdout] test parser::tests::test_split_name::case_02 ... ok
[INFO] [stdout] test parser::tests::test_parse_github_url::case_51 ... ok
[INFO] [stdout] test parser::tests::test_parse_github_url::case_42 ... ok
[INFO] [stdout] test parser::tests::test_split_name::case_10 ... ok
[INFO] [stdout] test parser::tests::test_parse_github_url::case_45 ... ok
[INFO] [stdout] test parser::tests::test_split_name::case_07 ... ok
[INFO] [stdout] test parser::tests::test_split_name::case_09 ... ok
[INFO] [stdout] test parser::tests::test_parse_github_url::case_46 ... ok
[INFO] [stdout] test parser::tests::test_split_name::case_14 ... ok
[INFO] [stdout] test parser::tests::test_split_name::case_08 ... ok
[INFO] [stdout] test parser::tests::test_split_name::case_11 ... ok
[INFO] [stdout] test parser::tests::test_split_name::case_06 ... ok
[INFO] [stdout] test parser::tests::test_parse_github_url::case_47 ... ok
[INFO] [stdout] test parser::tests::test_split_owner::case_1 ... ok
[INFO] [stdout] test parser::tests::test_split_owner::case_2 ... ok
[INFO] [stdout] test parser::tests::test_split_owner::case_4 ... ok
[INFO] [stdout] test parser::tests::test_split_owner::case_5 ... ok
[INFO] [stdout] test parser::tests::test_split_owner::case_7 ... ok
[INFO] [stdout] test parser::tests::test_split_owner::case_8 ... ok
[INFO] [stdout] test parser::tests::test_split_name::case_12 ... ok
[INFO] [stdout] test parser::tests::test_split_owner_name::case_01 ... ok
[INFO] [stdout] test parser::tests::test_split_owner_name::case_02 ... ok
[INFO] [stdout] test parser::tests::test_split_name::case_13 ... ok
[INFO] [stdout] test parser::tests::test_split_name::case_16 ... ok
[INFO] [stdout] test parser::tests::test_split_name::case_15 ... ok
[INFO] [stdout] test parser::tests::test_split_owner_name::case_03 ... ok
[INFO] [stdout] test parser::tests::test_split_name::case_17 ... ok
[INFO] [stdout] test parser::tests::test_split_owner::case_3 ... ok
[INFO] [stderr]      Running unittests src/main.rs (/opt/rustwide/target/debug/deps/ghrepo-722a33f07407a1e3)
[INFO] [stdout] test parser::tests::test_split_owner::case_6 ... ok
[INFO] [stdout] test parser::tests::test_split_owner_name::case_04 ... ok
[INFO] [stdout] test parser::tests::test_split_owner_name::case_10 ... ok
[INFO] [stdout] test parser::tests::test_split_owner_name::case_08 ... ok
[INFO] [stdout] test parser::tests::test_split_owner_name::case_06 ... ok
[INFO] [stdout] test parser::tests::test_split_owner_name::case_07 ... ok
[INFO] [stdout] test parser::tests::test_split_owner_name::case_05 ... ok
[INFO] [stdout] test parser::tests::test_split_owner_name::case_09 ... ok
[INFO] [stdout] 
[INFO] [stdout] test result: ok. 99 passed; 0 failed; 0 ignored; 0 measured; 0 filtered out; finished in 0.08s
[INFO] [stdout] 
[INFO] [stdout] 
[INFO] [stdout] running 0 tests
[INFO] [stdout] 
[INFO] [stdout] test result: ok. 0 passed; 0 failed; 0 ignored; 0 measured; 0 filtered out; finished in 0.00s
[INFO] [stdout] 
[INFO] [stderr]      Running tests/cli.rs (/opt/rustwide/target/debug/deps/cli-4f2a8299b2536512)
[INFO] [stdout] 
[INFO] [stdout] running 9 tests
[INFO] [stdout] test test_run_empty ... ok
[INFO] [stdout] Initialized empty Git repository in /tmp/.tmp2ahmvu/.git/
[INFO] [stdout] Initialized empty Git repository in /tmp/.tmpYysZTV/.git/
[INFO] [stdout] Initialized empty Git repository in /tmp/.tmpTAuluv/.git/
[INFO] [stdout] Initialized empty Git repository in /tmp/.tmpgzjsjs/.git/
[INFO] [stdout] Initialized empty Git repository in /tmp/.tmpbNEWA5/.git/
[INFO] [stdout] Initialized empty Git repository in /tmp/.tmpm7lx4S/.git/
[INFO] [stdout] Initialized empty Git repository in /tmp/.tmpa9Xt2G/.git/
[INFO] [stdout] Initialized empty Git repository in /tmp/.tmpLV6rpw/.git/
[INFO] [stdout] test test_run_no_such_remote ... ok
[INFO] [stdout] test test_run_json_noarg ... ok
[INFO] [stdout] test test_run ... ok
[INFO] [stdout] test test_run_json ... ok
[INFO] [stdout] test test_run_invalid_url ... ok
[INFO] [stdout] test test_run_noarg ... ok
[INFO] [stdout] test test_run_remote ... ok
[INFO] [stdout] test test_run_remote_noarg ... ok
[INFO] [stdout] 
[INFO] [stdout] test result: ok. 9 passed; 0 failed; 0 ignored; 0 measured; 0 filtered out; finished in 0.17s
[INFO] [stdout] 
[INFO] [stderr]      Running tests/deser.rs (/opt/rustwide/target/debug/deps/deser-3411c534d0cfbec7)
[INFO] [stdout] 
[INFO] [stdout] running 0 tests
[INFO] [stdout] 
[INFO] [stdout] test result: ok. 0 passed; 0 failed; 0 ignored; 0 measured; 0 filtered out; finished in 0.00s
[INFO] [stdout] 
[INFO] [stderr]      Running tests/errors.rs (/opt/rustwide/target/debug/deps/errors-a6032be232a09f87)
[INFO] [stdout] 
[INFO] [stdout] running 9 tests
[INFO] [stdout] test test_display_local_repo_error_could_not_execute ... ok
[INFO] [stdout] test test_display_local_repo_error_no_such_remote ... ok
[INFO] [stdout] test test_display_parse_error_invalid_owner ... ok
[INFO] [stdout] test test_display_parse_error_invalid_name ... ok
[INFO] [stderr]      Running tests/ghrepo.rs (/opt/rustwide/target/debug/deps/ghrepo-ac193be1a1fd7d48)
[INFO] [stdout] test test_display_local_repo_error_detached_head ... ok
[INFO] [stdout] test test_display_local_repo_error_parse_error ... ok
[INFO] [stdout] test test_display_local_repo_error_curdir ... ok
[INFO] [stdout] test test_display_local_repo_error_no_upstream ... ok
[INFO] [stdout] test test_display_parse_error_invalid_spec ... ok
[INFO] [stdout] 
[INFO] [stdout] test result: ok. 9 passed; 0 failed; 0 ignored; 0 measured; 0 filtered out; finished in 0.02s
[INFO] [stdout] 
[INFO] [stdout] 
[INFO] [stdout] running 259 tests
[INFO] [stdout] test test_bad_name::case_04 ... ok
[INFO] [stdout] test test_bad_owner::case_3 ... ok
[INFO] [stdout] test test_bad_name::case_09 ... ok
[INFO] [stdout] test test_bad_owner::case_2 ... ok
[INFO] [stdout] test test_bad_name::case_07 ... ok
[INFO] [stdout] test test_bad_name::case_01 ... ok
[INFO] [stdout] test test_bad_name::case_03 ... ok
[INFO] [stdout] test test_bad_name::case_05 ... ok
[INFO] [stdout] test test_bad_name::case_10 ... ok
[INFO] [stdout] test test_bad_owner::case_1 ... ok
[INFO] [stdout] test test_bad_name::case_02 ... ok
[INFO] [stdout] test test_from_bad_str::case_02 ... ok
[INFO] [stdout] test test_from_bad_str::case_04 ... ok
[INFO] [stdout] test test_from_bad_str::case_03 ... ok
[INFO] [stdout] test test_clone_url ... ok
[INFO] [stdout] test test_from_bad_str::case_01 ... ok
[INFO] [stdout] test test_from_bad_str::case_06 ... ok
[INFO] [stdout] test test_from_bad_str::case_05 ... ok
[INFO] [stdout] test test_bad_name::case_08 ... ok
[INFO] [stdout] test test_bad_name::case_06 ... ok
[INFO] [stdout] test test_bad_owner::case_5 ... ok
[INFO] [stdout] test test_bad_owner::case_4 ... ok
[INFO] [stdout] test test_from_bad_str::case_10 ... ok
[INFO] [stdout] test test_from_bad_str::case_09 ... ok
[INFO] [stdout] test test_from_bad_str::case_12 ... ok
[INFO] [stdout] test test_from_bad_str::case_15 ... ok
[INFO] [stdout] test test_api_url ... ok
[INFO] [stdout] test test_from_bad_str::case_14 ... ok
[INFO] [stdout] test test_from_bad_str::case_08 ... ok
[INFO] [stdout] test test_from_bad_str::case_13 ... ok
[INFO] [stdout] test test_bad_owner::case_6 ... ok
[INFO] [stdout] test test_from_bad_str::case_16 ... ok
[INFO] [stdout] test test_from_bad_str::case_07 ... ok
[INFO] [stdout] test test_from_bad_str::case_17 ... ok
[INFO] [stdout] test test_from_bad_str::case_11 ... ok
[INFO] [stdout] test test_from_bad_str::case_21 ... ok
[INFO] [stdout] test test_from_bad_str::case_27 ... ok
[INFO] [stdout] test test_from_bad_str::case_19 ... ok
[INFO] [stdout] test test_from_bad_str::case_25 ... ok
[INFO] [stdout] test test_from_bad_str::case_24 ... ok
[INFO] [stdout] test test_from_bad_str::case_26 ... ok
[INFO] [stdout] test test_from_bad_str::case_23 ... ok
[INFO] [stdout] test test_from_bad_str::case_20 ... ok
[INFO] [stdout] test test_from_bad_str::case_29 ... ok
[INFO] [stdout] test test_from_bad_str::case_18 ... ok
[INFO] [stdout] test test_from_bad_str::case_28 ... ok
[INFO] [stdout] test test_from_bad_str::case_22 ... ok
[INFO] [stdout] test test_from_bad_str::case_30 ... ok
[INFO] [stdout] test test_from_bad_str::case_31 ... ok
[INFO] [stdout] test test_from_bad_str::case_32 ... ok
[INFO] [stdout] test test_from_bad_str::case_35 ... ok
[INFO] [stdout] test test_from_bad_str::case_34 ... ok
[INFO] [stdout] test test_from_bad_url::case_15 ... ok
[INFO] [stdout] test test_from_bad_url::case_16 ... ok
[INFO] [stdout] test test_from_bad_url::case_17 ... ok
[INFO] [stdout] test test_from_bad_url::case_18 ... ok
[INFO] [stdout] test test_from_bad_url::case_19 ... ok
[INFO] [stdout] test test_from_bad_url::case_20 ... ok
[INFO] [stdout] test test_from_bad_url::case_21 ... ok
[INFO] [stdout] test test_from_bad_url::case_22 ... ok
[INFO] [stdout] test test_from_bad_url::case_23 ... ok
[INFO] [stdout] test test_from_bad_url::case_24 ... ok
[INFO] [stdout] test test_from_bad_url::case_25 ... ok
[INFO] [stdout] test test_from_bad_url::case_26 ... ok
[INFO] [stdout] test test_from_bad_url::case_27 ... ok
[INFO] [stdout] test test_from_bad_url::case_28 ... ok
[INFO] [stdout] test test_from_bad_url::case_29 ... ok
[INFO] [stdout] test test_from_bad_url::case_30 ... ok
[INFO] [stdout] test test_from_bad_url::case_31 ... ok
[INFO] [stdout] test test_from_bad_url::case_03 ... ok
[INFO] [stdout] test test_from_bad_url::case_04 ... ok
[INFO] [stdout] test test_from_bad_url::case_14 ... ok
[INFO] [stdout] test test_from_bad_url::case_09 ... ok
[INFO] [stdout] test test_from_bad_url::case_11 ... ok
[INFO] [stdout] test test_from_bad_url::case_01 ... ok
[INFO] [stdout] test test_from_bad_url::case_05 ... ok
[INFO] [stdout] test test_from_bad_str::case_33 ... ok
[INFO] [stdout] test test_from_bad_url::case_06 ... ok
[INFO] [stdout] test test_from_bad_url::case_02 ... ok
[INFO] [stdout] test test_from_bad_url::case_07 ... ok
[INFO] [stdout] test test_from_bad_url::case_32 ... ok
[INFO] [stdout] test test_from_bad_url::case_13 ... ok
[INFO] [stdout] test test_from_bad_url::case_08 ... ok
[INFO] [stdout] test test_from_bad_url::case_12 ... ok
[INFO] [stdout] test test_from_bad_url::case_33 ... ok
[INFO] [stdout] test test_from_bad_url::case_34 ... ok
[INFO] [stdout] test test_from_str::case_01 ... ok
[INFO] [stdout] test test_from_str::case_03 ... ok
[INFO] [stdout] test test_from_str::case_02 ... ok
[INFO] [stdout] test test_from_bad_url::case_10 ... ok
[INFO] [stdout] test test_from_bad_url::case_35 ... ok
[INFO] [stdout] test test_from_str::case_18 ... ok
[INFO] [stdout] test test_from_str::case_05 ... ok
[INFO] [stdout] test test_from_str::case_04 ... ok
[INFO] [stdout] test test_from_str::case_20 ... ok
[INFO] [stdout] test test_from_str::case_10 ... ok
[INFO] [stdout] test test_from_str::case_22 ... ok
[INFO] [stdout] test test_from_str::case_21 ... ok
[INFO] [stdout] test test_from_str::case_23 ... ok
[INFO] [stdout] test test_from_str::case_09 ... ok
[INFO] [stdout] test test_from_str::case_11 ... ok
[INFO] [stdout] test test_from_str::case_13 ... ok
[INFO] [stdout] test test_from_str::case_06 ... ok
[INFO] [stdout] test test_from_str::case_14 ... ok
[INFO] [stdout] test test_from_str::case_24 ... ok
[INFO] [stdout] test test_from_str::case_15 ... ok
[INFO] [stdout] test test_from_str::case_08 ... ok
[INFO] [stdout] test test_from_str::case_16 ... ok
[INFO] [stdout] test test_from_str::case_17 ... ok
[INFO] [stdout] test test_from_str::case_07 ... ok
[INFO] [stdout] test test_from_str::case_26 ... ok
[INFO] [stdout] test test_from_str::case_25 ... ok
[INFO] [stdout] test test_from_str::case_12 ... ok
[INFO] [stdout] test test_from_str::case_19 ... ok
[INFO] [stdout] test test_from_str::case_36 ... ok
[INFO] [stdout] test test_from_str::case_28 ... ok
[INFO] [stdout] test test_from_str::case_32 ... ok
[INFO] [stdout] test test_from_str::case_37 ... ok
[INFO] [stdout] test test_from_str::case_30 ... ok
[INFO] [stdout] test test_from_str::case_38 ... ok
[INFO] [stdout] test test_from_str::case_43 ... ok
[INFO] [stdout] test test_from_str::case_46 ... ok
[INFO] [stdout] test test_from_str::case_29 ... ok
[INFO] [stdout] test test_from_str::case_33 ... ok
[INFO] [stdout] test test_from_str::case_27 ... ok
[INFO] [stdout] test test_from_str::case_35 ... ok
[INFO] [stdout] test test_from_str::case_40 ... ok
[INFO] [stdout] test test_from_str::case_45 ... ok
[INFO] [stdout] test test_from_str::case_41 ... ok
[INFO] [stdout] test test_from_str::case_44 ... ok
[INFO] [stdout] test test_from_str::case_42 ... ok
[INFO] [stdout] test test_from_str::case_31 ... ok
[INFO] [stdout] test test_from_str::case_39 ... ok
[INFO] [stdout] test test_from_str::case_34 ... ok
[INFO] [stdout] test test_from_str::case_53 ... ok
[INFO] [stdout] test test_from_str::case_54 ... ok
[INFO] [stdout] test test_from_str::case_55 ... ok
[INFO] [stdout] test test_from_str::case_56 ... ok
[INFO] [stdout] test test_from_str::case_50 ... ok
[INFO] [stdout] test test_from_str::case_47 ... ok
[INFO] [stdout] test test_from_url::case_03 ... ok
[INFO] [stdout] test test_from_str_with_owner::case_1 ... ok
[INFO] [stdout] test test_from_url::case_04 ... ok
[INFO] [stdout] test test_from_url::case_02 ... ok
[INFO] [stdout] test test_from_url::case_05 ... ok
[INFO] [stdout] test test_from_url::case_01 ... ok
[INFO] [stdout] test test_from_str::case_48 ... ok
[INFO] [stdout] test test_from_str_with_owner::case_2 ... ok
[INFO] [stdout] test test_from_str_with_owner::case_4 ... ok
[INFO] [stdout] test test_from_str_with_owner::case_3 ... ok
[INFO] [stdout] test test_from_str::case_51 ... ok
[INFO] [stdout] test test_from_str::case_49 ... ok
[INFO] [stdout] test test_from_str::case_52 ... ok
[INFO] [stdout] test test_from_url::case_08 ... ok
[INFO] [stdout] test test_from_url::case_07 ... ok
[INFO] [stdout] test test_from_url::case_06 ... ok
[INFO] [stdout] test test_from_url::case_15 ... ok
[INFO] [stdout] test test_from_url::case_25 ... ok
[INFO] [stdout] test test_from_url::case_26 ... ok
[INFO] [stdout] test test_from_url::case_27 ... ok
[INFO] [stdout] test test_from_url::case_28 ... ok
[INFO] [stdout] test test_from_url::case_29 ... ok
[INFO] [stdout] test test_from_url::case_30 ... ok
[INFO] [stdout] test test_from_url::case_31 ... ok
[INFO] [stdout] test test_from_url::case_32 ... ok
[INFO] [stdout] test test_from_url::case_33 ... ok
[INFO] [stdout] test test_from_url::case_34 ... ok
[INFO] [stdout] test test_from_url::case_35 ... ok
[INFO] [stdout] test test_from_url::case_36 ... ok
[INFO] [stdout] test test_from_url::case_37 ... ok
[INFO] [stdout] test test_from_url::case_38 ... ok
[INFO] [stdout] test test_from_url::case_39 ... ok
[INFO] [stdout] test test_from_url::case_40 ... ok
[INFO] [stdout] test test_from_url::case_41 ... ok
[INFO] [stdout] test test_from_url::case_42 ... ok
[INFO] [stdout] test test_from_url::case_43 ... ok
[INFO] [stdout] test test_from_url::case_44 ... ok
[INFO] [stdout] test test_from_url::case_45 ... ok
[INFO] [stdout] test test_from_url::case_46 ... ok
[INFO] [stdout] test test_from_url::case_47 ... ok
[INFO] [stdout] test test_from_url::case_48 ... ok
[INFO] [stdout] test test_from_url::case_49 ... ok
[INFO] [stdout] test test_from_url::case_50 ... ok
[INFO] [stdout] test test_from_url::case_51 ... ok
[INFO] [stdout] test test_git_url ... ok
[INFO] [stdout] test test_good_name::case_01 ... ok
[INFO] [stdout] test test_good_name::case_02 ... ok
[INFO] [stdout] test test_good_name::case_03 ... ok
[INFO] [stdout] test test_good_name::case_04 ... ok
[INFO] [stdout] test test_good_name::case_05 ... ok
[INFO] [stdout] test test_from_url::case_19 ... ok
[INFO] [stdout] test test_good_name::case_06 ... ok
[INFO] [stdout] test test_from_url::case_10 ... ok
[INFO] [stdout] test test_from_url::case_12 ... ok
[INFO] [stdout] test test_from_url::case_22 ... ok
[INFO] [stdout] test test_good_name::case_07 ... ok
[INFO] [stdout] test test_from_url::case_17 ... ok
[INFO] [stdout] test test_from_url::case_21 ... ok
[INFO] [stdout] test test_from_url::case_16 ... ok
[INFO] [stdout] test test_from_url::case_11 ... ok
[INFO] [stdout] test test_from_url::case_23 ... ok
[INFO] [stdout] test test_from_url::case_13 ... ok
[INFO] [stdout] test test_from_url::case_20 ... ok
[INFO] [stdout] test test_from_url::case_18 ... ok
[INFO] [stdout] test test_from_url::case_24 ... ok
[INFO] [stdout] test test_from_url::case_09 ... ok
[INFO] [stdout] test test_good_name::case_13 ... ok
[INFO] [stdout] test test_good_name::case_15 ... ok
[INFO] [stdout] test test_good_name::case_11 ... ok
[INFO] [stdout] test test_good_name::case_09 ... ok
[INFO] [stdout] test test_good_name::case_21 ... ok
[INFO] [stdout] test test_good_name::case_22 ... ok
[INFO] [stdout] test test_from_url::case_14 ... ok
[INFO] [stdout] test test_good_name::case_10 ... ok
[INFO] [stdout] test test_good_name::case_12 ... ok
[INFO] [stdout] test test_good_name::case_14 ... ok
[INFO] [stdout] test test_good_name::case_28 ... ok
[INFO] [stdout] test test_good_name::case_29 ... ok
[INFO] [stdout] test test_good_name::case_30 ... ok
[INFO] [stdout] test test_good_owner::case_01 ... ok
[INFO] [stdout] test test_good_owner::case_02 ... ok
[INFO] [stdout] test test_good_owner::case_05 ... ok
[INFO] [stdout] test test_good_owner::case_06 ... ok
[INFO] [stdout] test test_good_owner::case_04 ... ok
[INFO] [stdout] test test_good_owner::case_08 ... ok
[INFO] [stdout] test test_good_owner::case_09 ... ok
[INFO] [stdout] test test_good_owner::case_03 ... ok
[INFO] [stdout] test test_good_owner::case_10 ... ok
[INFO] [stdout] test test_good_owner::case_11 ... ok
[INFO] [stdout] test test_good_owner::case_12 ... ok
[INFO] [stdout] test test_good_name::case_27 ... ok
[INFO] [stdout] test test_good_owner::case_13 ... ok
[INFO] [stdout] test test_good_name::case_25 ... ok
[INFO] [stdout] test test_good_name::case_08 ... ok
[INFO] [stdout] test test_good_owner::case_07 ... ok
[INFO] [stdout] test test_good_name::case_26 ... ok
[INFO] [stdout] test test_good_name::case_19 ... ok
[INFO] [stdout] test test_good_name::case_18 ... ok
[INFO] [stdout] test test_good_name::case_20 ... ok
[INFO] [stdout] test test_good_name::case_17 ... ok
[INFO] [stdout] test test_good_name::case_23 ... ok
[INFO] [stdout] test test_good_name::case_16 ... ok
[INFO] [stdout] test test_good_name::case_24 ... ok
[INFO] [stdout] test test_good_owner::case_17 ... ok
[INFO] [stderr]      Running tests/local_repo.rs (/opt/rustwide/target/debug/deps/local_repo-f57bb7bdb910ceab)
[INFO] [stdout] test test_good_owner::case_14 ... ok
[INFO] [stdout] test test_good_owner::case_24 ... ok
[INFO] [stdout] test test_good_owner::case_15 ... ok
[INFO] [stdout] test test_good_owner::case_19 ... ok
[INFO] [stdout] test test_to_string ... ok
[INFO] [stdout] test test_good_owner::case_20 ... ok
[INFO] [stdout] test test_ssh_url ... ok
[INFO] [stdout] test test_good_owner::case_22 ... ok
[INFO] [stdout] test test_good_owner::case_23 ... ok
[INFO] [stdout] test test_good_owner::case_18 ... ok
[INFO] [stdout] test test_new_bad_repo ... ok
[INFO] [stdout] test test_good_owner::case_16 ... ok
[INFO] [stdout] test test_good_owner::case_21 ... ok
[INFO] [stdout] test test_html_url ... ok
[INFO] [stdout] test test_new_bad_owner ... ok
[INFO] [stdout] 
[INFO] [stdout] test result: ok. 259 passed; 0 failed; 0 ignored; 0 measured; 0 filtered out; finished in 0.24s
[INFO] [stdout] 
[INFO] [stdout] 
[INFO] [stdout] running 14 tests
[INFO] [stderr] fatal: not a git repository (or any of the parent directories): .git
[INFO] [stdout] Initialized empty Git repository in /tmp/.tmpHUTHRa/.git/
[INFO] [stdout] Initialized empty Git repository in /tmp/.tmp8SvKn7/.git/
[INFO] [stdout] test test_github_remote_empty ... ok
[INFO] [stderr] fatal: not a git repository (or any of the parent directories): .git
[INFO] [stdout] Initialized empty Git repository in /tmp/.tmpRGeBfg/.git/
[INFO] [stdout] Initialized empty Git repository in /tmp/.tmptnofNS/.git/
[INFO] [stdout] test test_local_repo_new ... ok
[INFO] [stdout] Initialized empty Git repository in /tmp/.tmpaqmZ5R/.git/
[INFO] [stdout] test test_local_repo_for_cwd ... ok
[INFO] [stdout] test test_is_git_repo_empty ... ok
[INFO] [stdout] Initialized empty Git repository in /tmp/.tmp8uN8Mn/.git/
[INFO] [stdout] test test_github_remote ... ok
[INFO] [stdout] Initialized empty Git repository in /tmp/.tmp1Fg5qA/.git/
[INFO] [stdout] test test_current_branch_empty ... ok
[INFO] [stderr] error: No such remote 'origin'
[INFO] [stdout] test test_branch_upstream_no_upstream ... ok
[INFO] [stdout] Initialized empty Git repository in /tmp/.tmpSWOaXK/.git/
[INFO] [stdout] Initialized empty Git repository in /tmp/.tmprqMw0N/.git/
[INFO] [stdout] test test_github_remote_no_remote ... ok
[INFO] [stdout] test test_current_branch ... ok
[INFO] [stdout] test test_github_remote_invalid_url ... ok
[INFO] [stdout] test test_branch_upstream ... ok
[INFO] [stdout] test test_github_remote_non_utf8_url ... ok
[INFO] [stdout] test test_is_git_repo_initted ... ok
[INFO] [stderr] Author identity unknown
[INFO] [stderr] 
[INFO] [stderr] *** Please tell me who you are.
[INFO] [stderr] 
[INFO] [stderr] Run
[INFO] [stderr] 
[INFO] [stderr]   git config --global user.email "you@example.com"
[INFO] [stderr]   git config --global user.name "Your Name"
[INFO] [stderr] 
[INFO] [stderr] to set your account's default identity.
[INFO] [stderr] Omit --global to set the identity only in this repository.
[INFO] [stderr] 
[INFO] [stderr] fatal: unable to auto-detect email address (got 'root@07946fefbf14.(none)')
[INFO] [stdout] test test_current_branch_detached ... FAILED
[INFO] [stderr] error: test failed, to rerun pass `--test local_repo`
[INFO] [stdout] 
[INFO] [stdout] failures:
[INFO] [stdout] 
[INFO] [stdout] ---- test_current_branch_detached stdout ----
[INFO] [stdout] thread 'test_current_branch_detached' panicked at 'assertion failed: r.success()', tests/repomaker.rs:31:9
[INFO] [stdout] stack backtrace:
[INFO] [stdout]    0:     0x563f2d51fd5a - std::backtrace_rs::backtrace::libunwind::trace::h2f05d0192276a8f6
[INFO] [stdout]                                at /rustc/1b7dd2252b99671ce5d1cb9664c5f8636329436d/library/std/src/../../backtrace/src/backtrace/libunwind.rs:93:5
[INFO] [stdout]    1:     0x563f2d51fd5a - std::backtrace_rs::backtrace::trace_unsynchronized::hedc23dff7a1af150
[INFO] [stdout]                                at /rustc/1b7dd2252b99671ce5d1cb9664c5f8636329436d/library/std/src/../../backtrace/src/backtrace/mod.rs:66:5
[INFO] [stdout]    2:     0x563f2d51fd5a - std::sys_common::backtrace::_print_fmt::h17541ef7592f3ce2
[INFO] [stdout]                                at /rustc/1b7dd2252b99671ce5d1cb9664c5f8636329436d/library/std/src/sys_common/backtrace.rs:65:5
[INFO] [stdout]    3:     0x563f2d51fd5a - <std::sys_common::backtrace::_print::DisplayBacktrace as core::fmt::Display>::fmt::h20f75df5ab0c0792
[INFO] [stdout]                                at /rustc/1b7dd2252b99671ce5d1cb9664c5f8636329436d/library/std/src/sys_common/backtrace.rs:44:22
[INFO] [stdout]    4:     0x563f2d54480f - core::fmt::write::h78109e6f466b3af6
[INFO] [stdout]                                at /rustc/1b7dd2252b99671ce5d1cb9664c5f8636329436d/library/core/src/fmt/mod.rs:1254:17
[INFO] [stdout]    5:     0x563f2d51cd35 - std::io::Write::write_fmt::hd24bfb68a1b35a25
[INFO] [stdout]                                at /rustc/1b7dd2252b99671ce5d1cb9664c5f8636329436d/library/std/src/io/mod.rs:1698:15
[INFO] [stdout]    6:     0x563f2d51fb25 - std::sys_common::backtrace::_print::h8dac57a9f8fbf9a5
[INFO] [stdout]                                at /rustc/1b7dd2252b99671ce5d1cb9664c5f8636329436d/library/std/src/sys_common/backtrace.rs:47:5
[INFO] [stdout]    7:     0x563f2d51fb25 - std::sys_common::backtrace::print::hf9ecbf41d1aa712f
[INFO] [stdout]                                at /rustc/1b7dd2252b99671ce5d1cb9664c5f8636329436d/library/std/src/sys_common/backtrace.rs:34:9
[INFO] [stdout]    8:     0x563f2d5217de - std::panicking::default_hook::{{closure}}::h04c07acfc84ca028
[INFO] [stdout]                                at /rustc/1b7dd2252b99671ce5d1cb9664c5f8636329436d/library/std/src/panicking.rs:269:22
[INFO] [stdout]    9:     0x563f2d521511 - std::panicking::default_hook::h01f6bb23e1eceb2c
[INFO] [stdout]                                at /rustc/1b7dd2252b99671ce5d1cb9664c5f8636329436d/library/std/src/panicking.rs:285:9
[INFO] [stdout]   10:     0x563f2d4cde6b - <alloc::boxed::Box<F,A> as core::ops::function::Fn<Args>>::call::h87fe9f7b2fd49e4c
[INFO] [stdout]                                at /rustc/1b7dd2252b99671ce5d1cb9664c5f8636329436d/library/alloc/src/boxed.rs:1987:9
[INFO] [stdout]   11:     0x563f2d4cde6b - test::test_main::{{closure}}::he94d679243a7531b
[INFO] [stdout]                                at /rustc/1b7dd2252b99671ce5d1cb9664c5f8636329436d/library/test/src/lib.rs:134:21
[INFO] [stdout]   12:     0x563f2d521ec4 - <alloc::boxed::Box<F,A> as core::ops::function::Fn<Args>>::call::h3f2d6d8b14c4769f
[INFO] [stdout]                                at /rustc/1b7dd2252b99671ce5d1cb9664c5f8636329436d/library/alloc/src/boxed.rs:1987:9
[INFO] [stdout]   13:     0x563f2d521ec4 - std::panicking::rust_panic_with_hook::h2bb3722bbaf2f6df
[INFO] [stdout]                                at /rustc/1b7dd2252b99671ce5d1cb9664c5f8636329436d/library/std/src/panicking.rs:695:13
[INFO] [stdout]   14:     0x563f2d521bf2 - std::panicking::begin_panic_handler::{{closure}}::h91bc7f36a4be011b
[INFO] [stdout]                                at /rustc/1b7dd2252b99671ce5d1cb9664c5f8636329436d/library/std/src/panicking.rs:580:13
[INFO] [stdout]   15:     0x563f2d5201c6 - std::sys_common::backtrace::__rust_end_short_backtrace::h8b3d3717114f9e59
[INFO] [stdout]                                at /rustc/1b7dd2252b99671ce5d1cb9664c5f8636329436d/library/std/src/sys_common/backtrace.rs:150:18
[INFO] [stdout]   16:     0x563f2d521992 - rust_begin_unwind
[INFO] [stdout]                                at /rustc/1b7dd2252b99671ce5d1cb9664c5f8636329436d/library/std/src/panicking.rs:578:5
[INFO] [stdout]   17:     0x563f2d491f43 - core::panicking::panic_fmt::hfd368e3fbdabea26
[INFO] [stdout]                                at /rustc/1b7dd2252b99671ce5d1cb9664c5f8636329436d/library/core/src/panicking.rs:67:14
[INFO] [stdout]   18:     0x563f2d491fdd - core::panicking::panic::h3f9042d09bd0bf2e
[INFO] [stdout]                                at /rustc/1b7dd2252b99671ce5d1cb9664c5f8636329436d/library/core/src/panicking.rs:117:5
[INFO] [stdout]   19:     0x563f2d4999c6 - local_repo::repomaker::RepoMaker::run::h00333bf28231220e
[INFO] [stdout]                                at /opt/rustwide/workdir/tests/repomaker.rs:31:9
[INFO] [stdout]   20:     0x563f2d49a389 - local_repo::repomaker::RepoMaker::detach::h7252dbc1a1c794a4
[INFO] [stdout]                                at /opt/rustwide/workdir/tests/repomaker.rs:54:9
[INFO] [stdout]   21:     0x563f2d4935c5 - local_repo::test_current_branch_detached::h6f38bef385e84e90
[INFO] [stdout]                                at /opt/rustwide/workdir/tests/local_repo.rs:83:5
[INFO] [stdout]   22:     0x563f2d4934c7 - local_repo::test_current_branch_detached::{{closure}}::h0c031a5e7de4a9f8
[INFO] [stdout]                                at /opt/rustwide/workdir/tests/local_repo.rs:77:35
[INFO] [stdout]   23:     0x563f2d496a35 - core::ops::function::FnOnce::call_once::h9f08009c625d497f
[INFO] [stdout]                                at /rustc/1b7dd2252b99671ce5d1cb9664c5f8636329436d/library/core/src/ops/function.rs:250:5
[INFO] [stdout]   24:     0x563f2d4d2d3f - core::ops::function::FnOnce::call_once::ha6a70e79f7481a7e
[INFO] [stdout]                                at /rustc/1b7dd2252b99671ce5d1cb9664c5f8636329436d/library/core/src/ops/function.rs:250:5
[INFO] [stdout]   25:     0x563f2d4d2d3f - test::__rust_begin_short_backtrace::hce33033019b61e69
[INFO] [stdout]                                at /rustc/1b7dd2252b99671ce5d1cb9664c5f8636329436d/library/test/src/lib.rs:655:18
[INFO] [stdout]   26:     0x563f2d4a052c - test::run_test::{{closure}}::h858d3528838ae3e5
[INFO] [stdout]                                at /rustc/1b7dd2252b99671ce5d1cb9664c5f8636329436d/library/test/src/lib.rs:646:30
[INFO] [stdout]   27:     0x563f2d4a052c - core::ops::function::FnOnce::call_once{{vtable.shim}}::he8ac2b00f01ae79e
[INFO] [stdout]                                at /rustc/1b7dd2252b99671ce5d1cb9664c5f8636329436d/library/core/src/ops/function.rs:250:5
[INFO] [stdout]   28:     0x563f2d4d1e16 - <alloc::boxed::Box<F,A> as core::ops::function::FnOnce<Args>>::call_once::h8093d25b522725ef
[INFO] [stdout]                                at /rustc/1b7dd2252b99671ce5d1cb9664c5f8636329436d/library/alloc/src/boxed.rs:1973:9
[INFO] [stdout]   29:     0x563f2d4d1e16 - <core::panic::unwind_safe::AssertUnwindSafe<F> as core::ops::function::FnOnce<()>>::call_once::h5c334c204e4a3913
[INFO] [stdout]                                at /rustc/1b7dd2252b99671ce5d1cb9664c5f8636329436d/library/core/src/panic/unwind_safe.rs:271:9
[INFO] [stdout]   30:     0x563f2d4d1e16 - std::panicking::try::do_call::ha8b740c7b9478074
[INFO] [stdout]                                at /rustc/1b7dd2252b99671ce5d1cb9664c5f8636329436d/library/std/src/panicking.rs:485:40
[INFO] [stdout]   31:     0x563f2d4d1e16 - std::panicking::try::h5d34f63d0e41b64e
[INFO] [stdout]                                at /rustc/1b7dd2252b99671ce5d1cb9664c5f8636329436d/library/std/src/panicking.rs:449:19
[INFO] [stdout]   32:     0x563f2d4d1e16 - std::panic::catch_unwind::hcfbb511e1aa7fc67
[INFO] [stdout]                                at /rustc/1b7dd2252b99671ce5d1cb9664c5f8636329436d/library/std/src/panic.rs:140:14
[INFO] [stdout]   33:     0x563f2d4d1e16 - test::run_test_in_process::h9abda90f802eaf21
[INFO] [stdout]                                at /rustc/1b7dd2252b99671ce5d1cb9664c5f8636329436d/library/test/src/lib.rs:678:27
[INFO] [stdout]   34:     0x563f2d4d1e16 - test::run_test::run_test_inner::{{closure}}::h0f058de91f6c6edf
[INFO] [stdout]                                at /rustc/1b7dd2252b99671ce5d1cb9664c5f8636329436d/library/test/src/lib.rs:572:39
[INFO] [stdout]   35:     0x563f2d49ad35 - test::run_test::run_test_inner::{{closure}}::h5ca48a4c59c6c1fb
[INFO] [stdout]                                at /rustc/1b7dd2252b99671ce5d1cb9664c5f8636329436d/library/test/src/lib.rs:599:37
[INFO] [stdout]   36:     0x563f2d49ad35 - std::sys_common::backtrace::__rust_begin_short_backtrace::h32bd51e1495d4a33
[INFO] [stdout]                                at /rustc/1b7dd2252b99671ce5d1cb9664c5f8636329436d/library/std/src/sys_common/backtrace.rs:134:18
[INFO] [stdout]   37:     0x563f2d4a0271 - std::thread::Builder::spawn_unchecked_::{{closure}}::{{closure}}::hc086fae9b128b2db
[INFO] [stdout]                                at /rustc/1b7dd2252b99671ce5d1cb9664c5f8636329436d/library/std/src/thread/mod.rs:526:17
[INFO] [stdout]   38:     0x563f2d4a0271 - <core::panic::unwind_safe::AssertUnwindSafe<F> as core::ops::function::FnOnce<()>>::call_once::hb66571888d270d43
[INFO] [stdout]                                at /rustc/1b7dd2252b99671ce5d1cb9664c5f8636329436d/library/core/src/panic/unwind_safe.rs:271:9
[INFO] [stdout]   39:     0x563f2d4a0271 - std::panicking::try::do_call::h4fa2ef4f6e51fecf
[INFO] [stdout]                                at /rustc/1b7dd2252b99671ce5d1cb9664c5f8636329436d/library/std/src/panicking.rs:485:40
[INFO] [stdout]   40:     0x563f2d4a0271 - std::panicking::try::h1e9e22b8584489b5
[INFO] [stdout]                                at /rustc/1b7dd2252b99671ce5d1cb9664c5f8636329436d/library/std/src/panicking.rs:449:19
[INFO] [stdout]   41:     0x563f2d4a0271 - std::panic::catch_unwind::h44698a3de0e0769e
[INFO] [stdout]                                at /rustc/1b7dd2252b99671ce5d1cb9664c5f8636329436d/library/std/src/panic.rs:140:14
[INFO] [stdout]   42:     0x563f2d4a0271 - std::thread::Builder::spawn_unchecked_::{{closure}}::h50153abde3fe239e
[INFO] [stdout]                                at /rustc/1b7dd2252b99671ce5d1cb9664c5f8636329436d/library/std/src/thread/mod.rs:525:30
[INFO] [stdout]   43:     0x563f2d4a0271 - core::ops::function::FnOnce::call_once{{vtable.shim}}::hbe5bbf6f38394364
[INFO] [stdout]                                at /rustc/1b7dd2252b99671ce5d1cb9664c5f8636329436d/library/core/src/ops/function.rs:250:5
[INFO] [stdout]   44:     0x563f2d526e25 - <alloc::boxed::Box<F,A> as core::ops::function::FnOnce<Args>>::call_once::h0d83cb2920a49046
[INFO] [stdout]                                at /rustc/1b7dd2252b99671ce5d1cb9664c5f8636329436d/library/alloc/src/boxed.rs:1973:9
[INFO] [stdout]   45:     0x563f2d526e25 - <alloc::boxed::Box<F,A> as core::ops::function::FnOnce<Args>>::call_once::hbe0a008aa7d9ef59
[INFO] [stdout]                                at /rustc/1b7dd2252b99671ce5d1cb9664c5f8636329436d/library/alloc/src/boxed.rs:1973:9
[INFO] [stdout]   46:     0x563f2d526e25 - std::sys::unix::thread::Thread::new::thread_start::h3a466996bdf6b1f9
[INFO] [stdout]                                at /rustc/1b7dd2252b99671ce5d1cb9664c5f8636329436d/library/std/src/sys/unix/thread.rs:108:17
[INFO] [stdout]   47:     0x7f7d52e99b43 - <unknown>
[INFO] [stdout]   48:     0x7f7d52f2abb4 - __clone
[INFO] [stdout]   49:                0x0 - <unknown>
[INFO] [stdout] 
[INFO] [stdout] 
[INFO] [stdout] failures:
[INFO] [stdout]     test_current_branch_detached
[INFO] [stdout] 
[INFO] [stdout] test result: FAILED. 13 passed; 1 failed; 0 ignored; 0 measured; 0 filtered out; finished in 0.11s
[INFO] [stdout] 
[INFO] running `Command { std: "docker" "inspect" "07946fefbf14f77e60ccf31eeae7c89de4fba4cc4929ddcba1e5d6a4e78aa526", kill_on_drop: false }`
[INFO] running `Command { std: "docker" "rm" "-f" "07946fefbf14f77e60ccf31eeae7c89de4fba4cc4929ddcba1e5d6a4e78aa526", kill_on_drop: false }`
[INFO] [stdout] 07946fefbf14f77e60ccf31eeae7c89de4fba4cc4929ddcba1e5d6a4e78aa526
