[INFO] fetching crate gha-runner 0.1.0...
[INFO] testing gha-runner-0.1.0 against 1.69.0 for beta-1.70-1
[INFO] extracting crate gha-runner 0.1.0 into /workspace/builds/worker-3-tc1/source
[INFO] validating manifest of crates.io crate gha-runner 0.1.0 on toolchain 1.69.0
[INFO] running `Command { std: CARGO_HOME="/workspace/cargo-home" RUSTUP_HOME="/workspace/rustup-home" "/workspace/cargo-home/bin/cargo" "+1.69.0" "metadata" "--manifest-path" "Cargo.toml" "--no-deps", kill_on_drop: false }`
[INFO] started tweaking crates.io crate gha-runner 0.1.0
[INFO] finished tweaking crates.io crate gha-runner 0.1.0
[INFO] tweaked toml for crates.io crate gha-runner 0.1.0 written to /workspace/builds/worker-3-tc1/source/Cargo.toml
[INFO] crate crates.io crate gha-runner 0.1.0 already has a lockfile, it will not be regenerated
[INFO] running `Command { std: CARGO_HOME="/workspace/cargo-home" RUSTUP_HOME="/workspace/rustup-home" "/workspace/cargo-home/bin/cargo" "+1.69.0" "fetch" "--manifest-path" "Cargo.toml", kill_on_drop: false }`
[INFO] [stderr]  Downloading crates ...
[INFO] [stderr]   Downloaded serde_path_to_error v0.1.5
[INFO] [stderr]   Downloaded hyperx v1.3.0
[INFO] [stderr]   Downloaded snafu-derive v0.6.10
[INFO] [stderr]   Downloaded backtrace v0.3.62
[INFO] [stderr]   Downloaded arc-swap v1.4.0
[INFO] [stderr]   Downloaded snafu v0.6.10
[INFO] [stderr]   Downloaded serde_test v1.0.130
[INFO] [stderr]   Downloaded libc v0.2.105
[INFO] [stderr]   Downloaded httparse v1.3.6
[INFO] [stderr]   Downloaded hyper v0.14.5
[INFO] [stderr]   Downloaded octocrab v0.15.0
[INFO] [stderr]   Downloaded serde_yaml v0.8.21
[INFO] running `Command { std: "docker" "create" "-v" "/var/lib/crater-agent-workspace/builds/worker-3-tc1/target:/opt/rustwide/target:rw,Z" "-v" "/var/lib/crater-agent-workspace/builds/worker-3-tc1/source:/opt/rustwide/workdir:ro,Z" "-v" "/var/lib/crater-agent-workspace/cargo-home:/opt/rustwide/cargo-home:ro,Z" "-v" "/var/lib/crater-agent-workspace/rustup-home:/opt/rustwide/rustup-home:ro,Z" "-e" "SOURCE_DIR=/opt/rustwide/workdir" "-e" "CARGO_TARGET_DIR=/opt/rustwide/target" "-e" "CARGO_HOME=/opt/rustwide/cargo-home" "-e" "RUSTUP_HOME=/opt/rustwide/rustup-home" "-w" "/opt/rustwide/workdir" "-m" "1610612736" "--user" "0:0" "--network" "none" "ghcr.io/rust-lang/crates-build-env/linux@sha256:5ff2268d62e97bff2cde7d5815dd6ed5b47097566f13b8d0ca110b04b60e07ed" "/opt/rustwide/cargo-home/bin/cargo" "+1.69.0" "metadata" "--no-deps" "--format-version=1", kill_on_drop: false }`
[INFO] [stdout] 15f51bfa745b4734818cf2c33e2e5d77e769a9d7b60b866b2df8a981e77407a5
[INFO] running `Command { std: "docker" "start" "-a" "15f51bfa745b4734818cf2c33e2e5d77e769a9d7b60b866b2df8a981e77407a5", kill_on_drop: false }`
[INFO] running `Command { std: "docker" "inspect" "15f51bfa745b4734818cf2c33e2e5d77e769a9d7b60b866b2df8a981e77407a5", kill_on_drop: false }`
[INFO] running `Command { std: "docker" "rm" "-f" "15f51bfa745b4734818cf2c33e2e5d77e769a9d7b60b866b2df8a981e77407a5", kill_on_drop: false }`
[INFO] [stdout] 15f51bfa745b4734818cf2c33e2e5d77e769a9d7b60b866b2df8a981e77407a5
[INFO] running `Command { std: "docker" "create" "-v" "/var/lib/crater-agent-workspace/builds/worker-3-tc1/target:/opt/rustwide/target:rw,Z" "-v" "/var/lib/crater-agent-workspace/builds/worker-3-tc1/source:/opt/rustwide/workdir:ro,Z" "-v" "/var/lib/crater-agent-workspace/cargo-home:/opt/rustwide/cargo-home:ro,Z" "-v" "/var/lib/crater-agent-workspace/rustup-home:/opt/rustwide/rustup-home:ro,Z" "-e" "SOURCE_DIR=/opt/rustwide/workdir" "-e" "CARGO_TARGET_DIR=/opt/rustwide/target" "-e" "CARGO_INCREMENTAL=0" "-e" "RUST_BACKTRACE=full" "-e" "RUSTFLAGS=--cap-lints=warn" "-e" "RUSTDOCFLAGS=--cap-lints=warn" "-e" "CARGO_HOME=/opt/rustwide/cargo-home" "-e" "RUSTUP_HOME=/opt/rustwide/rustup-home" "-w" "/opt/rustwide/workdir" "-m" "1610612736" "--user" "0:0" "--network" "none" "ghcr.io/rust-lang/crates-build-env/linux@sha256:5ff2268d62e97bff2cde7d5815dd6ed5b47097566f13b8d0ca110b04b60e07ed" "/opt/rustwide/cargo-home/bin/cargo" "+1.69.0" "build" "--frozen" "--message-format=json", kill_on_drop: false }`
[INFO] [stdout] a2ddc481fa54c7fc668c0a71d97b509e4e71018abca65d29d98166afd23885a8
[INFO] running `Command { std: "docker" "start" "-a" "a2ddc481fa54c7fc668c0a71d97b509e4e71018abca65d29d98166afd23885a8", kill_on_drop: false }`
[INFO] [stderr]    Compiling autocfg v1.0.1
[INFO] [stderr]    Compiling proc-macro2 v1.0.32
[INFO] [stderr]    Compiling unicode-xid v0.2.2
[INFO] [stderr]    Compiling syn v1.0.81
[INFO] [stderr]    Compiling libc v0.2.105
[INFO] [stderr]    Compiling cfg-if v1.0.0
[INFO] [stderr]    Compiling memchr v2.4.1
[INFO] [stderr]    Compiling cc v1.0.71
[INFO] [stderr]    Compiling serde_derive v1.0.130
[INFO] [stderr]    Compiling once_cell v1.8.0
[INFO] [stderr]    Compiling serde v1.0.130
[INFO] [stderr]    Compiling pin-project-lite v0.2.7
[INFO] [stderr]    Compiling log v0.4.14
[INFO] [stderr]    Compiling futures-core v0.3.17
[INFO] [stderr]    Compiling bytes v1.0.1
[INFO] [stderr]    Compiling itoa v0.4.8
[INFO] [stderr]    Compiling proc-macro-hack v0.5.19
[INFO] [stderr]    Compiling futures-task v0.3.17
[INFO] [stderr]    Compiling futures-sink v0.3.17
[INFO] [stderr]    Compiling spin v0.5.2
[INFO] [stderr]    Compiling futures-channel v0.3.17
[INFO] [stderr]    Compiling proc-macro-nested v0.1.7
[INFO] [stderr]    Compiling untrusted v0.7.1
[INFO] [stderr]    Compiling futures-io v0.3.17
[INFO] [stderr]    Compiling pin-utils v0.1.0
[INFO] [stderr]    Compiling slab v0.4.5
[INFO] [stderr]    Compiling futures-macro v0.3.17
[INFO] [stderr]    Compiling futures-util v0.3.17
[INFO] [stderr]    Compiling tokio v1.12.0
[INFO] [stderr]    Compiling indexmap v1.7.0
[INFO] [stderr]    Compiling num-traits v0.2.14
[INFO] [stderr]    Compiling base64 v0.13.0
[INFO] [stderr]    Compiling fnv v1.0.7
[INFO] [stderr]    Compiling num-integer v0.1.44
[INFO] [stderr]    Compiling hashbrown v0.11.2
[INFO] [stderr]    Compiling http v0.2.5
[INFO] [stderr]    Compiling httparse v1.3.6
[INFO] [stderr]    Compiling quote v1.0.10
[INFO] [stderr]    Compiling ryu v1.0.5
[INFO] [stderr]    Compiling lazy_static v1.4.0
[INFO] [stderr]    Compiling matches v0.1.9
[INFO] [stderr]    Compiling tracing-core v0.1.21
[INFO] [stderr]    Compiling tinyvec_macros v0.1.0
[INFO] [stderr]    Compiling signal-hook-registry v1.4.0
[INFO] [stderr]    Compiling mio v0.7.14
[INFO] [stderr]    Compiling percent-encoding v2.1.0
[INFO] [stderr]    Compiling tinyvec v1.5.0
[INFO] [stderr]    Compiling ring v0.16.20
[INFO] [stderr]    Compiling num-bigint v0.2.6
[INFO] [stderr]    Compiling miniz_oxide v0.4.4
[INFO] [stderr]    Compiling httpdate v0.3.2
[INFO] [stderr]    Compiling tracing v0.1.29
[INFO] [stderr]    Compiling serde_json v1.0.68
[INFO] [stderr]    Compiling try-lock v0.2.3
[INFO] [stderr]    Compiling version_check v0.9.3
[INFO] [stderr]    Compiling want v0.3.0
[INFO] [stderr]    Compiling form_urlencoded v1.0.1
[INFO] [stderr]    Compiling backtrace v0.3.62
[INFO] [stderr]    Compiling getrandom v0.2.3
[INFO] [stderr]    Compiling socket2 v0.4.2
[INFO] [stderr]    Compiling time v0.1.44
[INFO] [stderr]    Compiling aho-corasick v0.7.18
[INFO] [stderr]    Compiling tower-service v0.3.1
[INFO] [stderr]    Compiling adler v1.0.2
[INFO] [stderr]    Compiling regex-syntax v0.6.25
[INFO] [stderr]    Compiling doc-comment v0.3.3
[INFO] [stderr]    Compiling encoding_rs v0.8.29
[INFO] [stderr]    Compiling unicase v2.6.0
[INFO] [stderr]    Compiling unicode-normalization v0.1.19
[INFO] [stderr]    Compiling unicode-bidi v0.3.7
[INFO] [stderr]    Compiling gimli v0.25.0
[INFO] [stderr]    Compiling rand_core v0.6.3
[INFO] [stderr]    Compiling object v0.27.1
[INFO] [stderr]    Compiling hyperx v1.3.0
[INFO] [stderr]    Compiling mime v0.3.16
[INFO] [stderr]    Compiling async-trait v0.1.51
[INFO] [stderr]    Compiling rustc-demangle v0.1.21
[INFO] [stderr]    Compiling http-body v0.4.4
[INFO] [stderr]    Compiling ppv-lite86 v0.2.15
[INFO] [stderr]    Compiling ipnet v2.3.1
[INFO] [stderr]    Compiling base64 v0.12.3
[INFO] [stderr]    Compiling language-tags v0.2.2
[INFO] [stderr]    Compiling dtoa v0.4.8
[INFO] [stderr]    Compiling idna v0.2.3
[INFO] [stderr]    Compiling remove_dir_all v0.5.3
[INFO] [stderr]    Compiling arc-swap v1.4.0
[INFO] [stderr]    Compiling regex v1.5.4
[INFO] [stderr]    Compiling hex v0.4.3
[INFO] [stderr]    Compiling rand_chacha v0.3.1
[INFO] [stderr]    Compiling rand v0.8.4
[INFO] [stderr]    Compiling addr2line v0.16.0
[INFO] [stderr]    Compiling webpki v0.21.4
[INFO] [stderr]    Compiling sct v0.6.1
[INFO] [stderr]    Compiling pem v0.8.3
[INFO] [stderr]    Compiling rustls v0.19.1
[INFO] [stderr]    Compiling webpki-roots v0.21.1
[INFO] [stderr]    Compiling tempfile v3.2.0
[INFO] [stderr]    Compiling tokio-macros v1.5.0
[INFO] [stderr]    Compiling pin-project-internal v1.0.8
[INFO] [stderr]    Compiling snafu-derive v0.6.10
[INFO] [stderr]    Compiling snafu v0.6.10
[INFO] [stderr]    Compiling pin-project v1.0.8
[INFO] [stderr]    Compiling tokio-util v0.6.8
[INFO] [stderr]    Compiling tokio-rustls v0.22.0
[INFO] [stderr]    Compiling h2 v0.3.7
[INFO] [stderr]    Compiling futures-executor v0.3.17
[INFO] [stderr]    Compiling futures v0.3.17
[INFO] [stderr]    Compiling serde_test v1.0.130
[INFO] [stderr]    Compiling chrono v0.4.19
[INFO] [stderr]    Compiling url v2.2.2
[INFO] [stderr]    Compiling serde_urlencoded v0.7.0
[INFO] [stderr]    Compiling serde_path_to_error v0.1.5
[INFO] [stderr]    Compiling hyper v0.14.5
[INFO] [stderr]    Compiling linked-hash-map v0.5.4
[INFO] [stderr]    Compiling yaml-rust v0.4.5
[INFO] [stderr]    Compiling simple_asn1 v0.4.1
[INFO] [stderr]    Compiling serde_yaml v0.8.21
[INFO] [stderr]    Compiling jsonwebtoken v7.2.0
[INFO] [stderr]    Compiling hyper-rustls v0.22.1
[INFO] [stderr]    Compiling reqwest v0.11.6
[INFO] [stderr]    Compiling octocrab v0.15.0
[INFO] [stderr]    Compiling gha-runner v0.1.0 (/opt/rustwide/workdir)
[INFO] [stderr]     Finished dev [unoptimized + debuginfo] target(s) in 1m 09s
[INFO] running `Command { std: "docker" "inspect" "a2ddc481fa54c7fc668c0a71d97b509e4e71018abca65d29d98166afd23885a8", kill_on_drop: false }`
[INFO] running `Command { std: "docker" "rm" "-f" "a2ddc481fa54c7fc668c0a71d97b509e4e71018abca65d29d98166afd23885a8", kill_on_drop: false }`
[INFO] [stdout] a2ddc481fa54c7fc668c0a71d97b509e4e71018abca65d29d98166afd23885a8
[INFO] running `Command { std: "docker" "create" "-v" "/var/lib/crater-agent-workspace/builds/worker-3-tc1/target:/opt/rustwide/target:rw,Z" "-v" "/var/lib/crater-agent-workspace/builds/worker-3-tc1/source:/opt/rustwide/workdir:ro,Z" "-v" "/var/lib/crater-agent-workspace/cargo-home:/opt/rustwide/cargo-home:ro,Z" "-v" "/var/lib/crater-agent-workspace/rustup-home:/opt/rustwide/rustup-home:ro,Z" "-e" "SOURCE_DIR=/opt/rustwide/workdir" "-e" "CARGO_TARGET_DIR=/opt/rustwide/target" "-e" "CARGO_INCREMENTAL=0" "-e" "RUST_BACKTRACE=full" "-e" "RUSTFLAGS=--cap-lints=warn" "-e" "RUSTDOCFLAGS=--cap-lints=warn" "-e" "CARGO_HOME=/opt/rustwide/cargo-home" "-e" "RUSTUP_HOME=/opt/rustwide/rustup-home" "-w" "/opt/rustwide/workdir" "-m" "1610612736" "--user" "0:0" "--network" "none" "ghcr.io/rust-lang/crates-build-env/linux@sha256:5ff2268d62e97bff2cde7d5815dd6ed5b47097566f13b8d0ca110b04b60e07ed" "/opt/rustwide/cargo-home/bin/cargo" "+1.69.0" "test" "--frozen" "--no-run" "--message-format=json", kill_on_drop: false }`
[INFO] [stdout] 452dde16acc4e1520053ba0d983c42317ac992962077a52e84bc34138b183649
[INFO] running `Command { std: "docker" "start" "-a" "452dde16acc4e1520053ba0d983c42317ac992962077a52e84bc34138b183649", kill_on_drop: false }`
[INFO] [stderr]    Compiling proc-macro-error-attr v1.0.4
[INFO] [stderr]    Compiling proc-macro-error v1.0.4
[INFO] [stderr]    Compiling atty v0.2.14
[INFO] [stderr]    Compiling unicode-segmentation v1.8.0
[INFO] [stderr]    Compiling unicode-width v0.1.9
[INFO] [stderr]    Compiling bitflags v1.3.2
[INFO] [stderr]    Compiling strsim v0.8.0
[INFO] [stderr]    Compiling vec_map v0.8.2
[INFO] [stderr]    Compiling ansi_term v0.11.0
[INFO] [stderr]    Compiling humantime v2.1.0
[INFO] [stderr]    Compiling termcolor v1.1.2
[INFO] [stderr]    Compiling textwrap v0.11.0
[INFO] [stderr]    Compiling env_logger v0.9.0
[INFO] [stderr]    Compiling heck v0.3.3
[INFO] [stderr]    Compiling clap v2.33.3
[INFO] [stderr]    Compiling structopt-derive v0.4.18
[INFO] [stderr]    Compiling structopt v0.3.25
[INFO] [stderr]    Compiling gha-runner v0.1.0 (/opt/rustwide/workdir)
[INFO] [stderr]     Finished test [unoptimized + debuginfo] target(s) in 18.68s
[INFO] running `Command { std: "docker" "inspect" "452dde16acc4e1520053ba0d983c42317ac992962077a52e84bc34138b183649", kill_on_drop: false }`
[INFO] running `Command { std: "docker" "rm" "-f" "452dde16acc4e1520053ba0d983c42317ac992962077a52e84bc34138b183649", kill_on_drop: false }`
[INFO] [stdout] 452dde16acc4e1520053ba0d983c42317ac992962077a52e84bc34138b183649
[INFO] running `Command { std: "docker" "create" "-v" "/var/lib/crater-agent-workspace/builds/worker-3-tc1/target:/opt/rustwide/target:rw,Z" "-v" "/var/lib/crater-agent-workspace/builds/worker-3-tc1/source:/opt/rustwide/workdir:ro,Z" "-v" "/var/lib/crater-agent-workspace/cargo-home:/opt/rustwide/cargo-home:ro,Z" "-v" "/var/lib/crater-agent-workspace/rustup-home:/opt/rustwide/rustup-home:ro,Z" "-e" "SOURCE_DIR=/opt/rustwide/workdir" "-e" "CARGO_TARGET_DIR=/opt/rustwide/target" "-e" "CARGO_INCREMENTAL=0" "-e" "RUST_BACKTRACE=full" "-e" "RUSTFLAGS=--cap-lints=warn" "-e" "RUSTDOCFLAGS=--cap-lints=warn" "-e" "CARGO_HOME=/opt/rustwide/cargo-home" "-e" "RUSTUP_HOME=/opt/rustwide/rustup-home" "-w" "/opt/rustwide/workdir" "-m" "1610612736" "--user" "0:0" "--network" "none" "ghcr.io/rust-lang/crates-build-env/linux@sha256:5ff2268d62e97bff2cde7d5815dd6ed5b47097566f13b8d0ca110b04b60e07ed" "/opt/rustwide/cargo-home/bin/cargo" "+1.69.0" "test" "--frozen", kill_on_drop: false }`
[INFO] [stdout] f90a85f69f11f060a48df82c85b0a2783fee51889b21a5e64f73a55c5280bc83
[INFO] running `Command { std: "docker" "start" "-a" "f90a85f69f11f060a48df82c85b0a2783fee51889b21a5e64f73a55c5280bc83", kill_on_drop: false }`
[INFO] [stderr]     Finished test [unoptimized + debuginfo] target(s) in 0.17s
[INFO] [stderr]      Running unittests src/lib.rs (/opt/rustwide/target/debug/deps/gha_runner-8ba2017d640cfdff)
[INFO] [stdout] 
[INFO] [stderr]      Running tests/basic.rs (/opt/rustwide/target/debug/deps/basic-bd0c5599168b0d8e)
[INFO] [stdout] running 0 tests
[INFO] [stdout] 
[INFO] [stdout] test result: ok. 0 passed; 0 failed; 0 ignored; 0 measured; 0 filtered out; finished in 0.00s
[INFO] [stdout] 
[INFO] [stdout] 
[INFO] [stdout] running 1 test
[INFO] [stdout] test basic ... FAILED
[INFO] [stdout] 
[INFO] [stdout] failures:
[INFO] [stdout] 
[INFO] [stdout] ---- basic stdout ----
[INFO] [stdout] thread 'basic' panicked at 'called `Result::unwrap()` on an `Err` value: Http { source: reqwest::Error { kind: Request, url: Url { scheme: "https", cannot_be_a_base: false, username: "", password: None, host: Some(Domain("api.github.com")), port: None, path: "/repos/Pernosco/github-actions-test/contents/.github/workflows/build.yml", query: Some("ref=6475d0f048a72996e3bd559cdd3763f53fe3d072"), fragment: None }, source: hyper::Error(Connect, ConnectError("dns error", Custom { kind: Uncategorized, error: "failed to lookup address information: Temporary failure in name resolution" })) }, backtrace: Backtrace(   0: <snafu::backtrace_shim::Backtrace as snafu::GenerateBacktrace>::generate
[INFO] [stdout]              at /opt/rustwide/cargo-home/registry/src/github.com-1ecc6299db9ec823/snafu-0.6.10/src/backtrace_shim.rs:15:19
[INFO] [stdout]       <octocrab::error::Http as snafu::IntoError<octocrab::error::Error>>::into_error
[INFO] [stdout]              at /opt/rustwide/cargo-home/registry/src/github.com-1ecc6299db9ec823/octocrab-0.15.0/src/error.rs:5:10
[INFO] [stdout]    1: <core::result::Result<T,E> as snafu::ResultExt<T,E>>::context::{{closure}}
[INFO] [stdout]              at /opt/rustwide/cargo-home/registry/src/github.com-1ecc6299db9ec823/snafu-0.6.10/src/lib.rs:318:30
[INFO] [stdout]    2: core::result::Result<T,E>::map_err
[INFO] [stdout]              at /rustc/84c898d65adf2f39a5a98507f1fe0ce10a2b8dbc/library/core/src/result.rs:844:27
[INFO] [stdout]    3: <core::result::Result<T,E> as snafu::ResultExt<T,E>>::context
[INFO] [stdout]              at /opt/rustwide/cargo-home/registry/src/github.com-1ecc6299db9ec823/snafu-0.6.10/src/lib.rs:318:9
[INFO] [stdout]    4: octocrab::Octocrab::execute::{{closure}}
[INFO] [stdout]              at /opt/rustwide/cargo-home/registry/src/github.com-1ecc6299db9ec823/octocrab-0.15.0/src/lib.rs:849:20
[INFO] [stdout]    5: octocrab::api::repos::RepoHandler::raw_file::{{closure}}
[INFO] [stdout]              at /opt/rustwide/cargo-home/registry/src/github.com-1ecc6299db9ec823/octocrab-0.15.0/src/api/repos.rs:375:35
[INFO] [stdout]    6: gha_runner::local_docker_backend::get_workflow::{{closure}}
[INFO] [stdout]              at src/local_docker_backend.rs:229:13
[INFO] [stdout]    7: gha_runner::local_docker_backend::run_workflow_with_local_backend::{{closure}}
[INFO] [stdout]              at src/local_docker_backend.rs:297:58
[INFO] [stdout]    8: basic::basic::{{closure}}
[INFO] [stdout]              at tests/basic.rs:33:9
[INFO] [stdout]    9: <core::pin::Pin<P> as core::future::future::Future>::poll
[INFO] [stdout]              at /rustc/84c898d65adf2f39a5a98507f1fe0ce10a2b8dbc/library/core/src/future/future.rs:125:9
[INFO] [stdout]   10: tokio::runtime::basic_scheduler::Inner<P>::block_on::{{closure}}::{{closure}}
[INFO] [stdout]              at /opt/rustwide/cargo-home/registry/src/github.com-1ecc6299db9ec823/tokio-1.12.0/src/runtime/basic_scheduler.rs:230:62
[INFO] [stdout]   11: tokio::coop::with_budget::{{closure}}
[INFO] [stdout]              at /opt/rustwide/cargo-home/registry/src/github.com-1ecc6299db9ec823/tokio-1.12.0/src/coop.rs:106:9
[INFO] [stdout]   12: std::thread::local::LocalKey<T>::try_with
[INFO] [stdout]              at /rustc/84c898d65adf2f39a5a98507f1fe0ce10a2b8dbc/library/std/src/thread/local.rs:446:16
[INFO] [stdout]   13: std::thread::local::LocalKey<T>::with
[INFO] [stdout]              at /rustc/84c898d65adf2f39a5a98507f1fe0ce10a2b8dbc/library/std/src/thread/local.rs:422:9
[INFO] [stdout]   14: tokio::coop::with_budget
[INFO] [stdout]              at /opt/rustwide/cargo-home/registry/src/github.com-1ecc6299db9ec823/tokio-1.12.0/src/coop.rs:99:5
[INFO] [stdout]       tokio::coop::budget
[INFO] [stdout]              at /opt/rustwide/cargo-home/registry/src/github.com-1ecc6299db9ec823/tokio-1.12.0/src/coop.rs:76:5
[INFO] [stdout]       tokio::runtime::basic_scheduler::Inner<P>::block_on::{{closure}}
[INFO] [stdout]              at /opt/rustwide/cargo-home/registry/src/github.com-1ecc6299db9ec823/tokio-1.12.0/src/runtime/basic_scheduler.rs:230:39
[INFO] [stdout]   15: tokio::runtime::basic_scheduler::enter::{{closure}}
[INFO] [stdout]              at /opt/rustwide/cargo-home/registry/src/github.com-1ecc6299db9ec823/tokio-1.12.0/src/runtime/basic_scheduler.rs:339:29
[INFO] [stdout]   16: tokio::macros::scoped_tls::ScopedKey<T>::set
[INFO] [stdout]              at /opt/rustwide/cargo-home/registry/src/github.com-1ecc6299db9ec823/tokio-1.12.0/src/macros/scoped_tls.rs:61:9
[INFO] [stdout]   17: tokio::runtime::basic_scheduler::enter
[INFO] [stdout]              at /opt/rustwide/cargo-home/registry/src/github.com-1ecc6299db9ec823/tokio-1.12.0/src/runtime/basic_scheduler.rs:339:5
[INFO] [stdout]   18: tokio::runtime::basic_scheduler::Inner<P>::block_on
[INFO] [stdout]              at /opt/rustwide/cargo-home/registry/src/github.com-1ecc6299db9ec823/tokio-1.12.0/src/runtime/basic_scheduler.rs:218:9
[INFO] [stdout]   19: tokio::runtime::basic_scheduler::InnerGuard<P>::block_on
[INFO] [stdout]              at /opt/rustwide/cargo-home/registry/src/github.com-1ecc6299db9ec823/tokio-1.12.0/src/runtime/basic_scheduler.rs:489:9
[INFO] [stdout]   20: tokio::runtime::basic_scheduler::BasicScheduler<P>::block_on
[INFO] [stdout]              at /opt/rustwide/cargo-home/registry/src/github.com-1ecc6299db9ec823/tokio-1.12.0/src/runtime/basic_scheduler.rs:178:24
[INFO] [stdout]   21: tokio::runtime::Runtime::block_on
[INFO] [stdout]              at /opt/rustwide/cargo-home/registry/src/github.com-1ecc6299db9ec823/tokio-1.12.0/src/runtime/mod.rs:461:46
[INFO] [stdout]   22: basic::basic
[INFO] [stdout]              at tests/basic.rs:23:5
[INFO] [stdout]   23: basic::basic::{{closure}}
[INFO] [stdout]              at tests/basic.rs:9:12
[INFO] [stdout]   24: core::ops::function::FnOnce::call_once
[INFO] [stdout]              at /rustc/84c898d65adf2f39a5a98507f1fe0ce10a2b8dbc/library/core/src/ops/function.rs:250:5
[INFO] [stdout]   25: core::ops::function::FnOnce::call_once
[INFO] [stdout]              at /rustc/84c898d65adf2f39a5a98507f1fe0ce10a2b8dbc/library/core/src/ops/function.rs:250:5
[INFO] [stdout]       test::__rust_begin_short_backtrace
[INFO] [stdout]              at /rustc/84c898d65adf2f39a5a98507f1fe0ce10a2b8dbc/library/test/src/lib.rs:656:18
[INFO] [stdout]   26: test::run_test::{{closure}}
[INFO] [stdout]              at /rustc/84c898d65adf2f39a5a98507f1fe0ce10a2b8dbc/library/test/src/lib.rs:647:30
[INFO] [stdout]       core::ops::function::FnOnce::call_once{{vtable.shim}}
[INFO] [stdout]              at /rustc/84c898d65adf2f39a5a98507f1fe0ce10a2b8dbc/library/core/src/ops/function.rs:250:5
[INFO] [stdout]   27: <alloc::boxed::Box<F,A> as core::ops::function::FnOnce<Args>>::call_once
[INFO] [stdout]              at /rustc/84c898d65adf2f39a5a98507f1fe0ce10a2b8dbc/library/alloc/src/boxed.rs:1987:9
[INFO] [stdout]       <core::panic::unwind_safe::AssertUnwindSafe<F> as core::ops::function::FnOnce<()>>::call_once
[INFO] [stdout]              at /rustc/84c898d65adf2f39a5a98507f1fe0ce10a2b8dbc/library/core/src/panic/unwind_safe.rs:271:9
[INFO] [stdout]       std::panicking::try::do_call
[INFO] [stdout]              at /rustc/84c898d65adf2f39a5a98507f1fe0ce10a2b8dbc/library/std/src/panicking.rs:487:40
[INFO] [stdout]       std::panicking::try
[INFO] [stdout]              at /rustc/84c898d65adf2f39a5a98507f1fe0ce10a2b8dbc/library/std/src/panicking.rs:451:19
[INFO] [stdout]       std::panic::catch_unwind
[INFO] [stdout]              at /rustc/84c898d65adf2f39a5a98507f1fe0ce10a2b8dbc/library/std/src/panic.rs:140:14
[INFO] [stdout]       test::run_test_in_process
[INFO] [stdout]              at /rustc/84c898d65adf2f39a5a98507f1fe0ce10a2b8dbc/library/test/src/lib.rs:679:27
[INFO] [stdout]       test::run_test::run_test_inner::{{closure}}
[INFO] [stdout]              at /rustc/84c898d65adf2f39a5a98507f1fe0ce10a2b8dbc/library/test/src/lib.rs:573:39
[INFO] [stdout]   28: test::run_test::run_test_inner::{{closure}}
[INFO] [stdout]              at /rustc/84c898d65adf2f39a5a98507f1fe0ce10a2b8dbc/library/test/src/lib.rs:600:37
[INFO] [stdout]       std::sys_common::backtrace::__rust_begin_short_backtrace
[INFO] [stdout]              at /rustc/84c898d65adf2f39a5a98507f1fe0ce10a2b8dbc/library/std/src/sys_common/backtrace.rs:134:18
[INFO] [stdout]   29: std::thread::Builder::spawn_unchecked_::{{closure}}::{{closure}}
[INFO] [stdout]              at /rustc/84c898d65adf2f39a5a98507f1fe0ce10a2b8dbc/library/std/src/thread/mod.rs:560:17
[INFO] [stdout]       <core::panic::unwind_safe::AssertUnwindSafe<F> as core::ops::function::FnOnce<()>>::call_once
[INFO] [stdout]              at /rustc/84c898d65adf2f39a5a98507f1fe0ce10a2b8dbc/library/core/src/panic/unwind_safe.rs:271:9
[INFO] [stdout]       std::panicking::try::do_call
[INFO] [stdout]              at /rustc/84c898d65adf2f39a5a98507f1fe0ce10a2b8dbc/library/std/src/panicking.rs:487:40
[INFO] [stdout]       std::panicking::try
[INFO] [stdout]              at /rustc/84c898d65adf2f39a5a98507f1fe0ce10a2b8dbc/library/std/src/panicking.rs:451:19
[INFO] [stdout]       std::panic::catch_unwind
[INFO] [stdout]              at /rustc/84c898d65adf2f39a5a98507f1fe0ce10a2b8dbc/library/std/src/panic.rs:140:14
[INFO] [stdout]       std::thread::Builder::spawn_unchecked_::{{closure}}
[INFO] [stdout]              at /rustc/84c898d65adf2f39a5a98507f1fe0ce10a2b8dbc/library/std/src/thread/mod.rs:559:30
[INFO] [stdout]       core::ops::function::FnOnce::call_once{{vtable.shim}}
[INFO] [stdout]              at /rustc/84c898d65adf2f39a5a98507f1fe0ce10a2b8dbc/library/core/src/ops/function.rs:250:5
[INFO] [stdout]   30: <alloc::boxed::Box<F,A> as core::ops::function::FnOnce<Args>>::call_once
[INFO] [stdout]              at /rustc/84c898d65adf2f39a5a98507f1fe0ce10a2b8dbc/library/alloc/src/boxed.rs:1987:9
[INFO] [stdout]       <alloc::boxed::Box<F,A> as core::ops::function::FnOnce<Args>>::call_once
[INFO] [stdout]              at /rustc/84c898d65adf2f39a5a98507f1fe0ce10a2b8dbc/library/alloc/src/boxed.rs:1987:9
[INFO] [stdout]       std::sys::unix::thread::Thread::new::thread_start
[INFO] [stdout]              at /rustc/84c898d65adf2f39a5a98507f1fe0ce10a2b8dbc/library/std/src/sys/unix/thread.rs:108:17
[INFO] [stdout]   31: <unknown>
[INFO] [stdout]   32: __clone
[INFO] [stdout] ) }', /opt/rustwide/workdir/src/local_docker_backend.rs:230:14
[INFO] [stdout] stack backtrace:
[INFO] [stdout]    0:     0x55b51ac95cda - std::backtrace_rs::backtrace::libunwind::trace::ha9053a9a07ca49cb
[INFO] [stdout]                                at /rustc/84c898d65adf2f39a5a98507f1fe0ce10a2b8dbc/library/std/src/../../backtrace/src/backtrace/libunwind.rs:93:5
[INFO] [stdout]    1:     0x55b51ac95cda - std::backtrace_rs::backtrace::trace_unsynchronized::h9c2852a457ad564e
[INFO] [stdout]                                at /rustc/84c898d65adf2f39a5a98507f1fe0ce10a2b8dbc/library/std/src/../../backtrace/src/backtrace/mod.rs:66:5
[INFO] [stdout]    2:     0x55b51ac95cda - std::sys_common::backtrace::_print_fmt::h457936fbfaa0070f
[INFO] [stdout]                                at /rustc/84c898d65adf2f39a5a98507f1fe0ce10a2b8dbc/library/std/src/sys_common/backtrace.rs:65:5
[INFO] [stdout]    3:     0x55b51ac95cda - <std::sys_common::backtrace::_print::DisplayBacktrace as core::fmt::Display>::fmt::h5779d7bf7f70cb0c
[INFO] [stdout]                                at /rustc/84c898d65adf2f39a5a98507f1fe0ce10a2b8dbc/library/std/src/sys_common/backtrace.rs:44:22
[INFO] [stdout]    4:     0x55b51acbfa5e - core::fmt::write::h5a4baaff1bcd3eb5
[INFO] [stdout]                                at /rustc/84c898d65adf2f39a5a98507f1fe0ce10a2b8dbc/library/core/src/fmt/mod.rs:1232:17
[INFO] [stdout]    5:     0x55b51ac92125 - std::io::Write::write_fmt::h478f79c628ef31d1
[INFO] [stdout]                                at /rustc/84c898d65adf2f39a5a98507f1fe0ce10a2b8dbc/library/std/src/io/mod.rs:1684:15
[INFO] [stdout]    6:     0x55b51ac95aa5 - std::sys_common::backtrace::_print::h5fcdc36060f177e8
[INFO] [stdout]                                at /rustc/84c898d65adf2f39a5a98507f1fe0ce10a2b8dbc/library/std/src/sys_common/backtrace.rs:47:5
[INFO] [stdout]    7:     0x55b51ac95aa5 - std::sys_common::backtrace::print::h54ca9458b876c8bf
[INFO] [stdout]                                at /rustc/84c898d65adf2f39a5a98507f1fe0ce10a2b8dbc/library/std/src/sys_common/backtrace.rs:34:9
[INFO] [stdout]    8:     0x55b51ac978ef - std::panicking::default_hook::{{closure}}::hbe471161c7664ed6
[INFO] [stdout]                                at /rustc/84c898d65adf2f39a5a98507f1fe0ce10a2b8dbc/library/std/src/panicking.rs:271:22
[INFO] [stdout]    9:     0x55b51ac975af - std::panicking::default_hook::ha3500da57aa4ac4f
[INFO] [stdout]                                at /rustc/84c898d65adf2f39a5a98507f1fe0ce10a2b8dbc/library/std/src/panicking.rs:287:9
[INFO] [stdout]   10:     0x55b51a3f2477 - <alloc::boxed::Box<F,A> as core::ops::function::Fn<Args>>::call::hdf1b89dd137ece34
[INFO] [stdout]                                at /rustc/84c898d65adf2f39a5a98507f1fe0ce10a2b8dbc/library/alloc/src/boxed.rs:2001:9
[INFO] [stdout]   11:     0x55b51a3f2477 - test::test_main::{{closure}}::h9081a79f20e75698
[INFO] [stdout]                                at /rustc/84c898d65adf2f39a5a98507f1fe0ce10a2b8dbc/library/test/src/lib.rs:135:21
[INFO] [stdout]   12:     0x55b51ac9801d - <alloc::boxed::Box<F,A> as core::ops::function::Fn<Args>>::call::h6507bddc3eebb4a5
[INFO] [stdout]                                at /rustc/84c898d65adf2f39a5a98507f1fe0ce10a2b8dbc/library/alloc/src/boxed.rs:2001:9
[INFO] [stdout]   13:     0x55b51ac9801d - std::panicking::rust_panic_with_hook::h50c09d000dc561d2
[INFO] [stdout]                                at /rustc/84c898d65adf2f39a5a98507f1fe0ce10a2b8dbc/library/std/src/panicking.rs:696:13
[INFO] [stdout]   14:     0x55b51ac97d99 - std::panicking::begin_panic_handler::{{closure}}::h9e2b2176e00e0d9c
[INFO] [stdout]                                at /rustc/84c898d65adf2f39a5a98507f1fe0ce10a2b8dbc/library/std/src/panicking.rs:583:13
[INFO] [stdout]   15:     0x55b51ac96146 - std::sys_common::backtrace::__rust_end_short_backtrace::h5739b8e512c09d02
[INFO] [stdout]                                at /rustc/84c898d65adf2f39a5a98507f1fe0ce10a2b8dbc/library/std/src/sys_common/backtrace.rs:150:18
[INFO] [stdout]   16:     0x55b51ac97aa2 - rust_begin_unwind
[INFO] [stdout]                                at /rustc/84c898d65adf2f39a5a98507f1fe0ce10a2b8dbc/library/std/src/panicking.rs:579:5
[INFO] [stdout]   17:     0x55b51a2fb7b3 - core::panicking::panic_fmt::hf33a1475b4dc5c3e
[INFO] [stdout]                                at /rustc/84c898d65adf2f39a5a98507f1fe0ce10a2b8dbc/library/core/src/panicking.rs:64:14
[INFO] [stdout]   18:     0x55b51a2fbc63 - core::result::unwrap_failed::hdff5465d74574b44
[INFO] [stdout]                                at /rustc/84c898d65adf2f39a5a98507f1fe0ce10a2b8dbc/library/core/src/result.rs:1750:5
[INFO] [stdout]   19:     0x55b51a35e741 - core::result::Result<T,E>::unwrap::hb055e3cecdfcd338
[INFO] [stdout]                                at /rustc/84c898d65adf2f39a5a98507f1fe0ce10a2b8dbc/library/core/src/result.rs:1090:23
[INFO] [stdout]   20:     0x55b51a3550a0 - gha_runner::local_docker_backend::get_workflow::{{closure}}::h614e2f3c02580481
[INFO] [stdout]                                at /opt/rustwide/workdir/src/local_docker_backend.rs:226:24
[INFO] [stdout]   21:     0x55b51a355a68 - gha_runner::local_docker_backend::run_workflow_with_local_backend::{{closure}}::hcd5c5d1818e16d5c
[INFO] [stdout]                                at /opt/rustwide/workdir/src/local_docker_backend.rs:297:58
[INFO] [stdout]   22:     0x55b51a397f84 - basic::basic::{{closure}}::h2ca45fa0f22762f8
[INFO] [stdout]                                at /opt/rustwide/workdir/tests/basic.rs:33:9
[INFO] [stdout]   23:     0x55b51a35060b - <core::pin::Pin<P> as core::future::future::Future>::poll::heac64feea1f5222e
[INFO] [stdout]                                at /rustc/84c898d65adf2f39a5a98507f1fe0ce10a2b8dbc/library/core/src/future/future.rs:125:9
[INFO] [stdout]   24:     0x55b51a34f564 - tokio::runtime::basic_scheduler::Inner<P>::block_on::{{closure}}::{{closure}}::h3e8d395fb7029855
[INFO] [stdout]                                at /opt/rustwide/cargo-home/registry/src/github.com-1ecc6299db9ec823/tokio-1.12.0/src/runtime/basic_scheduler.rs:230:62
[INFO] [stdout]   25:     0x55b51a342c60 - tokio::coop::with_budget::{{closure}}::h5f174ef6680419a6
[INFO] [stdout]                                at /opt/rustwide/cargo-home/registry/src/github.com-1ecc6299db9ec823/tokio-1.12.0/src/coop.rs:106:9
[INFO] [stdout]   26:     0x55b51a352c74 - std::thread::local::LocalKey<T>::try_with::h5d393f35fb5de66f
[INFO] [stdout]                                at /rustc/84c898d65adf2f39a5a98507f1fe0ce10a2b8dbc/library/std/src/thread/local.rs:446:16
[INFO] [stdout]   27:     0x55b51a35292a - std::thread::local::LocalKey<T>::with::h5e97cf8f0a2f40ce
[INFO] [stdout]                                at /rustc/84c898d65adf2f39a5a98507f1fe0ce10a2b8dbc/library/std/src/thread/local.rs:422:9
[INFO] [stdout]   28:     0x55b51a34ed2b - tokio::coop::with_budget::h0c5a07d6b468d91a
[INFO] [stdout]                                at /opt/rustwide/cargo-home/registry/src/github.com-1ecc6299db9ec823/tokio-1.12.0/src/coop.rs:99:5
[INFO] [stdout]   29:     0x55b51a34ed2b - tokio::coop::budget::hd5c0f022662a6105
[INFO] [stdout]                                at /opt/rustwide/cargo-home/registry/src/github.com-1ecc6299db9ec823/tokio-1.12.0/src/coop.rs:76:5
[INFO] [stdout]   30:     0x55b51a34ed2b - tokio::runtime::basic_scheduler::Inner<P>::block_on::{{closure}}::h90c1b9950813ec7c
[INFO] [stdout]                                at /opt/rustwide/cargo-home/registry/src/github.com-1ecc6299db9ec823/tokio-1.12.0/src/runtime/basic_scheduler.rs:230:39
[INFO] [stdout]   31:     0x55b51a3500d1 - tokio::runtime::basic_scheduler::enter::{{closure}}::hb08472bfbb903e4d
[INFO] [stdout]                                at /opt/rustwide/cargo-home/registry/src/github.com-1ecc6299db9ec823/tokio-1.12.0/src/runtime/basic_scheduler.rs:339:29
[INFO] [stdout]   32:     0x55b51a3481f7 - tokio::macros::scoped_tls::ScopedKey<T>::set::heb3988f37ab425da
[INFO] [stdout]                                at /opt/rustwide/cargo-home/registry/src/github.com-1ecc6299db9ec823/tokio-1.12.0/src/macros/scoped_tls.rs:61:9
[INFO] [stdout]   33:     0x55b51a35004d - tokio::runtime::basic_scheduler::enter::ha1a3be0403574928
[INFO] [stdout]                                at /opt/rustwide/cargo-home/registry/src/github.com-1ecc6299db9ec823/tokio-1.12.0/src/runtime/basic_scheduler.rs:339:5
[INFO] [stdout]   34:     0x55b51a34e99b - tokio::runtime::basic_scheduler::Inner<P>::block_on::h0e8e74ebf4287eed
[INFO] [stdout]                                at /opt/rustwide/cargo-home/registry/src/github.com-1ecc6299db9ec823/tokio-1.12.0/src/runtime/basic_scheduler.rs:218:9
[INFO] [stdout]   35:     0x55b51a34f6c2 - tokio::runtime::basic_scheduler::InnerGuard<P>::block_on::h2a8f9d04f5949c4f
[INFO] [stdout]                                at /opt/rustwide/cargo-home/registry/src/github.com-1ecc6299db9ec823/tokio-1.12.0/src/runtime/basic_scheduler.rs:489:9
[INFO] [stdout]   36:     0x55b51a34f9c9 - tokio::runtime::basic_scheduler::BasicScheduler<P>::block_on::hc0e94c7269919218
[INFO] [stdout]                                at /opt/rustwide/cargo-home/registry/src/github.com-1ecc6299db9ec823/tokio-1.12.0/src/runtime/basic_scheduler.rs:178:24
[INFO] [stdout]   37:     0x55b51a342f86 - tokio::runtime::Runtime::block_on::hce2966bbfbcc9e7e
[INFO] [stdout]                                at /opt/rustwide/cargo-home/registry/src/github.com-1ecc6299db9ec823/tokio-1.12.0/src/runtime/mod.rs:461:46
[INFO] [stdout]   38:     0x55b51a397d23 - basic::basic::hfc9ca9222588016f
[INFO] [stdout]                                at /opt/rustwide/workdir/tests/basic.rs:23:5
[INFO] [stdout]   39:     0x55b51a397b07 - basic::basic::{{closure}}::hbd53ab4e8c92f95c
[INFO] [stdout]                                at /opt/rustwide/workdir/tests/basic.rs:9:12
[INFO] [stdout]   40:     0x55b51a3866a5 - core::ops::function::FnOnce::call_once::h6b077f6767afc7f5
[INFO] [stdout]                                at /rustc/84c898d65adf2f39a5a98507f1fe0ce10a2b8dbc/library/core/src/ops/function.rs:250:5
[INFO] [stdout]   41:     0x55b51a3f785f - core::ops::function::FnOnce::call_once::h7d969581be7d0075
[INFO] [stdout]                                at /rustc/84c898d65adf2f39a5a98507f1fe0ce10a2b8dbc/library/core/src/ops/function.rs:250:5
[INFO] [stdout]   42:     0x55b51a3f785f - test::__rust_begin_short_backtrace::hca25a52684e56655
[INFO] [stdout]                                at /rustc/84c898d65adf2f39a5a98507f1fe0ce10a2b8dbc/library/test/src/lib.rs:656:18
[INFO] [stdout]   43:     0x55b51a3c8e7c - test::run_test::{{closure}}::ha8ac744c4af1a4bb
[INFO] [stdout]                                at /rustc/84c898d65adf2f39a5a98507f1fe0ce10a2b8dbc/library/test/src/lib.rs:647:30
[INFO] [stdout]   44:     0x55b51a3c8e7c - core::ops::function::FnOnce::call_once{{vtable.shim}}::h7b411a9ed45bdecf
[INFO] [stdout]                                at /rustc/84c898d65adf2f39a5a98507f1fe0ce10a2b8dbc/library/core/src/ops/function.rs:250:5
[INFO] [stdout]   45:     0x55b51a3f6826 - <alloc::boxed::Box<F,A> as core::ops::function::FnOnce<Args>>::call_once::hd05328869a8ed200
[INFO] [stdout]                                at /rustc/84c898d65adf2f39a5a98507f1fe0ce10a2b8dbc/library/alloc/src/boxed.rs:1987:9
[INFO] [stdout]   46:     0x55b51a3f6826 - <core::panic::unwind_safe::AssertUnwindSafe<F> as core::ops::function::FnOnce<()>>::call_once::h0c601ce20bd5b2be
[INFO] [stdout]                                at /rustc/84c898d65adf2f39a5a98507f1fe0ce10a2b8dbc/library/core/src/panic/unwind_safe.rs:271:9
[INFO] [stdout]   47:     0x55b51a3f6826 - std::panicking::try::do_call::ha4be5c164fe30854
[INFO] [stdout]                                at /rustc/84c898d65adf2f39a5a98507f1fe0ce10a2b8dbc/library/std/src/panicking.rs:487:40
[INFO] [stdout]   48:     0x55b51a3f6826 - std::panicking::try::h604546f3609af05f
[INFO] [stdout]                                at /rustc/84c898d65adf2f39a5a98507f1fe0ce10a2b8dbc/library/std/src/panicking.rs:451:19
[INFO] [stdout]   49:     0x55b51a3f6826 - std::panic::catch_unwind::h5bfa8afe44c9c2f9
[INFO] [stdout]                                at /rustc/84c898d65adf2f39a5a98507f1fe0ce10a2b8dbc/library/std/src/panic.rs:140:14
[INFO] [stdout]   50:     0x55b51a3f6826 - test::run_test_in_process::hd50dee55dd63e6aa
[INFO] [stdout]                                at /rustc/84c898d65adf2f39a5a98507f1fe0ce10a2b8dbc/library/test/src/lib.rs:679:27
[INFO] [stdout]   51:     0x55b51a3f6826 - test::run_test::run_test_inner::{{closure}}::h4aa0f433aa85cea8
[INFO] [stdout]                                at /rustc/84c898d65adf2f39a5a98507f1fe0ce10a2b8dbc/library/test/src/lib.rs:573:39
[INFO] [stdout]   52:     0x55b51a3c34f1 - test::run_test::run_test_inner::{{closure}}::had56431adf24b4d6
[INFO] [stdout]                                at /rustc/84c898d65adf2f39a5a98507f1fe0ce10a2b8dbc/library/test/src/lib.rs:600:37
[INFO] [stdout]   53:     0x55b51a3c34f1 - std::sys_common::backtrace::__rust_begin_short_backtrace::ha8d9890e0c73bf13
[INFO] [stdout]                                at /rustc/84c898d65adf2f39a5a98507f1fe0ce10a2b8dbc/library/std/src/sys_common/backtrace.rs:134:18
[INFO] [stdout]   54:     0x55b51a3c8f0b - std::thread::Builder::spawn_unchecked_::{{closure}}::{{closure}}::h251832bcb4a95327
[INFO] [stdout]                                at /rustc/84c898d65adf2f39a5a98507f1fe0ce10a2b8dbc/library/std/src/thread/mod.rs:560:17
[INFO] [stdout]   55:     0x55b51a3c8f0b - <core::panic::unwind_safe::AssertUnwindSafe<F> as core::ops::function::FnOnce<()>>::call_once::h8fdff598fa414831
[INFO] [stdout]                                at /rustc/84c898d65adf2f39a5a98507f1fe0ce10a2b8dbc/library/core/src/panic/unwind_safe.rs:271:9
[INFO] [stdout]   56:     0x55b51a3c8f0b - std::panicking::try::do_call::h455dd2f7764a950f
[INFO] [stdout]                                at /rustc/84c898d65adf2f39a5a98507f1fe0ce10a2b8dbc/library/std/src/panicking.rs:487:40
[INFO] [stdout]   57:     0x55b51a3c8f0b - std::panicking::try::had6f23b7b73ae72a
[INFO] [stdout]                                at /rustc/84c898d65adf2f39a5a98507f1fe0ce10a2b8dbc/library/std/src/panicking.rs:451:19
[INFO] [stdout]   58:     0x55b51a3c8f0b - std::panic::catch_unwind::ha6a5ca3915b4dad0
[INFO] [stdout]                                at /rustc/84c898d65adf2f39a5a98507f1fe0ce10a2b8dbc/library/std/src/panic.rs:140:14
[INFO] [stdout]   59:     0x55b51a3c8f0b - std::thread::Builder::spawn_unchecked_::{{closure}}::h883b72ef75da6231
[INFO] [stdout]                                at /rustc/84c898d65adf2f39a5a98507f1fe0ce10a2b8dbc/library/std/src/thread/mod.rs:559:30
[INFO] [stdout]   60:     0x55b51a3c8f0b - core::ops::function::FnOnce::call_once{{vtable.shim}}::hb7dff73dc8bd2ccb
[INFO] [stdout]                                at /rustc/84c898d65adf2f39a5a98507f1fe0ce10a2b8dbc/library/core/src/ops/function.rs:250:5
[INFO] [stdout]   61:     0x55b51ac9d613 - <alloc::boxed::Box<F,A> as core::ops::function::FnOnce<Args>>::call_once::h39990b24eedef2ab
[INFO] [stdout]                                at /rustc/84c898d65adf2f39a5a98507f1fe0ce10a2b8dbc/library/alloc/src/boxed.rs:1987:9
[INFO] [stdout]   62:     0x55b51ac9d613 - <alloc::boxed::Box<F,A> as core::ops::function::FnOnce<Args>>::call_once::h01a027258444143b
[INFO] [stdout]                                at /rustc/84c898d65adf2f39a5a98507f1fe0ce10a2b8dbc/library/alloc/src/boxed.rs:1987:9
[INFO] [stdout]   63:     0x55b51ac9d613 - std::sys::unix::thread::Thread::new::thread_start::ha4f1cdd9c25884ba
[INFO] [stdout]                                at /rustc/84c898d65adf2f39a5a98507f1fe0ce10a2b8dbc/library/std/src/sys/unix/thread.rs:108:17
[INFO] [stdout]   64:     0x7f9eb332ab43 - <unknown>
[INFO] [stdout]   65:     0x7f9eb33bbbb4 - __clone
[INFO] [stdout]   66:                0x0 - <unknown>
[INFO] [stdout] 
[INFO] [stdout] 
[INFO] [stdout] failures:
[INFO] [stdout]     basic
[INFO] [stdout] 
[INFO] [stdout] test result: FAILED. 0 passed; 1 failed; 0 ignored; 0 measured; 0 filtered out; finished in 0.70s
[INFO] [stdout] 
[INFO] [stderr] error: test failed, to rerun pass `--test basic`
[INFO] running `Command { std: "docker" "inspect" "f90a85f69f11f060a48df82c85b0a2783fee51889b21a5e64f73a55c5280bc83", kill_on_drop: false }`
[INFO] running `Command { std: "docker" "rm" "-f" "f90a85f69f11f060a48df82c85b0a2783fee51889b21a5e64f73a55c5280bc83", kill_on_drop: false }`
[INFO] [stdout] f90a85f69f11f060a48df82c85b0a2783fee51889b21a5e64f73a55c5280bc83
