[INFO] fetching crate geoms 0.0.1...
[INFO] testing geoms-0.0.1 against beta-2023-04-20 for beta-1.70-1
[INFO] extracting crate geoms 0.0.1 into /workspace/builds/worker-7-tc2/source
[INFO] validating manifest of crates.io crate geoms 0.0.1 on toolchain beta-2023-04-20
[INFO] running `Command { std: CARGO_HOME="/workspace/cargo-home" RUSTUP_HOME="/workspace/rustup-home" "/workspace/cargo-home/bin/cargo" "+beta-2023-04-20" "metadata" "--manifest-path" "Cargo.toml" "--no-deps", kill_on_drop: false }`
[INFO] started tweaking crates.io crate geoms 0.0.1
[INFO] finished tweaking crates.io crate geoms 0.0.1
[INFO] tweaked toml for crates.io crate geoms 0.0.1 written to /workspace/builds/worker-7-tc2/source/Cargo.toml
[INFO] running `Command { std: CARGO_HOME="/workspace/cargo-home" RUSTUP_HOME="/workspace/rustup-home" __CARGO_TEST_CHANNEL_OVERRIDE_DO_NOT_USE_THIS="nightly" "/workspace/cargo-home/bin/cargo" "+beta-2023-04-20" "generate-lockfile" "--manifest-path" "Cargo.toml" "-Zno-index-update", kill_on_drop: false }`
[INFO] running `Command { std: CARGO_HOME="/workspace/cargo-home" RUSTUP_HOME="/workspace/rustup-home" "/workspace/cargo-home/bin/cargo" "+beta-2023-04-20" "fetch" "--manifest-path" "Cargo.toml", kill_on_drop: false }`
[INFO] [stderr]  Downloading crates ...
[INFO] [stderr]   Downloaded windows v0.42.0
[INFO] running `Command { std: "docker" "create" "-v" "/var/lib/crater-agent-workspace/builds/worker-7-tc2/target:/opt/rustwide/target:rw,Z" "-v" "/var/lib/crater-agent-workspace/builds/worker-7-tc2/source:/opt/rustwide/workdir:ro,Z" "-v" "/var/lib/crater-agent-workspace/cargo-home:/opt/rustwide/cargo-home:ro,Z" "-v" "/var/lib/crater-agent-workspace/rustup-home:/opt/rustwide/rustup-home:ro,Z" "-e" "SOURCE_DIR=/opt/rustwide/workdir" "-e" "CARGO_TARGET_DIR=/opt/rustwide/target" "-e" "CARGO_HOME=/opt/rustwide/cargo-home" "-e" "RUSTUP_HOME=/opt/rustwide/rustup-home" "-w" "/opt/rustwide/workdir" "-m" "1610612736" "--user" "0:0" "--network" "none" "ghcr.io/rust-lang/crates-build-env/linux@sha256:5ff2268d62e97bff2cde7d5815dd6ed5b47097566f13b8d0ca110b04b60e07ed" "/opt/rustwide/cargo-home/bin/cargo" "+beta-2023-04-20" "metadata" "--no-deps" "--format-version=1", kill_on_drop: false }`
[INFO] [stdout] 02f331f85842871335531fc3a95c33e79d5564ff8d46eb12443889fa0105df3c
[INFO] running `Command { std: "docker" "start" "-a" "02f331f85842871335531fc3a95c33e79d5564ff8d46eb12443889fa0105df3c", kill_on_drop: false }`
[INFO] running `Command { std: "docker" "inspect" "02f331f85842871335531fc3a95c33e79d5564ff8d46eb12443889fa0105df3c", kill_on_drop: false }`
[INFO] running `Command { std: "docker" "rm" "-f" "02f331f85842871335531fc3a95c33e79d5564ff8d46eb12443889fa0105df3c", kill_on_drop: false }`
[INFO] [stdout] 02f331f85842871335531fc3a95c33e79d5564ff8d46eb12443889fa0105df3c
[INFO] running `Command { std: "docker" "create" "-v" "/var/lib/crater-agent-workspace/builds/worker-7-tc2/target:/opt/rustwide/target:rw,Z" "-v" "/var/lib/crater-agent-workspace/builds/worker-7-tc2/source:/opt/rustwide/workdir:ro,Z" "-v" "/var/lib/crater-agent-workspace/cargo-home:/opt/rustwide/cargo-home:ro,Z" "-v" "/var/lib/crater-agent-workspace/rustup-home:/opt/rustwide/rustup-home:ro,Z" "-e" "SOURCE_DIR=/opt/rustwide/workdir" "-e" "CARGO_TARGET_DIR=/opt/rustwide/target" "-e" "CARGO_INCREMENTAL=0" "-e" "RUST_BACKTRACE=full" "-e" "RUSTFLAGS=--cap-lints=warn" "-e" "RUSTDOCFLAGS=--cap-lints=warn" "-e" "CARGO_HOME=/opt/rustwide/cargo-home" "-e" "RUSTUP_HOME=/opt/rustwide/rustup-home" "-w" "/opt/rustwide/workdir" "-m" "1610612736" "--user" "0:0" "--network" "none" "ghcr.io/rust-lang/crates-build-env/linux@sha256:5ff2268d62e97bff2cde7d5815dd6ed5b47097566f13b8d0ca110b04b60e07ed" "/opt/rustwide/cargo-home/bin/cargo" "+beta-2023-04-20" "build" "--frozen" "--message-format=json", kill_on_drop: false }`
[INFO] [stdout] 4b20ce2ba4795c32b2da130daa09bb41e4ac7eef719e115cf2fa4e4d0aca42fa
[INFO] running `Command { std: "docker" "start" "-a" "4b20ce2ba4795c32b2da130daa09bb41e4ac7eef719e115cf2fa4e4d0aca42fa", kill_on_drop: false }`
[INFO] [stderr]    Compiling num-traits v0.2.15
[INFO] [stderr]    Compiling geoms v0.0.1 (/opt/rustwide/workdir)
[INFO] [stderr]     Finished dev [unoptimized + debuginfo] target(s) in 1.29s
[INFO] running `Command { std: "docker" "inspect" "4b20ce2ba4795c32b2da130daa09bb41e4ac7eef719e115cf2fa4e4d0aca42fa", kill_on_drop: false }`
[INFO] running `Command { std: "docker" "rm" "-f" "4b20ce2ba4795c32b2da130daa09bb41e4ac7eef719e115cf2fa4e4d0aca42fa", kill_on_drop: false }`
[INFO] [stdout] 4b20ce2ba4795c32b2da130daa09bb41e4ac7eef719e115cf2fa4e4d0aca42fa
[INFO] running `Command { std: "docker" "create" "-v" "/var/lib/crater-agent-workspace/builds/worker-7-tc2/target:/opt/rustwide/target:rw,Z" "-v" "/var/lib/crater-agent-workspace/builds/worker-7-tc2/source:/opt/rustwide/workdir:ro,Z" "-v" "/var/lib/crater-agent-workspace/cargo-home:/opt/rustwide/cargo-home:ro,Z" "-v" "/var/lib/crater-agent-workspace/rustup-home:/opt/rustwide/rustup-home:ro,Z" "-e" "SOURCE_DIR=/opt/rustwide/workdir" "-e" "CARGO_TARGET_DIR=/opt/rustwide/target" "-e" "CARGO_INCREMENTAL=0" "-e" "RUST_BACKTRACE=full" "-e" "RUSTFLAGS=--cap-lints=warn" "-e" "RUSTDOCFLAGS=--cap-lints=warn" "-e" "CARGO_HOME=/opt/rustwide/cargo-home" "-e" "RUSTUP_HOME=/opt/rustwide/rustup-home" "-w" "/opt/rustwide/workdir" "-m" "1610612736" "--user" "0:0" "--network" "none" "ghcr.io/rust-lang/crates-build-env/linux@sha256:5ff2268d62e97bff2cde7d5815dd6ed5b47097566f13b8d0ca110b04b60e07ed" "/opt/rustwide/cargo-home/bin/cargo" "+beta-2023-04-20" "test" "--frozen" "--no-run" "--message-format=json", kill_on_drop: false }`
[INFO] [stdout] 48af15194eff2dd829eca6b6b8619aa285c1c98567c157ccc5262664dbd74af2
[INFO] running `Command { std: "docker" "start" "-a" "48af15194eff2dd829eca6b6b8619aa285c1c98567c157ccc5262664dbd74af2", kill_on_drop: false }`
[INFO] [stderr]    Compiling diff v0.1.13
[INFO] [stderr]    Compiling yansi v0.5.1
[INFO] [stderr]    Compiling pretty_assertions v1.3.0
[INFO] [stderr]    Compiling geoms v0.0.1 (/opt/rustwide/workdir)
[INFO] [stdout] warning: unused import: `super::*`
[INFO] [stdout]    --> src/d2/mod.rs:788:9
[INFO] [stdout]     |
[INFO] [stdout] 788 |     use super::*;
[INFO] [stdout]     |         ^^^^^^^^
[INFO] [stdout]     |
[INFO] [stdout]     = note: `#[warn(unused_imports)]` on by default
[INFO] [stdout] 
[INFO] [stdout] 
[INFO] [stdout] warning: unused import: `::pretty_assertions::assert_eq`
[INFO] [stdout]    --> src/d2/mod.rs:789:9
[INFO] [stdout]     |
[INFO] [stdout] 789 |     use ::pretty_assertions::assert_eq;
[INFO] [stdout]     |         ^^^^^^^^^^^^^^^^^^^^^^^^^^^^^^
[INFO] [stdout] 
[INFO] [stdout] 
[INFO] [stdout] warning: 2 warnings emitted
[INFO] [stdout] 
[INFO] [stdout] 
[INFO] [stderr]     Finished test [unoptimized + debuginfo] target(s) in 0.48s
[INFO] running `Command { std: "docker" "inspect" "48af15194eff2dd829eca6b6b8619aa285c1c98567c157ccc5262664dbd74af2", kill_on_drop: false }`
[INFO] running `Command { std: "docker" "rm" "-f" "48af15194eff2dd829eca6b6b8619aa285c1c98567c157ccc5262664dbd74af2", kill_on_drop: false }`
[INFO] [stdout] 48af15194eff2dd829eca6b6b8619aa285c1c98567c157ccc5262664dbd74af2
[INFO] running `Command { std: "docker" "create" "-v" "/var/lib/crater-agent-workspace/builds/worker-7-tc2/target:/opt/rustwide/target:rw,Z" "-v" "/var/lib/crater-agent-workspace/builds/worker-7-tc2/source:/opt/rustwide/workdir:ro,Z" "-v" "/var/lib/crater-agent-workspace/cargo-home:/opt/rustwide/cargo-home:ro,Z" "-v" "/var/lib/crater-agent-workspace/rustup-home:/opt/rustwide/rustup-home:ro,Z" "-e" "SOURCE_DIR=/opt/rustwide/workdir" "-e" "CARGO_TARGET_DIR=/opt/rustwide/target" "-e" "CARGO_INCREMENTAL=0" "-e" "RUST_BACKTRACE=full" "-e" "RUSTFLAGS=--cap-lints=warn" "-e" "RUSTDOCFLAGS=--cap-lints=warn" "-e" "CARGO_HOME=/opt/rustwide/cargo-home" "-e" "RUSTUP_HOME=/opt/rustwide/rustup-home" "-w" "/opt/rustwide/workdir" "-m" "1610612736" "--user" "0:0" "--network" "none" "ghcr.io/rust-lang/crates-build-env/linux@sha256:5ff2268d62e97bff2cde7d5815dd6ed5b47097566f13b8d0ca110b04b60e07ed" "/opt/rustwide/cargo-home/bin/cargo" "+beta-2023-04-20" "test" "--frozen", kill_on_drop: false }`
[INFO] [stdout] 2118b0f8c30a975e120d8e7f35cd7f9a8a75cd091e5039b048ede1cb8a402d76
[INFO] running `Command { std: "docker" "start" "-a" "2118b0f8c30a975e120d8e7f35cd7f9a8a75cd091e5039b048ede1cb8a402d76", kill_on_drop: false }`
[INFO] [stderr] warning: unused import: `super::*`
[INFO] [stderr]    --> src/d2/mod.rs:788:9
[INFO] [stderr]     |
[INFO] [stderr] 788 |     use super::*;
[INFO] [stderr]     |         ^^^^^^^^
[INFO] [stderr]     |
[INFO] [stderr]     = note: `#[warn(unused_imports)]` on by default
[INFO] [stderr] 
[INFO] [stderr] warning: unused import: `::pretty_assertions::assert_eq`
[INFO] [stderr]    --> src/d2/mod.rs:789:9
[INFO] [stderr]     |
[INFO] [stderr] 789 |     use ::pretty_assertions::assert_eq;
[INFO] [stderr]     |         ^^^^^^^^^^^^^^^^^^^^^^^^^^^^^^
[INFO] [stderr] 
[INFO] [stderr] warning: `geoms` (lib test) generated 2 warnings (run `cargo fix --lib -p geoms --tests` to apply 2 suggestions)
[INFO] [stderr]     Finished test [unoptimized + debuginfo] target(s) in 0.01s
[INFO] [stderr]      Running unittests src/lib.rs (/opt/rustwide/target/debug/deps/geoms-3a663f9994bc975c)
[INFO] [stdout] 
[INFO] [stdout] running 0 tests
[INFO] [stdout] 
[INFO] [stdout] test result: ok. 0 passed; 0 failed; 0 ignored; 0 measured; 0 filtered out; finished in 0.00s
[INFO] [stdout] 
[INFO] [stderr]    Doc-tests geoms
[INFO] [stdout] 
[INFO] [stdout] running 15 tests
[INFO] [stdout] test src/lib.rs - (line 45) ... FAILED
[INFO] [stdout] test src/d2/mod.rs - d2::Rect2D<T>::cast (line 334) ... ok
[INFO] [stdout] test src/d2/mod.rs - d2::Ellipse2D<T>::new_circle (line 599) ... ok
[INFO] [stdout] test src/d2/mod.rs - d2::RoundedRect2D<T>::with_size_and_origin (line 455) ... ok
[INFO] [stdout] test src/d2/mod.rs - d2::Ellipse2D<T>::zero (line 578) ... ok
[INFO] [stdout] test src/d2/mod.rs - d2::RoundedRect2D<T>::zero (line 429) ... ok
[INFO] [stdout] test src/d2/mod.rs - d2::RoundedRect2D<T>::cast (line 502) ... ok
[INFO] [stdout] test src/d2/mod.rs - d2::Size2D<T>::pixel (line 161) ... ok
[INFO] [stdout] test src/d2/mod.rs - d2::Rect2D<T>::with_size_and_origin (line 286) ... ok
[INFO] [stdout] test src/d2/mod.rs - d2::Ellipse2D<T>::cast (line 630) ... ok
[INFO] [stdout] test src/d2/mod.rs - d2::Point2D<T>::cast (line 80) ... ok
[INFO] [stdout] test src/d2/mod.rs - d2::Size2D<T>::cast (line 188) ... ok
[INFO] [stdout] test src/d2/mod.rs - d2::Rect2D<T>::zero (line 262) ... ok
[INFO] [stdout] test src/d2/mod.rs - d2::Point2D<T>::zero (line 61) ... ok
[INFO] [stdout] test src/d2/mod.rs - d2::Size2D<T>::zero (line 144) ... ok
[INFO] [stdout] 
[INFO] [stdout] failures:
[INFO] [stdout] 
[INFO] [stdout] ---- src/lib.rs - (line 45) stdout ----
[INFO] [stdout] error[E0433]: failed to resolve: could not find `windows` in the list of imported crates
[INFO] [stdout]  --> src/lib.rs:47:7
[INFO] [stdout]   |
[INFO] [stdout] 5 | use ::windows::Win32::Graphics::Direct2D::Common::D2D_RECT_F;
[INFO] [stdout]   |       ^^^^^^^ could not find `windows` in the list of imported crates
[INFO] [stdout] 
[INFO] [stdout] error: aborting due to previous error
[INFO] [stdout] 
[INFO] [stdout] For more information about this error, try `rustc --explain E0433`.
[INFO] [stdout] Couldn't compile the test.
[INFO] [stdout] 
[INFO] [stdout] failures:
[INFO] [stdout]     src/lib.rs - (line 45)
[INFO] [stdout] 
[INFO] [stdout] test result: FAILED. 14 passed; 1 failed; 0 ignored; 0 measured; 0 filtered out; finished in 0.23s
[INFO] [stdout] 
[INFO] [stderr] error: doctest failed, to rerun pass `--doc`
[INFO] running `Command { std: "docker" "inspect" "2118b0f8c30a975e120d8e7f35cd7f9a8a75cd091e5039b048ede1cb8a402d76", kill_on_drop: false }`
[INFO] running `Command { std: "docker" "rm" "-f" "2118b0f8c30a975e120d8e7f35cd7f9a8a75cd091e5039b048ede1cb8a402d76", kill_on_drop: false }`
[INFO] [stdout] 2118b0f8c30a975e120d8e7f35cd7f9a8a75cd091e5039b048ede1cb8a402d76
