[INFO] fetching crate geodesy 0.9.2...
[INFO] testing geodesy-0.9.2 against beta-2023-04-20 for beta-1.70-1
[INFO] extracting crate geodesy 0.9.2 into /workspace/builds/worker-1-tc2/source
[INFO] validating manifest of crates.io crate geodesy 0.9.2 on toolchain beta-2023-04-20
[INFO] running `Command { std: CARGO_HOME="/workspace/cargo-home" RUSTUP_HOME="/workspace/rustup-home" "/workspace/cargo-home/bin/cargo" "+beta-2023-04-20" "metadata" "--manifest-path" "Cargo.toml" "--no-deps", kill_on_drop: false }`
[INFO] started tweaking crates.io crate geodesy 0.9.2
[INFO] finished tweaking crates.io crate geodesy 0.9.2
[INFO] tweaked toml for crates.io crate geodesy 0.9.2 written to /workspace/builds/worker-1-tc2/source/Cargo.toml
[INFO] crate crates.io crate geodesy 0.9.2 already has a lockfile, it will not be regenerated
[INFO] running `Command { std: CARGO_HOME="/workspace/cargo-home" RUSTUP_HOME="/workspace/rustup-home" "/workspace/cargo-home/bin/cargo" "+beta-2023-04-20" "fetch" "--manifest-path" "Cargo.toml", kill_on_drop: false }`
[INFO] [stderr]  Downloading crates ...
[INFO] [stderr]   Downloaded clap_lex v0.2.2
[INFO] [stderr]   Downloaded clap_derive v3.2.5
[INFO] [stderr]   Downloaded quote v1.0.19
[INFO] [stderr]   Downloaded clap v3.2.5
[INFO] [stderr]   Downloaded simple_logger v1.16.0
[INFO] running `Command { std: "docker" "create" "-v" "/var/lib/crater-agent-workspace/builds/worker-1-tc2/target:/opt/rustwide/target:rw,Z" "-v" "/var/lib/crater-agent-workspace/builds/worker-1-tc2/source:/opt/rustwide/workdir:ro,Z" "-v" "/var/lib/crater-agent-workspace/cargo-home:/opt/rustwide/cargo-home:ro,Z" "-v" "/var/lib/crater-agent-workspace/rustup-home:/opt/rustwide/rustup-home:ro,Z" "-e" "SOURCE_DIR=/opt/rustwide/workdir" "-e" "CARGO_TARGET_DIR=/opt/rustwide/target" "-e" "CARGO_HOME=/opt/rustwide/cargo-home" "-e" "RUSTUP_HOME=/opt/rustwide/rustup-home" "-w" "/opt/rustwide/workdir" "-m" "1610612736" "--user" "0:0" "--network" "none" "ghcr.io/rust-lang/crates-build-env/linux@sha256:5ff2268d62e97bff2cde7d5815dd6ed5b47097566f13b8d0ca110b04b60e07ed" "/opt/rustwide/cargo-home/bin/cargo" "+beta-2023-04-20" "metadata" "--no-deps" "--format-version=1", kill_on_drop: false }`
[INFO] [stdout] c8a621303e34da737260aab2e3c69b783bf2f04b9585bd4bd717fd32daa2385b
[INFO] running `Command { std: "docker" "start" "-a" "c8a621303e34da737260aab2e3c69b783bf2f04b9585bd4bd717fd32daa2385b", kill_on_drop: false }`
[INFO] running `Command { std: "docker" "inspect" "c8a621303e34da737260aab2e3c69b783bf2f04b9585bd4bd717fd32daa2385b", kill_on_drop: false }`
[INFO] running `Command { std: "docker" "rm" "-f" "c8a621303e34da737260aab2e3c69b783bf2f04b9585bd4bd717fd32daa2385b", kill_on_drop: false }`
[INFO] [stdout] c8a621303e34da737260aab2e3c69b783bf2f04b9585bd4bd717fd32daa2385b
[INFO] running `Command { std: "docker" "create" "-v" "/var/lib/crater-agent-workspace/builds/worker-1-tc2/target:/opt/rustwide/target:rw,Z" "-v" "/var/lib/crater-agent-workspace/builds/worker-1-tc2/source:/opt/rustwide/workdir:ro,Z" "-v" "/var/lib/crater-agent-workspace/cargo-home:/opt/rustwide/cargo-home:ro,Z" "-v" "/var/lib/crater-agent-workspace/rustup-home:/opt/rustwide/rustup-home:ro,Z" "-e" "SOURCE_DIR=/opt/rustwide/workdir" "-e" "CARGO_TARGET_DIR=/opt/rustwide/target" "-e" "CARGO_INCREMENTAL=0" "-e" "RUST_BACKTRACE=full" "-e" "RUSTFLAGS=--cap-lints=warn" "-e" "RUSTDOCFLAGS=--cap-lints=warn" "-e" "CARGO_HOME=/opt/rustwide/cargo-home" "-e" "RUSTUP_HOME=/opt/rustwide/rustup-home" "-w" "/opt/rustwide/workdir" "-m" "1610612736" "--user" "0:0" "--network" "none" "ghcr.io/rust-lang/crates-build-env/linux@sha256:5ff2268d62e97bff2cde7d5815dd6ed5b47097566f13b8d0ca110b04b60e07ed" "/opt/rustwide/cargo-home/bin/cargo" "+beta-2023-04-20" "build" "--frozen" "--message-format=json", kill_on_drop: false }`
[INFO] [stdout] fb42497c52b18d4a97b870ace416def7c22628a49449ab85ad4c26cd2732e7fe
[INFO] running `Command { std: "docker" "start" "-a" "fb42497c52b18d4a97b870ace416def7c22628a49449ab85ad4c26cd2732e7fe", kill_on_drop: false }`
[INFO] [stderr]    Compiling libc v0.2.126
[INFO] [stderr]    Compiling proc-macro2 v1.0.39
[INFO] [stderr]    Compiling unicode-ident v1.0.1
[INFO] [stderr]    Compiling syn v1.0.98
[INFO] [stderr]    Compiling os_str_bytes v6.1.0
[INFO] [stderr]    Compiling time-macros v0.2.4
[INFO] [stderr]    Compiling hashbrown v0.12.1
[INFO] [stderr]    Compiling anyhow v1.0.58
[INFO] [stderr]    Compiling heck v0.4.0
[INFO] [stderr]    Compiling itoa v1.0.2
[INFO] [stderr]    Compiling indexmap v1.9.0
[INFO] [stderr]    Compiling once_cell v1.12.0
[INFO] [stderr]    Compiling strsim v0.10.0
[INFO] [stderr]    Compiling textwrap v0.15.0
[INFO] [stderr]    Compiling clap_lex v0.2.2
[INFO] [stderr]    Compiling quote v1.0.19
[INFO] [stderr]    Compiling atty v0.2.14
[INFO] [stderr]    Compiling getrandom v0.2.7
[INFO] [stderr]    Compiling dirs-sys v0.3.7
[INFO] [stderr]    Compiling proc-macro-error-attr v1.0.4
[INFO] [stderr]    Compiling colored v1.9.3
[INFO] [stderr]    Compiling dirs v4.0.0
[INFO] [stderr]    Compiling uuid v0.8.2
[INFO] [stderr]    Compiling time v0.3.9
[INFO] [stderr]    Compiling simple_logger v1.16.0
[INFO] [stderr]    Compiling proc-macro-error v1.0.4
[INFO] [stderr]    Compiling clap_derive v3.2.5
[INFO] [stderr]    Compiling thiserror-impl v1.0.31
[INFO] [stderr]    Compiling thiserror v1.0.31
[INFO] [stderr]    Compiling clap v3.2.5
[INFO] [stderr]    Compiling geodesy v0.9.2 (/opt/rustwide/workdir)
[INFO] [stderr]     Finished dev [unoptimized + debuginfo] target(s) in 20.92s
[INFO] running `Command { std: "docker" "inspect" "fb42497c52b18d4a97b870ace416def7c22628a49449ab85ad4c26cd2732e7fe", kill_on_drop: false }`
[INFO] running `Command { std: "docker" "rm" "-f" "fb42497c52b18d4a97b870ace416def7c22628a49449ab85ad4c26cd2732e7fe", kill_on_drop: false }`
[INFO] [stdout] fb42497c52b18d4a97b870ace416def7c22628a49449ab85ad4c26cd2732e7fe
[INFO] running `Command { std: "docker" "create" "-v" "/var/lib/crater-agent-workspace/builds/worker-1-tc2/target:/opt/rustwide/target:rw,Z" "-v" "/var/lib/crater-agent-workspace/builds/worker-1-tc2/source:/opt/rustwide/workdir:ro,Z" "-v" "/var/lib/crater-agent-workspace/cargo-home:/opt/rustwide/cargo-home:ro,Z" "-v" "/var/lib/crater-agent-workspace/rustup-home:/opt/rustwide/rustup-home:ro,Z" "-e" "SOURCE_DIR=/opt/rustwide/workdir" "-e" "CARGO_TARGET_DIR=/opt/rustwide/target" "-e" "CARGO_INCREMENTAL=0" "-e" "RUST_BACKTRACE=full" "-e" "RUSTFLAGS=--cap-lints=warn" "-e" "RUSTDOCFLAGS=--cap-lints=warn" "-e" "CARGO_HOME=/opt/rustwide/cargo-home" "-e" "RUSTUP_HOME=/opt/rustwide/rustup-home" "-w" "/opt/rustwide/workdir" "-m" "1610612736" "--user" "0:0" "--network" "none" "ghcr.io/rust-lang/crates-build-env/linux@sha256:5ff2268d62e97bff2cde7d5815dd6ed5b47097566f13b8d0ca110b04b60e07ed" "/opt/rustwide/cargo-home/bin/cargo" "+beta-2023-04-20" "test" "--frozen" "--no-run" "--message-format=json", kill_on_drop: false }`
[INFO] [stdout] c7f42ec3adfd796bc120273a9dc156642698fd74d65a6a51fc5f15050c5aefbc
[INFO] running `Command { std: "docker" "start" "-a" "c7f42ec3adfd796bc120273a9dc156642698fd74d65a6a51fc5f15050c5aefbc", kill_on_drop: false }`
[INFO] [stderr]    Compiling geodesy v0.9.2 (/opt/rustwide/workdir)
[INFO] [stderr]     Finished test [unoptimized + debuginfo] target(s) in 5.47s
[INFO] running `Command { std: "docker" "inspect" "c7f42ec3adfd796bc120273a9dc156642698fd74d65a6a51fc5f15050c5aefbc", kill_on_drop: false }`
[INFO] running `Command { std: "docker" "rm" "-f" "c7f42ec3adfd796bc120273a9dc156642698fd74d65a6a51fc5f15050c5aefbc", kill_on_drop: false }`
[INFO] [stdout] c7f42ec3adfd796bc120273a9dc156642698fd74d65a6a51fc5f15050c5aefbc
[INFO] running `Command { std: "docker" "create" "-v" "/var/lib/crater-agent-workspace/builds/worker-1-tc2/target:/opt/rustwide/target:rw,Z" "-v" "/var/lib/crater-agent-workspace/builds/worker-1-tc2/source:/opt/rustwide/workdir:ro,Z" "-v" "/var/lib/crater-agent-workspace/cargo-home:/opt/rustwide/cargo-home:ro,Z" "-v" "/var/lib/crater-agent-workspace/rustup-home:/opt/rustwide/rustup-home:ro,Z" "-e" "SOURCE_DIR=/opt/rustwide/workdir" "-e" "CARGO_TARGET_DIR=/opt/rustwide/target" "-e" "CARGO_INCREMENTAL=0" "-e" "RUST_BACKTRACE=full" "-e" "RUSTFLAGS=--cap-lints=warn" "-e" "RUSTDOCFLAGS=--cap-lints=warn" "-e" "CARGO_HOME=/opt/rustwide/cargo-home" "-e" "RUSTUP_HOME=/opt/rustwide/rustup-home" "-w" "/opt/rustwide/workdir" "-m" "1610612736" "--user" "0:0" "--network" "none" "ghcr.io/rust-lang/crates-build-env/linux@sha256:5ff2268d62e97bff2cde7d5815dd6ed5b47097566f13b8d0ca110b04b60e07ed" "/opt/rustwide/cargo-home/bin/cargo" "+beta-2023-04-20" "test" "--frozen", kill_on_drop: false }`
[INFO] [stdout] 5cb89168f618a28caf6135eba58de1ef89847cc96a8a613ad83b897d890c1844
[INFO] running `Command { std: "docker" "start" "-a" "5cb89168f618a28caf6135eba58de1ef89847cc96a8a613ad83b897d890c1844", kill_on_drop: false }`
[INFO] [stderr]     Finished test [unoptimized + debuginfo] target(s) in 0.04s
[INFO] [stderr]      Running unittests src/lib.rs (/opt/rustwide/target/debug/deps/geodesy-91e61e7722d185bc)
[INFO] [stdout] 
[INFO] [stdout] running 62 tests
[INFO] [stdout] test coord::conversions::tests::conversions ... ok
[INFO] [stdout] test coord::tests::arithmetic ... ok
[INFO] [stdout] test coord::tests::array ... ok
[INFO] [stdout] test coord::tests::coord ... ok
[INFO] [stdout] test ellipsoid::latitudes::tests::conformal ... ok
[INFO] [stdout] test ellipsoid::latitudes::tests::authalic ... ok
[INFO] [stdout] test ellipsoid::tests::shape_and_size ... ok
[INFO] [stdout] test ellipsoid::latitudes::tests::isometric ... ok
[INFO] [stdout] test coord::distances::tests::distances ... ok
[INFO] [stdout] test ellipsoid::tests::curvatures ... ok
[INFO] [stdout] test ellipsoid::geodesics::tests::geodesics ... ok
[INFO] [stdout] test ellipsoid::cartesians::tests::geo_to_cart ... ok
[INFO] [stdout] test ellipsoid::latitudes::tests::reduced ... ok
[INFO] [stdout] test ellipsoid::tests::test_ellipsoid ... ok
[INFO] [stdout] test inner_op::adapt::tests::geo_gis_and_all_that ... ok
[INFO] [stdout] test grid::tests::grid_header ... ok
[INFO] [stdout] test inner_op::adapt::tests::descriptor ... ok
[INFO] [stdout] test inner_op::adapt::tests::no_unit_conversion ... ok
[INFO] [stdout] test ellipsoid::meridians::tests::meridional_distance ... ok
[INFO] [stdout] test ellipsoid::latitudes::tests::rectifying ... ok
[INFO] [stdout] test inner_op::adapt::tests::adapt ... ok
[INFO] [stdout] test inner_op::adapt::tests::adapt_inv ... ok
[INFO] [stdout] test inner_op::btmerc::tests::btmerc ... ok
[INFO] [stdout] test inner_op::addone::tests::addone ... ok
[INFO] [stdout] test inner_op::lcc::tests::one_standard_parallel_and_latitudinal_offset ... ok
[INFO] [stdout] test inner_op::gridshift::tests::gridshift ... ok
[INFO] [stdout] test context::plain::tests::basic ... ok
[INFO] [stdout] test inner_op::laea::tests::laea_oblique ... ok
[INFO] [stdout] test inner_op::helmert::tests::translation_rotation_and_scale ... ok
[INFO] [stdout] test inner_op::lcc::tests::two_sp_lat_offset_xy_offset ... ok
[INFO] [stdout] test inner_op::lcc::tests::two_sp_lat_offset_xy_offset_scaling ... ok
[INFO] [stdout] test inner_op::merc::tests::merc_lat_ts ... ok
[INFO] [stdout] test inner_op::helmert::tests::translation ... ok
[INFO] [stdout] test inner_op::cart::tests::roundtrip ... ok
[INFO] [stdout] test inner_op::helmert::tests::fixed_dynamic ... ok
[INFO] [stdout] test inner_op::molodensky::tests::molodensky ... ok
[INFO] [stdout] test inner_op::nmea::tests::nmea ... ok
[INFO] [stdout] test inner_op::nmea::tests::nmea_dms ... ok
[INFO] [stdout] test inner_op::lcc::tests::two_standard_parallels ... ok
[INFO] [stdout] test inner_op::pipeline::tests::pipeline ... ok
[INFO] [stdout] test inner_op::merc::tests::merc ... ok
[INFO] [stdout] test inner_op::pipeline::tests::push_pop ... ok
[INFO] [stdout] test inner_op::noop::tests::no_change ... ok
[INFO] [stdout] test inner_op::tmerc::tests::tmerc ... ok
[INFO] [stdout] test inner_op::helmert::tests::dynamic ... ok
[INFO] [stdout] test inner_op::lcc::tests::one_standard_parallel ... ok
[INFO] [stdout] test inner_op::btmerc::tests::butm ... ok
[INFO] [stdout] test inner_op::tmerc::tests::utm ... ok
[INFO] [stdout] test math::tests::test_clenshaw ... ok
[INFO] [stdout] test op::tests::macro_expansion ... ok
[INFO] [stdout] test op::tests::basic ... ok
[INFO] [stdout] test op::tests::macro_expansion_with_defaults_provided ... ok
[INFO] [stdout] test op::tests::macro_expansion_inverted ... ok
[INFO] [stdout] test op::tests::nesting ... ok
[INFO] [stdout] test math::tests::test_horner ... ok
[INFO] [stdout] test op::tests::macro_expansion_with_embedded_pipeline ... ok
[INFO] [stdout] test op::parsed_parameters::tests::basic ... ok
[INFO] [stdout] test inner_op::lcc::tests::two_standard_parallels_and_latitudinal_offset ... ok
[INFO] [stdout] test op::tests::pipeline ... ok
[INFO] [stdout] test inner_op::latitude::tests::latitude ... ok
[INFO] [stdout] test ellipsoid::latitudes::tests::geocentric ... FAILED
[INFO] [stdout] test inner_op::proj::tests::proj ... ok
[INFO] [stdout] 
[INFO] [stdout] failures:
[INFO] [stdout] 
[INFO] [stdout] ---- ellipsoid::latitudes::tests::geocentric stdout ----
[INFO] [stdout] thread 'ellipsoid::latitudes::tests::geocentric' panicked at 'assertion failed: (lat - roundtrip).abs() < 1e-15', src/ellipsoid/latitudes.rs:162:13
[INFO] [stdout] stack backtrace:
[INFO] [stdout]    0:     0x564d64bf94ea - std::backtrace_rs::backtrace::libunwind::trace::h2f05d0192276a8f6
[INFO] [stdout]                                at /rustc/1b7dd2252b99671ce5d1cb9664c5f8636329436d/library/std/src/../../backtrace/src/backtrace/libunwind.rs:93:5
[INFO] [stdout]    1:     0x564d64bf94ea - std::backtrace_rs::backtrace::trace_unsynchronized::hedc23dff7a1af150
[INFO] [stdout]                                at /rustc/1b7dd2252b99671ce5d1cb9664c5f8636329436d/library/std/src/../../backtrace/src/backtrace/mod.rs:66:5
[INFO] [stdout]    2:     0x564d64bf94ea - std::sys_common::backtrace::_print_fmt::h17541ef7592f3ce2
[INFO] [stdout]                                at /rustc/1b7dd2252b99671ce5d1cb9664c5f8636329436d/library/std/src/sys_common/backtrace.rs:65:5
[INFO] [stdout]    3:     0x564d64bf94ea - <std::sys_common::backtrace::_print::DisplayBacktrace as core::fmt::Display>::fmt::h20f75df5ab0c0792
[INFO] [stdout]                                at /rustc/1b7dd2252b99671ce5d1cb9664c5f8636329436d/library/std/src/sys_common/backtrace.rs:44:22
[INFO] [stdout]    4:     0x564d64c1f01f - core::fmt::write::h78109e6f466b3af6
[INFO] [stdout]                                at /rustc/1b7dd2252b99671ce5d1cb9664c5f8636329436d/library/core/src/fmt/mod.rs:1254:17
[INFO] [stdout]    5:     0x564d64bf5ef5 - std::io::Write::write_fmt::hd24bfb68a1b35a25
[INFO] [stdout]                                at /rustc/1b7dd2252b99671ce5d1cb9664c5f8636329436d/library/std/src/io/mod.rs:1698:15
[INFO] [stdout]    6:     0x564d64bf92b5 - std::sys_common::backtrace::_print::h8dac57a9f8fbf9a5
[INFO] [stdout]                                at /rustc/1b7dd2252b99671ce5d1cb9664c5f8636329436d/library/std/src/sys_common/backtrace.rs:47:5
[INFO] [stdout]    7:     0x564d64bf92b5 - std::sys_common::backtrace::print::hf9ecbf41d1aa712f
[INFO] [stdout]                                at /rustc/1b7dd2252b99671ce5d1cb9664c5f8636329436d/library/std/src/sys_common/backtrace.rs:34:9
[INFO] [stdout]    8:     0x564d64bfaf6e - std::panicking::default_hook::{{closure}}::h04c07acfc84ca028
[INFO] [stdout]                                at /rustc/1b7dd2252b99671ce5d1cb9664c5f8636329436d/library/std/src/panicking.rs:269:22
[INFO] [stdout]    9:     0x564d64bfaca1 - std::panicking::default_hook::h01f6bb23e1eceb2c
[INFO] [stdout]                                at /rustc/1b7dd2252b99671ce5d1cb9664c5f8636329436d/library/std/src/panicking.rs:285:9
[INFO] [stdout]   10:     0x564d64bc79db - <alloc::boxed::Box<F,A> as core::ops::function::Fn<Args>>::call::h87fe9f7b2fd49e4c
[INFO] [stdout]                                at /rustc/1b7dd2252b99671ce5d1cb9664c5f8636329436d/library/alloc/src/boxed.rs:1987:9
[INFO] [stdout]   11:     0x564d64bc79db - test::test_main::{{closure}}::he94d679243a7531b
[INFO] [stdout]                                at /rustc/1b7dd2252b99671ce5d1cb9664c5f8636329436d/library/test/src/lib.rs:134:21
[INFO] [stdout]   12:     0x564d64bfb654 - <alloc::boxed::Box<F,A> as core::ops::function::Fn<Args>>::call::h3f2d6d8b14c4769f
[INFO] [stdout]                                at /rustc/1b7dd2252b99671ce5d1cb9664c5f8636329436d/library/alloc/src/boxed.rs:1987:9
[INFO] [stdout]   13:     0x564d64bfb654 - std::panicking::rust_panic_with_hook::h2bb3722bbaf2f6df
[INFO] [stdout]                                at /rustc/1b7dd2252b99671ce5d1cb9664c5f8636329436d/library/std/src/panicking.rs:695:13
[INFO] [stdout]   14:     0x564d64bfb382 - std::panicking::begin_panic_handler::{{closure}}::h91bc7f36a4be011b
[INFO] [stdout]                                at /rustc/1b7dd2252b99671ce5d1cb9664c5f8636329436d/library/std/src/panicking.rs:580:13
[INFO] [stdout]   15:     0x564d64bf9956 - std::sys_common::backtrace::__rust_end_short_backtrace::h8b3d3717114f9e59
[INFO] [stdout]                                at /rustc/1b7dd2252b99671ce5d1cb9664c5f8636329436d/library/std/src/sys_common/backtrace.rs:150:18
[INFO] [stdout]   16:     0x564d64bfb122 - rust_begin_unwind
[INFO] [stdout]                                at /rustc/1b7dd2252b99671ce5d1cb9664c5f8636329436d/library/std/src/panicking.rs:578:5
[INFO] [stdout]   17:     0x564d64a99ba3 - core::panicking::panic_fmt::hfd368e3fbdabea26
[INFO] [stdout]                                at /rustc/1b7dd2252b99671ce5d1cb9664c5f8636329436d/library/core/src/panicking.rs:67:14
[INFO] [stdout]   18:     0x564d64a99c3d - core::panicking::panic::h3f9042d09bd0bf2e
[INFO] [stdout]                                at /rustc/1b7dd2252b99671ce5d1cb9664c5f8636329436d/library/core/src/panicking.rs:117:5
[INFO] [stdout]   19:     0x564d64b14372 - geodesy::ellipsoid::latitudes::tests::geocentric::hf051cbe1a2b73387
[INFO] [stdout]                                at /opt/rustwide/workdir/src/ellipsoid/latitudes.rs:162:13
[INFO] [stdout]   20:     0x564d64b1408c - geodesy::ellipsoid::latitudes::tests::geocentric::{{closure}}::hdf1e60185157ca97
[INFO] [stdout]                                at /opt/rustwide/workdir/src/ellipsoid/latitudes.rs:155:24
[INFO] [stdout]   21:     0x564d64afa495 - core::ops::function::FnOnce::call_once::h3dc1fb91deae8384
[INFO] [stdout]                                at /rustc/1b7dd2252b99671ce5d1cb9664c5f8636329436d/library/core/src/ops/function.rs:250:5
[INFO] [stdout]   22:     0x564d64bcc8af - core::ops::function::FnOnce::call_once::ha6a70e79f7481a7e
[INFO] [stdout]                                at /rustc/1b7dd2252b99671ce5d1cb9664c5f8636329436d/library/core/src/ops/function.rs:250:5
[INFO] [stdout]   23:     0x564d64bcc8af - test::__rust_begin_short_backtrace::hce33033019b61e69
[INFO] [stdout]                                at /rustc/1b7dd2252b99671ce5d1cb9664c5f8636329436d/library/test/src/lib.rs:655:18
[INFO] [stdout]   24:     0x564d64b9a09c - test::run_test::{{closure}}::h858d3528838ae3e5
[INFO] [stdout]                                at /rustc/1b7dd2252b99671ce5d1cb9664c5f8636329436d/library/test/src/lib.rs:646:30
[INFO] [stdout]   25:     0x564d64b9a09c - core::ops::function::FnOnce::call_once{{vtable.shim}}::he8ac2b00f01ae79e
[INFO] [stdout]                                at /rustc/1b7dd2252b99671ce5d1cb9664c5f8636329436d/library/core/src/ops/function.rs:250:5
[INFO] [stdout]   26:     0x564d64bcb986 - <alloc::boxed::Box<F,A> as core::ops::function::FnOnce<Args>>::call_once::h8093d25b522725ef
[INFO] [stdout]                                at /rustc/1b7dd2252b99671ce5d1cb9664c5f8636329436d/library/alloc/src/boxed.rs:1973:9
[INFO] [stdout]   27:     0x564d64bcb986 - <core::panic::unwind_safe::AssertUnwindSafe<F> as core::ops::function::FnOnce<()>>::call_once::h5c334c204e4a3913
[INFO] [stdout]                                at /rustc/1b7dd2252b99671ce5d1cb9664c5f8636329436d/library/core/src/panic/unwind_safe.rs:271:9
[INFO] [stdout]   28:     0x564d64bcb986 - std::panicking::try::do_call::ha8b740c7b9478074
[INFO] [stdout]                                at /rustc/1b7dd2252b99671ce5d1cb9664c5f8636329436d/library/std/src/panicking.rs:485:40
[INFO] [stdout]   29:     0x564d64bcb986 - std::panicking::try::h5d34f63d0e41b64e
[INFO] [stdout]                                at /rustc/1b7dd2252b99671ce5d1cb9664c5f8636329436d/library/std/src/panicking.rs:449:19
[INFO] [stdout]   30:     0x564d64bcb986 - std::panic::catch_unwind::hcfbb511e1aa7fc67
[INFO] [stdout]                                at /rustc/1b7dd2252b99671ce5d1cb9664c5f8636329436d/library/std/src/panic.rs:140:14
[INFO] [stdout]   31:     0x564d64bcb986 - test::run_test_in_process::h9abda90f802eaf21
[INFO] [stdout]                                at /rustc/1b7dd2252b99671ce5d1cb9664c5f8636329436d/library/test/src/lib.rs:678:27
[INFO] [stdout]   32:     0x564d64bcb986 - test::run_test::run_test_inner::{{closure}}::h0f058de91f6c6edf
[INFO] [stdout]                                at /rustc/1b7dd2252b99671ce5d1cb9664c5f8636329436d/library/test/src/lib.rs:572:39
[INFO] [stdout]   33:     0x564d64b948a5 - test::run_test::run_test_inner::{{closure}}::h5ca48a4c59c6c1fb
[INFO] [stdout]                                at /rustc/1b7dd2252b99671ce5d1cb9664c5f8636329436d/library/test/src/lib.rs:599:37
[INFO] [stdout]   34:     0x564d64b948a5 - std::sys_common::backtrace::__rust_begin_short_backtrace::h32bd51e1495d4a33
[INFO] [stdout]                                at /rustc/1b7dd2252b99671ce5d1cb9664c5f8636329436d/library/std/src/sys_common/backtrace.rs:134:18
[INFO] [stdout]   35:     0x564d64b99de1 - std::thread::Builder::spawn_unchecked_::{{closure}}::{{closure}}::hc086fae9b128b2db
[INFO] [stdout]                                at /rustc/1b7dd2252b99671ce5d1cb9664c5f8636329436d/library/std/src/thread/mod.rs:526:17
[INFO] [stdout]   36:     0x564d64b99de1 - <core::panic::unwind_safe::AssertUnwindSafe<F> as core::ops::function::FnOnce<()>>::call_once::hb66571888d270d43
[INFO] [stdout]                                at /rustc/1b7dd2252b99671ce5d1cb9664c5f8636329436d/library/core/src/panic/unwind_safe.rs:271:9
[INFO] [stdout]   37:     0x564d64b99de1 - std::panicking::try::do_call::h4fa2ef4f6e51fecf
[INFO] [stdout]                                at /rustc/1b7dd2252b99671ce5d1cb9664c5f8636329436d/library/std/src/panicking.rs:485:40
[INFO] [stdout]   38:     0x564d64b99de1 - std::panicking::try::h1e9e22b8584489b5
[INFO] [stdout]                                at /rustc/1b7dd2252b99671ce5d1cb9664c5f8636329436d/library/std/src/panicking.rs:449:19
[INFO] [stdout]   39:     0x564d64b99de1 - std::panic::catch_unwind::h44698a3de0e0769e
[INFO] [stdout]                                at /rustc/1b7dd2252b99671ce5d1cb9664c5f8636329436d/library/std/src/panic.rs:140:14
[INFO] [stdout]   40:     0x564d64b99de1 - std::thread::Builder::spawn_unchecked_::{{closure}}::h50153abde3fe239e
[INFO] [stdout]                                at /rustc/1b7dd2252b99671ce5d1cb9664c5f8636329436d/library/std/src/thread/mod.rs:525:30
[INFO] [stdout]   41:     0x564d64b99de1 - core::ops::function::FnOnce::call_once{{vtable.shim}}::hbe5bbf6f38394364
[INFO] [stdout]                                at /rustc/1b7dd2252b99671ce5d1cb9664c5f8636329436d/library/core/src/ops/function.rs:250:5
[INFO] [stdout]   42:     0x564d64bffcb5 - <alloc::boxed::Box<F,A> as core::ops::function::FnOnce<Args>>::call_once::h0d83cb2920a49046
[INFO] [stdout]                                at /rustc/1b7dd2252b99671ce5d1cb9664c5f8636329436d/library/alloc/src/boxed.rs:1973:9
[INFO] [stdout]   43:     0x564d64bffcb5 - <alloc::boxed::Box<F,A> as core::ops::function::FnOnce<Args>>::call_once::hbe0a008aa7d9ef59
[INFO] [stdout]                                at /rustc/1b7dd2252b99671ce5d1cb9664c5f8636329436d/library/alloc/src/boxed.rs:1973:9
[INFO] [stdout]   44:     0x564d64bffcb5 - std::sys::unix::thread::Thread::new::thread_start::h3a466996bdf6b1f9
[INFO] [stdout]                                at /rustc/1b7dd2252b99671ce5d1cb9664c5f8636329436d/library/std/src/sys/unix/thread.rs:108:17
[INFO] [stdout]   45:     0x7fa2f4c44b43 - <unknown>
[INFO] [stdout]   46:     0x7fa2f4cd5bb4 - __clone
[INFO] [stdout]   47:                0x0 - <unknown>
[INFO] [stdout] 
[INFO] [stdout] 
[INFO] [stdout] failures:
[INFO] [stdout]     ellipsoid::latitudes::tests::geocentric
[INFO] [stdout] 
[INFO] [stdout] test result: FAILED. 61 passed; 1 failed; 0 ignored; 0 measured; 0 filtered out; finished in 0.34s
[INFO] [stdout] 
[INFO] [stderr] error: test failed, to rerun pass `--lib`
[INFO] running `Command { std: "docker" "inspect" "5cb89168f618a28caf6135eba58de1ef89847cc96a8a613ad83b897d890c1844", kill_on_drop: false }`
[INFO] running `Command { std: "docker" "rm" "-f" "5cb89168f618a28caf6135eba58de1ef89847cc96a8a613ad83b897d890c1844", kill_on_drop: false }`
[INFO] [stdout] 5cb89168f618a28caf6135eba58de1ef89847cc96a8a613ad83b897d890c1844
