[INFO] fetching crate general_tools 0.1.25...
[INFO] testing general_tools-0.1.25 against beta-2023-04-20 for beta-1.70-1
[INFO] extracting crate general_tools 0.1.25 into /workspace/builds/worker-6-tc2/source
[INFO] validating manifest of crates.io crate general_tools 0.1.25 on toolchain beta-2023-04-20
[INFO] running `Command { std: CARGO_HOME="/workspace/cargo-home" RUSTUP_HOME="/workspace/rustup-home" "/workspace/cargo-home/bin/cargo" "+beta-2023-04-20" "metadata" "--manifest-path" "Cargo.toml" "--no-deps", kill_on_drop: false }`
[INFO] started tweaking crates.io crate general_tools 0.1.25
[INFO] finished tweaking crates.io crate general_tools 0.1.25
[INFO] tweaked toml for crates.io crate general_tools 0.1.25 written to /workspace/builds/worker-6-tc2/source/Cargo.toml
[INFO] running `Command { std: CARGO_HOME="/workspace/cargo-home" RUSTUP_HOME="/workspace/rustup-home" __CARGO_TEST_CHANNEL_OVERRIDE_DO_NOT_USE_THIS="nightly" "/workspace/cargo-home/bin/cargo" "+beta-2023-04-20" "generate-lockfile" "--manifest-path" "Cargo.toml" "-Zno-index-update", kill_on_drop: false }`
[INFO] running `Command { std: CARGO_HOME="/workspace/cargo-home" RUSTUP_HOME="/workspace/rustup-home" "/workspace/cargo-home/bin/cargo" "+beta-2023-04-20" "fetch" "--manifest-path" "Cargo.toml", kill_on_drop: false }`
[INFO] running `Command { std: "docker" "create" "-v" "/var/lib/crater-agent-workspace/builds/worker-6-tc2/target:/opt/rustwide/target:rw,Z" "-v" "/var/lib/crater-agent-workspace/builds/worker-6-tc2/source:/opt/rustwide/workdir:ro,Z" "-v" "/var/lib/crater-agent-workspace/cargo-home:/opt/rustwide/cargo-home:ro,Z" "-v" "/var/lib/crater-agent-workspace/rustup-home:/opt/rustwide/rustup-home:ro,Z" "-e" "SOURCE_DIR=/opt/rustwide/workdir" "-e" "CARGO_TARGET_DIR=/opt/rustwide/target" "-e" "CARGO_HOME=/opt/rustwide/cargo-home" "-e" "RUSTUP_HOME=/opt/rustwide/rustup-home" "-w" "/opt/rustwide/workdir" "-m" "1610612736" "--user" "0:0" "--network" "none" "ghcr.io/rust-lang/crates-build-env/linux@sha256:5ff2268d62e97bff2cde7d5815dd6ed5b47097566f13b8d0ca110b04b60e07ed" "/opt/rustwide/cargo-home/bin/cargo" "+beta-2023-04-20" "metadata" "--no-deps" "--format-version=1", kill_on_drop: false }`
[INFO] [stdout] f1e107c5a7ac8971c8816287361af61745af31d05ac02d00069cbac99e21b2f5
[INFO] running `Command { std: "docker" "start" "-a" "f1e107c5a7ac8971c8816287361af61745af31d05ac02d00069cbac99e21b2f5", kill_on_drop: false }`
[INFO] running `Command { std: "docker" "inspect" "f1e107c5a7ac8971c8816287361af61745af31d05ac02d00069cbac99e21b2f5", kill_on_drop: false }`
[INFO] running `Command { std: "docker" "rm" "-f" "f1e107c5a7ac8971c8816287361af61745af31d05ac02d00069cbac99e21b2f5", kill_on_drop: false }`
[INFO] [stdout] f1e107c5a7ac8971c8816287361af61745af31d05ac02d00069cbac99e21b2f5
[INFO] running `Command { std: "docker" "create" "-v" "/var/lib/crater-agent-workspace/builds/worker-6-tc2/target:/opt/rustwide/target:rw,Z" "-v" "/var/lib/crater-agent-workspace/builds/worker-6-tc2/source:/opt/rustwide/workdir:ro,Z" "-v" "/var/lib/crater-agent-workspace/cargo-home:/opt/rustwide/cargo-home:ro,Z" "-v" "/var/lib/crater-agent-workspace/rustup-home:/opt/rustwide/rustup-home:ro,Z" "-e" "SOURCE_DIR=/opt/rustwide/workdir" "-e" "CARGO_TARGET_DIR=/opt/rustwide/target" "-e" "CARGO_INCREMENTAL=0" "-e" "RUST_BACKTRACE=full" "-e" "RUSTFLAGS=--cap-lints=warn" "-e" "RUSTDOCFLAGS=--cap-lints=warn" "-e" "CARGO_HOME=/opt/rustwide/cargo-home" "-e" "RUSTUP_HOME=/opt/rustwide/rustup-home" "-w" "/opt/rustwide/workdir" "-m" "1610612736" "--user" "0:0" "--network" "none" "ghcr.io/rust-lang/crates-build-env/linux@sha256:5ff2268d62e97bff2cde7d5815dd6ed5b47097566f13b8d0ca110b04b60e07ed" "/opt/rustwide/cargo-home/bin/cargo" "+beta-2023-04-20" "build" "--frozen" "--message-format=json", kill_on_drop: false }`
[INFO] [stdout] 357ba0c7ccf599991acb35f48ca29bc93414bd867deac192dd0a6ed69c4840a5
[INFO] running `Command { std: "docker" "start" "-a" "357ba0c7ccf599991acb35f48ca29bc93414bd867deac192dd0a6ed69c4840a5", kill_on_drop: false }`
[INFO] [stderr]    Compiling hex v0.4.3
[INFO] [stderr]    Compiling general_tools v0.1.25 (/opt/rustwide/workdir)
[INFO] [stderr]     Finished dev [unoptimized + debuginfo] target(s) in 0.56s
[INFO] running `Command { std: "docker" "inspect" "357ba0c7ccf599991acb35f48ca29bc93414bd867deac192dd0a6ed69c4840a5", kill_on_drop: false }`
[INFO] running `Command { std: "docker" "rm" "-f" "357ba0c7ccf599991acb35f48ca29bc93414bd867deac192dd0a6ed69c4840a5", kill_on_drop: false }`
[INFO] [stdout] 357ba0c7ccf599991acb35f48ca29bc93414bd867deac192dd0a6ed69c4840a5
[INFO] running `Command { std: "docker" "create" "-v" "/var/lib/crater-agent-workspace/builds/worker-6-tc2/target:/opt/rustwide/target:rw,Z" "-v" "/var/lib/crater-agent-workspace/builds/worker-6-tc2/source:/opt/rustwide/workdir:ro,Z" "-v" "/var/lib/crater-agent-workspace/cargo-home:/opt/rustwide/cargo-home:ro,Z" "-v" "/var/lib/crater-agent-workspace/rustup-home:/opt/rustwide/rustup-home:ro,Z" "-e" "SOURCE_DIR=/opt/rustwide/workdir" "-e" "CARGO_TARGET_DIR=/opt/rustwide/target" "-e" "CARGO_INCREMENTAL=0" "-e" "RUST_BACKTRACE=full" "-e" "RUSTFLAGS=--cap-lints=warn" "-e" "RUSTDOCFLAGS=--cap-lints=warn" "-e" "CARGO_HOME=/opt/rustwide/cargo-home" "-e" "RUSTUP_HOME=/opt/rustwide/rustup-home" "-w" "/opt/rustwide/workdir" "-m" "1610612736" "--user" "0:0" "--network" "none" "ghcr.io/rust-lang/crates-build-env/linux@sha256:5ff2268d62e97bff2cde7d5815dd6ed5b47097566f13b8d0ca110b04b60e07ed" "/opt/rustwide/cargo-home/bin/cargo" "+beta-2023-04-20" "test" "--frozen" "--no-run" "--message-format=json", kill_on_drop: false }`
[INFO] [stdout] 79988961ef1228663dcb975c99e0b2f1dcee407f1ee01f0e42f9f52099d83591
[INFO] running `Command { std: "docker" "start" "-a" "79988961ef1228663dcb975c99e0b2f1dcee407f1ee01f0e42f9f52099d83591", kill_on_drop: false }`
[INFO] [stderr]    Compiling general_tools v0.1.25 (/opt/rustwide/workdir)
[INFO] [stderr]     Finished test [unoptimized + debuginfo] target(s) in 0.36s
[INFO] running `Command { std: "docker" "inspect" "79988961ef1228663dcb975c99e0b2f1dcee407f1ee01f0e42f9f52099d83591", kill_on_drop: false }`
[INFO] running `Command { std: "docker" "rm" "-f" "79988961ef1228663dcb975c99e0b2f1dcee407f1ee01f0e42f9f52099d83591", kill_on_drop: false }`
[INFO] [stdout] 79988961ef1228663dcb975c99e0b2f1dcee407f1ee01f0e42f9f52099d83591
[INFO] running `Command { std: "docker" "create" "-v" "/var/lib/crater-agent-workspace/builds/worker-6-tc2/target:/opt/rustwide/target:rw,Z" "-v" "/var/lib/crater-agent-workspace/builds/worker-6-tc2/source:/opt/rustwide/workdir:ro,Z" "-v" "/var/lib/crater-agent-workspace/cargo-home:/opt/rustwide/cargo-home:ro,Z" "-v" "/var/lib/crater-agent-workspace/rustup-home:/opt/rustwide/rustup-home:ro,Z" "-e" "SOURCE_DIR=/opt/rustwide/workdir" "-e" "CARGO_TARGET_DIR=/opt/rustwide/target" "-e" "CARGO_INCREMENTAL=0" "-e" "RUST_BACKTRACE=full" "-e" "RUSTFLAGS=--cap-lints=warn" "-e" "RUSTDOCFLAGS=--cap-lints=warn" "-e" "CARGO_HOME=/opt/rustwide/cargo-home" "-e" "RUSTUP_HOME=/opt/rustwide/rustup-home" "-w" "/opt/rustwide/workdir" "-m" "1610612736" "--user" "0:0" "--network" "none" "ghcr.io/rust-lang/crates-build-env/linux@sha256:5ff2268d62e97bff2cde7d5815dd6ed5b47097566f13b8d0ca110b04b60e07ed" "/opt/rustwide/cargo-home/bin/cargo" "+beta-2023-04-20" "test" "--frozen", kill_on_drop: false }`
[INFO] [stdout] 52b47b9a026cd41127622d303ad501468586a01145874d3ffd297af7b82c6ce9
[INFO] running `Command { std: "docker" "start" "-a" "52b47b9a026cd41127622d303ad501468586a01145874d3ffd297af7b82c6ce9", kill_on_drop: false }`
[INFO] [stderr]     Finished test [unoptimized + debuginfo] target(s) in 0.00s
[INFO] [stderr]      Running unittests src/lib.rs (/opt/rustwide/target/debug/deps/general_tools-564187314af03692)
[INFO] [stderr]    Doc-tests general_tools
[INFO] [stdout] 
[INFO] [stdout] running 0 tests
[INFO] [stdout] 
[INFO] [stdout] test result: ok. 0 passed; 0 failed; 0 ignored; 0 measured; 0 filtered out; finished in 0.00s
[INFO] [stdout] 
[INFO] [stdout] 
[INFO] [stdout] running 17 tests
[INFO] [stdout] test src/lib.rs - (line 105) ... FAILED
[INFO] [stdout] test src/conversions/temperature.rs - conversions::temperature (line 3) ... FAILED
[INFO] [stdout] test src/conversions/temperature.rs - conversions::temperature (line 24) ... FAILED
[INFO] [stdout] test src/lib.rs - (line 129) ... FAILED
[INFO] [stdout] test src/lib.rs - (line 44) ... FAILED
[INFO] [stdout] test src/lib.rs - (line 51) ... FAILED
[INFO] [stdout] test src/lib.rs - (line 62) ... FAILED
[INFO] [stdout] test src/lib.rs - (line 123) ... ok
[INFO] [stdout] test src/lib.rs - (line 147) ... ok
[INFO] [stdout] test src/lib.rs - (line 81) ... FAILED
[INFO] [stdout] test src/lib.rs - (line 117) ... ok
[INFO] [stdout] test src/lib.rs - (line 9) ... FAILED
[INFO] [stdout] test src/lib.rs - (line 19) ... ok
[INFO] [stdout] test src/lib.rs - (line 141) ... ok
[INFO] [stdout] test src/lib.rs - (line 99) ... ok
[INFO] [stdout] test src/lib.rs - (line 93) ... ok
[INFO] [stdout] test src/lib.rs - (line 73) ... ok
[INFO] [stdout] 
[INFO] [stdout] failures:
[INFO] [stdout] 
[INFO] [stdout] ---- src/lib.rs - (line 105) stdout ----
[INFO] [stdout] error: expected `;`, found `name`
[INFO] [stdout]  --> src/lib.rs:106:10
[INFO] [stdout]   |
[INFO] [stdout] 4 | [package]
[INFO] [stdout]   |          ^ help: add `;` here
[INFO] [stdout] 5 | name = "project_name"
[INFO] [stdout]   | ---- unexpected token
[INFO] [stdout] 
[INFO] [stdout] error: expected `;`, found `version`
[INFO] [stdout]  --> src/lib.rs:107:22
[INFO] [stdout]   |
[INFO] [stdout] 5 | name = "project_name"
[INFO] [stdout]   |                      ^ help: add `;` here
[INFO] [stdout] 6 | version = "0.0.1"
[INFO] [stdout]   | ------- unexpected token
[INFO] [stdout] 
[INFO] [stdout] error: expected `;`, found `edition`
[INFO] [stdout]  --> src/lib.rs:108:18
[INFO] [stdout]   |
[INFO] [stdout] 6 | version = "0.0.1"
[INFO] [stdout]   |                  ^ help: add `;` here
[INFO] [stdout] 7 | edition = "2021"
[INFO] [stdout]   | ------- unexpected token
[INFO] [stdout] 
[INFO] [stdout] error: expected `;`, found `general_tools`
[INFO] [stdout]   --> src/lib.rs:111:15
[INFO] [stdout]    |
[INFO] [stdout] 9  | [dependencies]
[INFO] [stdout]    |               ^ help: add `;` here
[INFO] [stdout] 10 | general_tools = "latest version"
[INFO] [stdout]    | ------------- unexpected token
[INFO] [stdout] 
[INFO] [stdout] error[E0423]: expected value, found crate `general_tools`
[INFO] [stdout]   --> src/lib.rs:112:1
[INFO] [stdout]    |
[INFO] [stdout] 10 | general_tools = "latest version"
[INFO] [stdout]    | ^^^^^^^^^^^^^
[INFO] [stdout]    |
[INFO] [stdout] help: you might have meant to introduce a new binding
[INFO] [stdout]    |
[INFO] [stdout] 10 | let general_tools = "latest version"
[INFO] [stdout]    | +++
[INFO] [stdout] 
[INFO] [stdout] error: aborting due to 5 previous errors
[INFO] [stdout] 
[INFO] [stdout] For more information about this error, try `rustc --explain E0423`.
[INFO] [stdout] Couldn't compile the test.
[INFO] [stdout] ---- src/conversions/temperature.rs - conversions::temperature (line 3) stdout ----
[INFO] [stdout] error: mismatched closing delimiter: `)`
[INFO] [stdout]   --> src/conversions/temperature.rs:6:11
[INFO] [stdout]    |
[INFO] [stdout] 6  | fn main() {
[INFO] [stdout]    |           ^ unclosed delimiter
[INFO] [stdout] ...
[INFO] [stdout] 18 |     println!("{} °C to Fahrenheit: {} °F", temperature.value, temperature.to_fahrenheit()));
[INFO] [stdout]    |                                                                                           ^ mismatched closing delimiter
[INFO] [stdout] 
[INFO] [stdout] error: unexpected closing delimiter: `}`
[INFO] [stdout]   --> src/conversions/temperature.rs:20:54
[INFO] [stdout]    |
[INFO] [stdout] 18 |     println!("{} °C to Fahrenheit: {} °F", temperature.value, temperature.to_fahrenheit()));
[INFO] [stdout]    |                                                                                           - missing open `(` for this delimiter
[INFO] [stdout] 19 | }
[INFO] [stdout] 20 | } _doctest_main_src_conversions_temperature_rs_3_0() }
[INFO] [stdout]    |                                                      ^ unexpected closing delimiter
[INFO] [stdout] 
[INFO] [stdout] error: aborting due to 2 previous errors
[INFO] [stdout] 
[INFO] [stdout] Couldn't compile the test.
[INFO] [stdout] ---- src/conversions/temperature.rs - conversions::temperature (line 24) stdout ----
[INFO] [stdout] error: unknown start of token: \u{b0}
[INFO] [stdout]  --> src/conversions/temperature.rs:25:7
[INFO] [stdout]   |
[INFO] [stdout] 3 | 10.55 °C to Fahrenheit: 50.99 °F
[INFO] [stdout]   |       ^
[INFO] [stdout] 
[INFO] [stdout] error: unknown start of token: \u{b0}
[INFO] [stdout]  --> src/conversions/temperature.rs:25:31
[INFO] [stdout]   |
[INFO] [stdout] 3 | 10.55 °C to Fahrenheit: 50.99 °F
[INFO] [stdout]   |                               ^
[INFO] [stdout] 
[INFO] [stdout] error: expected one of `.`, `;`, `?`, `}`, or an operator, found `C`
[INFO] [stdout]  --> src/conversions/temperature.rs:25:8
[INFO] [stdout]   |
[INFO] [stdout] 3 | 10.55 °C to Fahrenheit: 50.99 °F
[INFO] [stdout]   |        ^ expected one of `.`, `;`, `?`, `}`, or an operator
[INFO] [stdout] 
[INFO] [stdout] error: aborting due to 3 previous errors
[INFO] [stdout] 
[INFO] [stdout] Couldn't compile the test.
[INFO] [stdout] ---- src/lib.rs - (line 129) stdout ----
[INFO] [stdout] error: expected `;`, found `name`
[INFO] [stdout]  --> src/lib.rs:130:10
[INFO] [stdout]   |
[INFO] [stdout] 4 | [package]
[INFO] [stdout]   |          ^ help: add `;` here
[INFO] [stdout] 5 | name = "project_name"
[INFO] [stdout]   | ---- unexpected token
[INFO] [stdout] 
[INFO] [stdout] error: expected `;`, found `version`
[INFO] [stdout]  --> src/lib.rs:131:22
[INFO] [stdout]   |
[INFO] [stdout] 5 | name = "project_name"
[INFO] [stdout]   |                      ^ help: add `;` here
[INFO] [stdout] 6 | version = "0.0.1"
[INFO] [stdout]   | ------- unexpected token
[INFO] [stdout] 
[INFO] [stdout] error: expected `;`, found `edition`
[INFO] [stdout]  --> src/lib.rs:132:18
[INFO] [stdout]   |
[INFO] [stdout] 6 | version = "0.0.1"
[INFO] [stdout]   |                  ^ help: add `;` here
[INFO] [stdout] 7 | edition = "2021"
[INFO] [stdout]   | ------- unexpected token
[INFO] [stdout] 
[INFO] [stdout] error: expected `;`, found `general_tools`
[INFO] [stdout]   --> src/lib.rs:135:15
[INFO] [stdout]    |
[INFO] [stdout] 9  | [dependencies]
[INFO] [stdout]    |               ^ help: add `;` here
[INFO] [stdout] 10 | general_tools = "latest version"
[INFO] [stdout]    | ------------- unexpected token
[INFO] [stdout] 
[INFO] [stdout] error[E0423]: expected value, found crate `general_tools`
[INFO] [stdout]   --> src/lib.rs:136:1
[INFO] [stdout]    |
[INFO] [stdout] 10 | general_tools = "latest version"
[INFO] [stdout]    | ^^^^^^^^^^^^^
[INFO] [stdout]    |
[INFO] [stdout] help: you might have meant to introduce a new binding
[INFO] [stdout]    |
[INFO] [stdout] 10 | let general_tools = "latest version"
[INFO] [stdout]    | +++
[INFO] [stdout] 
[INFO] [stdout] error: aborting due to 5 previous errors
[INFO] [stdout] 
[INFO] [stdout] For more information about this error, try `rustc --explain E0423`.
[INFO] [stdout] Couldn't compile the test.
[INFO] [stdout] ---- src/lib.rs - (line 44) stdout ----
[INFO] [stdout] error: unknown start of token: \u{b0}
[INFO] [stdout]  --> src/lib.rs:45:6
[INFO] [stdout]   |
[INFO] [stdout] 3 | 10.0 °C = 50.0 °F
[INFO] [stdout]   |      ^
[INFO] [stdout] 
[INFO] [stdout] error: unknown start of token: \u{b0}
[INFO] [stdout]  --> src/lib.rs:45:16
[INFO] [stdout]   |
[INFO] [stdout] 3 | 10.0 °C = 50.0 °F
[INFO] [stdout]   |                ^
[INFO] [stdout] 
[INFO] [stdout] error: expected one of `.`, `;`, `?`, `}`, or an operator, found `C`
[INFO] [stdout]  --> src/lib.rs:45:7
[INFO] [stdout]   |
[INFO] [stdout] 3 | 10.0 °C = 50.0 °F
[INFO] [stdout]   |       ^ expected one of `.`, `;`, `?`, `}`, or an operator
[INFO] [stdout] 
[INFO] [stdout] error: aborting due to 3 previous errors
[INFO] [stdout] 
[INFO] [stdout] Couldn't compile the test.
[INFO] [stdout] ---- src/lib.rs - (line 51) stdout ----
[INFO] [stdout] error: expected `;`, found `name`
[INFO] [stdout]  --> src/lib.rs:52:10
[INFO] [stdout]   |
[INFO] [stdout] 4 | [package]
[INFO] [stdout]   |          ^ help: add `;` here
[INFO] [stdout] 5 | name = "project_name"
[INFO] [stdout]   | ---- unexpected token
[INFO] [stdout] 
[INFO] [stdout] error: expected `;`, found `version`
[INFO] [stdout]  --> src/lib.rs:53:22
[INFO] [stdout]   |
[INFO] [stdout] 5 | name = "project_name"
[INFO] [stdout]   |                      ^ help: add `;` here
[INFO] [stdout] 6 | version = "0.0.1"
[INFO] [stdout]   | ------- unexpected token
[INFO] [stdout] 
[INFO] [stdout] error: expected `;`, found `edition`
[INFO] [stdout]  --> src/lib.rs:54:18
[INFO] [stdout]   |
[INFO] [stdout] 6 | version = "0.0.1"
[INFO] [stdout]   |                  ^ help: add `;` here
[INFO] [stdout] 7 | edition = "2021"
[INFO] [stdout]   | ------- unexpected token
[INFO] [stdout] 
[INFO] [stdout] error: expected `;`, found `general_tools`
[INFO] [stdout]   --> src/lib.rs:57:15
[INFO] [stdout]    |
[INFO] [stdout] 9  | [dependencies]
[INFO] [stdout]    |               ^ help: add `;` here
[INFO] [stdout] 10 | general_tools = "latest version"
[INFO] [stdout]    | ------------- unexpected token
[INFO] [stdout] 
[INFO] [stdout] error[E0423]: expected value, found crate `general_tools`
[INFO] [stdout]   --> src/lib.rs:58:1
[INFO] [stdout]    |
[INFO] [stdout] 10 | general_tools = "latest version"
[INFO] [stdout]    | ^^^^^^^^^^^^^
[INFO] [stdout]    |
[INFO] [stdout] help: you might have meant to introduce a new binding
[INFO] [stdout]    |
[INFO] [stdout] 10 | let general_tools = "latest version"
[INFO] [stdout]    | +++
[INFO] [stdout] 
[INFO] [stdout] error: aborting due to 5 previous errors
[INFO] [stdout] 
[INFO] [stdout] For more information about this error, try `rustc --explain E0423`.
[INFO] [stdout] Couldn't compile the test.
[INFO] [stdout] ---- src/lib.rs - (line 62) stdout ----
[INFO] [stdout] error[E0432]: unresolved import `general_tools::file`
[INFO] [stdout]  --> src/lib.rs:63:20
[INFO] [stdout]   |
[INFO] [stdout] 3 | use general_tools::file::File;
[INFO] [stdout]   |                    ^^^^ could not find `file` in `general_tools`
[INFO] [stdout] 
[INFO] [stdout] error: aborting due to previous error
[INFO] [stdout] 
[INFO] [stdout] For more information about this error, try `rustc --explain E0432`.
[INFO] [stdout] Couldn't compile the test.
[INFO] [stdout] ---- src/lib.rs - (line 81) stdout ----
[INFO] [stdout] error: expected `;`, found `name`
[INFO] [stdout]  --> src/lib.rs:82:10
[INFO] [stdout]   |
[INFO] [stdout] 4 | [package]
[INFO] [stdout]   |          ^ help: add `;` here
[INFO] [stdout] 5 | name = "project_name"
[INFO] [stdout]   | ---- unexpected token
[INFO] [stdout] 
[INFO] [stdout] error: expected `;`, found `version`
[INFO] [stdout]  --> src/lib.rs:83:22
[INFO] [stdout]   |
[INFO] [stdout] 5 | name = "project_name"
[INFO] [stdout]   |                      ^ help: add `;` here
[INFO] [stdout] 6 | version = "0.0.1"
[INFO] [stdout]   | ------- unexpected token
[INFO] [stdout] 
[INFO] [stdout] error: expected `;`, found `edition`
[INFO] [stdout]  --> src/lib.rs:84:18
[INFO] [stdout]   |
[INFO] [stdout] 6 | version = "0.0.1"
[INFO] [stdout]   |                  ^ help: add `;` here
[INFO] [stdout] 7 | edition = "2021"
[INFO] [stdout]   | ------- unexpected token
[INFO] [stdout] 
[INFO] [stdout] error: expected `;`, found `general_tools`
[INFO] [stdout]   --> src/lib.rs:87:15
[INFO] [stdout]    |
[INFO] [stdout] 9  | [dependencies]
[INFO] [stdout]    |               ^ help: add `;` here
[INFO] [stdout] 10 | general_tools = "latest version"
[INFO] [stdout]    | ------------- unexpected token
[INFO] [stdout] 
[INFO] [stdout] error[E0423]: expected value, found crate `general_tools`
[INFO] [stdout]   --> src/lib.rs:88:1
[INFO] [stdout]    |
[INFO] [stdout] 10 | general_tools = "latest version"
[INFO] [stdout]    | ^^^^^^^^^^^^^
[INFO] [stdout]    |
[INFO] [stdout] help: you might have meant to introduce a new binding
[INFO] [stdout]    |
[INFO] [stdout] 10 | let general_tools = "latest version"
[INFO] [stdout]    | +++
[INFO] [stdout] 
[INFO] [stdout] error: aborting due to 5 previous errors
[INFO] [stdout] 
[INFO] [stdout] For more information about this error, try `rustc --explain E0423`.
[INFO] [stdout] Couldn't compile the test.
[INFO] [stdout] ---- src/lib.rs - (line 9) stdout ----
[INFO] [stdout] error: expected `;`, found `name`
[INFO] [stdout]  --> src/lib.rs:10:10
[INFO] [stdout]   |
[INFO] [stdout] 4 | [package]
[INFO] [stdout]   |          ^ help: add `;` here
[INFO] [stdout] 5 | name = "project_name"
[INFO] [stdout]   | ---- unexpected token
[INFO] [stdout] 
[INFO] [stdout] error: expected `;`, found `version`
[INFO] [stdout]  --> src/lib.rs:11:22
[INFO] [stdout]   |
[INFO] [stdout] 5 | name = "project_name"
[INFO] [stdout]   |                      ^ help: add `;` here
[INFO] [stdout] 6 | version = "0.0.1"
[INFO] [stdout]   | ------- unexpected token
[INFO] [stdout] 
[INFO] [stdout] error: expected `;`, found `edition`
[INFO] [stdout]  --> src/lib.rs:12:18
[INFO] [stdout]   |
[INFO] [stdout] 6 | version = "0.0.1"
[INFO] [stdout]   |                  ^ help: add `;` here
[INFO] [stdout] 7 | edition = "2021"
[INFO] [stdout]   | ------- unexpected token
[INFO] [stdout] 
[INFO] [stdout] error: expected `;`, found `general_tools`
[INFO] [stdout]   --> src/lib.rs:15:15
[INFO] [stdout]    |
[INFO] [stdout] 9  | [dependencies]
[INFO] [stdout]    |               ^ help: add `;` here
[INFO] [stdout] 10 | general_tools = "latest version"
[INFO] [stdout]    | ------------- unexpected token
[INFO] [stdout] 
[INFO] [stdout] error[E0423]: expected value, found crate `general_tools`
[INFO] [stdout]   --> src/lib.rs:16:1
[INFO] [stdout]    |
[INFO] [stdout] 10 | general_tools = "latest version"
[INFO] [stdout]    | ^^^^^^^^^^^^^
[INFO] [stdout]    |
[INFO] [stdout] help: you might have meant to introduce a new binding
[INFO] [stdout]    |
[INFO] [stdout] 10 | let general_tools = "latest version"
[INFO] [stdout]    | +++
[INFO] [stdout] 
[INFO] [stdout] error: aborting due to 5 previous errors
[INFO] [stdout] 
[INFO] [stdout] For more information about this error, try `rustc --explain E0423`.
[INFO] [stdout] Couldn't compile the test.
[INFO] [stdout] 
[INFO] [stdout] failures:
[INFO] [stdout]     src/conversions/temperature.rs - conversions::temperature (line 24)
[INFO] [stdout]     src/conversions/temperature.rs - conversions::temperature (line 3)
[INFO] [stdout]     src/lib.rs - (line 105)
[INFO] [stdout]     src/lib.rs - (line 129)
[INFO] [stdout]     src/lib.rs - (line 44)
[INFO] [stdout]     src/lib.rs - (line 51)
[INFO] [stdout]     src/lib.rs - (line 62)
[INFO] [stdout]     src/lib.rs - (line 81)
[INFO] [stdout]     src/lib.rs - (line 9)
[INFO] [stdout] 
[INFO] [stdout] test result: FAILED. 8 passed; 9 failed; 0 ignored; 0 measured; 0 filtered out; finished in 0.59s
[INFO] [stdout] 
[INFO] [stderr] error: doctest failed, to rerun pass `--doc`
[INFO] running `Command { std: "docker" "inspect" "52b47b9a026cd41127622d303ad501468586a01145874d3ffd297af7b82c6ce9", kill_on_drop: false }`
[INFO] running `Command { std: "docker" "rm" "-f" "52b47b9a026cd41127622d303ad501468586a01145874d3ffd297af7b82c6ce9", kill_on_drop: false }`
[INFO] [stdout] 52b47b9a026cd41127622d303ad501468586a01145874d3ffd297af7b82c6ce9
