[INFO] fetching crate general-mq 0.0.8...
[INFO] testing general-mq-0.0.8 against 1.69.0 for beta-1.70-1
[INFO] extracting crate general-mq 0.0.8 into /workspace/builds/worker-4-tc1/source
[INFO] validating manifest of crates.io crate general-mq 0.0.8 on toolchain 1.69.0
[INFO] running `Command { std: CARGO_HOME="/workspace/cargo-home" RUSTUP_HOME="/workspace/rustup-home" "/workspace/cargo-home/bin/cargo" "+1.69.0" "metadata" "--manifest-path" "Cargo.toml" "--no-deps", kill_on_drop: false }`
[INFO] started tweaking crates.io crate general-mq 0.0.8
[INFO] finished tweaking crates.io crate general-mq 0.0.8
[INFO] tweaked toml for crates.io crate general-mq 0.0.8 written to /workspace/builds/worker-4-tc1/source/Cargo.toml
[INFO] crate crates.io crate general-mq 0.0.8 already has a lockfile, it will not be regenerated
[INFO] running `Command { std: CARGO_HOME="/workspace/cargo-home" RUSTUP_HOME="/workspace/rustup-home" "/workspace/cargo-home/bin/cargo" "+1.69.0" "fetch" "--manifest-path" "Cargo.toml", kill_on_drop: false }`
[INFO] [stderr]  Downloading crates ...
[INFO] [stderr]   Downloaded executor-trait v2.1.0
[INFO] [stderr]   Downloaded amq-protocol-uri v7.0.1
[INFO] [stderr]   Downloaded p12 v0.6.3
[INFO] [stderr]   Downloaded async-global-executor-trait v2.1.0
[INFO] [stderr]   Downloaded rc2 v0.8.1
[INFO] [stderr]   Downloaded yasna v0.5.2
[INFO] [stderr]   Downloaded pinky-swear v6.1.0
[INFO] [stderr]   Downloaded async-reactor-trait v1.1.0
[INFO] [stderr]   Downloaded reactor-trait v1.1.0
[INFO] [stderr]   Downloaded tokio-executor-trait v2.1.1
[INFO] [stderr]   Downloaded amq-protocol-tcp v7.0.1
[INFO] [stderr]   Downloaded amq-protocol-types v7.0.1
[INFO] [stderr]   Downloaded amq-protocol v7.0.1
[INFO] [stderr]   Downloaded rustls-connector v0.16.1
[INFO] [stderr]   Downloaded console v0.12.0
[INFO] [stderr]   Downloaded tcp-stream v0.24.4
[INFO] [stderr]   Downloaded lapin v2.1.1
[INFO] [stderr]   Downloaded laboratory v2.0.0
[INFO] [stderr]   Downloaded cbc v0.1.2
[INFO] [stderr]   Downloaded rumqttc v0.20.0
[INFO] [stderr]   Downloaded rustix v0.37.15
[INFO] running `Command { std: "docker" "create" "-v" "/var/lib/crater-agent-workspace/builds/worker-4-tc1/target:/opt/rustwide/target:rw,Z" "-v" "/var/lib/crater-agent-workspace/builds/worker-4-tc1/source:/opt/rustwide/workdir:ro,Z" "-v" "/var/lib/crater-agent-workspace/cargo-home:/opt/rustwide/cargo-home:ro,Z" "-v" "/var/lib/crater-agent-workspace/rustup-home:/opt/rustwide/rustup-home:ro,Z" "-e" "SOURCE_DIR=/opt/rustwide/workdir" "-e" "CARGO_TARGET_DIR=/opt/rustwide/target" "-e" "CARGO_HOME=/opt/rustwide/cargo-home" "-e" "RUSTUP_HOME=/opt/rustwide/rustup-home" "-w" "/opt/rustwide/workdir" "-m" "1610612736" "--user" "0:0" "--network" "none" "ghcr.io/rust-lang/crates-build-env/linux@sha256:5ff2268d62e97bff2cde7d5815dd6ed5b47097566f13b8d0ca110b04b60e07ed" "/opt/rustwide/cargo-home/bin/cargo" "+1.69.0" "metadata" "--no-deps" "--format-version=1", kill_on_drop: false }`
[INFO] [stdout] d7409fa5c4008cc428779c0e5241baddc67666165e0be84f974afcd5a2b3bf4e
[INFO] running `Command { std: "docker" "start" "-a" "d7409fa5c4008cc428779c0e5241baddc67666165e0be84f974afcd5a2b3bf4e", kill_on_drop: false }`
[INFO] running `Command { std: "docker" "inspect" "d7409fa5c4008cc428779c0e5241baddc67666165e0be84f974afcd5a2b3bf4e", kill_on_drop: false }`
[INFO] running `Command { std: "docker" "rm" "-f" "d7409fa5c4008cc428779c0e5241baddc67666165e0be84f974afcd5a2b3bf4e", kill_on_drop: false }`
[INFO] [stdout] d7409fa5c4008cc428779c0e5241baddc67666165e0be84f974afcd5a2b3bf4e
[INFO] running `Command { std: "docker" "create" "-v" "/var/lib/crater-agent-workspace/builds/worker-4-tc1/target:/opt/rustwide/target:rw,Z" "-v" "/var/lib/crater-agent-workspace/builds/worker-4-tc1/source:/opt/rustwide/workdir:ro,Z" "-v" "/var/lib/crater-agent-workspace/cargo-home:/opt/rustwide/cargo-home:ro,Z" "-v" "/var/lib/crater-agent-workspace/rustup-home:/opt/rustwide/rustup-home:ro,Z" "-e" "SOURCE_DIR=/opt/rustwide/workdir" "-e" "CARGO_TARGET_DIR=/opt/rustwide/target" "-e" "CARGO_INCREMENTAL=0" "-e" "RUST_BACKTRACE=full" "-e" "RUSTFLAGS=--cap-lints=warn" "-e" "RUSTDOCFLAGS=--cap-lints=warn" "-e" "CARGO_HOME=/opt/rustwide/cargo-home" "-e" "RUSTUP_HOME=/opt/rustwide/rustup-home" "-w" "/opt/rustwide/workdir" "-m" "1610612736" "--user" "0:0" "--network" "none" "ghcr.io/rust-lang/crates-build-env/linux@sha256:5ff2268d62e97bff2cde7d5815dd6ed5b47097566f13b8d0ca110b04b60e07ed" "/opt/rustwide/cargo-home/bin/cargo" "+1.69.0" "build" "--frozen" "--message-format=json", kill_on_drop: false }`
[INFO] [stdout] 03248b01edfbd0f4f33ffaac660a4822272f687caca744e55fd7677cd9857c2b
[INFO] running `Command { std: "docker" "start" "-a" "03248b01edfbd0f4f33ffaac660a4822272f687caca744e55fd7677cd9857c2b", kill_on_drop: false }`
[INFO] [stderr]    Compiling proc-macro2 v1.0.56
[INFO] [stderr]    Compiling autocfg v1.1.0
[INFO] [stderr]    Compiling typenum v1.16.0
[INFO] [stderr]    Compiling log v0.4.17
[INFO] [stderr]    Compiling pin-project-lite v0.2.9
[INFO] [stderr]    Compiling futures-core v0.3.28
[INFO] [stderr]    Compiling version_check v0.9.4
[INFO] [stderr]    Compiling once_cell v1.17.1
[INFO] [stderr]    Compiling cc v1.0.79
[INFO] [stderr]    Compiling futures-io v0.3.28
[INFO] [stderr]    Compiling slab v0.4.8
[INFO] [stderr]    Compiling generic-array v0.14.7
[INFO] [stderr]    Compiling getrandom v0.2.9
[INFO] [stderr]    Compiling crossbeam-utils v0.8.15
[INFO] [stderr]    Compiling untrusted v0.7.1
[INFO] [stderr]    Compiling spin v0.5.2
[INFO] [stderr]    Compiling socket2 v0.4.9
[INFO] [stderr]    Compiling rustls v0.20.8
[INFO] [stderr]    Compiling event-listener v2.5.3
[INFO] [stderr]    Compiling lock_api v0.4.9
[INFO] [stderr]    Compiling subtle v2.4.1
[INFO] [stderr]    Compiling quote v1.0.26
[INFO] [stderr]    Compiling concurrent-queue v2.2.0
[INFO] [stderr]    Compiling async-trait v0.1.68
[INFO] [stderr]    Compiling tinyvec_macros v0.1.1
[INFO] [stderr]    Compiling parking v2.1.0
[INFO] [stderr]    Compiling futures-sink v0.3.28
[INFO] [stderr]    Compiling syn v2.0.15
[INFO] [stderr]    Compiling base64 v0.21.0
[INFO] [stderr]    Compiling syn v1.0.109
[INFO] [stderr]    Compiling waker-fn v1.1.0
[INFO] [stderr]    Compiling tinyvec v1.6.0
[INFO] [stderr]    Compiling ring v0.16.20
[INFO] [stderr]    Compiling futures-lite v1.13.0
[INFO] [stderr]    Compiling rustls-pemfile v1.0.2
[INFO] [stderr]    Compiling async-lock v2.7.0
[INFO] [stderr]    Compiling polling v2.8.0
[INFO] [stderr]    Compiling serde_json v1.0.96
[INFO] [stderr]    Compiling crypto-common v0.1.6
[INFO] [stderr]    Compiling block-padding v0.3.3
[INFO] [stderr]    Compiling block-buffer v0.10.4
[INFO] [stderr]    Compiling openssl-probe v0.1.5
[INFO] [stderr]    Compiling inout v0.1.3
[INFO] [stderr]    Compiling digest v0.10.6
[INFO] [stderr]    Compiling rustix v0.37.15
[INFO] [stderr]    Compiling cipher v0.4.4
[INFO] [stderr]    Compiling scopeguard v1.1.0
[INFO] [stderr]    Compiling unicode-normalization v0.1.22
[INFO] [stderr]    Compiling rustls-native-certs v0.6.2
[INFO] [stderr]    Compiling async-io v1.13.0
[INFO] [stderr]    Compiling percent-encoding v2.2.0
[INFO] [stderr]    Compiling ryu v1.0.13
[INFO] [stderr]    Compiling futures-task v0.3.28
[INFO] [stderr]    Compiling cpufeatures v0.2.7
[INFO] [stderr]    Compiling itoa v1.0.6
[INFO] [stderr]    Compiling futures-channel v0.3.28
[INFO] [stderr]    Compiling unicode-bidi v0.3.13
[INFO] [stderr]    Compiling minimal-lexical v0.2.1
[INFO] [stderr]    Compiling sha1 v0.10.5
[INFO] [stderr]    Compiling nom v7.1.3
[INFO] [stderr]    Compiling idna v0.3.0
[INFO] [stderr]    Compiling form_urlencoded v1.1.0
[INFO] [stderr]    Compiling cbc v0.1.2
[INFO] [stderr]    Compiling rc2 v0.8.1
[INFO] [stderr]    Compiling des v0.8.1
[INFO] [stderr]    Compiling hmac v0.12.1
[INFO] [stderr]    Compiling tokio v1.28.0
[INFO] [stderr]    Compiling tracing-core v0.1.30
[INFO] [stderr]    Compiling parking_lot_core v0.9.7
[INFO] [stderr]    Compiling cookie-factory v0.3.2
[INFO] [stderr]    Compiling yasna v0.5.2
[INFO] [stderr]    Compiling webpki v0.22.0
[INFO] [stderr]    Compiling sct v0.7.0
[INFO] [stderr]    Compiling futures-util v0.3.28
[INFO] [stderr]    Compiling async-task v4.4.0
[INFO] [stderr]    Compiling p12 v0.6.3
[INFO] [stderr]    Compiling tracing v0.1.38
[INFO] [stderr]    Compiling url v2.3.1
[INFO] [stderr]    Compiling serde_derive v1.0.160
[INFO] [stderr]    Compiling futures-macro v0.3.28
[INFO] [stderr]    Compiling tokio-macros v2.1.0
[INFO] [stderr]    Compiling spin v0.9.8
[INFO] [stderr]    Compiling async-channel v1.8.0
[INFO] [stderr]    Compiling nanorand v0.7.0
[INFO] [stderr]    Compiling mio v0.8.6
[INFO] [stderr]    Compiling num_cpus v1.15.0
[INFO] [stderr]    Compiling smallvec v1.10.0
[INFO] [stderr]    Compiling pin-project-internal v1.0.12
[INFO] [stderr]    Compiling bytes v1.4.0
[INFO] [stderr]    Compiling doc-comment v0.3.3
[INFO] [stderr]    Compiling rustls-connector v0.16.1
[INFO] [stderr]    Compiling pin-utils v0.1.0
[INFO] [stderr]    Compiling atomic-waker v1.1.1
[INFO] [stderr]    Compiling tcp-stream v0.24.4
[INFO] [stderr]    Compiling blocking v1.3.1
[INFO] [stderr]    Compiling executor-trait v2.1.0
[INFO] [stderr]    Compiling async-executor v1.5.1
[INFO] [stderr]    Compiling amq-protocol v7.0.1
[INFO] [stderr]    Compiling async-global-executor v2.3.1
[INFO] [stderr]    Compiling parking_lot v0.12.1
[INFO] [stderr]    Compiling reactor-trait v1.1.0
[INFO] [stderr]    Compiling pin-project v1.0.12
[INFO] [stderr]    Compiling thiserror-impl v1.0.40
[INFO] [stderr]    Compiling flume v0.10.14
[INFO] [stderr]    Compiling rand_core v0.6.4
[INFO] [stderr]    Compiling lapin v2.1.1
[INFO] [stderr]    Compiling ppv-lite86 v0.2.17
[INFO] [stderr]    Compiling pinky-swear v6.1.0
[INFO] [stderr]    Compiling async-reactor-trait v1.1.0
[INFO] [stderr]    Compiling async-global-executor-trait v2.1.0
[INFO] [stderr]    Compiling pollster v0.2.5
[INFO] [stderr]    Compiling rand_chacha v0.3.1
[INFO] [stderr]    Compiling urlencoding v2.1.2
[INFO] [stderr]    Compiling serde v1.0.160
[INFO] [stderr]    Compiling rand v0.8.5
[INFO] [stderr]    Compiling thiserror v1.0.40
[INFO] [stderr]    Compiling futures-executor v0.3.28
[INFO] [stderr]    Compiling futures v0.3.28
[INFO] [stderr]    Compiling tokio-rustls v0.23.4
[INFO] [stderr]    Compiling tokio-executor-trait v2.1.1
[INFO] [stderr]    Compiling rumqttc v0.20.0
[INFO] [stderr]    Compiling amq-protocol-types v7.0.1
[INFO] [stderr]    Compiling amq-protocol-uri v7.0.1
[INFO] [stderr]    Compiling amq-protocol-tcp v7.0.1
[INFO] [stderr]    Compiling general-mq v0.0.8 (/opt/rustwide/workdir)
[INFO] [stderr]     Finished dev [unoptimized + debuginfo] target(s) in 1m 02s
[INFO] running `Command { std: "docker" "inspect" "03248b01edfbd0f4f33ffaac660a4822272f687caca744e55fd7677cd9857c2b", kill_on_drop: false }`
[INFO] running `Command { std: "docker" "rm" "-f" "03248b01edfbd0f4f33ffaac660a4822272f687caca744e55fd7677cd9857c2b", kill_on_drop: false }`
[INFO] [stdout] 03248b01edfbd0f4f33ffaac660a4822272f687caca744e55fd7677cd9857c2b
[INFO] running `Command { std: "docker" "create" "-v" "/var/lib/crater-agent-workspace/builds/worker-4-tc1/target:/opt/rustwide/target:rw,Z" "-v" "/var/lib/crater-agent-workspace/builds/worker-4-tc1/source:/opt/rustwide/workdir:ro,Z" "-v" "/var/lib/crater-agent-workspace/cargo-home:/opt/rustwide/cargo-home:ro,Z" "-v" "/var/lib/crater-agent-workspace/rustup-home:/opt/rustwide/rustup-home:ro,Z" "-e" "SOURCE_DIR=/opt/rustwide/workdir" "-e" "CARGO_TARGET_DIR=/opt/rustwide/target" "-e" "CARGO_INCREMENTAL=0" "-e" "RUST_BACKTRACE=full" "-e" "RUSTFLAGS=--cap-lints=warn" "-e" "RUSTDOCFLAGS=--cap-lints=warn" "-e" "CARGO_HOME=/opt/rustwide/cargo-home" "-e" "RUSTUP_HOME=/opt/rustwide/rustup-home" "-w" "/opt/rustwide/workdir" "-m" "1610612736" "--user" "0:0" "--network" "none" "ghcr.io/rust-lang/crates-build-env/linux@sha256:5ff2268d62e97bff2cde7d5815dd6ed5b47097566f13b8d0ca110b04b60e07ed" "/opt/rustwide/cargo-home/bin/cargo" "+1.69.0" "test" "--frozen" "--no-run" "--message-format=json", kill_on_drop: false }`
[INFO] [stdout] 578332836c38d3f3a6b6e115d8ae1d414609d554f71345a986970884b881cf8f
[INFO] running `Command { std: "docker" "start" "-a" "578332836c38d3f3a6b6e115d8ae1d414609d554f71345a986970884b881cf8f", kill_on_drop: false }`
[INFO] [stderr]    Compiling num-traits v0.2.15
[INFO] [stderr]    Compiling indexmap v1.9.3
[INFO] [stderr]    Compiling fnv v1.0.7
[INFO] [stderr]    Compiling num-integer v0.1.45
[INFO] [stderr]    Compiling httparse v1.8.0
[INFO] [stderr]    Compiling hashbrown v0.12.3
[INFO] [stderr]    Compiling tokio-util v0.7.8
[INFO] [stderr]    Compiling try-lock v0.2.4
[INFO] [stderr]    Compiling http v0.2.9
[INFO] [stderr]    Compiling want v0.3.0
[INFO] [stderr]    Compiling terminal_size v0.1.17
[INFO] [stderr]    Compiling time v0.1.45
[INFO] [stderr]    Compiling termios v0.3.3
[INFO] [stderr]    Compiling tower-service v0.3.2
[INFO] [stderr]    Compiling iana-time-zone v0.1.56
[INFO] [stderr]    Compiling httpdate v1.0.2
[INFO] [stderr]    Compiling unicode-width v0.1.10
[INFO] [stderr]    Compiling serde_urlencoded v0.7.1
[INFO] [stderr]    Compiling encoding_rs v0.8.32
[INFO] [stderr]    Compiling console v0.12.0
[INFO] [stderr]    Compiling convert_case v0.4.0
[INFO] [stderr]    Compiling ipnet v2.7.2
[INFO] [stderr]    Compiling http-body v0.4.5
[INFO] [stderr]    Compiling h2 v0.3.18
[INFO] [stderr]    Compiling mime v0.3.17
[INFO] [stderr]    Compiling chrono v0.4.24
[INFO] [stderr]    Compiling laboratory v2.0.0
[INFO] [stderr]    Compiling hyper v0.14.26
[INFO] [stderr]    Compiling reqwest v0.11.16
[INFO] [stderr]    Compiling general-mq v0.0.8 (/opt/rustwide/workdir)
[INFO] [stderr]     Finished test [unoptimized + debuginfo] target(s) in 32.74s
[INFO] running `Command { std: "docker" "inspect" "578332836c38d3f3a6b6e115d8ae1d414609d554f71345a986970884b881cf8f", kill_on_drop: false }`
[INFO] running `Command { std: "docker" "rm" "-f" "578332836c38d3f3a6b6e115d8ae1d414609d554f71345a986970884b881cf8f", kill_on_drop: false }`
[INFO] [stdout] 578332836c38d3f3a6b6e115d8ae1d414609d554f71345a986970884b881cf8f
[INFO] running `Command { std: "docker" "create" "-v" "/var/lib/crater-agent-workspace/builds/worker-4-tc1/target:/opt/rustwide/target:rw,Z" "-v" "/var/lib/crater-agent-workspace/builds/worker-4-tc1/source:/opt/rustwide/workdir:ro,Z" "-v" "/var/lib/crater-agent-workspace/cargo-home:/opt/rustwide/cargo-home:ro,Z" "-v" "/var/lib/crater-agent-workspace/rustup-home:/opt/rustwide/rustup-home:ro,Z" "-e" "SOURCE_DIR=/opt/rustwide/workdir" "-e" "CARGO_TARGET_DIR=/opt/rustwide/target" "-e" "CARGO_INCREMENTAL=0" "-e" "RUST_BACKTRACE=full" "-e" "RUSTFLAGS=--cap-lints=warn" "-e" "RUSTDOCFLAGS=--cap-lints=warn" "-e" "CARGO_HOME=/opt/rustwide/cargo-home" "-e" "RUSTUP_HOME=/opt/rustwide/rustup-home" "-w" "/opt/rustwide/workdir" "-m" "1610612736" "--user" "0:0" "--network" "none" "ghcr.io/rust-lang/crates-build-env/linux@sha256:5ff2268d62e97bff2cde7d5815dd6ed5b47097566f13b8d0ca110b04b60e07ed" "/opt/rustwide/cargo-home/bin/cargo" "+1.69.0" "test" "--frozen", kill_on_drop: false }`
[INFO] [stdout] 18faa384201c55739ba3a987965938a1ec09c757396a29f7a0b14b9102129569
[INFO] running `Command { std: "docker" "start" "-a" "18faa384201c55739ba3a987965938a1ec09c757396a29f7a0b14b9102129569", kill_on_drop: false }`
[INFO] [stderr]     Finished test [unoptimized + debuginfo] target(s) in 0.18s
[INFO] [stderr]      Running unittests src/lib.rs (/opt/rustwide/target/debug/deps/general_mq-a9da51f7ccd49a1c)
[INFO] [stdout] 
[INFO] [stdout] running 0 tests
[INFO] [stdout] 
[INFO] [stdout] test result: ok. 0 passed; 0 failed; 0 ignored; 0 measured; 0 filtered out; finished in 0.00s
[INFO] [stdout] 
[INFO] [stderr]      Running tests/integration_test.rs (/opt/rustwide/target/debug/deps/integration_test-28bfdee39e34f282)
[INFO] [stdout] 
[INFO] [stdout] running 1 test
[INFO] [stdout] test integration_test ... FAILED
[INFO] [stdout] 
[INFO] [stdout] failures:
[INFO] [stdout] 
[INFO] [stdout] ---- integration_test stdout ----
[INFO] [stdout] execute get request error: error sending request for url (http://localhost:15672/api/queues/%2f): error trying to connect: tcp connect error: Cannot assign requested address (os error 99)
[INFO] [stdout] 
[INFO] [stdout] 
[INFO] [stdout] ### Lab Results Start ###
[INFO] [stdout] 
[INFO] [stdout] function test
[INFO] [stdout]   amqp
[INFO] [stdout]     AmqpConnection
[INFO] [stdout]       ✓  new() with default (188160ns)
[INFO] [stdout]       ✓  new() with zero (26850ns)
[INFO] [stdout]       ✓  new() with wrong opts (18030ns)
[INFO] [stdout]       ✓  status() (23530ns)
[INFO] [stdout]       0) connect() without handler
[INFO] [stdout]       1) connect() with handler
[INFO] [stdout]       ✓  connect() after connect() (97920ns)
[INFO] [stdout]       2) remove_handler()
[INFO] [stdout]       3) close()
[INFO] [stdout]       4) close() after close()
[INFO] [stdout]     AmqpQueue
[INFO] [stdout]       ✓  new() with default (711000ns)
[INFO] [stdout]       ✓  new() with wrong opts (703510ns)
[INFO] [stdout]       ✓  name(), is_recv(), status() (734189ns)
[INFO] [stdout]       5) connect() without handler
[INFO] [stdout]       6) connect() with handler
[INFO] [stdout]       ✓  connect() after connect() (624920ns)
[INFO] [stdout]       7) clear_handler()
[INFO] [stdout]       8) close()
[INFO] [stdout]       9) close() after close()
[INFO] [stdout]       ✓  send_msg() with error conditions (901040ns)
[INFO] [stdout]     General Queue
[INFO] [stdout]       ✓  new() with default (358040ns)
[INFO] [stdout]       ✓  new() with wrong opts (624280ns)
[INFO] [stdout]       ✓  name(), is_recv(), status() (663100ns)
[INFO] [stdout]       10) connect() without handler
[INFO] [stdout]       11) connect() with handler
[INFO] [stdout]       ✓  connect() after connect() (569520ns)
[INFO] [stdout]       12) clear_handler()
[INFO] [stdout]       13) close()
[INFO] [stdout]       14) close() after close()
[INFO] [stdout]       ✓  send_msg() with error conditions (927139ns)
[INFO] [stdout]     Scenarios
[INFO] [stdout]       15) reconnect
[INFO] [stdout]       16) unicast 1 to 1
[INFO] [stdout]       17) unicast 1 to 3
[INFO] [stdout]       18) broadcast 1 to 1
[INFO] [stdout]       19) broadcast 1 to 3
[INFO] [stdout]       20) reliable
[INFO] [stdout]       21) best effort
[INFO] [stdout]       22) nack
[INFO] [stdout]   mqtt
[INFO] [stdout]     MqttConnection
[INFO] [stdout]       ✓  new() with default (81490ns)
[INFO] [stdout]       ✓  new() with zero (752590ns)
[INFO] [stdout]       ✓  new() with wrong opts (533520ns)
[INFO] [stdout]       ✓  status() (38080ns)
[INFO] [stdout]       23) connect() without handler
[INFO] [stdout]       24) connect() with handler
[INFO] [stdout]       ✓  connect() after connect() (90350ns)
[INFO] [stdout]       25) remove_handler()
[INFO] [stdout]       26) close()
[INFO] [stdout]       27) close() after close()
[INFO] [stdout]     MqttQueue
[INFO] [stdout]       ✓  new() with default (562671ns)
[INFO] [stdout]       ✓  new() with wrong opts (339371ns)
[INFO] [stdout]       ✓  name(), is_recv(), status() (626540ns)
[INFO] [stdout]       28) connect() without handler
[INFO] [stdout]       29) connect() with handler
[INFO] [stdout]       ✓  connect() after connect() (594540ns)
[INFO] [stdout]       30) clear_handler()
[INFO] [stdout]       31) close()
[INFO] [stdout]       32) close() after close()
[INFO] [stdout]       ✓  send_msg() with error conditions (930940ns)
[INFO] [stdout]     General Queue
[INFO] [stdout]       ✓  new() with default (396000ns)
[INFO] [stdout]       ✓  new() with wrong opts (362120ns)
[INFO] [stdout]       ✓  name(), is_recv(), status() (738620ns)
[INFO] [stdout]       33) connect() without handler
[INFO] [stdout]       34) connect() with handler
[INFO] [stdout]       ✓  connect() after connect() (647080ns)
[INFO] [stdout]       35) clear_handler()
[INFO] [stdout]       36) close()
[INFO] [stdout]       37) close() after close()
[INFO] [stdout]       ✓  send_msg() with error conditions (1026660ns)
[INFO] [stdout]     Scenarios
[INFO] [stdout]       38) reconnect
[INFO] [stdout]       39) unicast 1 to 1
[INFO] [stdout]       40) unicast 1 to 3
[INFO] [stdout]       41) broadcast 1 to 1
[INFO] [stdout]       42) broadcast 1 to 3
[INFO] [stdout]          reliable
[INFO] [stdout]       43) best effort
[INFO] [stdout]  ✖ 44 of 74 tests failed:
[INFO] [stdout] 0) connect() without handler: not connected
[INFO] [stdout] 1) connect() with handler: not connected
[INFO] [stdout] 2) remove_handler(): Expected Err(
[INFO] [stdout]     "not connected",
[INFO] [stdout] ) to equal Ok(
[INFO] [stdout]     1,
[INFO] [stdout] )
[INFO] [stdout] 3) close(): not connected
[INFO] [stdout] 4) close() after close(): not connected
[INFO] [stdout] 5) connect() without handler: not connected
[INFO] [stdout] 6) connect() with handler: not connected
[INFO] [stdout] 7) clear_handler(): not connected
[INFO] [stdout] 8) close(): not connected
[INFO] [stdout] 9) close() after close(): not connected
[INFO] [stdout] 10) connect() without handler: not connected
[INFO] [stdout] 11) connect() with handler: not connected
[INFO] [stdout] 12) clear_handler(): not connected
[INFO] [stdout] 13) close(): not connected
[INFO] [stdout] 14) close() after close(): not connected
[INFO] [stdout] 15) reconnect: not connected
[INFO] [stdout] 16) unicast 1 to 1: not connected
[INFO] [stdout] 17) unicast 1 to 3: not connected
[INFO] [stdout] 18) broadcast 1 to 1: not connected
[INFO] [stdout] 19) broadcast 1 to 3: not connected
[INFO] [stdout] 20) reliable: not connected
[INFO] [stdout] 21) best effort: not connected
[INFO] [stdout] 22) nack: not connected
[INFO] [stdout] 23) connect() without handler: not connected
[INFO] [stdout] 24) connect() with handler: not connected
[INFO] [stdout] 25) remove_handler(): Expected Err(
[INFO] [stdout]     "not connected",
[INFO] [stdout] ) to equal Ok(
[INFO] [stdout]     1,
[INFO] [stdout] )
[INFO] [stdout] 26) close(): not connected
[INFO] [stdout] 27) close() after close(): not connected
[INFO] [stdout] 28) connect() without handler: not connected
[INFO] [stdout] 29) connect() with handler: not connected
[INFO] [stdout] 30) clear_handler(): not connected
[INFO] [stdout] 31) close(): not connected
[INFO] [stdout] 32) close() after close(): not connected
[INFO] [stdout] 33) connect() without handler: not connected
[INFO] [stdout] 34) connect() with handler: not connected
[INFO] [stdout] 35) clear_handler(): not connected
[INFO] [stdout] 36) close(): not connected
[INFO] [stdout] 37) close() after close(): not connected
[INFO] [stdout] 38) reconnect: not connected
[INFO] [stdout] 39) unicast 1 to 1: not connected
[INFO] [stdout] 40) unicast 1 to 3: not connected
[INFO] [stdout] 41) broadcast 1 to 1: not connected
[INFO] [stdout] 42) broadcast 1 to 3: not connected
[INFO] [stdout] 43) best effort: not connected
[INFO] [stdout] 
[INFO] [stdout] ### Lab Results End ###
[INFO] [stdout] 
[INFO] [stdout] 
[INFO] [stdout] Error: "Expected number of failed tests to equal 0"
[INFO] [stdout] 
[INFO] [stdout] 
[INFO] [stdout] failures:
[INFO] [stdout]     integration_test
[INFO] [stdout] 
[INFO] [stdout] test result: FAILED. 0 passed; 1 failed; 0 ignored; 0 measured; 0 filtered out; finished in 49.19s
[INFO] [stdout] 
[INFO] [stderr] error: test failed, to rerun pass `--test integration_test`
[INFO] running `Command { std: "docker" "inspect" "18faa384201c55739ba3a987965938a1ec09c757396a29f7a0b14b9102129569", kill_on_drop: false }`
[INFO] running `Command { std: "docker" "rm" "-f" "18faa384201c55739ba3a987965938a1ec09c757396a29f7a0b14b9102129569", kill_on_drop: false }`
[INFO] [stdout] 18faa384201c55739ba3a987965938a1ec09c757396a29f7a0b14b9102129569
