[INFO] fetching crate gempress 0.1.1...
[INFO] testing gempress-0.1.1 against beta-2023-04-20 for beta-1.70-1
[INFO] extracting crate gempress 0.1.1 into /workspace/builds/worker-3-tc2/source
[INFO] validating manifest of crates.io crate gempress 0.1.1 on toolchain beta-2023-04-20
[INFO] running `Command { std: CARGO_HOME="/workspace/cargo-home" RUSTUP_HOME="/workspace/rustup-home" "/workspace/cargo-home/bin/cargo" "+beta-2023-04-20" "metadata" "--manifest-path" "Cargo.toml" "--no-deps", kill_on_drop: false }`
[INFO] started tweaking crates.io crate gempress 0.1.1
[INFO] finished tweaking crates.io crate gempress 0.1.1
[INFO] tweaked toml for crates.io crate gempress 0.1.1 written to /workspace/builds/worker-3-tc2/source/Cargo.toml
[INFO] crate crates.io crate gempress 0.1.1 already has a lockfile, it will not be regenerated
[INFO] running `Command { std: CARGO_HOME="/workspace/cargo-home" RUSTUP_HOME="/workspace/rustup-home" "/workspace/cargo-home/bin/cargo" "+beta-2023-04-20" "fetch" "--manifest-path" "Cargo.toml", kill_on_drop: false }`
[INFO] [stderr]  Downloading crates ...
[INFO] [stderr]   Downloaded openssl-sys v0.9.66
[INFO] [stderr]   Downloaded unicode-bidi v0.3.6
[INFO] [stderr]   Downloaded cc v1.0.70
[INFO] [stderr]   Downloaded thiserror-impl v1.0.28
[INFO] [stderr]   Downloaded thiserror v1.0.28
[INFO] [stderr]   Downloaded syn v1.0.76
[INFO] [stderr]   Downloaded libc v0.2.101
[INFO] running `Command { std: "docker" "create" "-v" "/var/lib/crater-agent-workspace/builds/worker-3-tc2/target:/opt/rustwide/target:rw,Z" "-v" "/var/lib/crater-agent-workspace/builds/worker-3-tc2/source:/opt/rustwide/workdir:ro,Z" "-v" "/var/lib/crater-agent-workspace/cargo-home:/opt/rustwide/cargo-home:ro,Z" "-v" "/var/lib/crater-agent-workspace/rustup-home:/opt/rustwide/rustup-home:ro,Z" "-e" "SOURCE_DIR=/opt/rustwide/workdir" "-e" "CARGO_TARGET_DIR=/opt/rustwide/target" "-e" "CARGO_HOME=/opt/rustwide/cargo-home" "-e" "RUSTUP_HOME=/opt/rustwide/rustup-home" "-w" "/opt/rustwide/workdir" "-m" "1610612736" "--user" "0:0" "--network" "none" "ghcr.io/rust-lang/crates-build-env/linux@sha256:5ff2268d62e97bff2cde7d5815dd6ed5b47097566f13b8d0ca110b04b60e07ed" "/opt/rustwide/cargo-home/bin/cargo" "+beta-2023-04-20" "metadata" "--no-deps" "--format-version=1", kill_on_drop: false }`
[INFO] [stdout] 4f02bc11d86cd6368662d480770ea5f041b581a6038598d2b8b9323f21640066
[INFO] running `Command { std: "docker" "start" "-a" "4f02bc11d86cd6368662d480770ea5f041b581a6038598d2b8b9323f21640066", kill_on_drop: false }`
[INFO] running `Command { std: "docker" "inspect" "4f02bc11d86cd6368662d480770ea5f041b581a6038598d2b8b9323f21640066", kill_on_drop: false }`
[INFO] running `Command { std: "docker" "rm" "-f" "4f02bc11d86cd6368662d480770ea5f041b581a6038598d2b8b9323f21640066", kill_on_drop: false }`
[INFO] [stdout] 4f02bc11d86cd6368662d480770ea5f041b581a6038598d2b8b9323f21640066
[INFO] running `Command { std: "docker" "create" "-v" "/var/lib/crater-agent-workspace/builds/worker-3-tc2/target:/opt/rustwide/target:rw,Z" "-v" "/var/lib/crater-agent-workspace/builds/worker-3-tc2/source:/opt/rustwide/workdir:ro,Z" "-v" "/var/lib/crater-agent-workspace/cargo-home:/opt/rustwide/cargo-home:ro,Z" "-v" "/var/lib/crater-agent-workspace/rustup-home:/opt/rustwide/rustup-home:ro,Z" "-e" "SOURCE_DIR=/opt/rustwide/workdir" "-e" "CARGO_TARGET_DIR=/opt/rustwide/target" "-e" "CARGO_INCREMENTAL=0" "-e" "RUST_BACKTRACE=full" "-e" "RUSTFLAGS=--cap-lints=warn" "-e" "RUSTDOCFLAGS=--cap-lints=warn" "-e" "CARGO_HOME=/opt/rustwide/cargo-home" "-e" "RUSTUP_HOME=/opt/rustwide/rustup-home" "-w" "/opt/rustwide/workdir" "-m" "1610612736" "--user" "0:0" "--network" "none" "ghcr.io/rust-lang/crates-build-env/linux@sha256:5ff2268d62e97bff2cde7d5815dd6ed5b47097566f13b8d0ca110b04b60e07ed" "/opt/rustwide/cargo-home/bin/cargo" "+beta-2023-04-20" "build" "--frozen" "--message-format=json", kill_on_drop: false }`
[INFO] [stdout] 0d65d759d48be40d777c3d255089c3ffaa53fae34a19a371b8383404b4888b36
[INFO] running `Command { std: "docker" "start" "-a" "0d65d759d48be40d777c3d255089c3ffaa53fae34a19a371b8383404b4888b36", kill_on_drop: false }`
[INFO] [stderr]    Compiling cc v1.0.70
[INFO] [stderr]    Compiling autocfg v1.0.1
[INFO] [stderr]    Compiling pkg-config v0.3.19
[INFO] [stderr]    Compiling proc-macro2 v1.0.29
[INFO] [stderr]    Compiling libc v0.2.101
[INFO] [stderr]    Compiling unicode-xid v0.2.2
[INFO] [stderr]    Compiling tinyvec_macros v0.1.0
[INFO] [stderr]    Compiling syn v1.0.76
[INFO] [stderr]    Compiling tinyvec v1.3.1
[INFO] [stderr]    Compiling cfg-if v1.0.0
[INFO] [stderr]    Compiling log v0.4.14
[INFO] [stderr]    Compiling foreign-types-shared v0.1.1
[INFO] [stderr]    Compiling openssl v0.10.36
[INFO] [stderr]    Compiling matches v0.1.9
[INFO] [stderr]    Compiling foreign-types v0.3.2
[INFO] [stderr]    Compiling unicode-bidi v0.3.6
[INFO] [stderr]    Compiling once_cell v1.8.0
[INFO] [stderr]    Compiling native-tls v0.2.8
[INFO] [stderr]    Compiling bitflags v1.3.2
[INFO] [stderr]    Compiling percent-encoding v2.1.0
[INFO] [stderr]    Compiling quote v1.0.9
[INFO] [stderr]    Compiling openssl-probe v0.1.4
[INFO] [stderr]    Compiling unicode-normalization v0.1.19
[INFO] [stderr]    Compiling openssl-sys v0.9.66
[INFO] [stderr]    Compiling form_urlencoded v1.0.1
[INFO] [stderr]    Compiling idna v0.2.3
[INFO] [stderr]    Compiling url v2.2.2
[INFO] [stderr]    Compiling thiserror-impl v1.0.28
[INFO] [stderr]    Compiling thiserror v1.0.28
[INFO] [stderr]    Compiling gempress v0.1.1 (/opt/rustwide/workdir)
[INFO] [stdout] warning: function `resolve_path` is never used
[INFO] [stdout]   --> src/io.rs:29:8
[INFO] [stdout]    |
[INFO] [stdout] 29 | pub fn resolve_path(path: &Path) -> String {
[INFO] [stdout]    |        ^^^^^^^^^^^^
[INFO] [stdout]    |
[INFO] [stdout]    = note: `#[warn(dead_code)]` on by default
[INFO] [stdout] 
[INFO] [stdout] 
[INFO] [stdout] warning: structure field `identityPath` should have a snake case name
[INFO] [stdout]   --> src/lib.rs:21:5
[INFO] [stdout]    |
[INFO] [stdout] 21 |     identityPath: PathBuf,
[INFO] [stdout]    |     ^^^^^^^^^^^^ help: convert the identifier to snake case: `identity_path`
[INFO] [stdout]    |
[INFO] [stdout]    = note: `#[warn(non_snake_case)]` on by default
[INFO] [stdout] 
[INFO] [stdout] 
[INFO] [stdout] warning: variable `identityPath` should have a snake case name
[INFO] [stdout]   --> src/lib.rs:45:26
[INFO] [stdout]    |
[INFO] [stdout] 45 |     pub fn from_identity(identityPath: PathBuf, password: String) -> Self {
[INFO] [stdout]    |                          ^^^^^^^^^^^^ help: convert the identifier to snake case: `identity_path`
[INFO] [stdout] 
[INFO] [stdout] 
[INFO] [stdout] warning: 3 warnings emitted
[INFO] [stdout] 
[INFO] [stdout] 
[INFO] [stderr]     Finished dev [unoptimized + debuginfo] target(s) in 6.55s
[INFO] running `Command { std: "docker" "inspect" "0d65d759d48be40d777c3d255089c3ffaa53fae34a19a371b8383404b4888b36", kill_on_drop: false }`
[INFO] running `Command { std: "docker" "rm" "-f" "0d65d759d48be40d777c3d255089c3ffaa53fae34a19a371b8383404b4888b36", kill_on_drop: false }`
[INFO] [stdout] 0d65d759d48be40d777c3d255089c3ffaa53fae34a19a371b8383404b4888b36
[INFO] running `Command { std: "docker" "create" "-v" "/var/lib/crater-agent-workspace/builds/worker-3-tc2/target:/opt/rustwide/target:rw,Z" "-v" "/var/lib/crater-agent-workspace/builds/worker-3-tc2/source:/opt/rustwide/workdir:ro,Z" "-v" "/var/lib/crater-agent-workspace/cargo-home:/opt/rustwide/cargo-home:ro,Z" "-v" "/var/lib/crater-agent-workspace/rustup-home:/opt/rustwide/rustup-home:ro,Z" "-e" "SOURCE_DIR=/opt/rustwide/workdir" "-e" "CARGO_TARGET_DIR=/opt/rustwide/target" "-e" "CARGO_INCREMENTAL=0" "-e" "RUST_BACKTRACE=full" "-e" "RUSTFLAGS=--cap-lints=warn" "-e" "RUSTDOCFLAGS=--cap-lints=warn" "-e" "CARGO_HOME=/opt/rustwide/cargo-home" "-e" "RUSTUP_HOME=/opt/rustwide/rustup-home" "-w" "/opt/rustwide/workdir" "-m" "1610612736" "--user" "0:0" "--network" "none" "ghcr.io/rust-lang/crates-build-env/linux@sha256:5ff2268d62e97bff2cde7d5815dd6ed5b47097566f13b8d0ca110b04b60e07ed" "/opt/rustwide/cargo-home/bin/cargo" "+beta-2023-04-20" "test" "--frozen" "--no-run" "--message-format=json", kill_on_drop: false }`
[INFO] [stdout] b8aee3f7976983659ff28ab6bae6aac20fc832ebf8c15e0f33df267bff1c6f57
[INFO] running `Command { std: "docker" "start" "-a" "b8aee3f7976983659ff28ab6bae6aac20fc832ebf8c15e0f33df267bff1c6f57", kill_on_drop: false }`
[INFO] [stdout] warning: function `resolve_path` is never used
[INFO] [stdout]   --> src/io.rs:29:8
[INFO] [stdout]    |
[INFO] [stdout] 29 | pub fn resolve_path(path: &Path) -> String {
[INFO] [stdout]    |        ^^^^^^^^^^^^
[INFO] [stdout]    |
[INFO] [stdout]    = note: `#[warn(dead_code)]` on by default
[INFO] [stdout] 
[INFO] [stdout] 
[INFO] [stdout] warning: structure field `identityPath` should have a snake case name
[INFO] [stdout]   --> src/lib.rs:21:5
[INFO] [stdout]    |
[INFO] [stdout] 21 |     identityPath: PathBuf,
[INFO] [stdout]    |     ^^^^^^^^^^^^ help: convert the identifier to snake case: `identity_path`
[INFO] [stdout]    |
[INFO] [stdout]    = note: `#[warn(non_snake_case)]` on by default
[INFO] [stdout] 
[INFO] [stdout] 
[INFO] [stdout] warning: variable `identityPath` should have a snake case name
[INFO] [stdout]   --> src/lib.rs:45:26
[INFO] [stdout]    |
[INFO] [stdout] 45 |     pub fn from_identity(identityPath: PathBuf, password: String) -> Self {
[INFO] [stdout]    |                          ^^^^^^^^^^^^ help: convert the identifier to snake case: `identity_path`
[INFO] [stdout] 
[INFO] [stdout] 
[INFO] [stderr]    Compiling gempress v0.1.1 (/opt/rustwide/workdir)
[INFO] [stdout] warning: 3 warnings emitted
[INFO] [stdout] 
[INFO] [stdout] 
[INFO] [stdout] warning: unused variable: `req`
[INFO] [stdout]  --> examples/simple_server.rs:7:18
[INFO] [stdout]   |
[INFO] [stdout] 7 | fn index_handler(req: Box<gemini::Request>, mut res: Box<gemini::Response>) {
[INFO] [stdout]   |                  ^^^ help: if this is intentional, prefix it with an underscore: `_req`
[INFO] [stdout]   |
[INFO] [stdout]   = note: `#[warn(unused_variables)]` on by default
[INFO] [stdout] 
[INFO] [stdout] 
[INFO] [stdout] warning: unused `Result` that must be used
[INFO] [stdout]  --> examples/simple_server.rs:8:5
[INFO] [stdout]   |
[INFO] [stdout] 8 |     res.send("Hello from index route!".as_bytes());
[INFO] [stdout]   |     ^^^^^^^^^^^^^^^^^^^^^^^^^^^^^^^^^^^^^^^^^^^^^^
[INFO] [stdout]   |
[INFO] [stdout]   = note: this `Result` may be an `Err` variant, which should be handled
[INFO] [stdout]   = note: `#[warn(unused_must_use)]` on by default
[INFO] [stdout] help: use `let _ = ...` to ignore the resulting value
[INFO] [stdout]   |
[INFO] [stdout] 8 |     let _ = res.send("Hello from index route!".as_bytes());
[INFO] [stdout]   |     +++++++
[INFO] [stdout] 
[INFO] [stdout] 
[INFO] [stdout] warning: structure field `identityPath` should have a snake case name
[INFO] [stdout]   --> src/lib.rs:21:5
[INFO] [stdout]    |
[INFO] [stdout] 21 |     identityPath: PathBuf,
[INFO] [stdout]    |     ^^^^^^^^^^^^ help: convert the identifier to snake case: `identity_path`
[INFO] [stdout]    |
[INFO] [stdout]    = note: `#[warn(non_snake_case)]` on by default
[INFO] [stdout] 
[INFO] [stdout] 
[INFO] [stdout] warning: variable `identityPath` should have a snake case name
[INFO] [stdout]   --> src/lib.rs:45:26
[INFO] [stdout]    |
[INFO] [stdout] 45 |     pub fn from_identity(identityPath: PathBuf, password: String) -> Self {
[INFO] [stdout]    |                          ^^^^^^^^^^^^ help: convert the identifier to snake case: `identity_path`
[INFO] [stdout] 
[INFO] [stdout] 
[INFO] [stdout] warning: 2 warnings emitted
[INFO] [stdout] 
[INFO] [stdout] 
[INFO] [stdout] warning: 2 warnings emitted
[INFO] [stdout] 
[INFO] [stdout] 
[INFO] [stderr]     Finished test [unoptimized + debuginfo] target(s) in 0.49s
[INFO] running `Command { std: "docker" "inspect" "b8aee3f7976983659ff28ab6bae6aac20fc832ebf8c15e0f33df267bff1c6f57", kill_on_drop: false }`
[INFO] running `Command { std: "docker" "rm" "-f" "b8aee3f7976983659ff28ab6bae6aac20fc832ebf8c15e0f33df267bff1c6f57", kill_on_drop: false }`
[INFO] [stdout] b8aee3f7976983659ff28ab6bae6aac20fc832ebf8c15e0f33df267bff1c6f57
[INFO] running `Command { std: "docker" "create" "-v" "/var/lib/crater-agent-workspace/builds/worker-3-tc2/target:/opt/rustwide/target:rw,Z" "-v" "/var/lib/crater-agent-workspace/builds/worker-3-tc2/source:/opt/rustwide/workdir:ro,Z" "-v" "/var/lib/crater-agent-workspace/cargo-home:/opt/rustwide/cargo-home:ro,Z" "-v" "/var/lib/crater-agent-workspace/rustup-home:/opt/rustwide/rustup-home:ro,Z" "-e" "SOURCE_DIR=/opt/rustwide/workdir" "-e" "CARGO_TARGET_DIR=/opt/rustwide/target" "-e" "CARGO_INCREMENTAL=0" "-e" "RUST_BACKTRACE=full" "-e" "RUSTFLAGS=--cap-lints=warn" "-e" "RUSTDOCFLAGS=--cap-lints=warn" "-e" "CARGO_HOME=/opt/rustwide/cargo-home" "-e" "RUSTUP_HOME=/opt/rustwide/rustup-home" "-w" "/opt/rustwide/workdir" "-m" "1610612736" "--user" "0:0" "--network" "none" "ghcr.io/rust-lang/crates-build-env/linux@sha256:5ff2268d62e97bff2cde7d5815dd6ed5b47097566f13b8d0ca110b04b60e07ed" "/opt/rustwide/cargo-home/bin/cargo" "+beta-2023-04-20" "test" "--frozen", kill_on_drop: false }`
[INFO] [stdout] 84121429dadd856d2363e8ca64d0ee5d1edf4954cce6a4ab78d29c8588f92f36
[INFO] running `Command { std: "docker" "start" "-a" "84121429dadd856d2363e8ca64d0ee5d1edf4954cce6a4ab78d29c8588f92f36", kill_on_drop: false }`
[INFO] [stderr] warning: function `resolve_path` is never used
[INFO] [stderr]   --> src/io.rs:29:8
[INFO] [stderr]    |
[INFO] [stderr] 29 | pub fn resolve_path(path: &Path) -> String {
[INFO] [stderr]    |        ^^^^^^^^^^^^
[INFO] [stderr]    |
[INFO] [stderr]    = note: `#[warn(dead_code)]` on by default
[INFO] [stderr] 
[INFO] [stderr] warning: structure field `identityPath` should have a snake case name
[INFO] [stderr]   --> src/lib.rs:21:5
[INFO] [stderr]    |
[INFO] [stderr] 21 |     identityPath: PathBuf,
[INFO] [stderr]    |     ^^^^^^^^^^^^ help: convert the identifier to snake case: `identity_path`
[INFO] [stderr]    |
[INFO] [stderr]    = note: `#[warn(non_snake_case)]` on by default
[INFO] [stderr] 
[INFO] [stderr] warning: variable `identityPath` should have a snake case name
[INFO] [stderr]   --> src/lib.rs:45:26
[INFO] [stderr]    |
[INFO] [stderr] 45 |     pub fn from_identity(identityPath: PathBuf, password: String) -> Self {
[INFO] [stderr]    |                          ^^^^^^^^^^^^ help: convert the identifier to snake case: `identity_path`
[INFO] [stderr] 
[INFO] [stderr] warning: `gempress` (lib) generated 3 warnings
[INFO] [stderr] warning: `gempress` (lib test) generated 2 warnings (2 duplicates)
[INFO] [stderr] warning: unused variable: `req`
[INFO] [stderr]  --> examples/simple_server.rs:7:18
[INFO] [stderr]   |
[INFO] [stderr] 7 | fn index_handler(req: Box<gemini::Request>, mut res: Box<gemini::Response>) {
[INFO] [stderr]   |                  ^^^ help: if this is intentional, prefix it with an underscore: `_req`
[INFO] [stderr]   |
[INFO] [stderr]   = note: `#[warn(unused_variables)]` on by default
[INFO] [stderr] 
[INFO] [stderr] warning: unused `Result` that must be used
[INFO] [stderr]  --> examples/simple_server.rs:8:5
[INFO] [stderr]   |
[INFO] [stderr] 8 |     res.send("Hello from index route!".as_bytes());
[INFO] [stderr]   |     ^^^^^^^^^^^^^^^^^^^^^^^^^^^^^^^^^^^^^^^^^^^^^^
[INFO] [stderr]   |
[INFO] [stderr]   = note: this `Result` may be an `Err` variant, which should be handled
[INFO] [stderr]   = note: `#[warn(unused_must_use)]` on by default
[INFO] [stderr] help: use `let _ = ...` to ignore the resulting value
[INFO] [stderr]   |
[INFO] [stderr] 8 |     let _ = res.send("Hello from index route!".as_bytes());
[INFO] [stderr]   |     +++++++
[INFO] [stderr] 
[INFO] [stderr] warning: `gempress` (example "simple_server") generated 2 warnings (run `cargo fix --example "simple_server"` to apply 1 suggestion)
[INFO] [stderr]     Finished test [unoptimized + debuginfo] target(s) in 0.02s
[INFO] [stderr]      Running unittests src/lib.rs (/opt/rustwide/target/debug/deps/gempress-fe6907a1ae030368)
[INFO] [stdout] 
[INFO] [stdout] running 6 tests
[INFO] [stdout] test gemini::tests::parse_malformed_request ... ok
[INFO] [stdout] test gemini::tests::parse_request ... ok
[INFO] [stdout] test gemini::tests::parse_without_scheme ... ok
[INFO] [stdout] test io::tests::resolve_path_dir ... ok
[INFO] [stdout] test gemini::tests::parse_without_scheme_double_slash ... ok
[INFO] [stdout] test io::tests::resolve_path_file ... ok
[INFO] [stdout] 
[INFO] [stdout] test result: ok. 6 passed; 0 failed; 0 ignored; 0 measured; 0 filtered out; finished in 0.00s
[INFO] [stdout] 
[INFO] [stderr]    Doc-tests gempress
[INFO] [stdout] 
[INFO] [stdout] running 5 tests
[INFO] [stdout] test src/lib.rs - Config::from_identity (line 31) ... FAILED
[INFO] [stdout] test src/lib.rs - Config::from_identity (line 41) ... FAILED
[INFO] [stdout] test src/lib.rs - Gempress::new (line 103) ... FAILED
[INFO] [stdout] test src/lib.rs - Gempress::on (line 118) ... FAILED
[INFO] [stdout] test src/lib.rs - Handler (line 57) ... FAILED
[INFO] [stdout] 
[INFO] [stdout] failures:
[INFO] [stdout] 
[INFO] [stdout] ---- src/lib.rs - Config::from_identity (line 31) stdout ----
[INFO] [stdout] error[E0762]: unterminated character literal
[INFO] [stdout]  --> src/lib.rs:32:89
[INFO] [stdout]   |
[INFO] [stdout] 1 | openssl req -x509 -newkey rsa:4096 -keyout key.pem -out cert.pem -days 365 -nodes -subj '/CN=localhost'
[INFO] [stdout]   |                                                                                         ^
[INFO] [stdout] 
[INFO] [stdout] error: aborting due to previous error
[INFO] [stdout] 
[INFO] [stdout] For more information about this error, try `rustc --explain E0762`.
[INFO] [stdout] Couldn't compile the test.
[INFO] [stdout] ---- src/lib.rs - Config::from_identity (line 41) stdout ----
[INFO] [stdout] error[E0433]: failed to resolve: use of undeclared type `PathBuf`
[INFO] [stdout]  --> src/lib.rs:42:46
[INFO] [stdout]   |
[INFO] [stdout] 4 | let config = gempress::Config::from_identity(PathBuf::from("identity.pfx"), "password".into());
[INFO] [stdout]   |                                              ^^^^^^^ use of undeclared type `PathBuf`
[INFO] [stdout]   |
[INFO] [stdout] help: consider importing this struct
[INFO] [stdout]   |
[INFO] [stdout] 2 + use std::path::PathBuf;
[INFO] [stdout]   |
[INFO] [stdout] 
[INFO] [stdout] error[E0433]: failed to resolve: use of undeclared type `Gempress`
[INFO] [stdout]  --> src/lib.rs:43:19
[INFO] [stdout]   |
[INFO] [stdout] 5 |     let mut app = Gempress::new(config);
[INFO] [stdout]   |                   ^^^^^^^^ use of undeclared type `Gempress`
[INFO] [stdout]   |
[INFO] [stdout] help: consider importing this struct
[INFO] [stdout]   |
[INFO] [stdout] 2 + use gempress::Gempress;
[INFO] [stdout]   |
[INFO] [stdout] 
[INFO] [stdout] error: aborting due to 2 previous errors
[INFO] [stdout] 
[INFO] [stdout] For more information about this error, try `rustc --explain E0433`.
[INFO] [stdout] Couldn't compile the test.
[INFO] [stdout] ---- src/lib.rs - Gempress::new (line 103) stdout ----
[INFO] [stdout] error[E0433]: failed to resolve: use of undeclared type `PathBuf`
[INFO] [stdout]  --> src/lib.rs:104:46
[INFO] [stdout]   |
[INFO] [stdout] 4 | let config = gempress::Config::from_identity(PathBuf::from("identity.pfx"), "password".into());
[INFO] [stdout]   |                                              ^^^^^^^ use of undeclared type `PathBuf`
[INFO] [stdout]   |
[INFO] [stdout] help: consider importing this struct
[INFO] [stdout]   |
[INFO] [stdout] 2 + use std::path::PathBuf;
[INFO] [stdout]   |
[INFO] [stdout] 
[INFO] [stdout] error[E0433]: failed to resolve: use of undeclared type `Gempress`
[INFO] [stdout]  --> src/lib.rs:105:19
[INFO] [stdout]   |
[INFO] [stdout] 5 |     let mut app = Gempress::new(config);
[INFO] [stdout]   |                   ^^^^^^^^ use of undeclared type `Gempress`
[INFO] [stdout]   |
[INFO] [stdout] help: consider importing this struct
[INFO] [stdout]   |
[INFO] [stdout] 2 + use gempress::Gempress;
[INFO] [stdout]   |
[INFO] [stdout] 
[INFO] [stdout] error: aborting due to 2 previous errors
[INFO] [stdout] 
[INFO] [stdout] For more information about this error, try `rustc --explain E0433`.
[INFO] [stdout] Couldn't compile the test.
[INFO] [stdout] ---- src/lib.rs - Gempress::on (line 118) stdout ----
[INFO] [stdout] error[E0433]: failed to resolve: use of undeclared type `PathBuf`
[INFO] [stdout]  --> src/lib.rs:121:50
[INFO] [stdout]   |
[INFO] [stdout] 6 |     let config = gempress::Config::from_identity(PathBuf::from("identity.pfx"), "password".into());
[INFO] [stdout]   |                                                  ^^^^^^^ use of undeclared type `PathBuf`
[INFO] [stdout]   |
[INFO] [stdout] help: consider importing this struct
[INFO] [stdout]   |
[INFO] [stdout] 2 + use std::path::PathBuf;
[INFO] [stdout]   |
[INFO] [stdout] 
[INFO] [stdout] error[E0433]: failed to resolve: use of undeclared type `Gempress`
[INFO] [stdout]  --> src/lib.rs:122:19
[INFO] [stdout]   |
[INFO] [stdout] 7 |     let mut app = Gempress::new(config);
[INFO] [stdout]   |                   ^^^^^^^^ use of undeclared type `Gempress`
[INFO] [stdout]   |
[INFO] [stdout] help: consider importing this struct
[INFO] [stdout]   |
[INFO] [stdout] 2 + use gempress::Gempress;
[INFO] [stdout]   |
[INFO] [stdout] 
[INFO] [stdout] error: aborting due to 2 previous errors
[INFO] [stdout] 
[INFO] [stdout] For more information about this error, try `rustc --explain E0433`.
[INFO] [stdout] Couldn't compile the test.
[INFO] [stdout] ---- src/lib.rs - Handler (line 57) stdout ----
[INFO] [stdout] Test executable failed (exit status: 101).
[INFO] [stdout] 
[INFO] [stdout] stderr:
[INFO] [stdout] thread 'main' panicked at 'called `Result::unwrap()` on an `Err` value: NoIdentity(Os { code: 2, kind: NotFound, message: "No such file or directory" })', src/lib.rs:22:2
[INFO] [stdout] stack backtrace:
[INFO] [stdout]    0:     0x5597c286f5ba - std::backtrace_rs::backtrace::libunwind::trace::h2f05d0192276a8f6
[INFO] [stdout]                                at /rustc/1b7dd2252b99671ce5d1cb9664c5f8636329436d/library/std/src/../../backtrace/src/backtrace/libunwind.rs:93:5
[INFO] [stdout]    1:     0x5597c286f5ba - std::backtrace_rs::backtrace::trace_unsynchronized::hedc23dff7a1af150
[INFO] [stdout]                                at /rustc/1b7dd2252b99671ce5d1cb9664c5f8636329436d/library/std/src/../../backtrace/src/backtrace/mod.rs:66:5
[INFO] [stdout]    2:     0x5597c286f5ba - std::sys_common::backtrace::_print_fmt::h17541ef7592f3ce2
[INFO] [stdout]                                at /rustc/1b7dd2252b99671ce5d1cb9664c5f8636329436d/library/std/src/sys_common/backtrace.rs:65:5
[INFO] [stdout]    3:     0x5597c286f5ba - <std::sys_common::backtrace::_print::DisplayBacktrace as core::fmt::Display>::fmt::h20f75df5ab0c0792
[INFO] [stdout]                                at /rustc/1b7dd2252b99671ce5d1cb9664c5f8636329436d/library/std/src/sys_common/backtrace.rs:44:22
[INFO] [stdout]    4:     0x5597c288bfaf - core::fmt::write::h78109e6f466b3af6
[INFO] [stdout]                                at /rustc/1b7dd2252b99671ce5d1cb9664c5f8636329436d/library/core/src/fmt/mod.rs:1254:17
[INFO] [stdout]    5:     0x5597c286ccd5 - std::io::Write::write_fmt::hc59e1b02dd273c8a
[INFO] [stdout]                                at /rustc/1b7dd2252b99671ce5d1cb9664c5f8636329436d/library/std/src/io/mod.rs:1698:15
[INFO] [stdout]    6:     0x5597c286f385 - std::sys_common::backtrace::_print::h8dac57a9f8fbf9a5
[INFO] [stdout]                                at /rustc/1b7dd2252b99671ce5d1cb9664c5f8636329436d/library/std/src/sys_common/backtrace.rs:47:5
[INFO] [stdout]    7:     0x5597c286f385 - std::sys_common::backtrace::print::hf9ecbf41d1aa712f
[INFO] [stdout]                                at /rustc/1b7dd2252b99671ce5d1cb9664c5f8636329436d/library/std/src/sys_common/backtrace.rs:34:9
[INFO] [stdout]    8:     0x5597c287090e - std::panicking::default_hook::{{closure}}::h04c07acfc84ca028
[INFO] [stdout]                                at /rustc/1b7dd2252b99671ce5d1cb9664c5f8636329436d/library/std/src/panicking.rs:269:22
[INFO] [stdout]    9:     0x5597c28706b5 - std::panicking::default_hook::h01f6bb23e1eceb2c
[INFO] [stdout]                                at /rustc/1b7dd2252b99671ce5d1cb9664c5f8636329436d/library/std/src/panicking.rs:288:9
[INFO] [stdout]   10:     0x5597c2870e6e - std::panicking::rust_panic_with_hook::h2bb3722bbaf2f6df
[INFO] [stdout]                                at /rustc/1b7dd2252b99671ce5d1cb9664c5f8636329436d/library/std/src/panicking.rs:691:13
[INFO] [stdout]   11:     0x5597c2870d69 - std::panicking::begin_panic_handler::{{closure}}::h91bc7f36a4be011b
[INFO] [stdout]                                at /rustc/1b7dd2252b99671ce5d1cb9664c5f8636329436d/library/std/src/panicking.rs:582:13
[INFO] [stdout]   12:     0x5597c286fa26 - std::sys_common::backtrace::__rust_end_short_backtrace::h8b3d3717114f9e59
[INFO] [stdout]                                at /rustc/1b7dd2252b99671ce5d1cb9664c5f8636329436d/library/std/src/sys_common/backtrace.rs:150:18
[INFO] [stdout]   13:     0x5597c2870ac2 - rust_begin_unwind
[INFO] [stdout]                                at /rustc/1b7dd2252b99671ce5d1cb9664c5f8636329436d/library/std/src/panicking.rs:578:5
[INFO] [stdout]   14:     0x5597c27ef563 - core::panicking::panic_fmt::hfd368e3fbdabea26
[INFO] [stdout]                                at /rustc/1b7dd2252b99671ce5d1cb9664c5f8636329436d/library/core/src/panicking.rs:67:14
[INFO] [stdout]   15:     0x5597c27efa43 - core::result::unwrap_failed::he54eb4b2f125b26f
[INFO] [stdout]                                at /rustc/1b7dd2252b99671ce5d1cb9664c5f8636329436d/library/core/src/result.rs:1687:5
[INFO] [stdout]   16:     0x5597c27f1f8b - core::result::Result<T,E>::unwrap::h697ed4556eb2852b
[INFO] [stdout]   17:     0x5597c27f5ac8 - rust_out::main::_doctest_main_src_lib_rs_57_0::h839bc391cae848f8
[INFO] [stdout]   18:     0x5597c27f58d6 - rust_out::main::h2731449a68dfa004
[INFO] [stdout]   19:     0x5597c27f1563 - core::ops::function::FnOnce::call_once::hd1715aa1b26fc35c
[INFO] [stdout]   20:     0x5597c27f06f6 - std::sys_common::backtrace::__rust_begin_short_backtrace::h8d2b4d09ce515535
[INFO] [stdout]   21:     0x5597c27f0749 - std::rt::lang_start::{{closure}}::hc9a918c63b0dc835
[INFO] [stdout]   22:     0x5597c2869e5e - core::ops::function::impls::<impl core::ops::function::FnOnce<A> for &F>::call_once::h2eb19b8ce4148df4
[INFO] [stdout]                                at /rustc/1b7dd2252b99671ce5d1cb9664c5f8636329436d/library/core/src/ops/function.rs:287:13
[INFO] [stdout]   23:     0x5597c2869e5e - std::panicking::try::do_call::h2e900feff5d504c5
[INFO] [stdout]                                at /rustc/1b7dd2252b99671ce5d1cb9664c5f8636329436d/library/std/src/panicking.rs:485:40
[INFO] [stdout]   24:     0x5597c2869e5e - std::panicking::try::h8854836cb85aa9f2
[INFO] [stdout]                                at /rustc/1b7dd2252b99671ce5d1cb9664c5f8636329436d/library/std/src/panicking.rs:449:19
[INFO] [stdout]   25:     0x5597c2869e5e - std::panic::catch_unwind::h706025dd4c48f64b
[INFO] [stdout]                                at /rustc/1b7dd2252b99671ce5d1cb9664c5f8636329436d/library/std/src/panic.rs:140:14
[INFO] [stdout]   26:     0x5597c2869e5e - std::rt::lang_start_internal::{{closure}}::h7be5b97f4a07a91a
[INFO] [stdout]                                at /rustc/1b7dd2252b99671ce5d1cb9664c5f8636329436d/library/std/src/rt.rs:148:48
[INFO] [stdout]   27:     0x5597c2869e5e - std::panicking::try::do_call::h59847e9d0a176965
[INFO] [stdout]                                at /rustc/1b7dd2252b99671ce5d1cb9664c5f8636329436d/library/std/src/panicking.rs:485:40
[INFO] [stdout]   28:     0x5597c2869e5e - std::panicking::try::h399a918ba8522823
[INFO] [stdout]                                at /rustc/1b7dd2252b99671ce5d1cb9664c5f8636329436d/library/std/src/panicking.rs:449:19
[INFO] [stdout]   29:     0x5597c2869e5e - std::panic::catch_unwind::hca7ca6c55b2a2e26
[INFO] [stdout]                                at /rustc/1b7dd2252b99671ce5d1cb9664c5f8636329436d/library/std/src/panic.rs:140:14
[INFO] [stdout]   30:     0x5597c2869e5e - std::rt::lang_start_internal::h2c807a81560459eb
[INFO] [stdout]                                at /rustc/1b7dd2252b99671ce5d1cb9664c5f8636329436d/library/std/src/rt.rs:148:20
[INFO] [stdout]   31:     0x5597c27f0727 - std::rt::lang_start::hc4bd3329ce767e23
[INFO] [stdout]   32:     0x5597c27f5c65 - main
[INFO] [stdout]   33:     0x7f9af591cd90 - <unknown>
[INFO] [stdout]   34:     0x7f9af591ce40 - __libc_start_main
[INFO] [stdout]   35:     0x5597c27efc25 - _start
[INFO] [stdout]   36:                0x0 - <unknown>
[INFO] [stdout] 
[INFO] [stdout] 
[INFO] [stdout] 
[INFO] [stdout] failures:
[INFO] [stdout]     src/lib.rs - Config::from_identity (line 31)
[INFO] [stdout]     src/lib.rs - Config::from_identity (line 41)
[INFO] [stdout]     src/lib.rs - Gempress::new (line 103)
[INFO] [stdout]     src/lib.rs - Gempress::on (line 118)
[INFO] [stdout]     src/lib.rs - Handler (line 57)
[INFO] [stdout] 
[INFO] [stdout] test result: FAILED. 0 passed; 5 failed; 0 ignored; 0 measured; 0 filtered out; finished in 0.36s
[INFO] [stdout] 
[INFO] [stderr] error: doctest failed, to rerun pass `--doc`
[INFO] running `Command { std: "docker" "inspect" "84121429dadd856d2363e8ca64d0ee5d1edf4954cce6a4ab78d29c8588f92f36", kill_on_drop: false }`
[INFO] running `Command { std: "docker" "rm" "-f" "84121429dadd856d2363e8ca64d0ee5d1edf4954cce6a4ab78d29c8588f92f36", kill_on_drop: false }`
[INFO] [stdout] 84121429dadd856d2363e8ca64d0ee5d1edf4954cce6a4ab78d29c8588f92f36
