[INFO] fetching crate gemlab 0.4.0...
[INFO] testing gemlab-0.4.0 against beta-2023-04-20 for beta-1.70-1
[INFO] extracting crate gemlab 0.4.0 into /workspace/builds/worker-0-tc2/source
[INFO] validating manifest of crates.io crate gemlab 0.4.0 on toolchain beta-2023-04-20
[INFO] running `Command { std: CARGO_HOME="/workspace/cargo-home" RUSTUP_HOME="/workspace/rustup-home" "/workspace/cargo-home/bin/cargo" "+beta-2023-04-20" "metadata" "--manifest-path" "Cargo.toml" "--no-deps", kill_on_drop: false }`
[INFO] started tweaking crates.io crate gemlab 0.4.0
[INFO] finished tweaking crates.io crate gemlab 0.4.0
[INFO] tweaked toml for crates.io crate gemlab 0.4.0 written to /workspace/builds/worker-0-tc2/source/Cargo.toml
[INFO] crate crates.io crate gemlab 0.4.0 already has a lockfile, it will not be regenerated
[INFO] running `Command { std: CARGO_HOME="/workspace/cargo-home" RUSTUP_HOME="/workspace/rustup-home" "/workspace/cargo-home/bin/cargo" "+beta-2023-04-20" "fetch" "--manifest-path" "Cargo.toml", kill_on_drop: false }`
[INFO] [stderr]     Updating crates.io index
[INFO] [stderr]  Downloading crates ...
[INFO] [stderr]   Downloaded russell_tensor v0.4.1
[INFO] [stderr]   Downloaded crossbeam-epoch v0.9.9
[INFO] [stderr]   Downloaded russell_chk v0.4.1
[INFO] [stderr]   Downloaded russell_sparse v0.4.1
[INFO] [stderr]   Downloaded russell_stat v0.4.1
[INFO] [stderr]   Downloaded crossbeam-channel v0.5.5
[INFO] [stderr]   Downloaded russell_openblas v0.4.1
[INFO] [stderr]   Downloaded russell_lab v0.4.1
[INFO] [stderr]   Downloaded plotpy v0.3.4
[INFO] [stderr]   Downloaded tritet v0.2.0
[INFO] running `Command { std: "docker" "create" "-v" "/var/lib/crater-agent-workspace/builds/worker-0-tc2/target:/opt/rustwide/target:rw,Z" "-v" "/var/lib/crater-agent-workspace/builds/worker-0-tc2/source:/opt/rustwide/workdir:ro,Z" "-v" "/var/lib/crater-agent-workspace/cargo-home:/opt/rustwide/cargo-home:ro,Z" "-v" "/var/lib/crater-agent-workspace/rustup-home:/opt/rustwide/rustup-home:ro,Z" "-e" "SOURCE_DIR=/opt/rustwide/workdir" "-e" "CARGO_TARGET_DIR=/opt/rustwide/target" "-e" "CARGO_HOME=/opt/rustwide/cargo-home" "-e" "RUSTUP_HOME=/opt/rustwide/rustup-home" "-w" "/opt/rustwide/workdir" "-m" "1610612736" "--user" "0:0" "--network" "none" "ghcr.io/rust-lang/crates-build-env/linux@sha256:97d61d7686bf65f8ecb15491ab51835e82dc9176a96a831f143a431b191fc501" "/opt/rustwide/cargo-home/bin/cargo" "+beta-2023-04-20" "metadata" "--no-deps" "--format-version=1", kill_on_drop: false }`
[INFO] [stdout] 1ebcef54325e0adbe84bdab1c2de56fde44180c9c77a6cb2bf3cf44c89de67fd
[INFO] running `Command { std: "docker" "start" "-a" "1ebcef54325e0adbe84bdab1c2de56fde44180c9c77a6cb2bf3cf44c89de67fd", kill_on_drop: false }`
[INFO] running `Command { std: "docker" "inspect" "1ebcef54325e0adbe84bdab1c2de56fde44180c9c77a6cb2bf3cf44c89de67fd", kill_on_drop: false }`
[INFO] running `Command { std: "docker" "rm" "-f" "1ebcef54325e0adbe84bdab1c2de56fde44180c9c77a6cb2bf3cf44c89de67fd", kill_on_drop: false }`
[INFO] [stdout] 1ebcef54325e0adbe84bdab1c2de56fde44180c9c77a6cb2bf3cf44c89de67fd
[INFO] running `Command { std: "docker" "create" "-v" "/var/lib/crater-agent-workspace/builds/worker-0-tc2/target:/opt/rustwide/target:rw,Z" "-v" "/var/lib/crater-agent-workspace/builds/worker-0-tc2/source:/opt/rustwide/workdir:ro,Z" "-v" "/var/lib/crater-agent-workspace/cargo-home:/opt/rustwide/cargo-home:ro,Z" "-v" "/var/lib/crater-agent-workspace/rustup-home:/opt/rustwide/rustup-home:ro,Z" "-e" "SOURCE_DIR=/opt/rustwide/workdir" "-e" "CARGO_TARGET_DIR=/opt/rustwide/target" "-e" "CARGO_INCREMENTAL=0" "-e" "RUST_BACKTRACE=full" "-e" "RUSTFLAGS=--cap-lints=warn" "-e" "RUSTDOCFLAGS=--cap-lints=warn" "-e" "CARGO_HOME=/opt/rustwide/cargo-home" "-e" "RUSTUP_HOME=/opt/rustwide/rustup-home" "-w" "/opt/rustwide/workdir" "-m" "1610612736" "--user" "0:0" "--network" "none" "ghcr.io/rust-lang/crates-build-env/linux@sha256:97d61d7686bf65f8ecb15491ab51835e82dc9176a96a831f143a431b191fc501" "/opt/rustwide/cargo-home/bin/cargo" "+beta-2023-04-20" "build" "--frozen" "--message-format=json", kill_on_drop: false }`
[INFO] [stdout] 3f5d4026f846d8826a39b3608bd3a8d93b5adc157c7e5c8322548e4364e63c75
[INFO] running `Command { std: "docker" "start" "-a" "3f5d4026f846d8826a39b3608bd3a8d93b5adc157c7e5c8322548e4364e63c75", kill_on_drop: false }`
[INFO] [stderr]    Compiling proc-macro2 v1.0.40
[INFO] [stderr]    Compiling unicode-ident v1.0.1
[INFO] [stderr]    Compiling quote v1.0.20
[INFO] [stderr]    Compiling syn v1.0.98
[INFO] [stderr]    Compiling libc v0.2.126
[INFO] [stderr]    Compiling serde_derive v1.0.138
[INFO] [stderr]    Compiling serde v1.0.138
[INFO] [stderr]    Compiling libm v0.2.2
[INFO] [stderr]    Compiling num-traits v0.2.15
[INFO] [stderr]    Compiling semver v1.0.12
[INFO] [stderr]    Compiling crossbeam-utils v0.8.10
[INFO] [stderr]    Compiling memoffset v0.6.5
[INFO] [stderr]    Compiling once_cell v1.12.0
[INFO] [stderr]    Compiling crossbeam-epoch v0.9.9
[INFO] [stderr]    Compiling memchr v2.5.0
[INFO] [stderr]    Compiling rayon-core v1.9.3
[INFO] [stderr]    Compiling ryu v1.0.10
[INFO] [stderr]    Compiling either v1.7.0
[INFO] [stderr]    Compiling unicode-width v0.1.9
[INFO] [stderr]    Compiling serde_json v1.0.82
[INFO] [stderr]    Compiling rayon v1.5.3
[INFO] [stderr]    Compiling plotters-backend v0.3.2
[INFO] [stderr]    Compiling regex-automata v0.1.10
[INFO] [stderr]    Compiling itoa v1.0.2
[INFO] [stderr]    Compiling cc v1.0.73
[INFO] [stderr]    Compiling textwrap v0.11.0
[INFO] [stderr]    Compiling itertools v0.10.3
[INFO] [stderr]    Compiling half v1.8.2
[INFO] [stderr]    Compiling itoa v0.4.8
[INFO] [stderr]    Compiling plotters-svg v0.3.1
[INFO] [stderr]    Compiling regex-syntax v0.6.26
[INFO] [stderr]    Compiling rustc_version v0.4.0
[INFO] [stderr]    Compiling crossbeam-channel v0.5.5
[INFO] [stderr]    Compiling csv-core v0.1.10
[INFO] [stderr]    Compiling walkdir v2.3.2
[INFO] [stderr]    Compiling num_cpus v1.13.1
[INFO] [stderr]    Compiling atty v0.2.14
[INFO] [stderr]    Compiling russell_openblas v0.4.1
[INFO] [stderr]    Compiling oorandom v11.1.3
[INFO] [stderr]    Compiling cast v0.2.7
[INFO] [stderr]    Compiling getrandom v0.2.7
[INFO] [stderr]    Compiling crossbeam-deque v0.8.1
[INFO] [stderr]    Compiling clap v2.34.0
[INFO] [stderr]    Compiling proc-macro-error-attr v1.0.4
[INFO] [stderr]    Compiling ppv-lite86 v0.2.16
[INFO] [stderr]    Compiling rand_core v0.6.3
[INFO] [stderr]    Compiling unicode-segmentation v1.9.0
[INFO] [stderr]    Compiling paste v1.0.7
[INFO] [stderr]    Compiling tritet v0.2.0
[INFO] [stderr]    Compiling russell_stat v0.4.1
[INFO] [stderr]    Compiling russell_sparse v0.4.1
[INFO] [stderr]    Compiling rand_chacha v0.3.1
[INFO] [stderr]    Compiling plotters v0.3.1
[INFO] [stderr]    Compiling heck v0.3.3
[INFO] [stderr]    Compiling regex v1.5.6
[INFO] [stderr]    Compiling rand v0.8.5
[INFO] [stderr]    Compiling criterion-plot v0.4.4
[INFO] [stderr]    Compiling rmp v0.8.11
[INFO] [stderr]    Compiling rand_distr v0.4.3
[INFO] [stderr]    Compiling proc-macro-error v1.0.4
[INFO] [stderr]    Compiling structopt-derive v0.4.18
[INFO] [stderr]    Compiling structopt v0.3.26
[INFO] [stderr]    Compiling num-complex v0.4.2
[INFO] [stderr]    Compiling bstr v0.2.17
[INFO] [stderr]    Compiling serde_cbor v0.11.2
[INFO] [stderr]    Compiling rmp-serde v1.1.0
[INFO] [stderr]    Compiling russell_chk v0.4.1
[INFO] [stderr]    Compiling csv v1.1.6
[INFO] [stderr]    Compiling tinytemplate v1.2.1
[INFO] [stderr]    Compiling criterion v0.3.5
[INFO] [stderr]    Compiling russell_lab v0.4.1
[INFO] [stderr]    Compiling plotpy v0.3.4
[INFO] [stderr]    Compiling russell_tensor v0.4.1
[INFO] [stderr]    Compiling gemlab v0.4.0 (/opt/rustwide/workdir)
[INFO] [stderr]     Finished dev [unoptimized + debuginfo] target(s) in 20.96s
[INFO] [stderr] warning: the following packages contain code that will be rejected by a future version of Rust: criterion v0.3.5
[INFO] [stderr] note: to see what the problems were, use the option `--future-incompat-report`, or run `cargo report future-incompatibilities --id 2`
[INFO] running `Command { std: "docker" "inspect" "3f5d4026f846d8826a39b3608bd3a8d93b5adc157c7e5c8322548e4364e63c75", kill_on_drop: false }`
[INFO] running `Command { std: "docker" "rm" "-f" "3f5d4026f846d8826a39b3608bd3a8d93b5adc157c7e5c8322548e4364e63c75", kill_on_drop: false }`
[INFO] [stdout] 3f5d4026f846d8826a39b3608bd3a8d93b5adc157c7e5c8322548e4364e63c75
[INFO] running `Command { std: "docker" "create" "-v" "/var/lib/crater-agent-workspace/builds/worker-0-tc2/target:/opt/rustwide/target:rw,Z" "-v" "/var/lib/crater-agent-workspace/builds/worker-0-tc2/source:/opt/rustwide/workdir:ro,Z" "-v" "/var/lib/crater-agent-workspace/cargo-home:/opt/rustwide/cargo-home:ro,Z" "-v" "/var/lib/crater-agent-workspace/rustup-home:/opt/rustwide/rustup-home:ro,Z" "-e" "SOURCE_DIR=/opt/rustwide/workdir" "-e" "CARGO_TARGET_DIR=/opt/rustwide/target" "-e" "CARGO_INCREMENTAL=0" "-e" "RUST_BACKTRACE=full" "-e" "RUSTFLAGS=--cap-lints=warn" "-e" "RUSTDOCFLAGS=--cap-lints=warn" "-e" "CARGO_HOME=/opt/rustwide/cargo-home" "-e" "RUSTUP_HOME=/opt/rustwide/rustup-home" "-w" "/opt/rustwide/workdir" "-m" "1610612736" "--user" "0:0" "--network" "none" "ghcr.io/rust-lang/crates-build-env/linux@sha256:97d61d7686bf65f8ecb15491ab51835e82dc9176a96a831f143a431b191fc501" "/opt/rustwide/cargo-home/bin/cargo" "+beta-2023-04-20" "test" "--frozen" "--no-run" "--message-format=json", kill_on_drop: false }`
[INFO] [stdout] 4043f7a8f640e1aa49f55378dfe44c72348cfd7195309818257dc607a375a897
[INFO] running `Command { std: "docker" "start" "-a" "4043f7a8f640e1aa49f55378dfe44c72348cfd7195309818257dc607a375a897", kill_on_drop: false }`
[INFO] [stderr]    Compiling gemlab v0.4.0 (/opt/rustwide/workdir)
[INFO] [stderr]     Finished test [unoptimized + debuginfo] target(s) in 6.52s
[INFO] [stderr] warning: the following packages contain code that will be rejected by a future version of Rust: criterion v0.3.5
[INFO] [stderr] note: to see what the problems were, use the option `--future-incompat-report`, or run `cargo report future-incompatibilities --id 2`
[INFO] running `Command { std: "docker" "inspect" "4043f7a8f640e1aa49f55378dfe44c72348cfd7195309818257dc607a375a897", kill_on_drop: false }`
[INFO] running `Command { std: "docker" "rm" "-f" "4043f7a8f640e1aa49f55378dfe44c72348cfd7195309818257dc607a375a897", kill_on_drop: false }`
[INFO] [stdout] 4043f7a8f640e1aa49f55378dfe44c72348cfd7195309818257dc607a375a897
[INFO] running `Command { std: "docker" "create" "-v" "/var/lib/crater-agent-workspace/builds/worker-0-tc2/target:/opt/rustwide/target:rw,Z" "-v" "/var/lib/crater-agent-workspace/builds/worker-0-tc2/source:/opt/rustwide/workdir:ro,Z" "-v" "/var/lib/crater-agent-workspace/cargo-home:/opt/rustwide/cargo-home:ro,Z" "-v" "/var/lib/crater-agent-workspace/rustup-home:/opt/rustwide/rustup-home:ro,Z" "-e" "SOURCE_DIR=/opt/rustwide/workdir" "-e" "CARGO_TARGET_DIR=/opt/rustwide/target" "-e" "CARGO_INCREMENTAL=0" "-e" "RUST_BACKTRACE=full" "-e" "RUSTFLAGS=--cap-lints=warn" "-e" "RUSTDOCFLAGS=--cap-lints=warn" "-e" "CARGO_HOME=/opt/rustwide/cargo-home" "-e" "RUSTUP_HOME=/opt/rustwide/rustup-home" "-w" "/opt/rustwide/workdir" "-m" "1610612736" "--user" "0:0" "--network" "none" "ghcr.io/rust-lang/crates-build-env/linux@sha256:97d61d7686bf65f8ecb15491ab51835e82dc9176a96a831f143a431b191fc501" "/opt/rustwide/cargo-home/bin/cargo" "+beta-2023-04-20" "test" "--frozen", kill_on_drop: false }`
[INFO] [stdout] a3bd0383726d8ec02aeb8d80cd7b78586cc277580c3afbd2fe50bb3f86254e12
[INFO] running `Command { std: "docker" "start" "-a" "a3bd0383726d8ec02aeb8d80cd7b78586cc277580c3afbd2fe50bb3f86254e12", kill_on_drop: false }`
[INFO] [stderr]     Finished test [unoptimized + debuginfo] target(s) in 0.05s
[INFO] [stderr] warning: the following packages contain code that will be rejected by a future version of Rust: criterion v0.3.5
[INFO] [stderr] note: to see what the problems were, use the option `--future-incompat-report`, or run `cargo report future-incompatibilities --id 2`
[INFO] [stderr]      Running unittests src/lib.rs (/opt/rustwide/target/debug/deps/gemlab-8243b30a3357c870)
[INFO] [stdout] 
[INFO] [stdout] running 229 tests
[INFO] [stdout] test geometry::algorithms::tests::point_line_distance_2d_fails_on_short_segment ... ok
[INFO] [stdout] test geometry::triangle::tests::triangle_signed_area_works ... ok
[INFO] [stdout] test geometry::algorithms::tests::point_cylinder_distance_fails_on_wrong_input ... ok
[INFO] [stdout] test geometry::algorithms::tests::point_circle_distance_fails_on_wrong_input ... ok
[INFO] [stdout] test geometry::algorithms::tests::point_circle_distance_works ... ok
[INFO] [stdout] test geometry::algorithms::tests::point_cylinder_distance_works ... ok
[INFO] [stdout] test geometry::entities::tests::circle_traits_work ... ok
[INFO] [stdout] test geometry::algorithms::tests::point_line_distance_fails_on_wrong_input ... ok
[INFO] [stdout] test geometry::algorithms::tests::point_point_distance_3d_works ... ok
[INFO] [stdout] test geometry::algorithms::tests::point_line_distance_3d_works ... ok
[INFO] [stdout] test geometry::triangle::tests::triangle_interpolation_works ... ok
[INFO] [stdout] test geometry::algorithms::tests::point_point_distance_fails_on_wrong_input ... ok
[INFO] [stdout] test geometry::algorithms::tests::point_point_distance_2d_works ... ok
[INFO] [stdout] test geometry::algorithms::tests::point_line_distance_3d_fails_on_short_segment ... ok
[INFO] [stdout] test geometry::triangle::tests::is_point_inside_triangle_works_2 ... ok
[INFO] [stdout] test geometry::triangle::tests::is_point_inside_triangle_works_1 ... ok
[INFO] [stdout] test integ::analytical_tri3::tests::new_works ... ok
[INFO] [stdout] test geometry::algorithms::tests::point_line_distance_2d_works ... ok
[INFO] [stdout] test integ::integ_points::tests::select_integ_points_works ... ok
[INFO] [stdout] test integ::vector_cases::tests::vec_b_shape_times_vector_works_lin2_linear ... ok
[INFO] [stdout] test integ::analytical_tet4::tests::analytical_tet4_works ... ok
[INFO] [stdout] test integ::vector_cases::tests::vec_c_vector_dot_gradient_works_tri3_bilinear ... ok
[INFO] [stdout] test integ::vector_cases::tests::vec_b_shape_times_vector_works_tet4_constant ... ok
[INFO] [stdout] test integ::integ_points::tests::default_integ_points_works ... ok
[INFO] [stdout] test integ::vector_cases::tests::vec_c_vector_dot_gradient_works_tri3_constant ... ok
[INFO] [stdout] test integ::calc_ips_coords::tests::calc_ips_coords_works ... ok
[INFO] [stdout] test integ::vector_cases::tests::vec_a_shape_times_scalar_works_tri3_constant ... ok
[INFO] [stdout] test integ::vector_cases::tests::vec_b_shape_times_vector_works_tri3_constant ... ok
[INFO] [stdout] test mesh::algorithms::extract_all_2d_edges::tests::extract_all_2d_edges_mixed_works ... ok
[INFO] [stdout] test integ::matrix_cases::tests::capture_some_errors ... ok
[INFO] [stdout] test integ::vector_cases::tests::capture_some_errors ... ok
[INFO] [stdout] test integ::vector_cases::tests::vec_d_tensor_dot_gradient_tri3_works_constant ... ok
[INFO] [stdout] test integ::vector_cases::tests::vec_d_tensor_dot_gradient_tet4_works_constant ... ok
[INFO] [stdout] test mesh::algorithms::extract_features_2d::tests::extract_features_2d_ring_works ... ok
[INFO] [stdout] test mesh::algorithms::extract_features_2d::tests::extract_features_2d_block_works ... ok
[INFO] [stdout] test mesh::algorithms::extract_features_2d::tests::extract_features_2d_mixed_works ... ok
[INFO] [stdout] test mesh::algorithms::extract_all_faces::tests::extract_all_faces_works ... ok
[INFO] [stdout] test integ::vector_cases::tests::vec_a_shape_times_scalar_works_tet4_linear ... ok
[INFO] [stdout] test mesh::algorithms::extract_all_faces::tests::extract_all_faces_mixed_works ... ok
[INFO] [stdout] test mesh::algorithms::extract_features_2d::tests::extract_features_2d_all_block_works ... ok
[INFO] [stdout] test mesh::algorithms::extract_features_2d::tests::extract_features_2d_all_works ... ok
[INFO] [stdout] test integ::vector_cases::tests::vec_c_vector_dot_gradient_works_tet4_constant ... ok
[INFO] [stdout] test integ::matrix_cases::tests::mat_gdg_stiffness_works_tri3_plane_stress ... ok
[INFO] [stdout] test integ::scalar_field::tests::scalar_fields_over_rotated_square ... ok
[INFO] [stdout] test mesh::algorithms::extract_all_2d_edges::tests::extract_all_2d_edges_works ... ok
[INFO] [stdout] test mesh::algorithms::extract_features_2d::tests::extract_features_2d_works ... ok
[INFO] [stdout] test mesh::algorithms::extract_features_3d::tests::extract_features_3d_all_works ... ok
[INFO] [stdout] test integ::scalar_field::tests::scalar_fields_over_slanted_hex8 ... ok
[INFO] [stdout] test mesh::algorithms::extract_features_3d::tests::extract_features_3d_mixed_works ... ok
[INFO] [stdout] test mesh::algorithms::extract_features_3d::tests::extract_features_3d_works ... ok
[INFO] [stdout] test mesh::algorithms::extract_features_2d::tests::extract_features_2d_works_interior ... ok
[INFO] [stdout] test mesh::algorithms::extract_features_3d::tests::extract_features_3d_block_works ... ok
[INFO] [stdout] test mesh::algorithms::extract_features_3d::tests::extract_features_3d_interior_works ... ok
[INFO] [stdout] test mesh::algorithms::extract_features_2d::tests::extract_features_2d_ring_interior_works ... ok
[INFO] [stdout] test mesh::block::tests::constraints_2d_handles_errors ... ok
[INFO] [stdout] test mesh::block::tests::constraints_2d_handles_imprecision ... ok
[INFO] [stdout] test mesh::algorithms::extract_features_3d::tests::extract_features_3d_all_block_works ... ok
[INFO] [stdout] test mesh::block::tests::constraints_2d_multiple_works ... ok
[INFO] [stdout] test mesh::block::tests::new_fails_on_wrong_input ... ok
[INFO] [stdout] test mesh::block::tests::draw_works ... ok
[INFO] [stdout] test mesh::block::tests::derive_works ... ok
[INFO] [stdout] test mesh::block::tests::constraints_handles_interior_nodes_qua8 ... ok
[INFO] [stdout] test mesh::block::tests::constraints_handles_interior_nodes_qua9 ... ok
[INFO] [stdout] test mesh::block::tests::constraints_handles_interior_nodes_qua17 ... ok
[INFO] [stdout] test mesh::block::tests::set_ndiv_works ... ok
[INFO] [stdout] test mesh::block::tests::set_transform_into_ring_works ... ok
[INFO] [stdout] test mesh::block::tests::subdivide_2d_qua12_works ... ok
[INFO] [stdout] test integ::matrix_cases::tests::mat_gdg_stiffness_works_tet4 ... ok
[INFO] [stdout] test mesh::block::tests::constraints_3d_works ... ok
[INFO] [stdout] test mesh::block::tests::new_works ... ok
[INFO] [stdout] test mesh::block::tests::set_edge_constraint_works ... ok
[INFO] [stdout] test mesh::block::tests::constraints_handles_interior_nodes_hex20 ... ok
[INFO] [stdout] test mesh::block::tests::set_face_constraint_works ... ok
[INFO] [stdout] test mesh::block::tests::set_attribute_id_works ... ok
[INFO] [stdout] test mesh::block::tests::constraints_2d_works ... ok
[INFO] [stdout] test mesh::block::tests::constraints_handles_interior_nodes_qua16 ... ok
[INFO] [stdout] test mesh::block::tests::constraints_3d_works_cylinder_xy ... ok
[INFO] [stdout] test mesh::check::tests::check_2d_edge_normals_works ... ok
[INFO] [stdout] test mesh::block::tests::subdivide_2d_qua16_works ... ok
[INFO] [stdout] test mesh::block::tests::subdivide_2d_qua4_works ... ok
[INFO] [stdout] test mesh::block::tests::subdivide_2d_qua9_works ... ok
[INFO] [stdout] test mesh::block::tests::subdivide_2d_qua8_works ... ok
[INFO] [stdout] test mesh::block::tests::transform_into_ring_works_2d_qua16 ... ok
[INFO] [stdout] test mesh::block::tests::transform_into_ring_works_2d ... ok
[INFO] [stdout] test mesh::check::tests::check_ids_and_kind_works ... ok
[INFO] [stdout] test mesh::block::tests::subdivide_3d_o2_works ... ok
[INFO] [stdout] test mesh::block::tests::subdivide_2d_qua17_works ... ok
[INFO] [stdout] test mesh::check::tests::check_face_normals_works ... ok
[INFO] [stdout] test mesh::block::tests::transform_into_ring_works_3d ... ok
[INFO] [stdout] test mesh::block::tests::subdivide_works_on_the_same_block_twice ... ok
[INFO] [stdout] test mesh::block::tests::subdivide_3d_works ... ok
[INFO] [stdout] test mesh::block::tests::subdivide_fails_on_wrong_input ... ok
[INFO] [stdout] test mesh::check::tests::check_overlapping_points_works ... ok
[INFO] [stdout] test mesh::draw::tests::draw_edges_and_ids_work_2d_mixed ... ok
[INFO] [stdout] test mesh::draw::tests::draw_edges_and_ids_work_2d_qua12 ... ok
[INFO] [stdout] test mesh::check::tests::check_jacobian_works ... ok
[INFO] [stdout] test mesh::draw::tests::draw_cells_and_points_work ... ok
[INFO] [stdout] test mesh::features::tests::derive_works ... ok
[INFO] [stdout] test mesh::draw::tests::draw_edges_and_ids_work_2d_qua17 ... ok
[INFO] [stdout] test mesh::draw::tests::draw_edges_points_and_ids_work_2d_ring ... ok
[INFO] [stdout] test mesh::draw::tests::draw_edges_points_and_ids_work_3d ... ok
[INFO] [stdout] test mesh::find::tests::find_edges_works_2d ... ok
[INFO] [stdout] test mesh::find::tests::find_faces_returns_empty_in_2d ... ok
[INFO] [stdout] test mesh::block::tests::transform_into_ring_works_3d_hex32 ... ok
[INFO] [stdout] test mesh::draw::tests::draw_edges_and_ids_work_2d_qua16 ... ok
[INFO] [stdout] test mesh::find::tests::find_edges_works_3d ... ok
[INFO] [stdout] test mesh::find::tests::find_faces_works ... ok
[INFO] [stdout] test mesh::draw::tests::draw_edges_and_ids_work_3d_2 ... ok
[INFO] [stdout] test mesh::find::tests::find_points_works_2d ... ok
[INFO] [stdout] test mesh::find::tests::new_works ... ok
[INFO] [stdout] test mesh::find::tests::find_works_with_ring ... ok
[INFO] [stdout] test mesh::generators::tests::quarter_disk_2d_a_works_qua16 ... ok
[INFO] [stdout] test mesh::find::tests::find_points_works_3d ... ok
[INFO] [stdout] test mesh::draw::tests::draw_edges_and_ids_work_3d_1 ... ok
[INFO] [stdout] test mesh::generators::tests::quarter_disk_2d_a_works_qua8 ... ok
[INFO] [stdout] test mesh::find::tests::find_points_fails_on_wrong_input ... ok
[INFO] [stdout] test mesh::generators::tests::quarter_disk_2d_b_works_qua16 ... ok
[INFO] [stdout] test mesh::helpers::tests::set_pad_coords_works_2d ... ok
[INFO] [stdout] test mesh::generators::tests::quarter_ring_2d_works ... ok
[INFO] [stdout] test mesh::generators::tests::quarter_disk_2d_b_works_qua8 ... ok
[INFO] [stdout] test mesh::generators::tests::quarter_plate_hole_2d_works ... ok
[INFO] [stdout] test mesh::join_meshes::tests::join_meshes_handles_errors ... ok
[INFO] [stdout] test mesh::generators::tests::quarter_ring_3d_works ... ok
[INFO] [stdout] test mesh::helpers::tests::get_mesh_limits_works ... ok
[INFO] [stdout] test mesh::join_meshes::tests::join_meshes_works_3d ... ok
[INFO] [stdout] test mesh::generators::tests::quarter_disk_2d_b_works_qua8_finer ... ok
[INFO] [stdout] test mesh::mesh::tests::derive_works ... ok
[INFO] [stdout] test mesh::join_meshes::tests::join_meshes_works_2d ... ok
[INFO] [stdout] test mesh::generators::tests::quarter_disk_2d_a_works_qua8_finer ... ok
[INFO] [stdout] test mesh::helpers::tests::set_pad_coords_works_3d ... ok
[INFO] [stdout] test mesh::generators_tri::tests::tri_quarter_ring_2d_works ... ok
[INFO] [stdout] test mesh::mesh::tests::display_works_3d ... ok
[INFO] [stdout] test mesh::mesh::tests::display_works_mixed_2d ... ok
[INFO] [stdout] test mesh::generators::tests::quarter_disk_3d_a_works_hex32 ... ok
[INFO] [stdout] test mesh::generators::tests::quarter_plate_hole_3d_works ... ok
[INFO] [stdout] test mesh::mesh::tests::display_works_2d ... ok
[INFO] [stdout] test mesh::read_text_mesh::tests::from_text_captures_errors ... ok
[INFO] [stdout] test mesh::mesh::tests::read_and_write_capture_errors ... ok
[INFO] [stdout] test mesh::mesh::tests::display_works_mixed_3d ... ok
[INFO] [stdout] test mesh::read_text_mesh::tests::from_text_file_captures_errors ... ok
[INFO] [stdout] test mesh::generators::tests::quarter_disk_3d_b_works_hex32 ... ok
[INFO] [stdout] test mesh::read_text_mesh::tests::from_text_file_works ... ok
[INFO] [stdout] test mesh::read_text_mesh::tests::from_text_works ... ok
[INFO] [stdout] test mesh::mesh::tests::read_and_write_work ... ok
[INFO] [stdout] test integ::vector_cases::tests::vec_a_shape_times_scalar_works_lin2_linear ... FAILED
[INFO] [stdout] test mesh::read_text_mesh::tests::parse_cell_captures_errors ... ok
[INFO] [stdout] test mesh::read_text_mesh::tests::parse_point_captures_errors ... ok
[INFO] [stdout] test mesh::read_text_mesh::tests::parse_sizes_captures_errors ... ok
[INFO] [stdout] test shapes::scratchpad::tests::new_works ... ok
[INFO] [stdout] test mesh::region::tests::with_works ... ok
[INFO] [stdout] test shapes::scratchpad::tests::derive_works ... ok
[INFO] [stdout] test shapes::scratchpad::tests::set_xx_works ... ok
[INFO] [stdout] test shapes::enums::tests::derive_works ... ok
[INFO] [stdout] test shapes::scratchpad::tests::new_fails_on_wrong_input ... ok
[INFO] [stdout] test shapes::enums::tests::data_is_consistent ... ok
[INFO] [stdout] test shapes::scratchpad_calc_coords::tests::calc_coords_works ... ok
[INFO] [stdout] test mesh::samples::tests::samples_work ... ok
[INFO] [stdout] test shapes::scratchpad_approximate_ksi::tests::approximate_ksi_works_outside ... FAILED
[INFO] [stdout] test shapes::scratchpad_calc_jacobian::tests::calc_jacobian_special_cases_work ... ok
[INFO] [stdout] test shapes::scratchpad_calc_jacobian::tests::calc_jacobian_handles_errors ... ok
[INFO] [stdout] test shapes::scratchpad_calc_normal_vector::tests::calc_normal_vector_handles_errors ... ok
[INFO] [stdout] test shapes::scratchpad_calc_normal_vector::tests::calc_normal_vector_works_line ... ok
[INFO] [stdout] test shapes::scratchpad_approximate_ksi::tests::approximate_ksi_handles_errors ... ok
[INFO] [stdout] test shapes::scratchpad_calc_coords::tests::calc_coords_handles_errors ... ok
[INFO] [stdout] test shapes::scratchpad_calc_normal_vector::tests::normals_are_outward_2d ... ok
[INFO] [stdout] test shapes::scratchpad_calc_jacobian::tests::calc_jacobian_works ... FAILED
[INFO] [stdout] test shapes::scratchpad_calc_normal_vector::tests::normals_are_outward_3d ... ok
[INFO] [stdout] test shapes::scratchpad_calc_gradient::tests::calc_gradient_handles_errors ... ok
[INFO] [stdout] test shapes::scratchpad_approximate_ksi::tests::approximate_ksi_works ... ok
[INFO] [stdout] test shapes::scratchpad_calc_normal_vector::tests::calc_normal_vector_works_surface_hex ... ok
[INFO] [stdout] test shapes::scratchpad_testing::tests::calc_deriv_works ... ok
[INFO] [stdout] test shapes::scratchpad_testing::tests::gen_scratchpad_with_coords_works ... ok
[INFO] [stdout] test util::as_array::tests::as_array_1d_works ... ok
[INFO] [stdout] test shapes::scratchpad_testing::tests::draw_point_coords_2d_works ... ok
[INFO] [stdout] test util::as_array::tests::as_array_2d_works ... ok
[INFO] [stdout] test util::calc_container_key::tests::calc_container_key_works ... ok
[INFO] [stdout] test shapes::scratchpad_testing::tests::extract_face_works ... ok
[INFO] [stdout] test shapes::scratchpad_testing::tests::gen_scratchpad_with_coords_aligned_works ... ok
[INFO] [stdout] test util::constants::tests::constants_are_correct ... ok
[INFO] [stdout] test shapes::scratchpad_testing::tests::extract_edge_works ... ok
[INFO] [stdout] test shapes::scratchpad_testing::tests::fn_interp_works ... ok
[INFO] [stdout] test shapes::scratchpad_draw_shape::tests::draw_shape_works ... ok
[INFO] [stdout] test util::grid_search::tests::container_pivot_indices_works ... ok
[INFO] [stdout] test util::grid_search::tests::containers_near_cylinder_works ... ok
[INFO] [stdout] test util::grid_search::tests::containers_near_circle_works ... ok
[INFO] [stdout] test util::grid_search::tests::containers_near_line_works_2d ... ok
[INFO] [stdout] test util::grid_search::tests::display_trait_works ... ok
[INFO] [stdout] test util::grid_search::tests::containers_near_plane_works ... ok
[INFO] [stdout] test util::grid_search::tests::containers_near_line_works_3d ... ok
[INFO] [stdout] test util::grid_search::tests::draw_works_2d ... ok
[INFO] [stdout] test util::grid_search::tests::calc_container_key_works ... ok
[INFO] [stdout] test util::grid_search::tests::draw_works_3d ... ok
[INFO] [stdout] test util::grid_search::tests::container_center_works ... ok
[INFO] [stdout] test util::grid_search::tests::find_on_circle_fails_on_wrong_input ... ok
[INFO] [stdout] test util::grid_search::tests::find_handles_wrong_input ... ok
[INFO] [stdout] test util::grid_search::tests::find_on_line_works_3d ... ok
[INFO] [stdout] test util::grid_search::tests::is_outside_works ... ok
[INFO] [stdout] test util::grid_search::tests::set_halo_works ... ok
[INFO] [stdout] test util::grid_search::tests::find_on_cylinder_works ... ok
[INFO] [stdout] test util::grid_search::tests::find_on_cylinder_fails_on_wrong_input ... ok
[INFO] [stdout] test util::grid_search::tests::find_on_plane_fails_on_wrong_input ... ok
[INFO] [stdout] test util::grid_search::tests::find_on_plane_works ... ok
[INFO] [stdout] test util::grid_search::tests::new_works ... ok
[INFO] [stdout] test util::grid_search::tests::find_works ... ok
[INFO] [stdout] test util::grid_search::tests::insert_works_3d ... ok
[INFO] [stdout] test util::grid_search::tests::new_handles_wrong_input ... ok
[INFO] [stdout] test util::grid_search::tests::insert_works_2d ... ok
[INFO] [stdout] test util::grid_search::tests::insert_handles_wrong_input ... ok
[INFO] [stdout] test util::grid_search::tests::find_on_line_handles_wrong_input ... ok
[INFO] [stdout] test util::grid_search::tests::find_on_circle_works ... ok
[INFO] [stdout] test util::grid_search::tests::find_on_line_works_2d ... ok
[INFO] [stdout] test util::grid_search_cell::tests::find_cell_handles_errors ... ok
[INFO] [stdout] test util::grid_search_cell::tests::find_cell_works_2d_particles ... ok
[INFO] [stdout] test util::grid_search_cell::tests::draw_works ... ok
[INFO] [stdout] test util::grid_search_cell::tests::new_handles_errors ... ok
[INFO] [stdout] test util::grid_search_cell::tests::new_works_1 ... ok
[INFO] [stdout] test util::grid_search_cell::tests::find_cell_works_2d ... ok
[INFO] [stdout] test util::grid_search_cell::tests::new_works_2 ... ok
[INFO] [stdout] test util::grid_search_cell::tests::new_works_3 ... ok
[INFO] [stdout] test util::grid_search_tri::tests::find_triangle_and_interpolate_works ... ok
[INFO] [stdout] test util::grid_search_tri::tests::draw_works ... ok
[INFO] [stdout] test util::grid_search_tri::tests::find_triangle_handles_errors ... ok
[INFO] [stdout] test util::grid_search_tri::tests::find_triangle_works ... ok
[INFO] [stdout] test util::grid_search_tri::tests::find_triangle_works_2d_particles ... ok
[INFO] [stdout] test util::grid_search_tri::tests::new_handles_errors ... ok
[INFO] [stdout] test util::num_divisions::tests::num_divisions_fails_on_errors ... ok
[INFO] [stdout] test util::num_divisions::tests::num_divisions_works ... ok
[INFO] [stdout] test util::grid_search_tri::tests::new_works_1 ... ok
[INFO] [stdout] test shapes::scratchpad_calc_gradient::tests::calc_gradient_works ... ok
[INFO] [stdout] 
[INFO] [stdout] failures:
[INFO] [stdout] 
[INFO] [stdout] ---- integ::vector_cases::tests::vec_a_shape_times_scalar_works_lin2_linear stdout ----
[INFO] [stdout] thread 'integ::vector_cases::tests::vec_a_shape_times_scalar_works_lin2_linear' panicked at 'assertion failed: `(left[0] != right[0])` (left[0]: `15.000000000000004`, right[0]: `15.0`, expect diff: `1e-15`, real diff: `3.552713678800501e-15`)', src/integ/vector_cases.rs:674:13
[INFO] [stdout] stack backtrace:
[INFO] [stdout]    0:     0x55d4d430f4ea - std::backtrace_rs::backtrace::libunwind::trace::h2f05d0192276a8f6
[INFO] [stdout]                                at /rustc/1b7dd2252b99671ce5d1cb9664c5f8636329436d/library/std/src/../../backtrace/src/backtrace/libunwind.rs:93:5
[INFO] [stdout]    1:     0x55d4d430f4ea - std::backtrace_rs::backtrace::trace_unsynchronized::hedc23dff7a1af150
[INFO] [stdout]                                at /rustc/1b7dd2252b99671ce5d1cb9664c5f8636329436d/library/std/src/../../backtrace/src/backtrace/mod.rs:66:5
[INFO] [stdout]    2:     0x55d4d430f4ea - std::sys_common::backtrace::_print_fmt::h17541ef7592f3ce2
[INFO] [stdout]                                at /rustc/1b7dd2252b99671ce5d1cb9664c5f8636329436d/library/std/src/sys_common/backtrace.rs:65:5
[INFO] [stdout]    3:     0x55d4d430f4ea - <std::sys_common::backtrace::_print::DisplayBacktrace as core::fmt::Display>::fmt::h20f75df5ab0c0792
[INFO] [stdout]                                at /rustc/1b7dd2252b99671ce5d1cb9664c5f8636329436d/library/std/src/sys_common/backtrace.rs:44:22
[INFO] [stdout]    4:     0x55d4d4334a5f - core::fmt::write::h78109e6f466b3af6
[INFO] [stdout]                                at /rustc/1b7dd2252b99671ce5d1cb9664c5f8636329436d/library/core/src/fmt/mod.rs:1254:17
[INFO] [stdout]    5:     0x55d4d430c4a5 - std::io::Write::write_fmt::hd24bfb68a1b35a25
[INFO] [stdout]                                at /rustc/1b7dd2252b99671ce5d1cb9664c5f8636329436d/library/std/src/io/mod.rs:1698:15
[INFO] [stdout]    6:     0x55d4d430f2b5 - std::sys_common::backtrace::_print::h8dac57a9f8fbf9a5
[INFO] [stdout]                                at /rustc/1b7dd2252b99671ce5d1cb9664c5f8636329436d/library/std/src/sys_common/backtrace.rs:47:5
[INFO] [stdout]    7:     0x55d4d430f2b5 - std::sys_common::backtrace::print::hf9ecbf41d1aa712f
[INFO] [stdout]                                at /rustc/1b7dd2252b99671ce5d1cb9664c5f8636329436d/library/std/src/sys_common/backtrace.rs:34:9
[INFO] [stdout]    8:     0x55d4d4310f6e - std::panicking::default_hook::{{closure}}::h04c07acfc84ca028
[INFO] [stdout]                                at /rustc/1b7dd2252b99671ce5d1cb9664c5f8636329436d/library/std/src/panicking.rs:269:22
[INFO] [stdout]    9:     0x55d4d4310ca1 - std::panicking::default_hook::h01f6bb23e1eceb2c
[INFO] [stdout]                                at /rustc/1b7dd2252b99671ce5d1cb9664c5f8636329436d/library/std/src/panicking.rs:285:9
[INFO] [stdout]   10:     0x55d4d426e39b - <alloc::boxed::Box<F,A> as core::ops::function::Fn<Args>>::call::h87fe9f7b2fd49e4c
[INFO] [stdout]                                at /rustc/1b7dd2252b99671ce5d1cb9664c5f8636329436d/library/alloc/src/boxed.rs:1987:9
[INFO] [stdout]   11:     0x55d4d426e39b - test::test_main::{{closure}}::he94d679243a7531b
[INFO] [stdout]                                at /rustc/1b7dd2252b99671ce5d1cb9664c5f8636329436d/library/test/src/lib.rs:134:21
[INFO] [stdout]   12:     0x55d4d4311654 - <alloc::boxed::Box<F,A> as core::ops::function::Fn<Args>>::call::h3f2d6d8b14c4769f
[INFO] [stdout]                                at /rustc/1b7dd2252b99671ce5d1cb9664c5f8636329436d/library/alloc/src/boxed.rs:1987:9
[INFO] [stdout]   13:     0x55d4d4311654 - std::panicking::rust_panic_with_hook::h2bb3722bbaf2f6df
[INFO] [stdout]                                at /rustc/1b7dd2252b99671ce5d1cb9664c5f8636329436d/library/std/src/panicking.rs:695:13
[INFO] [stdout]   14:     0x55d4d43113c9 - std::panicking::begin_panic_handler::{{closure}}::h91bc7f36a4be011b
[INFO] [stdout]                                at /rustc/1b7dd2252b99671ce5d1cb9664c5f8636329436d/library/std/src/panicking.rs:582:13
[INFO] [stdout]   15:     0x55d4d430f956 - std::sys_common::backtrace::__rust_end_short_backtrace::h8b3d3717114f9e59
[INFO] [stdout]                                at /rustc/1b7dd2252b99671ce5d1cb9664c5f8636329436d/library/std/src/sys_common/backtrace.rs:150:18
[INFO] [stdout]   16:     0x55d4d4311122 - rust_begin_unwind
[INFO] [stdout]                                at /rustc/1b7dd2252b99671ce5d1cb9664c5f8636329436d/library/std/src/panicking.rs:578:5
[INFO] [stdout]   17:     0x55d4d3f4ed03 - core::panicking::panic_fmt::hfd368e3fbdabea26
[INFO] [stdout]                                at /rustc/1b7dd2252b99671ce5d1cb9664c5f8636329436d/library/core/src/panicking.rs:67:14
[INFO] [stdout]   18:     0x55d4d413f93b - gemlab::integ::vector_cases::tests::vec_a_shape_times_scalar_works_lin2_linear::{{closure}}::h7b441b3f239c02f2
[INFO] [stdout]                                at /opt/rustwide/workdir/src/integ/vector_cases.rs:674:13
[INFO] [stdout]   19:     0x55d4d3f7275f - core::iter::traits::iterator::Iterator::for_each::call::{{closure}}::h2d478766be775c7d
[INFO] [stdout]                                at /rustc/1b7dd2252b99671ce5d1cb9664c5f8636329436d/library/core/src/iter/traits/iterator.rs:854:29
[INFO] [stdout]   20:     0x55d4d40fa883 - core::iter::traits::iterator::Iterator::fold::he783a0bb05502a48
[INFO] [stdout]                                at /rustc/1b7dd2252b99671ce5d1cb9664c5f8636329436d/library/core/src/iter/traits/iterator.rs:2482:21
[INFO] [stdout]   21:     0x55d4d40fbdf9 - core::iter::traits::iterator::Iterator::for_each::hadf9642cfaadeeb4
[INFO] [stdout]                                at /rustc/1b7dd2252b99671ce5d1cb9664c5f8636329436d/library/core/src/iter/traits/iterator.rs:857:9
[INFO] [stdout]   22:     0x55d4d413efde - gemlab::integ::vector_cases::tests::vec_a_shape_times_scalar_works_lin2_linear::h86accbc42637265d
[INFO] [stdout]                                at /opt/rustwide/workdir/src/integ/vector_cases.rs:671:9
[INFO] [stdout]   23:     0x55d4d413ec37 - gemlab::integ::vector_cases::tests::vec_a_shape_times_scalar_works_lin2_linear::{{closure}}::hde6443f7f429d71f
[INFO] [stdout]                                at /opt/rustwide/workdir/src/integ/vector_cases.rs:641:56
[INFO] [stdout]   24:     0x55d4d3fa9dc5 - core::ops::function::FnOnce::call_once::h67df998e94e35e0d
[INFO] [stdout]                                at /rustc/1b7dd2252b99671ce5d1cb9664c5f8636329436d/library/core/src/ops/function.rs:250:5
[INFO] [stdout]   25:     0x55d4d427326f - core::ops::function::FnOnce::call_once::ha6a70e79f7481a7e
[INFO] [stdout]                                at /rustc/1b7dd2252b99671ce5d1cb9664c5f8636329436d/library/core/src/ops/function.rs:250:5
[INFO] [stdout]   26:     0x55d4d427326f - test::__rust_begin_short_backtrace::hce33033019b61e69
[INFO] [stdout]                                at /rustc/1b7dd2252b99671ce5d1cb9664c5f8636329436d/library/test/src/lib.rs:655:18
[INFO] [stdout]   27:     0x55d4d4240a5c - test::run_test::{{closure}}::h858d3528838ae3e5
[INFO] [stdout]                                at /rustc/1b7dd2252b99671ce5d1cb9664c5f8636329436d/library/test/src/lib.rs:646:30
[INFO] [stdout]   28:     0x55d4d4240a5c - core::ops::function::FnOnce::call_once{{vtable.shim}}::he8ac2b00f01ae79e
[INFO] [stdout]                                at /rustc/1b7dd2252b99671ce5d1cb9664c5f8636329436d/library/core/src/ops/function.rs:250:5
[INFO] [stdout]   29:     0x55d4d4272346 - <alloc::boxed::Box<F,A> as core::ops::function::FnOnce<Args>>::call_once::h8093d25b522725ef
[INFO] [stdout]                                at /rustc/1b7dd2252b99671ce5d1cb9664c5f8636329436d/library/alloc/src/boxed.rs:1973:9
[INFO] [stdout]   30:     0x55d4d4272346 - <core::panic::unwind_safe::AssertUnwindSafe<F> as core::ops::function::FnOnce<()>>::call_once::h5c334c204e4a3913
[INFO] [stdout]                                at /rustc/1b7dd2252b99671ce5d1cb9664c5f8636329436d/library/core/src/panic/unwind_safe.rs:271:9
[INFO] [stdout]   31:     0x55d4d4272346 - std::panicking::try::do_call::ha8b740c7b9478074
[INFO] [stdout]                                at /rustc/1b7dd2252b99671ce5d1cb9664c5f8636329436d/library/std/src/panicking.rs:485:40
[INFO] [stdout]   32:     0x55d4d4272346 - std::panicking::try::h5d34f63d0e41b64e
[INFO] [stdout]                                at /rustc/1b7dd2252b99671ce5d1cb9664c5f8636329436d/library/std/src/panicking.rs:449:19
[INFO] [stdout]   33:     0x55d4d4272346 - std::panic::catch_unwind::hcfbb511e1aa7fc67
[INFO] [stdout]                                at /rustc/1b7dd2252b99671ce5d1cb9664c5f8636329436d/library/std/src/panic.rs:140:14
[INFO] [stdout]   34:     0x55d4d4272346 - test::run_test_in_process::h9abda90f802eaf21
[INFO] [stdout]                                at /rustc/1b7dd2252b99671ce5d1cb9664c5f8636329436d/library/test/src/lib.rs:678:27
[INFO] [stdout]   35:     0x55d4d4272346 - test::run_test::run_test_inner::{{closure}}::h0f058de91f6c6edf
[INFO] [stdout]                                at /rustc/1b7dd2252b99671ce5d1cb9664c5f8636329436d/library/test/src/lib.rs:572:39
[INFO] [stdout]   36:     0x55d4d423b265 - test::run_test::run_test_inner::{{closure}}::h5ca48a4c59c6c1fb
[INFO] [stdout]                                at /rustc/1b7dd2252b99671ce5d1cb9664c5f8636329436d/library/test/src/lib.rs:599:37
[INFO] [stdout]   37:     0x55d4d423b265 - std::sys_common::backtrace::__rust_begin_short_backtrace::h32bd51e1495d4a33
[INFO] [stdout]                                at /rustc/1b7dd2252b99671ce5d1cb9664c5f8636329436d/library/std/src/sys_common/backtrace.rs:134:18
[INFO] [stdout]   38:     0x55d4d42407a1 - std::thread::Builder::spawn_unchecked_::{{closure}}::{{closure}}::hc086fae9b128b2db
[INFO] [stdout]                                at /rustc/1b7dd2252b99671ce5d1cb9664c5f8636329436d/library/std/src/thread/mod.rs:526:17
[INFO] [stdout]   39:     0x55d4d42407a1 - <core::panic::unwind_safe::AssertUnwindSafe<F> as core::ops::function::FnOnce<()>>::call_once::hb66571888d270d43
[INFO] [stdout]                                at /rustc/1b7dd2252b99671ce5d1cb9664c5f8636329436d/library/core/src/panic/unwind_safe.rs:271:9
[INFO] [stdout]   40:     0x55d4d42407a1 - std::panicking::try::do_call::h4fa2ef4f6e51fecf
[INFO] [stdout]                                at /rustc/1b7dd2252b99671ce5d1cb9664c5f8636329436d/library/std/src/panicking.rs:485:40
[INFO] [stdout]   41:     0x55d4d42407a1 - std::panicking::try::h1e9e22b8584489b5
[INFO] [stdout]                                at /rustc/1b7dd2252b99671ce5d1cb9664c5f8636329436d/library/std/src/panicking.rs:449:19
[INFO] [stdout]   42:     0x55d4d42407a1 - std::panic::catch_unwind::h44698a3de0e0769e
[INFO] [stdout]                                at /rustc/1b7dd2252b99671ce5d1cb9664c5f8636329436d/library/std/src/panic.rs:140:14
[INFO] [stdout]   43:     0x55d4d42407a1 - std::thread::Builder::spawn_unchecked_::{{closure}}::h50153abde3fe239e
[INFO] [stdout]                                at /rustc/1b7dd2252b99671ce5d1cb9664c5f8636329436d/library/std/src/thread/mod.rs:525:30
[INFO] [stdout]   44:     0x55d4d42407a1 - core::ops::function::FnOnce::call_once{{vtable.shim}}::hbe5bbf6f38394364
[INFO] [stdout]                                at /rustc/1b7dd2252b99671ce5d1cb9664c5f8636329436d/library/core/src/ops/function.rs:250:5
[INFO] [stdout]   45:     0x55d4d4315c65 - <alloc::boxed::Box<F,A> as core::ops::function::FnOnce<Args>>::call_once::h0d83cb2920a49046
[INFO] [stdout]                                at /rustc/1b7dd2252b99671ce5d1cb9664c5f8636329436d/library/alloc/src/boxed.rs:1973:9
[INFO] [stdout]   46:     0x55d4d4315c65 - <alloc::boxed::Box<F,A> as core::ops::function::FnOnce<Args>>::call_once::hbe0a008aa7d9ef59
[INFO] [stdout]                                at /rustc/1b7dd2252b99671ce5d1cb9664c5f8636329436d/library/alloc/src/boxed.rs:1973:9
[INFO] [stdout]   47:     0x55d4d4315c65 - std::sys::unix::thread::Thread::new::thread_start::h3a466996bdf6b1f9
[INFO] [stdout]                                at /rustc/1b7dd2252b99671ce5d1cb9664c5f8636329436d/library/std/src/sys/unix/thread.rs:108:17
[INFO] [stdout]   48:     0x7f58b496eb43 - <unknown>
[INFO] [stdout]   49:     0x7f58b49ffbb4 - __clone
[INFO] [stdout]   50:                0x0 - <unknown>
[INFO] [stdout] 
[INFO] [stdout] ---- shapes::scratchpad_approximate_ksi::tests::approximate_ksi_works_outside stdout ----
[INFO] [stdout] thread 'shapes::scratchpad_approximate_ksi::tests::approximate_ksi_works_outside' panicked at 'assertion failed: `(left == right)`
[INFO] [stdout]   left: `1`,
[INFO] [stdout]  right: `6`', src/shapes/scratchpad_approximate_ksi.rs:293:13
[INFO] [stdout] stack backtrace:
[INFO] [stdout]    0:     0x55d4d430f4ea - std::backtrace_rs::backtrace::libunwind::trace::h2f05d0192276a8f6
[INFO] [stdout]                                at /rustc/1b7dd2252b99671ce5d1cb9664c5f8636329436d/library/std/src/../../backtrace/src/backtrace/libunwind.rs:93:5
[INFO] [stdout]    1:     0x55d4d430f4ea - std::backtrace_rs::backtrace::trace_unsynchronized::hedc23dff7a1af150
[INFO] [stdout]                                at /rustc/1b7dd2252b99671ce5d1cb9664c5f8636329436d/library/std/src/../../backtrace/src/backtrace/mod.rs:66:5
[INFO] [stdout]    2:     0x55d4d430f4ea - std::sys_common::backtrace::_print_fmt::h17541ef7592f3ce2
[INFO] [stdout]                                at /rustc/1b7dd2252b99671ce5d1cb9664c5f8636329436d/library/std/src/sys_common/backtrace.rs:65:5
[INFO] [stdout]    3:     0x55d4d430f4ea - <std::sys_common::backtrace::_print::DisplayBacktrace as core::fmt::Display>::fmt::h20f75df5ab0c0792
[INFO] [stdout]                                at /rustc/1b7dd2252b99671ce5d1cb9664c5f8636329436d/library/std/src/sys_common/backtrace.rs:44:22
[INFO] [stdout]    4:     0x55d4d4334a5f - core::fmt::write::h78109e6f466b3af6
[INFO] [stdout]                                at /rustc/1b7dd2252b99671ce5d1cb9664c5f8636329436d/library/core/src/fmt/mod.rs:1254:17
[INFO] [stdout]    5:     0x55d4d430c4a5 - std::io::Write::write_fmt::hd24bfb68a1b35a25
[INFO] [stdout]                                at /rustc/1b7dd2252b99671ce5d1cb9664c5f8636329436d/library/std/src/io/mod.rs:1698:15
[INFO] [stdout]    6:     0x55d4d430f2b5 - std::sys_common::backtrace::_print::h8dac57a9f8fbf9a5
[INFO] [stdout]                                at /rustc/1b7dd2252b99671ce5d1cb9664c5f8636329436d/library/std/src/sys_common/backtrace.rs:47:5
[INFO] [stdout]    7:     0x55d4d430f2b5 - std::sys_common::backtrace::print::hf9ecbf41d1aa712f
[INFO] [stdout]                                at /rustc/1b7dd2252b99671ce5d1cb9664c5f8636329436d/library/std/src/sys_common/backtrace.rs:34:9
[INFO] [stdout]    8:     0x55d4d4310f6e - std::panicking::default_hook::{{closure}}::h04c07acfc84ca028
[INFO] [stdout]                                at /rustc/1b7dd2252b99671ce5d1cb9664c5f8636329436d/library/std/src/panicking.rs:269:22
[INFO] [stdout]    9:     0x55d4d4310ca1 - std::panicking::default_hook::h01f6bb23e1eceb2c
[INFO] [stdout]                                at /rustc/1b7dd2252b99671ce5d1cb9664c5f8636329436d/library/std/src/panicking.rs:285:9
[INFO] [stdout]   10:     0x55d4d426e39b - <alloc::boxed::Box<F,A> as core::ops::function::Fn<Args>>::call::h87fe9f7b2fd49e4c
[INFO] [stdout]                                at /rustc/1b7dd2252b99671ce5d1cb9664c5f8636329436d/library/alloc/src/boxed.rs:1987:9
[INFO] [stdout]   11:     0x55d4d426e39b - test::test_main::{{closure}}::he94d679243a7531b
[INFO] [stdout]                                at /rustc/1b7dd2252b99671ce5d1cb9664c5f8636329436d/library/test/src/lib.rs:134:21
[INFO] [stdout]   12:     0x55d4d4311654 - <alloc::boxed::Box<F,A> as core::ops::function::Fn<Args>>::call::h3f2d6d8b14c4769f
[INFO] [stdout]                                at /rustc/1b7dd2252b99671ce5d1cb9664c5f8636329436d/library/alloc/src/boxed.rs:1987:9
[INFO] [stdout]   13:     0x55d4d4311654 - std::panicking::rust_panic_with_hook::h2bb3722bbaf2f6df
[INFO] [stdout]                                at /rustc/1b7dd2252b99671ce5d1cb9664c5f8636329436d/library/std/src/panicking.rs:695:13
[INFO] [stdout]   14:     0x55d4d43113c9 - std::panicking::begin_panic_handler::{{closure}}::h91bc7f36a4be011b
[INFO] [stdout]                                at /rustc/1b7dd2252b99671ce5d1cb9664c5f8636329436d/library/std/src/panicking.rs:582:13
[INFO] [stdout]   15:     0x55d4d430f956 - std::sys_common::backtrace::__rust_end_short_backtrace::h8b3d3717114f9e59
[INFO] [stdout]                                at /rustc/1b7dd2252b99671ce5d1cb9664c5f8636329436d/library/std/src/sys_common/backtrace.rs:150:18
[INFO] [stdout]   16:     0x55d4d4311122 - rust_begin_unwind
[INFO] [stdout]                                at /rustc/1b7dd2252b99671ce5d1cb9664c5f8636329436d/library/std/src/panicking.rs:578:5
[INFO] [stdout]   17:     0x55d4d3f4ed03 - core::panicking::panic_fmt::hfd368e3fbdabea26
[INFO] [stdout]                                at /rustc/1b7dd2252b99671ce5d1cb9664c5f8636329436d/library/core/src/panicking.rs:67:14
[INFO] [stdout]   18:     0x55d4d3f4f12f - core::panicking::assert_failed_inner::haef49168e1798a91
[INFO] [stdout]   19:     0x55d4d427936a - core::panicking::assert_failed::h36bf0f9549a3ecc0
[INFO] [stdout]                                at /rustc/1b7dd2252b99671ce5d1cb9664c5f8636329436d/library/core/src/panicking.rs:228:5
[INFO] [stdout]   20:     0x55d4d404c253 - gemlab::shapes::scratchpad_approximate_ksi::tests::approximate_ksi_works_outside::hfa37ab5d1b5cc1be
[INFO] [stdout]                                at /opt/rustwide/workdir/src/shapes/scratchpad_approximate_ksi.rs:293:13
[INFO] [stdout]   21:     0x55d4d404ad37 - gemlab::shapes::scratchpad_approximate_ksi::tests::approximate_ksi_works_outside::{{closure}}::h5f2146629d243115
[INFO] [stdout]                                at /opt/rustwide/workdir/src/shapes/scratchpad_approximate_ksi.rs:229:43
[INFO] [stdout]   22:     0x55d4d3faa6c5 - core::ops::function::FnOnce::call_once::h82995f9141f9d200
[INFO] [stdout]                                at /rustc/1b7dd2252b99671ce5d1cb9664c5f8636329436d/library/core/src/ops/function.rs:250:5
[INFO] [stdout]   23:     0x55d4d427326f - core::ops::function::FnOnce::call_once::ha6a70e79f7481a7e
[INFO] [stdout]                                at /rustc/1b7dd2252b99671ce5d1cb9664c5f8636329436d/library/core/src/ops/function.rs:250:5
[INFO] [stdout]   24:     0x55d4d427326f - test::__rust_begin_short_backtrace::hce33033019b61e69
[INFO] [stdout]                                at /rustc/1b7dd2252b99671ce5d1cb9664c5f8636329436d/library/test/src/lib.rs:655:18
[INFO] [stdout]   25:     0x55d4d4240a5c - test::run_test::{{closure}}::h858d3528838ae3e5
[INFO] [stdout]                                at /rustc/1b7dd2252b99671ce5d1cb9664c5f8636329436d/library/test/src/lib.rs:646:30
[INFO] [stdout]   26:     0x55d4d4240a5c - core::ops::function::FnOnce::call_once{{vtable.shim}}::he8ac2b00f01ae79e
[INFO] [stdout]                                at /rustc/1b7dd2252b99671ce5d1cb9664c5f8636329436d/library/core/src/ops/function.rs:250:5
[INFO] [stdout]   27:     0x55d4d4272346 - <alloc::boxed::Box<F,A> as core::ops::function::FnOnce<Args>>::call_once::h8093d25b522725ef
[INFO] [stdout]                                at /rustc/1b7dd2252b99671ce5d1cb9664c5f8636329436d/library/alloc/src/boxed.rs:1973:9
[INFO] [stdout]   28:     0x55d4d4272346 - <core::panic::unwind_safe::AssertUnwindSafe<F> as core::ops::function::FnOnce<()>>::call_once::h5c334c204e4a3913
[INFO] [stdout]                                at /rustc/1b7dd2252b99671ce5d1cb9664c5f8636329436d/library/core/src/panic/unwind_safe.rs:271:9
[INFO] [stdout]   29:     0x55d4d4272346 - std::panicking::try::do_call::ha8b740c7b9478074
[INFO] [stdout]                                at /rustc/1b7dd2252b99671ce5d1cb9664c5f8636329436d/library/std/src/panicking.rs:485:40
[INFO] [stdout]   30:     0x55d4d4272346 - std::panicking::try::h5d34f63d0e41b64e
[INFO] [stdout]                                at /rustc/1b7dd2252b99671ce5d1cb9664c5f8636329436d/library/std/src/panicking.rs:449:19
[INFO] [stdout]   31:     0x55d4d4272346 - std::panic::catch_unwind::hcfbb511e1aa7fc67
[INFO] [stdout]                                at /rustc/1b7dd2252b99671ce5d1cb9664c5f8636329436d/library/std/src/panic.rs:140:14
[INFO] [stdout]   32:     0x55d4d4272346 - test::run_test_in_process::h9abda90f802eaf21
[INFO] [stdout]                                at /rustc/1b7dd2252b99671ce5d1cb9664c5f8636329436d/library/test/src/lib.rs:678:27
[INFO] [stdout]   33:     0x55d4d4272346 - test::run_test::run_test_inner::{{closure}}::h0f058de91f6c6edf
[INFO] [stdout]                                at /rustc/1b7dd2252b99671ce5d1cb9664c5f8636329436d/library/test/src/lib.rs:572:39
[INFO] [stdout]   34:     0x55d4d423b265 - test::run_test::run_test_inner::{{closure}}::h5ca48a4c59c6c1fb
[INFO] [stdout]                                at /rustc/1b7dd2252b99671ce5d1cb9664c5f8636329436d/library/test/src/lib.rs:599:37
[INFO] [stdout]   35:     0x55d4d423b265 - std::sys_common::backtrace::__rust_begin_short_backtrace::h32bd51e1495d4a33
[INFO] [stdout]                                at /rustc/1b7dd2252b99671ce5d1cb9664c5f8636329436d/library/std/src/sys_common/backtrace.rs:134:18
[INFO] [stdout]   36:     0x55d4d42407a1 - std::thread::Builder::spawn_unchecked_::{{closure}}::{{closure}}::hc086fae9b128b2db
[INFO] [stdout]                                at /rustc/1b7dd2252b99671ce5d1cb9664c5f8636329436d/library/std/src/thread/mod.rs:526:17
[INFO] [stdout]   37:     0x55d4d42407a1 - <core::panic::unwind_safe::AssertUnwindSafe<F> as core::ops::function::FnOnce<()>>::call_once::hb66571888d270d43
[INFO] [stdout]                                at /rustc/1b7dd2252b99671ce5d1cb9664c5f8636329436d/library/core/src/panic/unwind_safe.rs:271:9
[INFO] [stdout]   38:     0x55d4d42407a1 - std::panicking::try::do_call::h4fa2ef4f6e51fecf
[INFO] [stdout]                                at /rustc/1b7dd2252b99671ce5d1cb9664c5f8636329436d/library/std/src/panicking.rs:485:40
[INFO] [stdout]   39:     0x55d4d42407a1 - std::panicking::try::h1e9e22b8584489b5
[INFO] [stdout]                                at /rustc/1b7dd2252b99671ce5d1cb9664c5f8636329436d/library/std/src/panicking.rs:449:19
[INFO] [stdout]   40:     0x55d4d42407a1 - std::panic::catch_unwind::h44698a3de0e0769e
[INFO] [stdout]                                at /rustc/1b7dd2252b99671ce5d1cb9664c5f8636329436d/library/std/src/panic.rs:140:14
[INFO] [stdout]   41:     0x55d4d42407a1 - std::thread::Builder::spawn_unchecked_::{{closure}}::h50153abde3fe239e
[INFO] [stdout]                                at /rustc/1b7dd2252b99671ce5d1cb9664c5f8636329436d/library/std/src/thread/mod.rs:525:30
[INFO] [stdout]   42:     0x55d4d42407a1 - core::ops::function::FnOnce::call_once{{vtable.shim}}::hbe5bbf6f38394364
[INFO] [stdout]                                at /rustc/1b7dd2252b99671ce5d1cb9664c5f8636329436d/library/core/src/ops/function.rs:250:5
[INFO] [stdout]   43:     0x55d4d4315c65 - <alloc::boxed::Box<F,A> as core::ops::function::FnOnce<Args>>::call_once::h0d83cb2920a49046
[INFO] [stdout]                                at /rustc/1b7dd2252b99671ce5d1cb9664c5f8636329436d/library/alloc/src/boxed.rs:1973:9
[INFO] [stdout]   44:     0x55d4d4315c65 - <alloc::boxed::Box<F,A> as core::ops::function::FnOnce<Args>>::call_once::hbe0a008aa7d9ef59
[INFO] [stdout]                                at /rustc/1b7dd2252b99671ce5d1cb9664c5f8636329436d/library/alloc/src/boxed.rs:1973:9
[INFO] [stdout]   45:     0x55d4d4315c65 - std::sys::unix::thread::Thread::new::thread_start::h3a466996bdf6b1f9
[INFO] [stdout]                                at /rustc/1b7dd2252b99671ce5d1cb9664c5f8636329436d/library/std/src/sys/unix/thread.rs:108:17
[INFO] [stdout]   46:     0x7f58b496eb43 - <unknown>
[INFO] [stdout]   47:     0x7f58b49ffbb4 - __clone
[INFO] [stdout]   48:                0x0 - <unknown>
[INFO] [stdout] 
[INFO] [stdout] ---- shapes::scratchpad_calc_jacobian::tests::calc_jacobian_works stdout ----
[INFO] [stdout] thread 'shapes::scratchpad_calc_jacobian::tests::calc_jacobian_works' panicked at 'assert derivative failed: `(dfdx != dfdx_num)` (dfdx: `1.3890960057410737`, dfdx_num: `1.389096005739443`, expect diff: `1e-12`, real diff: `1.63069557856943e-12`)', src/shapes/scratchpad_calc_jacobian.rs:241:21
[INFO] [stdout] stack backtrace:
[INFO] [stdout]    0:     0x55d4d430f4ea - std::backtrace_rs::backtrace::libunwind::trace::h2f05d0192276a8f6
[INFO] [stdout]                                at /rustc/1b7dd2252b99671ce5d1cb9664c5f8636329436d/library/std/src/../../backtrace/src/backtrace/libunwind.rs:93:5
[INFO] [stdout]    1:     0x55d4d430f4ea - std::backtrace_rs::backtrace::trace_unsynchronized::hedc23dff7a1af150
[INFO] [stdout]                                at /rustc/1b7dd2252b99671ce5d1cb9664c5f8636329436d/library/std/src/../../backtrace/src/backtrace/mod.rs:66:5
[INFO] [stdout]    2:     0x55d4d430f4ea - std::sys_common::backtrace::_print_fmt::h17541ef7592f3ce2
[INFO] [stdout]                                at /rustc/1b7dd2252b99671ce5d1cb9664c5f8636329436d/library/std/src/sys_common/backtrace.rs:65:5
[INFO] [stdout]    3:     0x55d4d430f4ea - <std::sys_common::backtrace::_print::DisplayBacktrace as core::fmt::Display>::fmt::h20f75df5ab0c0792
[INFO] [stdout]                                at /rustc/1b7dd2252b99671ce5d1cb9664c5f8636329436d/library/std/src/sys_common/backtrace.rs:44:22
[INFO] [stdout]    4:     0x55d4d4334a5f - core::fmt::write::h78109e6f466b3af6
[INFO] [stdout]                                at /rustc/1b7dd2252b99671ce5d1cb9664c5f8636329436d/library/core/src/fmt/mod.rs:1254:17
[INFO] [stdout]    5:     0x55d4d430c4a5 - std::io::Write::write_fmt::hd24bfb68a1b35a25
[INFO] [stdout]                                at /rustc/1b7dd2252b99671ce5d1cb9664c5f8636329436d/library/std/src/io/mod.rs:1698:15
[INFO] [stdout]    6:     0x55d4d430f2b5 - std::sys_common::backtrace::_print::h8dac57a9f8fbf9a5
[INFO] [stdout]                                at /rustc/1b7dd2252b99671ce5d1cb9664c5f8636329436d/library/std/src/sys_common/backtrace.rs:47:5
[INFO] [stdout]    7:     0x55d4d430f2b5 - std::sys_common::backtrace::print::hf9ecbf41d1aa712f
[INFO] [stdout]                                at /rustc/1b7dd2252b99671ce5d1cb9664c5f8636329436d/library/std/src/sys_common/backtrace.rs:34:9
[INFO] [stdout]    8:     0x55d4d4310f6e - std::panicking::default_hook::{{closure}}::h04c07acfc84ca028
[INFO] [stdout]                                at /rustc/1b7dd2252b99671ce5d1cb9664c5f8636329436d/library/std/src/panicking.rs:269:22
[INFO] [stdout]    9:     0x55d4d4310ca1 - std::panicking::default_hook::h01f6bb23e1eceb2c
[INFO] [stdout]                                at /rustc/1b7dd2252b99671ce5d1cb9664c5f8636329436d/library/std/src/panicking.rs:285:9
[INFO] [stdout]   10:     0x55d4d426e39b - <alloc::boxed::Box<F,A> as core::ops::function::Fn<Args>>::call::h87fe9f7b2fd49e4c
[INFO] [stdout]                                at /rustc/1b7dd2252b99671ce5d1cb9664c5f8636329436d/library/alloc/src/boxed.rs:1987:9
[INFO] [stdout]   11:     0x55d4d426e39b - test::test_main::{{closure}}::he94d679243a7531b
[INFO] [stdout]                                at /rustc/1b7dd2252b99671ce5d1cb9664c5f8636329436d/library/test/src/lib.rs:134:21
[INFO] [stdout]   12:     0x55d4d4311654 - <alloc::boxed::Box<F,A> as core::ops::function::Fn<Args>>::call::h3f2d6d8b14c4769f
[INFO] [stdout]                                at /rustc/1b7dd2252b99671ce5d1cb9664c5f8636329436d/library/alloc/src/boxed.rs:1987:9
[INFO] [stdout]   13:     0x55d4d4311654 - std::panicking::rust_panic_with_hook::h2bb3722bbaf2f6df
[INFO] [stdout]                                at /rustc/1b7dd2252b99671ce5d1cb9664c5f8636329436d/library/std/src/panicking.rs:695:13
[INFO] [stdout]   14:     0x55d4d43113c9 - std::panicking::begin_panic_handler::{{closure}}::h91bc7f36a4be011b
[INFO] [stdout]                                at /rustc/1b7dd2252b99671ce5d1cb9664c5f8636329436d/library/std/src/panicking.rs:582:13
[INFO] [stdout]   15:     0x55d4d430f956 - std::sys_common::backtrace::__rust_end_short_backtrace::h8b3d3717114f9e59
[INFO] [stdout]                                at /rustc/1b7dd2252b99671ce5d1cb9664c5f8636329436d/library/std/src/sys_common/backtrace.rs:150:18
[INFO] [stdout]   16:     0x55d4d4311122 - rust_begin_unwind
[INFO] [stdout]                                at /rustc/1b7dd2252b99671ce5d1cb9664c5f8636329436d/library/std/src/panicking.rs:578:5
[INFO] [stdout]   17:     0x55d4d3f4ed03 - core::panicking::panic_fmt::hfd368e3fbdabea26
[INFO] [stdout]                                at /rustc/1b7dd2252b99671ce5d1cb9664c5f8636329436d/library/core/src/panicking.rs:67:14
[INFO] [stdout]   18:     0x55d4d3fee79b - gemlab::shapes::scratchpad_calc_jacobian::tests::calc_jacobian_works::h8c6f3a399d40d036
[INFO] [stdout]                                at /opt/rustwide/workdir/src/shapes/scratchpad_calc_jacobian.rs:241:21
[INFO] [stdout]   19:     0x55d4d3fed617 - gemlab::shapes::scratchpad_calc_jacobian::tests::calc_jacobian_works::{{closure}}::hc23f850c4556b59d
[INFO] [stdout]                                at /opt/rustwide/workdir/src/shapes/scratchpad_calc_jacobian.rs:180:33
[INFO] [stdout]   20:     0x55d4d3fa8185 - core::ops::function::FnOnce::call_once::h07d1eefdaadd9b99
[INFO] [stdout]                                at /rustc/1b7dd2252b99671ce5d1cb9664c5f8636329436d/library/core/src/ops/function.rs:250:5
[INFO] [stdout]   21:     0x55d4d427326f - core::ops::function::FnOnce::call_once::ha6a70e79f7481a7e
[INFO] [stdout]                                at /rustc/1b7dd2252b99671ce5d1cb9664c5f8636329436d/library/core/src/ops/function.rs:250:5
[INFO] [stdout]   22:     0x55d4d427326f - test::__rust_begin_short_backtrace::hce33033019b61e69
[INFO] [stdout]                                at /rustc/1b7dd2252b99671ce5d1cb9664c5f8636329436d/library/test/src/lib.rs:655:18
[INFO] [stdout]   23:     0x55d4d4240a5c - test::run_test::{{closure}}::h858d3528838ae3e5
[INFO] [stdout]                                at /rustc/1b7dd2252b99671ce5d1cb9664c5f8636329436d/library/test/src/lib.rs:646:30
[INFO] [stdout]   24:     0x55d4d4240a5c - core::ops::function::FnOnce::call_once{{vtable.shim}}::he8ac2b00f01ae79e
[INFO] [stdout]                                at /rustc/1b7dd2252b99671ce5d1cb9664c5f8636329436d/library/core/src/ops/function.rs:250:5
[INFO] [stdout]   25:     0x55d4d4272346 - <alloc::boxed::Box<F,A> as core::ops::function::FnOnce<Args>>::call_once::h8093d25b522725ef
[INFO] [stdout]                                at /rustc/1b7dd2252b99671ce5d1cb9664c5f8636329436d/library/alloc/src/boxed.rs:1973:9
[INFO] [stdout]   26:     0x55d4d4272346 - <core::panic::unwind_safe::AssertUnwindSafe<F> as core::ops::function::FnOnce<()>>::call_once::h5c334c204e4a3913
[INFO] [stdout]                                at /rustc/1b7dd2252b99671ce5d1cb9664c5f8636329436d/library/core/src/panic/unwind_safe.rs:271:9
[INFO] [stdout]   27:     0x55d4d4272346 - std::panicking::try::do_call::ha8b740c7b9478074
[INFO] [stdout]                                at /rustc/1b7dd2252b99671ce5d1cb9664c5f8636329436d/library/std/src/panicking.rs:485:40
[INFO] [stdout]   28:     0x55d4d4272346 - std::panicking::try::h5d34f63d0e41b64e
[INFO] [stdout]                                at /rustc/1b7dd2252b99671ce5d1cb9664c5f8636329436d/library/std/src/panicking.rs:449:19
[INFO] [stdout]   29:     0x55d4d4272346 - std::panic::catch_unwind::hcfbb511e1aa7fc67
[INFO] [stdout]                                at /rustc/1b7dd2252b99671ce5d1cb9664c5f8636329436d/library/std/src/panic.rs:140:14
[INFO] [stdout]   30:     0x55d4d4272346 - test::run_test_in_process::h9abda90f802eaf21
[INFO] [stdout]                                at /rustc/1b7dd2252b99671ce5d1cb9664c5f8636329436d/library/test/src/lib.rs:678:27
[INFO] [stdout]   31:     0x55d4d4272346 - test::run_test::run_test_inner::{{closure}}::h0f058de91f6c6edf
[INFO] [stdout]                                at /rustc/1b7dd2252b99671ce5d1cb9664c5f8636329436d/library/test/src/lib.rs:572:39
[INFO] [stdout]   32:     0x55d4d423b265 - test::run_test::run_test_inner::{{closure}}::h5ca48a4c59c6c1fb
[INFO] [stdout]                                at /rustc/1b7dd2252b99671ce5d1cb9664c5f8636329436d/library/test/src/lib.rs:599:37
[INFO] [stdout]   33:     0x55d4d423b265 - std::sys_common::backtrace::__rust_begin_short_backtrace::h32bd51e1495d4a33
[INFO] [stdout]                                at /rustc/1b7dd2252b99671ce5d1cb9664c5f8636329436d/library/std/src/sys_common/backtrace.rs:134:18
[INFO] [stdout]   34:     0x55d4d42407a1 - std::thread::Builder::spawn_unchecked_::{{closure}}::{{closure}}::hc086fae9b128b2db
[INFO] [stdout]                                at /rustc/1b7dd2252b99671ce5d1cb9664c5f8636329436d/library/std/src/thread/mod.rs:526:17
[INFO] [stdout]   35:     0x55d4d42407a1 - <core::panic::unwind_safe::AssertUnwindSafe<F> as core::ops::function::FnOnce<()>>::call_once::hb66571888d270d43
[INFO] [stdout]                                at /rustc/1b7dd2252b99671ce5d1cb9664c5f8636329436d/library/core/src/panic/unwind_safe.rs:271:9
[INFO] [stdout]   36:     0x55d4d42407a1 - std::panicking::try::do_call::h4fa2ef4f6e51fecf
[INFO] [stdout]                                at /rustc/1b7dd2252b99671ce5d1cb9664c5f8636329436d/library/std/src/panicking.rs:485:40
[INFO] [stdout]   37:     0x55d4d42407a1 - std::panicking::try::h1e9e22b8584489b5
[INFO] [stdout]                                at /rustc/1b7dd2252b99671ce5d1cb9664c5f8636329436d/library/std/src/panicking.rs:449:19
[INFO] [stdout]   38:     0x55d4d42407a1 - std::panic::catch_unwind::h44698a3de0e0769e
[INFO] [stdout]                                at /rustc/1b7dd2252b99671ce5d1cb9664c5f8636329436d/library/std/src/panic.rs:140:14
[INFO] [stdout]   39:     0x55d4d42407a1 - std::thread::Builder::spawn_unchecked_::{{closure}}::h50153abde3fe239e
[INFO] [stdout]                                at /rustc/1b7dd2252b99671ce5d1cb9664c5f8636329436d/library/std/src/thread/mod.rs:525:30
[INFO] [stdout]   40:     0x55d4d42407a1 - core::ops::function::FnOnce::call_once{{vtable.shim}}::hbe5bbf6f38394364
[INFO] [stdout]                                at /rustc/1b7dd2252b99671ce5d1cb9664c5f8636329436d/library/core/src/ops/function.rs:250:5
[INFO] [stdout]   41:     0x55d4d4315c65 - <alloc::boxed::Box<F,A> as core::ops::function::FnOnce<Args>>::call_once::h0d83cb2920a49046
[INFO] [stdout]                                at /rustc/1b7dd2252b99671ce5d1cb9664c5f8636329436d/library/alloc/src/boxed.rs:1973:9
[INFO] [stdout]   42:     0x55d4d4315c65 - <alloc::boxed::Box<F,A> as core::ops::function::FnOnce<Args>>::call_once::hbe0a008aa7d9ef59
[INFO] [stdout]                                at /rustc/1b7dd2252b99671ce5d1cb9664c5f8636329436d/library/alloc/src/boxed.rs:1973:9
[INFO] [stdout]   43:     0x55d4d4315c65 - std::sys::unix::thread::Thread::new::thread_start::h3a466996bdf6b1f9
[INFO] [stdout]                                at /rustc/1b7dd2252b99671ce5d1cb9664c5f8636329436d/library/std/src/sys/unix/thread.rs:108:17
[INFO] [stdout]   44:     0x7f58b496eb43 - <unknown>
[INFO] [stdout]   45:     0x7f58b49ffbb4 - __clone
[INFO] [stdout]   46:                0x0 - <unknown>
[INFO] [stdout] 
[INFO] [stdout] 
[INFO] [stdout] failures:
[INFO] [stdout]     integ::vector_cases::tests::vec_a_shape_times_scalar_works_lin2_linear
[INFO] [stdout]     shapes::scratchpad_approximate_ksi::tests::approximate_ksi_works_outside
[INFO] [stdout]     shapes::scratchpad_calc_jacobian::tests::calc_jacobian_works
[INFO] [stdout] 
[INFO] [stdout] test result: FAILED. 226 passed; 3 failed; 0 ignored; 0 measured; 0 filtered out; finished in 0.15s
[INFO] [stdout] 
[INFO] [stderr] error: test failed, to rerun pass `--lib`
[INFO] running `Command { std: "docker" "inspect" "a3bd0383726d8ec02aeb8d80cd7b78586cc277580c3afbd2fe50bb3f86254e12", kill_on_drop: false }`
[INFO] running `Command { std: "docker" "rm" "-f" "a3bd0383726d8ec02aeb8d80cd7b78586cc277580c3afbd2fe50bb3f86254e12", kill_on_drop: false }`
[INFO] [stdout] a3bd0383726d8ec02aeb8d80cd7b78586cc277580c3afbd2fe50bb3f86254e12
