[INFO] fetching crate gamenite 0.1.1...
[INFO] testing gamenite-0.1.1 against 1.69.0 for beta-1.70-1
[INFO] extracting crate gamenite 0.1.1 into /workspace/builds/worker-5-tc1/source
[INFO] validating manifest of crates.io crate gamenite 0.1.1 on toolchain 1.69.0
[INFO] running `Command { std: CARGO_HOME="/workspace/cargo-home" RUSTUP_HOME="/workspace/rustup-home" "/workspace/cargo-home/bin/cargo" "+1.69.0" "metadata" "--manifest-path" "Cargo.toml" "--no-deps", kill_on_drop: false }`
[INFO] started tweaking crates.io crate gamenite 0.1.1
[INFO] finished tweaking crates.io crate gamenite 0.1.1
[INFO] tweaked toml for crates.io crate gamenite 0.1.1 written to /workspace/builds/worker-5-tc1/source/Cargo.toml
[INFO] running `Command { std: CARGO_HOME="/workspace/cargo-home" RUSTUP_HOME="/workspace/rustup-home" __CARGO_TEST_CHANNEL_OVERRIDE_DO_NOT_USE_THIS="nightly" "/workspace/cargo-home/bin/cargo" "+1.69.0" "generate-lockfile" "--manifest-path" "Cargo.toml" "-Zno-index-update", kill_on_drop: false }`
[INFO] running `Command { std: CARGO_HOME="/workspace/cargo-home" RUSTUP_HOME="/workspace/rustup-home" "/workspace/cargo-home/bin/cargo" "+1.69.0" "fetch" "--manifest-path" "Cargo.toml", kill_on_drop: false }`
[INFO] running `Command { std: "docker" "create" "-v" "/var/lib/crater-agent-workspace/builds/worker-5-tc1/target:/opt/rustwide/target:rw,Z" "-v" "/var/lib/crater-agent-workspace/builds/worker-5-tc1/source:/opt/rustwide/workdir:ro,Z" "-v" "/var/lib/crater-agent-workspace/cargo-home:/opt/rustwide/cargo-home:ro,Z" "-v" "/var/lib/crater-agent-workspace/rustup-home:/opt/rustwide/rustup-home:ro,Z" "-e" "SOURCE_DIR=/opt/rustwide/workdir" "-e" "CARGO_TARGET_DIR=/opt/rustwide/target" "-e" "CARGO_HOME=/opt/rustwide/cargo-home" "-e" "RUSTUP_HOME=/opt/rustwide/rustup-home" "-w" "/opt/rustwide/workdir" "-m" "1610612736" "--user" "0:0" "--network" "none" "ghcr.io/rust-lang/crates-build-env/linux@sha256:5ff2268d62e97bff2cde7d5815dd6ed5b47097566f13b8d0ca110b04b60e07ed" "/opt/rustwide/cargo-home/bin/cargo" "+1.69.0" "metadata" "--no-deps" "--format-version=1", kill_on_drop: false }`
[INFO] [stdout] e963c773e8a7dedda838322de7820d845184396353cd0e694a2215f941cc2f8a
[INFO] running `Command { std: "docker" "start" "-a" "e963c773e8a7dedda838322de7820d845184396353cd0e694a2215f941cc2f8a", kill_on_drop: false }`
[INFO] running `Command { std: "docker" "inspect" "e963c773e8a7dedda838322de7820d845184396353cd0e694a2215f941cc2f8a", kill_on_drop: false }`
[INFO] running `Command { std: "docker" "rm" "-f" "e963c773e8a7dedda838322de7820d845184396353cd0e694a2215f941cc2f8a", kill_on_drop: false }`
[INFO] [stdout] e963c773e8a7dedda838322de7820d845184396353cd0e694a2215f941cc2f8a
[INFO] running `Command { std: "docker" "create" "-v" "/var/lib/crater-agent-workspace/builds/worker-5-tc1/target:/opt/rustwide/target:rw,Z" "-v" "/var/lib/crater-agent-workspace/builds/worker-5-tc1/source:/opt/rustwide/workdir:ro,Z" "-v" "/var/lib/crater-agent-workspace/cargo-home:/opt/rustwide/cargo-home:ro,Z" "-v" "/var/lib/crater-agent-workspace/rustup-home:/opt/rustwide/rustup-home:ro,Z" "-e" "SOURCE_DIR=/opt/rustwide/workdir" "-e" "CARGO_TARGET_DIR=/opt/rustwide/target" "-e" "CARGO_INCREMENTAL=0" "-e" "RUST_BACKTRACE=full" "-e" "RUSTFLAGS=--cap-lints=warn" "-e" "RUSTDOCFLAGS=--cap-lints=warn" "-e" "CARGO_HOME=/opt/rustwide/cargo-home" "-e" "RUSTUP_HOME=/opt/rustwide/rustup-home" "-w" "/opt/rustwide/workdir" "-m" "1610612736" "--user" "0:0" "--network" "none" "ghcr.io/rust-lang/crates-build-env/linux@sha256:5ff2268d62e97bff2cde7d5815dd6ed5b47097566f13b8d0ca110b04b60e07ed" "/opt/rustwide/cargo-home/bin/cargo" "+1.69.0" "build" "--frozen" "--message-format=json", kill_on_drop: false }`
[INFO] [stdout] 1a39c51f899bc1f9c9dd4d5f36444f05e2896e17eb73691ff4f59461b1962fe5
[INFO] running `Command { std: "docker" "start" "-a" "1a39c51f899bc1f9c9dd4d5f36444f05e2896e17eb73691ff4f59461b1962fe5", kill_on_drop: false }`
[INFO] [stderr]    Compiling crossbeam-utils v0.8.15
[INFO] [stderr]    Compiling memoffset v0.8.0
[INFO] [stderr]    Compiling crossbeam-epoch v0.9.14
[INFO] [stderr]    Compiling syn v1.0.109
[INFO] [stderr]    Compiling rayon-core v1.11.0
[INFO] [stderr]    Compiling num-traits v0.2.15
[INFO] [stderr]    Compiling futures-core v0.3.28
[INFO] [stderr]    Compiling num-integer v0.1.45
[INFO] [stderr]    Compiling zstd-safe v5.0.2+zstd.1.5.2
[INFO] [stderr]    Compiling jobserver v0.1.26
[INFO] [stderr]    Compiling num_cpus v1.15.0
[INFO] [stderr]    Compiling getrandom v0.2.9
[INFO] [stderr]    Compiling flate2 v1.0.26
[INFO] [stderr]    Compiling either v1.8.1
[INFO] [stderr]    Compiling digest v0.10.6
[INFO] [stderr]    Compiling spin v0.9.8
[INFO] [stderr]    Compiling num-rational v0.4.1
[INFO] [stderr]    Compiling cc v1.0.79
[INFO] [stderr]    Compiling nanorand v0.7.0
[INFO] [stderr]    Compiling rand_core v0.6.4
[INFO] [stderr]    Compiling base64ct v1.6.0
[INFO] [stderr]    Compiling weezl v0.1.7
[INFO] [stderr]    Compiling futures-sink v0.3.28
[INFO] [stderr]    Compiling sha2 v0.10.6
[INFO] [stderr]    Compiling hmac v0.12.1
[INFO] [stderr]    Compiling cipher v0.3.0
[INFO] [stderr]    Compiling zune-inflate v0.2.53
[INFO] [stderr]    Compiling miniz_oxide v0.6.2
[INFO] [stderr]    Compiling bytemuck v1.13.1
[INFO] [stderr]    Compiling lebe v0.5.2
[INFO] [stderr]    Compiling time-core v0.1.0
[INFO] [stderr]    Compiling password-hash v0.4.2
[INFO] [stderr]    Compiling bit_field v0.10.2
[INFO] [stderr]    Compiling color_quant v1.1.0
[INFO] [stderr]    Compiling half v2.2.1
[INFO] [stderr]    Compiling crossbeam-channel v0.5.8
[INFO] [stderr]    Compiling time v0.3.20
[INFO] [stderr]    Compiling gif v0.12.0
[INFO] [stderr]    Compiling pbkdf2 v0.11.0
[INFO] [stderr]    Compiling qoi v0.4.1
[INFO] [stderr]    Compiling aes v0.7.5
[INFO] [stderr]    Compiling png v0.17.8
[INFO] [stderr]    Compiling crossbeam-deque v0.8.3
[INFO] [stderr]    Compiling serde v1.0.160
[INFO] [stderr]    Compiling sha1 v0.10.5
[INFO] [stderr]    Compiling constant_time_eq v0.1.5
[INFO] [stderr]    Compiling zstd-sys v2.0.8+zstd.1.5.5
[INFO] [stderr]    Compiling bzip2-sys v0.1.11+1.0.8
[INFO] [stderr]    Compiling rayon v1.7.0
[INFO] [stderr]    Compiling bzip2 v0.4.4
[INFO] [stderr]    Compiling jpeg-decoder v0.3.0
[INFO] [stderr]    Compiling pin-project-internal v1.0.12
[INFO] [stderr]    Compiling serde_json v1.0.96
[INFO] [stderr]    Compiling tiff v0.8.1
[INFO] [stderr]    Compiling pin-project v1.0.12
[INFO] [stderr]    Compiling flume v0.10.14
[INFO] [stderr]    Compiling zstd v0.11.2+zstd.1.5.2
[INFO] [stderr]    Compiling zip v0.6.4
[INFO] [stderr]    Compiling exr v1.6.3
[INFO] [stderr]    Compiling image v0.24.6
[INFO] [stderr]    Compiling gamenite v0.1.1 (/opt/rustwide/workdir)
[INFO] [stderr]     Finished dev [unoptimized + debuginfo] target(s) in 25.87s
[INFO] running `Command { std: "docker" "inspect" "1a39c51f899bc1f9c9dd4d5f36444f05e2896e17eb73691ff4f59461b1962fe5", kill_on_drop: false }`
[INFO] running `Command { std: "docker" "rm" "-f" "1a39c51f899bc1f9c9dd4d5f36444f05e2896e17eb73691ff4f59461b1962fe5", kill_on_drop: false }`
[INFO] [stdout] 1a39c51f899bc1f9c9dd4d5f36444f05e2896e17eb73691ff4f59461b1962fe5
[INFO] running `Command { std: "docker" "create" "-v" "/var/lib/crater-agent-workspace/builds/worker-5-tc1/target:/opt/rustwide/target:rw,Z" "-v" "/var/lib/crater-agent-workspace/builds/worker-5-tc1/source:/opt/rustwide/workdir:ro,Z" "-v" "/var/lib/crater-agent-workspace/cargo-home:/opt/rustwide/cargo-home:ro,Z" "-v" "/var/lib/crater-agent-workspace/rustup-home:/opt/rustwide/rustup-home:ro,Z" "-e" "SOURCE_DIR=/opt/rustwide/workdir" "-e" "CARGO_TARGET_DIR=/opt/rustwide/target" "-e" "CARGO_INCREMENTAL=0" "-e" "RUST_BACKTRACE=full" "-e" "RUSTFLAGS=--cap-lints=warn" "-e" "RUSTDOCFLAGS=--cap-lints=warn" "-e" "CARGO_HOME=/opt/rustwide/cargo-home" "-e" "RUSTUP_HOME=/opt/rustwide/rustup-home" "-w" "/opt/rustwide/workdir" "-m" "1610612736" "--user" "0:0" "--network" "none" "ghcr.io/rust-lang/crates-build-env/linux@sha256:5ff2268d62e97bff2cde7d5815dd6ed5b47097566f13b8d0ca110b04b60e07ed" "/opt/rustwide/cargo-home/bin/cargo" "+1.69.0" "test" "--frozen" "--no-run" "--message-format=json", kill_on_drop: false }`
[INFO] [stdout] 46f5eeed3a9ee7db338413ad8b10b2fc886e5578b5a98facc3dd0323f103f22e
[INFO] running `Command { std: "docker" "start" "-a" "46f5eeed3a9ee7db338413ad8b10b2fc886e5578b5a98facc3dd0323f103f22e", kill_on_drop: false }`
[INFO] [stderr]    Compiling gamenite v0.1.1 (/opt/rustwide/workdir)
[INFO] [stderr]     Finished test [unoptimized + debuginfo] target(s) in 0.72s
[INFO] running `Command { std: "docker" "inspect" "46f5eeed3a9ee7db338413ad8b10b2fc886e5578b5a98facc3dd0323f103f22e", kill_on_drop: false }`
[INFO] running `Command { std: "docker" "rm" "-f" "46f5eeed3a9ee7db338413ad8b10b2fc886e5578b5a98facc3dd0323f103f22e", kill_on_drop: false }`
[INFO] [stdout] 46f5eeed3a9ee7db338413ad8b10b2fc886e5578b5a98facc3dd0323f103f22e
[INFO] running `Command { std: "docker" "create" "-v" "/var/lib/crater-agent-workspace/builds/worker-5-tc1/target:/opt/rustwide/target:rw,Z" "-v" "/var/lib/crater-agent-workspace/builds/worker-5-tc1/source:/opt/rustwide/workdir:ro,Z" "-v" "/var/lib/crater-agent-workspace/cargo-home:/opt/rustwide/cargo-home:ro,Z" "-v" "/var/lib/crater-agent-workspace/rustup-home:/opt/rustwide/rustup-home:ro,Z" "-e" "SOURCE_DIR=/opt/rustwide/workdir" "-e" "CARGO_TARGET_DIR=/opt/rustwide/target" "-e" "CARGO_INCREMENTAL=0" "-e" "RUST_BACKTRACE=full" "-e" "RUSTFLAGS=--cap-lints=warn" "-e" "RUSTDOCFLAGS=--cap-lints=warn" "-e" "CARGO_HOME=/opt/rustwide/cargo-home" "-e" "RUSTUP_HOME=/opt/rustwide/rustup-home" "-w" "/opt/rustwide/workdir" "-m" "1610612736" "--user" "0:0" "--network" "none" "ghcr.io/rust-lang/crates-build-env/linux@sha256:5ff2268d62e97bff2cde7d5815dd6ed5b47097566f13b8d0ca110b04b60e07ed" "/opt/rustwide/cargo-home/bin/cargo" "+1.69.0" "test" "--frozen", kill_on_drop: false }`
[INFO] [stdout] 28db4a4897cb93f633f6e21587099cca5aaa9f76bb5721ce477537c27902046f
[INFO] running `Command { std: "docker" "start" "-a" "28db4a4897cb93f633f6e21587099cca5aaa9f76bb5721ce477537c27902046f", kill_on_drop: false }`
[INFO] [stderr]     Finished test [unoptimized + debuginfo] target(s) in 0.06s
[INFO] [stderr]      Running unittests src/lib.rs (/opt/rustwide/target/debug/deps/gamenite-8c5a9314f79edbc6)
[INFO] [stdout] 
[INFO] [stdout] running 0 tests
[INFO] [stdout] 
[INFO] [stdout] test result: ok. 0 passed; 0 failed; 0 ignored; 0 measured; 0 filtered out; finished in 0.00s
[INFO] [stdout] 
[INFO] [stderr]    Doc-tests gamenite
[INFO] [stdout] 
[INFO] [stdout] running 7 tests
[INFO] [stdout] test src/lib.rs - Board::add_edge (line 221) ... FAILED
[INFO] [stdout] test src/lib.rs - Node::horizontal_order (line 113) ... FAILED
[INFO] [stdout] test src/lib.rs - Node::should_wrap_horizontal (line 78) ... ok
[INFO] [stdout] test src/lib.rs - Node::y_mid (line 95) ... ok
[INFO] [stdout] test src/lib.rs - Board::remove_node (line 162) ... ok
[INFO] [stdout] test src/lib.rs - CoordTransformer (line 281) ... ok
[INFO] [stdout] test src/lib.rs - Board::remove_label_key (line 192) ... ok
[INFO] [stdout] 
[INFO] [stdout] failures:
[INFO] [stdout] 
[INFO] [stdout] ---- src/lib.rs - Board::add_edge (line 221) stdout ----
[INFO] [stdout] error: linking with `cc` failed: exit status: 1
[INFO] [stdout]   |
[INFO] [stdout]   = note: LC_ALL="C" PATH="/opt/rustwide/rustup-home/toolchains/1.69.0-x86_64-unknown-linux-gnu/lib/rustlib/x86_64-unknown-linux-gnu/bin:/opt/rustwide/cargo-home/bin:/usr/local/sbin:/usr/local/bin:/usr/sbin:/usr/bin:/sbin:/bin" VSLANG="1033" "cc" "-m64" "/tmp/rustcjf8tEB/symbols.o" "/tmp/rustdoctestOvKdUA/rust_out.rust_out.5bfee551-cgu.0.rcgu.o" "/tmp/rustdoctestOvKdUA/rust_out.j00p4ncf7xg64kg.rcgu.o" "-Wl,--as-needed" "-L" "/opt/rustwide/target/debug/deps" "-L" "/opt/rustwide/target/debug/deps" "-L" "/opt/rustwide/target/debug/build/bzip2-sys-a1afd26ff088531b/out/lib" "-L" "/opt/rustwide/target/debug/build/zstd-sys-7737a1ac2e685834/out" "-L" "/opt/rustwide/rustup-home/toolchains/1.69.0-x86_64-unknown-linux-gnu/lib/rustlib/x86_64-unknown-linux-gnu/lib" "-Wl,-Bstatic" "/opt/rustwide/target/debug/deps/libgamenite.rlib" "/opt/rustwide/target/debug/deps/libserde_json-d90f35de33052416.rlib" "/opt/rustwide/target/debug/deps/libryu-87a43729435ac998.rlib" "/opt/rustwide/target/debug/deps/libitoa-12e0c769e046c1b6.rlib" "/opt/rustwide/target/debug/deps/libzip-aeebf5879785134b.rlib" "/opt/rustwide/target/debug/deps/libpbkdf2-763887f64dd21542.rlib" "/opt/rustwide/target/debug/deps/libsha2-053d2fb1032ac95e.rlib" "/opt/rustwide/target/debug/deps/libpassword_hash-931857ed9839616e.rlib" "/opt/rustwide/target/debug/deps/libbase64ct-ff116fb8540338d3.rlib" "/opt/rustwide/target/debug/deps/librand_core-22717effa7cad347.rlib" "/opt/rustwide/target/debug/deps/libtime-33b3e25a5add8158.rlib" "/opt/rustwide/target/debug/deps/libtime_core-4a74880e8761e797.rlib" "/opt/rustwide/target/debug/deps/libzstd-4d92cf31e532059d.rlib" "/opt/rustwide/target/debug/deps/libzstd_safe-292ca804b11294d6.rlib" "/opt/rustwide/target/debug/deps/libzstd_sys-70db3d49c2dd3920.rlib" "/opt/rustwide/target/debug/deps/libbzip2-0e548b3c6a8ae438.rlib" "/opt/rustwide/target/debug/deps/libbzip2_sys-2268bc56740e723f.rlib" "/opt/rustwide/target/debug/deps/libaes-7a8e114999ad9468.rlib" "/opt/rustwide/target/debug/deps/libopaque_debug-502d41d476583e16.rlib" "/opt/rustwide/target/debug/deps/libcipher-724d5e1635b15d0a.rlib" "/opt/rustwide/target/debug/deps/libsha1-ca57644254dc2b4c.rlib" "/opt/rustwide/target/debug/deps/libcpufeatures-e143b41ca3b14af5.rlib" "/opt/rustwide/target/debug/deps/libhmac-e33cf33d2d21cae1.rlib" "/opt/rustwide/target/debug/deps/libdigest-d1b34c81666b000c.rlib" "/opt/rustwide/target/debug/deps/libsubtle-6b55a6c902c8a3c0.rlib" "/opt/rustwide/target/debug/deps/libblock_buffer-0933e09cece281a1.rlib" "/opt/rustwide/target/debug/deps/libcrypto_common-5a97f1b230e1e099.rlib" "/opt/rustwide/target/debug/deps/libgeneric_array-f03e3e3fb3ca464f.rlib" "/opt/rustwide/target/debug/deps/libtypenum-d40a559dcc4c7492.rlib" "/opt/rustwide/target/debug/deps/libconstant_time_eq-6fe25b1f97b127b0.rlib" "/opt/rustwide/target/debug/deps/libserde-fe1f5b617e906e5a.rlib" "/opt/rustwide/target/debug/deps/libimage-88a934cbd956f542.rlib" "/opt/rustwide/target/debug/deps/libqoi-288c1726cb55753b.rlib" "/opt/rustwide/target/debug/deps/libbytemuck-e34ceb31b250cef5.rlib" "/opt/rustwide/target/debug/deps/libpng-b36d39a8faf643c2.rlib" "/opt/rustwide/target/debug/deps/libfdeflate-03c42af96cd6eda6.rlib" "/opt/rustwide/target/debug/deps/libbitflags-82cc2d155c6eb112.rlib" "/opt/rustwide/target/debug/deps/libexr-e09aad2e99a33605.rlib" "/opt/rustwide/target/debug/deps/libflume-8d8fbb52b19e04e9.rlib" "/opt/rustwide/target/debug/deps/libspin-e5d1c7a08e404a72.rlib" "/opt/rustwide/target/debug/deps/liblock_api-68f9f4627da435ce.rlib" "/opt/rustwide/target/debug/deps/libpin_project-498033f61e4eabfb.rlib" "/opt/rustwide/target/debug/deps/libfutures_sink-31b0a32343f0c3af.rlib" "/opt/rustwide/target/debug/deps/libfutures_core-15be2e7e718660f5.rlib" "/opt/rustwide/target/debug/deps/libnanorand-a779ebe2cb912d77.rlib" "/opt/rustwide/target/debug/deps/libgetrandom-8909f2a7067bd483.rlib" "/opt/rustwide/target/debug/deps/libminiz_oxide-cc55475cd2d98179.rlib" "/opt/rustwide/target/debug/deps/libadler-478247d24f5486f3.rlib" "/opt/rustwide/target/debug/deps/libzune_inflate-ebeaff374ce385b3.rlib" "/opt/rustwide/target/debug/deps/libbit_field-f8dac3ca5bbf9a37.rlib" "/opt/rustwide/target/debug/deps/liblebe-e0db7848fd0bd84d.rlib" "/opt/rustwide/target/debug/deps/libhalf-0ae4fd77684753d1.rlib" "/opt/rustwide/target/debug/deps/libsmallvec-22f2447eab0ca59b.rlib" "/opt/rustwide/target/debug/deps/libnum_rational-43cf7dc1504f1785.rlib" "/opt/rustwide/target/debug/deps/libnum_integer-8c06f5afb834bef5.rlib" "/opt/rustwide/target/debug/deps/libgif-44f9004d8308a43e.rlib" "/opt/rustwide/target/debug/deps/libcolor_quant-c4e6a74fd65e1c69.rlib" "/opt/rustwide/target/debug/deps/libbyteorder-50c19e9bd62c942c.rlib" "/opt/rustwide/target/debug/deps/libnum_traits-b237925f6bfbb7f7.rlib" "/opt/rustwide/target/debug/deps/libtiff-83d86c31224f3aaf.rlib" "/opt/rustwide/target/debug/deps/libflate2-f6f38fd92308d9a5.rlib" "/opt/rustwide/target/debug/deps/libminiz_oxide-2b021d447e118a88.rlib" "/opt/rustwide/target/debug/deps/libsimd_adler32-f35db90b7647f489.rlib" "/opt/rustwide/target/debug/deps/libcrc32fast-104e9b895f0c2d44.rlib" "/opt/rustwide/target/debug/deps/libweezl-b8d0d3d3ea86fdd3.rlib" "/opt/rustwide/target/debug/deps/libjpeg_decoder-ddbb606a0bb5b01a.rlib" "/opt/rustwide/target/debug/deps/librayon-fcf44988f44e78e3.rlib" "/opt/rustwide/target/debug/deps/librayon_core-fa6b572babd43de7.rlib" "/opt/rustwide/target/debug/deps/libnum_cpus-955db27608b22469.rlib" "/opt/rustwide/target/debug/deps/liblibc-b7b14a0fe316ec96.rlib" "/opt/rustwide/target/debug/deps/libcrossbeam_deque-c88c73a8dbd1207f.rlib" "/opt/rustwide/target/debug/deps/libcrossbeam_epoch-ce14d878c6b46754.rlib" "/opt/rustwide/target/debug/deps/libmemoffset-cc94e166f136fd4e.rlib" "/opt/rustwide/target/debug/deps/libscopeguard-f471875f675163b5.rlib" "/opt/rustwide/target/debug/deps/libcrossbeam_channel-c7cc992b117444ea.rlib" "/opt/rustwide/target/debug/deps/libcrossbeam_utils-3546b3b1c787b86b.rlib" "/opt/rustwide/target/debug/deps/libcfg_if-e5e118dd7d121aaa.rlib" "/opt/rustwide/target/debug/deps/libeither-e407352f1a2e3c73.rlib" "/opt/rustwide/rustup-home/toolchains/1.69.0-x86_64-unknown-linux-gnu/lib/rustlib/x86_64-unknown-linux-gnu/lib/libstd-89bc084783fdc439.rlib" "/opt/rustwide/rustup-home/toolchains/1.69.0-x86_64-unknown-linux-gnu/lib/rustlib/x86_64-unknown-linux-gnu/lib/libpanic_unwind-8bee4b287d4367c1.rlib" "/opt/rustwide/rustup-home/toolchains/1.69.0-x86_64-unknown-linux-gnu/lib/rustlib/x86_64-unknown-linux-gnu/lib/libobject-d61707aed80694c0.rlib" "/opt/rustwide/rustup-home/toolchains/1.69.0-x86_64-unknown-linux-gnu/lib/rustlib/x86_64-unknown-linux-gnu/lib/libmemchr-d85366256f22345b.rlib" "/opt/rustwide/rustup-home/toolchains/1.69.0-x86_64-unknown-linux-gnu/lib/rustlib/x86_64-unknown-linux-gnu/lib/libaddr2line-96069b86b8a8cae9.rlib" "/opt/rustwide/rustup-home/toolchains/1.69.0-x86_64-unknown-linux-gnu/lib/rustlib/x86_64-unknown-linux-gnu/lib/libgimli-d19d53abf68dfa6c.rlib" "/opt/rustwide/rustup-home/toolchains/1.69.0-x86_64-unknown-linux-gnu/lib/rustlib/x86_64-unknown-linux-gnu/lib/librustc_demangle-787cbccd19d64ac6.rlib" "/opt/rustwide/rustup-home/toolchains/1.69.0-x86_64-unknown-linux-gnu/lib/rustlib/x86_64-unknown-linux-gnu/lib/libstd_detect-b3837a36b830e0d0.rlib" "/opt/rustwide/rustup-home/toolchains/1.69.0-x86_64-unknown-linux-gnu/lib/rustlib/x86_64-unknown-linux-gnu/lib/libhashbrown-e3deb0e7e3f04966.rlib" "/opt/rustwide/rustup-home/toolchains/1.69.0-x86_64-unknown-linux-gnu/lib/rustlib/x86_64-unknown-linux-gnu/lib/libminiz_oxide-dabbb79c9815def4.rlib" "/opt/rustwide/rustup-home/toolchains/1.69.0-x86_64-unknown-linux-gnu/lib/rustlib/x86_64-unknown-linux-gnu/lib/libadler-305b01f34c9409f2.rlib" "/opt/rustwide/rustup-home/toolchains/1.69.0-x86_64-unknown-linux-gnu/lib/rustlib/x86_64-unknown-linux-gnu/lib/librustc_std_workspace_alloc-f833521df6074e73.rlib" "/opt/rustwide/rustup-home/toolchains/1.69.0-x86_64-unknown-linux-gnu/lib/rustlib/x86_64-unknown-linux-gnu/lib/libunwind-9ac333113350d171.rlib" "/opt/rustwide/rustup-home/toolchains/1.69.0-x86_64-unknown-linux-gnu/lib/rustlib/x86_64-unknown-linux-gnu/lib/libcfg_if-1c126114322d0eee.rlib" "/opt/rustwide/rustup-home/toolchains/1.69.0-x86_64-unknown-linux-gnu/lib/rustlib/x86_64-unknown-linux-gnu/lib/liblibc-bad9164fdeeecf92.rlib" "/opt/rustwide/rustup-home/toolchains/1.69.0-x86_64-unknown-linux-gnu/lib/rustlib/x86_64-unknown-linux-gnu/lib/liballoc-f9374b1e480fa681.rlib" "/opt/rustwide/rustup-home/toolchains/1.69.0-x86_64-unknown-linux-gnu/lib/rustlib/x86_64-unknown-linux-gnu/lib/librustc_std_workspace_core-207f06e41d9603af.rlib" "/opt/rustwide/rustup-home/toolchains/1.69.0-x86_64-unknown-linux-gnu/lib/rustlib/x86_64-unknown-linux-gnu/lib/libcore-7e2768e66e984e85.rlib" "/opt/rustwide/rustup-home/toolchains/1.69.0-x86_64-unknown-linux-gnu/lib/rustlib/x86_64-unknown-linux-gnu/lib/libcompiler_builtins-957b4aff41f8cd46.rlib" "-Wl,-Bdynamic" "-lgcc_s" "-lutil" "-lrt" "-lpthread" "-lm" "-ldl" "-lc" "-Wl,--eh-frame-hdr" "-Wl,-z,noexecstack" "-L" "/opt/rustwide/rustup-home/toolchains/1.69.0-x86_64-unknown-linux-gnu/lib/rustlib/x86_64-unknown-linux-gnu/lib" "-o" "/tmp/rustdoctestOvKdUA/rust_out" "-Wl,--gc-sections" "-pie" "-Wl,-z,relro,-z,now" "-nodefaultlibs"
[INFO] [stdout]   = note: collect2: fatal error: ld terminated with signal 9 [Killed]
[INFO] [stdout]           compilation terminated.
[INFO] [stdout]           
[INFO] [stdout] 
[INFO] [stdout] error: aborting due to previous error
[INFO] [stdout] 
[INFO] [stdout] Couldn't compile the test.
[INFO] [stdout] ---- src/lib.rs - Node::horizontal_order (line 113) stdout ----
[INFO] [stdout] error: linking with `cc` failed: exit status: 1
[INFO] [stdout]   |
[INFO] [stdout]   = note: LC_ALL="C" PATH="/opt/rustwide/rustup-home/toolchains/1.69.0-x86_64-unknown-linux-gnu/lib/rustlib/x86_64-unknown-linux-gnu/bin:/opt/rustwide/cargo-home/bin:/usr/local/sbin:/usr/local/bin:/usr/sbin:/usr/bin:/sbin:/bin" VSLANG="1033" "cc" "-m64" "/tmp/rustcfuP4Cg/symbols.o" "/tmp/rustdoctestf9bWra/rust_out.rust_out.5bfee551-cgu.0.rcgu.o" "/tmp/rustdoctestf9bWra/rust_out.j00p4ncf7xg64kg.rcgu.o" "-Wl,--as-needed" "-L" "/opt/rustwide/target/debug/deps" "-L" "/opt/rustwide/target/debug/deps" "-L" "/opt/rustwide/target/debug/build/bzip2-sys-a1afd26ff088531b/out/lib" "-L" "/opt/rustwide/target/debug/build/zstd-sys-7737a1ac2e685834/out" "-L" "/opt/rustwide/rustup-home/toolchains/1.69.0-x86_64-unknown-linux-gnu/lib/rustlib/x86_64-unknown-linux-gnu/lib" "-Wl,-Bstatic" "/opt/rustwide/target/debug/deps/libgamenite.rlib" "/opt/rustwide/target/debug/deps/libserde_json-d90f35de33052416.rlib" "/opt/rustwide/target/debug/deps/libryu-87a43729435ac998.rlib" "/opt/rustwide/target/debug/deps/libitoa-12e0c769e046c1b6.rlib" "/opt/rustwide/target/debug/deps/libzip-aeebf5879785134b.rlib" "/opt/rustwide/target/debug/deps/libpbkdf2-763887f64dd21542.rlib" "/opt/rustwide/target/debug/deps/libsha2-053d2fb1032ac95e.rlib" "/opt/rustwide/target/debug/deps/libpassword_hash-931857ed9839616e.rlib" "/opt/rustwide/target/debug/deps/libbase64ct-ff116fb8540338d3.rlib" "/opt/rustwide/target/debug/deps/librand_core-22717effa7cad347.rlib" "/opt/rustwide/target/debug/deps/libtime-33b3e25a5add8158.rlib" "/opt/rustwide/target/debug/deps/libtime_core-4a74880e8761e797.rlib" "/opt/rustwide/target/debug/deps/libzstd-4d92cf31e532059d.rlib" "/opt/rustwide/target/debug/deps/libzstd_safe-292ca804b11294d6.rlib" "/opt/rustwide/target/debug/deps/libzstd_sys-70db3d49c2dd3920.rlib" "/opt/rustwide/target/debug/deps/libbzip2-0e548b3c6a8ae438.rlib" "/opt/rustwide/target/debug/deps/libbzip2_sys-2268bc56740e723f.rlib" "/opt/rustwide/target/debug/deps/libaes-7a8e114999ad9468.rlib" "/opt/rustwide/target/debug/deps/libopaque_debug-502d41d476583e16.rlib" "/opt/rustwide/target/debug/deps/libcipher-724d5e1635b15d0a.rlib" "/opt/rustwide/target/debug/deps/libsha1-ca57644254dc2b4c.rlib" "/opt/rustwide/target/debug/deps/libcpufeatures-e143b41ca3b14af5.rlib" "/opt/rustwide/target/debug/deps/libhmac-e33cf33d2d21cae1.rlib" "/opt/rustwide/target/debug/deps/libdigest-d1b34c81666b000c.rlib" "/opt/rustwide/target/debug/deps/libsubtle-6b55a6c902c8a3c0.rlib" "/opt/rustwide/target/debug/deps/libblock_buffer-0933e09cece281a1.rlib" "/opt/rustwide/target/debug/deps/libcrypto_common-5a97f1b230e1e099.rlib" "/opt/rustwide/target/debug/deps/libgeneric_array-f03e3e3fb3ca464f.rlib" "/opt/rustwide/target/debug/deps/libtypenum-d40a559dcc4c7492.rlib" "/opt/rustwide/target/debug/deps/libconstant_time_eq-6fe25b1f97b127b0.rlib" "/opt/rustwide/target/debug/deps/libserde-fe1f5b617e906e5a.rlib" "/opt/rustwide/target/debug/deps/libimage-88a934cbd956f542.rlib" "/opt/rustwide/target/debug/deps/libqoi-288c1726cb55753b.rlib" "/opt/rustwide/target/debug/deps/libbytemuck-e34ceb31b250cef5.rlib" "/opt/rustwide/target/debug/deps/libpng-b36d39a8faf643c2.rlib" "/opt/rustwide/target/debug/deps/libfdeflate-03c42af96cd6eda6.rlib" "/opt/rustwide/target/debug/deps/libbitflags-82cc2d155c6eb112.rlib" "/opt/rustwide/target/debug/deps/libexr-e09aad2e99a33605.rlib" "/opt/rustwide/target/debug/deps/libflume-8d8fbb52b19e04e9.rlib" "/opt/rustwide/target/debug/deps/libspin-e5d1c7a08e404a72.rlib" "/opt/rustwide/target/debug/deps/liblock_api-68f9f4627da435ce.rlib" "/opt/rustwide/target/debug/deps/libpin_project-498033f61e4eabfb.rlib" "/opt/rustwide/target/debug/deps/libfutures_sink-31b0a32343f0c3af.rlib" "/opt/rustwide/target/debug/deps/libfutures_core-15be2e7e718660f5.rlib" "/opt/rustwide/target/debug/deps/libnanorand-a779ebe2cb912d77.rlib" "/opt/rustwide/target/debug/deps/libgetrandom-8909f2a7067bd483.rlib" "/opt/rustwide/target/debug/deps/libminiz_oxide-cc55475cd2d98179.rlib" "/opt/rustwide/target/debug/deps/libadler-478247d24f5486f3.rlib" "/opt/rustwide/target/debug/deps/libzune_inflate-ebeaff374ce385b3.rlib" "/opt/rustwide/target/debug/deps/libbit_field-f8dac3ca5bbf9a37.rlib" "/opt/rustwide/target/debug/deps/liblebe-e0db7848fd0bd84d.rlib" "/opt/rustwide/target/debug/deps/libhalf-0ae4fd77684753d1.rlib" "/opt/rustwide/target/debug/deps/libsmallvec-22f2447eab0ca59b.rlib" "/opt/rustwide/target/debug/deps/libnum_rational-43cf7dc1504f1785.rlib" "/opt/rustwide/target/debug/deps/libnum_integer-8c06f5afb834bef5.rlib" "/opt/rustwide/target/debug/deps/libgif-44f9004d8308a43e.rlib" "/opt/rustwide/target/debug/deps/libcolor_quant-c4e6a74fd65e1c69.rlib" "/opt/rustwide/target/debug/deps/libbyteorder-50c19e9bd62c942c.rlib" "/opt/rustwide/target/debug/deps/libnum_traits-b237925f6bfbb7f7.rlib" "/opt/rustwide/target/debug/deps/libtiff-83d86c31224f3aaf.rlib" "/opt/rustwide/target/debug/deps/libflate2-f6f38fd92308d9a5.rlib" "/opt/rustwide/target/debug/deps/libminiz_oxide-2b021d447e118a88.rlib" "/opt/rustwide/target/debug/deps/libsimd_adler32-f35db90b7647f489.rlib" "/opt/rustwide/target/debug/deps/libcrc32fast-104e9b895f0c2d44.rlib" "/opt/rustwide/target/debug/deps/libweezl-b8d0d3d3ea86fdd3.rlib" "/opt/rustwide/target/debug/deps/libjpeg_decoder-ddbb606a0bb5b01a.rlib" "/opt/rustwide/target/debug/deps/librayon-fcf44988f44e78e3.rlib" "/opt/rustwide/target/debug/deps/librayon_core-fa6b572babd43de7.rlib" "/opt/rustwide/target/debug/deps/libnum_cpus-955db27608b22469.rlib" "/opt/rustwide/target/debug/deps/liblibc-b7b14a0fe316ec96.rlib" "/opt/rustwide/target/debug/deps/libcrossbeam_deque-c88c73a8dbd1207f.rlib" "/opt/rustwide/target/debug/deps/libcrossbeam_epoch-ce14d878c6b46754.rlib" "/opt/rustwide/target/debug/deps/libmemoffset-cc94e166f136fd4e.rlib" "/opt/rustwide/target/debug/deps/libscopeguard-f471875f675163b5.rlib" "/opt/rustwide/target/debug/deps/libcrossbeam_channel-c7cc992b117444ea.rlib" "/opt/rustwide/target/debug/deps/libcrossbeam_utils-3546b3b1c787b86b.rlib" "/opt/rustwide/target/debug/deps/libcfg_if-e5e118dd7d121aaa.rlib" "/opt/rustwide/target/debug/deps/libeither-e407352f1a2e3c73.rlib" "/opt/rustwide/rustup-home/toolchains/1.69.0-x86_64-unknown-linux-gnu/lib/rustlib/x86_64-unknown-linux-gnu/lib/libstd-89bc084783fdc439.rlib" "/opt/rustwide/rustup-home/toolchains/1.69.0-x86_64-unknown-linux-gnu/lib/rustlib/x86_64-unknown-linux-gnu/lib/libpanic_unwind-8bee4b287d4367c1.rlib" "/opt/rustwide/rustup-home/toolchains/1.69.0-x86_64-unknown-linux-gnu/lib/rustlib/x86_64-unknown-linux-gnu/lib/libobject-d61707aed80694c0.rlib" "/opt/rustwide/rustup-home/toolchains/1.69.0-x86_64-unknown-linux-gnu/lib/rustlib/x86_64-unknown-linux-gnu/lib/libmemchr-d85366256f22345b.rlib" "/opt/rustwide/rustup-home/toolchains/1.69.0-x86_64-unknown-linux-gnu/lib/rustlib/x86_64-unknown-linux-gnu/lib/libaddr2line-96069b86b8a8cae9.rlib" "/opt/rustwide/rustup-home/toolchains/1.69.0-x86_64-unknown-linux-gnu/lib/rustlib/x86_64-unknown-linux-gnu/lib/libgimli-d19d53abf68dfa6c.rlib" "/opt/rustwide/rustup-home/toolchains/1.69.0-x86_64-unknown-linux-gnu/lib/rustlib/x86_64-unknown-linux-gnu/lib/librustc_demangle-787cbccd19d64ac6.rlib" "/opt/rustwide/rustup-home/toolchains/1.69.0-x86_64-unknown-linux-gnu/lib/rustlib/x86_64-unknown-linux-gnu/lib/libstd_detect-b3837a36b830e0d0.rlib" "/opt/rustwide/rustup-home/toolchains/1.69.0-x86_64-unknown-linux-gnu/lib/rustlib/x86_64-unknown-linux-gnu/lib/libhashbrown-e3deb0e7e3f04966.rlib" "/opt/rustwide/rustup-home/toolchains/1.69.0-x86_64-unknown-linux-gnu/lib/rustlib/x86_64-unknown-linux-gnu/lib/libminiz_oxide-dabbb79c9815def4.rlib" "/opt/rustwide/rustup-home/toolchains/1.69.0-x86_64-unknown-linux-gnu/lib/rustlib/x86_64-unknown-linux-gnu/lib/libadler-305b01f34c9409f2.rlib" "/opt/rustwide/rustup-home/toolchains/1.69.0-x86_64-unknown-linux-gnu/lib/rustlib/x86_64-unknown-linux-gnu/lib/librustc_std_workspace_alloc-f833521df6074e73.rlib" "/opt/rustwide/rustup-home/toolchains/1.69.0-x86_64-unknown-linux-gnu/lib/rustlib/x86_64-unknown-linux-gnu/lib/libunwind-9ac333113350d171.rlib" "/opt/rustwide/rustup-home/toolchains/1.69.0-x86_64-unknown-linux-gnu/lib/rustlib/x86_64-unknown-linux-gnu/lib/libcfg_if-1c126114322d0eee.rlib" "/opt/rustwide/rustup-home/toolchains/1.69.0-x86_64-unknown-linux-gnu/lib/rustlib/x86_64-unknown-linux-gnu/lib/liblibc-bad9164fdeeecf92.rlib" "/opt/rustwide/rustup-home/toolchains/1.69.0-x86_64-unknown-linux-gnu/lib/rustlib/x86_64-unknown-linux-gnu/lib/liballoc-f9374b1e480fa681.rlib" "/opt/rustwide/rustup-home/toolchains/1.69.0-x86_64-unknown-linux-gnu/lib/rustlib/x86_64-unknown-linux-gnu/lib/librustc_std_workspace_core-207f06e41d9603af.rlib" "/opt/rustwide/rustup-home/toolchains/1.69.0-x86_64-unknown-linux-gnu/lib/rustlib/x86_64-unknown-linux-gnu/lib/libcore-7e2768e66e984e85.rlib" "/opt/rustwide/rustup-home/toolchains/1.69.0-x86_64-unknown-linux-gnu/lib/rustlib/x86_64-unknown-linux-gnu/lib/libcompiler_builtins-957b4aff41f8cd46.rlib" "-Wl,-Bdynamic" "-lgcc_s" "-lutil" "-lrt" "-lpthread" "-lm" "-ldl" "-lc" "-Wl,--eh-frame-hdr" "-Wl,-z,noexecstack" "-L" "/opt/rustwide/rustup-home/toolchains/1.69.0-x86_64-unknown-linux-gnu/lib/rustlib/x86_64-unknown-linux-gnu/lib" "-o" "/tmp/rustdoctestf9bWra/rust_out" "-Wl,--gc-sections" "-pie" "-Wl,-z,relro,-z,now" "-nodefaultlibs"
[INFO] [stdout]   = note: collect2: fatal error: ld terminated with signal 9 [Killed]
[INFO] [stdout]           compilation terminated.
[INFO] [stdout]           
[INFO] [stdout] 
[INFO] [stdout] error: aborting due to previous error
[INFO] [stdout] 
[INFO] [stdout] Couldn't compile the test.
[INFO] [stdout] 
[INFO] [stdout] failures:
[INFO] [stdout]     src/lib.rs - Board::add_edge (line 221)
[INFO] [stdout]     src/lib.rs - Node::horizontal_order (line 113)
[INFO] [stdout] 
[INFO] [stdout] test result: FAILED. 5 passed; 2 failed; 0 ignored; 0 measured; 0 filtered out; finished in 5.35s
[INFO] [stdout] 
[INFO] [stderr] error: doctest failed, to rerun pass `--doc`
[INFO] running `Command { std: "docker" "inspect" "28db4a4897cb93f633f6e21587099cca5aaa9f76bb5721ce477537c27902046f", kill_on_drop: false }`
[INFO] running `Command { std: "docker" "rm" "-f" "28db4a4897cb93f633f6e21587099cca5aaa9f76bb5721ce477537c27902046f", kill_on_drop: false }`
[INFO] [stdout] 28db4a4897cb93f633f6e21587099cca5aaa9f76bb5721ce477537c27902046f
