[INFO] fetching crate fwatcher 0.4.2...
[INFO] testing fwatcher-0.4.2 against 1.69.0 for beta-1.70-1
[INFO] extracting crate fwatcher 0.4.2 into /workspace/builds/worker-4-tc1/source
[INFO] validating manifest of crates.io crate fwatcher 0.4.2 on toolchain 1.69.0
[INFO] running `Command { std: CARGO_HOME="/workspace/cargo-home" RUSTUP_HOME="/workspace/rustup-home" "/workspace/cargo-home/bin/cargo" "+1.69.0" "metadata" "--manifest-path" "Cargo.toml" "--no-deps", kill_on_drop: false }`
[INFO] started tweaking crates.io crate fwatcher 0.4.2
[INFO] finished tweaking crates.io crate fwatcher 0.4.2
[INFO] tweaked toml for crates.io crate fwatcher 0.4.2 written to /workspace/builds/worker-4-tc1/source/Cargo.toml
[INFO] running `Command { std: CARGO_HOME="/workspace/cargo-home" RUSTUP_HOME="/workspace/rustup-home" __CARGO_TEST_CHANNEL_OVERRIDE_DO_NOT_USE_THIS="nightly" "/workspace/cargo-home/bin/cargo" "+1.69.0" "generate-lockfile" "--manifest-path" "Cargo.toml" "-Zno-index-update", kill_on_drop: false }`
[INFO] running `Command { std: CARGO_HOME="/workspace/cargo-home" RUSTUP_HOME="/workspace/rustup-home" "/workspace/cargo-home/bin/cargo" "+1.69.0" "fetch" "--manifest-path" "Cargo.toml", kill_on_drop: false }`
[INFO] running `Command { std: "docker" "create" "-v" "/var/lib/crater-agent-workspace/builds/worker-4-tc1/target:/opt/rustwide/target:rw,Z" "-v" "/var/lib/crater-agent-workspace/builds/worker-4-tc1/source:/opt/rustwide/workdir:ro,Z" "-v" "/var/lib/crater-agent-workspace/cargo-home:/opt/rustwide/cargo-home:ro,Z" "-v" "/var/lib/crater-agent-workspace/rustup-home:/opt/rustwide/rustup-home:ro,Z" "-e" "SOURCE_DIR=/opt/rustwide/workdir" "-e" "CARGO_TARGET_DIR=/opt/rustwide/target" "-e" "CARGO_HOME=/opt/rustwide/cargo-home" "-e" "RUSTUP_HOME=/opt/rustwide/rustup-home" "-w" "/opt/rustwide/workdir" "-m" "1610612736" "--user" "0:0" "--network" "none" "ghcr.io/rust-lang/crates-build-env/linux@sha256:5ff2268d62e97bff2cde7d5815dd6ed5b47097566f13b8d0ca110b04b60e07ed" "/opt/rustwide/cargo-home/bin/cargo" "+1.69.0" "metadata" "--no-deps" "--format-version=1", kill_on_drop: false }`
[INFO] [stdout] a49a6b8136b3b115ae6adcd258637b8dd0aee85a00482e0997776a924c204c6a
[INFO] running `Command { std: "docker" "start" "-a" "a49a6b8136b3b115ae6adcd258637b8dd0aee85a00482e0997776a924c204c6a", kill_on_drop: false }`
[INFO] running `Command { std: "docker" "inspect" "a49a6b8136b3b115ae6adcd258637b8dd0aee85a00482e0997776a924c204c6a", kill_on_drop: false }`
[INFO] running `Command { std: "docker" "rm" "-f" "a49a6b8136b3b115ae6adcd258637b8dd0aee85a00482e0997776a924c204c6a", kill_on_drop: false }`
[INFO] [stdout] a49a6b8136b3b115ae6adcd258637b8dd0aee85a00482e0997776a924c204c6a
[INFO] running `Command { std: "docker" "create" "-v" "/var/lib/crater-agent-workspace/builds/worker-4-tc1/target:/opt/rustwide/target:rw,Z" "-v" "/var/lib/crater-agent-workspace/builds/worker-4-tc1/source:/opt/rustwide/workdir:ro,Z" "-v" "/var/lib/crater-agent-workspace/cargo-home:/opt/rustwide/cargo-home:ro,Z" "-v" "/var/lib/crater-agent-workspace/rustup-home:/opt/rustwide/rustup-home:ro,Z" "-e" "SOURCE_DIR=/opt/rustwide/workdir" "-e" "CARGO_TARGET_DIR=/opt/rustwide/target" "-e" "CARGO_INCREMENTAL=0" "-e" "RUST_BACKTRACE=full" "-e" "RUSTFLAGS=--cap-lints=warn" "-e" "RUSTDOCFLAGS=--cap-lints=warn" "-e" "CARGO_HOME=/opt/rustwide/cargo-home" "-e" "RUSTUP_HOME=/opt/rustwide/rustup-home" "-w" "/opt/rustwide/workdir" "-m" "1610612736" "--user" "0:0" "--network" "none" "ghcr.io/rust-lang/crates-build-env/linux@sha256:5ff2268d62e97bff2cde7d5815dd6ed5b47097566f13b8d0ca110b04b60e07ed" "/opt/rustwide/cargo-home/bin/cargo" "+1.69.0" "build" "--frozen" "--message-format=json", kill_on_drop: false }`
[INFO] [stdout] ca50cc25b05aad4d294bed7eda42ecd50c33a376bd6c94c142b6b82594a013c2
[INFO] running `Command { std: "docker" "start" "-a" "ca50cc25b05aad4d294bed7eda42ecd50c33a376bd6c94c142b6b82594a013c2", kill_on_drop: false }`
[INFO] [stderr]     Blocking waiting for file lock on package cache
[INFO] [stderr]    Compiling log v0.4.17
[INFO] [stderr]    Compiling iovec v0.1.4
[INFO] [stderr]    Compiling inotify-sys v0.1.5
[INFO] [stderr]    Compiling lazycell v1.3.0
[INFO] [stderr]    Compiling glob v0.2.11
[INFO] [stderr]    Compiling slab v0.4.8
[INFO] [stderr]    Compiling net2 v0.2.38
[INFO] [stderr]    Compiling filetime v0.2.21
[INFO] [stderr]    Compiling inotify v0.7.1
[INFO] [stderr]    Compiling mio v0.6.23
[INFO] [stderr]    Compiling mio-extras v2.0.6
[INFO] [stderr]    Compiling notify v4.0.17
[INFO] [stderr]    Compiling fwatcher v0.4.2 (/opt/rustwide/workdir)
[INFO] [stderr]     Finished dev [unoptimized + debuginfo] target(s) in 3.09s
[INFO] running `Command { std: "docker" "inspect" "ca50cc25b05aad4d294bed7eda42ecd50c33a376bd6c94c142b6b82594a013c2", kill_on_drop: false }`
[INFO] running `Command { std: "docker" "rm" "-f" "ca50cc25b05aad4d294bed7eda42ecd50c33a376bd6c94c142b6b82594a013c2", kill_on_drop: false }`
[INFO] [stdout] ca50cc25b05aad4d294bed7eda42ecd50c33a376bd6c94c142b6b82594a013c2
[INFO] running `Command { std: "docker" "create" "-v" "/var/lib/crater-agent-workspace/builds/worker-4-tc1/target:/opt/rustwide/target:rw,Z" "-v" "/var/lib/crater-agent-workspace/builds/worker-4-tc1/source:/opt/rustwide/workdir:ro,Z" "-v" "/var/lib/crater-agent-workspace/cargo-home:/opt/rustwide/cargo-home:ro,Z" "-v" "/var/lib/crater-agent-workspace/rustup-home:/opt/rustwide/rustup-home:ro,Z" "-e" "SOURCE_DIR=/opt/rustwide/workdir" "-e" "CARGO_TARGET_DIR=/opt/rustwide/target" "-e" "CARGO_INCREMENTAL=0" "-e" "RUST_BACKTRACE=full" "-e" "RUSTFLAGS=--cap-lints=warn" "-e" "RUSTDOCFLAGS=--cap-lints=warn" "-e" "CARGO_HOME=/opt/rustwide/cargo-home" "-e" "RUSTUP_HOME=/opt/rustwide/rustup-home" "-w" "/opt/rustwide/workdir" "-m" "1610612736" "--user" "0:0" "--network" "none" "ghcr.io/rust-lang/crates-build-env/linux@sha256:5ff2268d62e97bff2cde7d5815dd6ed5b47097566f13b8d0ca110b04b60e07ed" "/opt/rustwide/cargo-home/bin/cargo" "+1.69.0" "test" "--frozen" "--no-run" "--message-format=json", kill_on_drop: false }`
[INFO] [stdout] cd15b068f634aca18c761933fd995bca18444a1c1fdad951f358d39e4ae6ac64
[INFO] running `Command { std: "docker" "start" "-a" "cd15b068f634aca18c761933fd995bca18444a1c1fdad951f358d39e4ae6ac64", kill_on_drop: false }`
[INFO] [stderr]    Compiling fwatcher v0.4.2 (/opt/rustwide/workdir)
[INFO] [stderr]     Finished test [unoptimized + debuginfo] target(s) in 0.29s
[INFO] running `Command { std: "docker" "inspect" "cd15b068f634aca18c761933fd995bca18444a1c1fdad951f358d39e4ae6ac64", kill_on_drop: false }`
[INFO] running `Command { std: "docker" "rm" "-f" "cd15b068f634aca18c761933fd995bca18444a1c1fdad951f358d39e4ae6ac64", kill_on_drop: false }`
[INFO] [stdout] cd15b068f634aca18c761933fd995bca18444a1c1fdad951f358d39e4ae6ac64
[INFO] running `Command { std: "docker" "create" "-v" "/var/lib/crater-agent-workspace/builds/worker-4-tc1/target:/opt/rustwide/target:rw,Z" "-v" "/var/lib/crater-agent-workspace/builds/worker-4-tc1/source:/opt/rustwide/workdir:ro,Z" "-v" "/var/lib/crater-agent-workspace/cargo-home:/opt/rustwide/cargo-home:ro,Z" "-v" "/var/lib/crater-agent-workspace/rustup-home:/opt/rustwide/rustup-home:ro,Z" "-e" "SOURCE_DIR=/opt/rustwide/workdir" "-e" "CARGO_TARGET_DIR=/opt/rustwide/target" "-e" "CARGO_INCREMENTAL=0" "-e" "RUST_BACKTRACE=full" "-e" "RUSTFLAGS=--cap-lints=warn" "-e" "RUSTDOCFLAGS=--cap-lints=warn" "-e" "CARGO_HOME=/opt/rustwide/cargo-home" "-e" "RUSTUP_HOME=/opt/rustwide/rustup-home" "-w" "/opt/rustwide/workdir" "-m" "1610612736" "--user" "0:0" "--network" "none" "ghcr.io/rust-lang/crates-build-env/linux@sha256:5ff2268d62e97bff2cde7d5815dd6ed5b47097566f13b8d0ca110b04b60e07ed" "/opt/rustwide/cargo-home/bin/cargo" "+1.69.0" "test" "--frozen", kill_on_drop: false }`
[INFO] [stdout] 99d25bc969abd206516428739ae90770f6cd890d71cd3db88a83d1a93a55e8ae
[INFO] running `Command { std: "docker" "start" "-a" "99d25bc969abd206516428739ae90770f6cd890d71cd3db88a83d1a93a55e8ae", kill_on_drop: false }`
[INFO] [stderr]     Blocking waiting for file lock on package cache
[INFO] [stderr]     Finished test [unoptimized + debuginfo] target(s) in 0.10s
[INFO] [stderr]      Running unittests src/lib.rs (/opt/rustwide/target/debug/deps/fwatcher-702e9fa9de2d1427)
[INFO] [stdout] 
[INFO] [stdout] running 0 tests
[INFO] [stdout] 
[INFO] [stdout] test result: ok. 0 passed; 0 failed; 0 ignored; 0 measured; 0 filtered out; finished in 0.00s
[INFO] [stdout] 
[INFO] [stderr]      Running unittests src/main.rs (/opt/rustwide/target/debug/deps/fwatcher-44b405f182d589f5)
[INFO] [stdout] 
[INFO] [stdout] running 0 tests
[INFO] [stdout] 
[INFO] [stdout] test result: ok. 0 passed; 0 failed; 0 ignored; 0 measured; 0 filtered out; finished in 0.00s
[INFO] [stdout] 
[INFO] [stderr]    Doc-tests fwatcher
[INFO] [stdout] 
[INFO] [stdout] running 6 tests
[INFO] [stdout] test src/cli.rs - cli (line 6) ... FAILED
[INFO] [stdout] test src/cli.rs - cli (line 17) ... FAILED
[INFO] [stdout] test src/cli.rs - cli (line 56) ... FAILED
[INFO] [stdout] test src/cli.rs - cli (line 47) ... FAILED
[INFO] [stdout] test src/cli.rs - cli (line 41) ... FAILED
[INFO] [stdout] test src/lib.rs - (line 18) has been running for over 60 seconds
[ERROR] error running command: no output for 300 seconds
[INFO] running `Command { std: "docker" "inspect" "99d25bc969abd206516428739ae90770f6cd890d71cd3db88a83d1a93a55e8ae", kill_on_drop: false }`
[INFO] running `Command { std: "docker" "rm" "-f" "99d25bc969abd206516428739ae90770f6cd890d71cd3db88a83d1a93a55e8ae", kill_on_drop: false }`
[INFO] [stdout] 99d25bc969abd206516428739ae90770f6cd890d71cd3db88a83d1a93a55e8ae
