[INFO] fetching crate fw 2.16.1...
[INFO] testing fw-2.16.1 against beta-2023-04-20 for beta-1.70-1
[INFO] extracting crate fw 2.16.1 into /workspace/builds/worker-7-tc2/source
[INFO] validating manifest of crates.io crate fw 2.16.1 on toolchain beta-2023-04-20
[INFO] running `Command { std: CARGO_HOME="/workspace/cargo-home" RUSTUP_HOME="/workspace/rustup-home" "/workspace/cargo-home/bin/cargo" "+beta-2023-04-20" "metadata" "--manifest-path" "Cargo.toml" "--no-deps", kill_on_drop: false }`
[INFO] started tweaking crates.io crate fw 2.16.1
[INFO] finished tweaking crates.io crate fw 2.16.1
[INFO] tweaked toml for crates.io crate fw 2.16.1 written to /workspace/builds/worker-7-tc2/source/Cargo.toml
[INFO] crate crates.io crate fw 2.16.1 already has a lockfile, it will not be regenerated
[INFO] running `Command { std: CARGO_HOME="/workspace/cargo-home" RUSTUP_HOME="/workspace/rustup-home" "/workspace/cargo-home/bin/cargo" "+beta-2023-04-20" "fetch" "--manifest-path" "Cargo.toml", kill_on_drop: false }`
[INFO] [stderr]     Updating crates.io index
[INFO] [stderr]     Blocking waiting for file lock on package cache
[INFO] [stderr]  Downloading crates ...
[INFO] [stderr]   Downloaded trackable v1.2.0
[INFO] [stderr]   Downloaded trackable_derive v1.0.0
[INFO] [stderr]   Downloaded slog-async v2.7.0
[INFO] [stderr]   Downloaded widestring v0.4.3
[INFO] [stderr]   Downloaded slog-kvfilter v0.7.0
[INFO] [stderr]   Downloaded slog v2.7.0
[INFO] [stderr]   Downloaded take_mut v0.2.2
[INFO] [stderr]   Downloaded libflate v1.2.0
[INFO] [stderr]   Downloaded derive_builder_core v0.11.2
[INFO] [stderr]   Downloaded slog-scope v4.4.0
[INFO] [stderr]   Downloaded async-trait v0.1.57
[INFO] [stderr]   Downloaded arc-swap v1.5.1
[INFO] [stderr]   Downloaded darling v0.14.1
[INFO] [stderr]   Downloaded gitlab v0.1503.0
[INFO] [stderr]   Downloaded windows-acl v0.3.0
[INFO] [stderr]   Downloaded darling_core v0.14.1
[INFO] [stderr]   Downloaded darling_macro v0.14.1
[INFO] [stderr]   Downloaded slog-stdlog v4.1.1
[INFO] [stderr]   Downloaded slog-term v2.9.0
[INFO] [stderr]   Downloaded sloggers v2.1.1
[INFO] [stderr]   Downloaded derive_builder_macro v0.11.2
[INFO] [stderr]   Downloaded derive_builder v0.11.2
[INFO] [stderr]   Downloaded field-offset v0.3.4
[INFO] running `Command { std: "docker" "create" "-v" "/var/lib/crater-agent-workspace/builds/worker-7-tc2/target:/opt/rustwide/target:rw,Z" "-v" "/var/lib/crater-agent-workspace/builds/worker-7-tc2/source:/opt/rustwide/workdir:ro,Z" "-v" "/var/lib/crater-agent-workspace/cargo-home:/opt/rustwide/cargo-home:ro,Z" "-v" "/var/lib/crater-agent-workspace/rustup-home:/opt/rustwide/rustup-home:ro,Z" "-e" "SOURCE_DIR=/opt/rustwide/workdir" "-e" "CARGO_TARGET_DIR=/opt/rustwide/target" "-e" "CARGO_HOME=/opt/rustwide/cargo-home" "-e" "RUSTUP_HOME=/opt/rustwide/rustup-home" "-w" "/opt/rustwide/workdir" "-m" "1610612736" "--user" "0:0" "--network" "none" "ghcr.io/rust-lang/crates-build-env/linux@sha256:5ff2268d62e97bff2cde7d5815dd6ed5b47097566f13b8d0ca110b04b60e07ed" "/opt/rustwide/cargo-home/bin/cargo" "+beta-2023-04-20" "metadata" "--no-deps" "--format-version=1", kill_on_drop: false }`
[INFO] [stdout] d85ffe020a063c0b89942d07c450fb98b359e5e1249cb3a4fa92d5de8d584667
[INFO] running `Command { std: "docker" "start" "-a" "d85ffe020a063c0b89942d07c450fb98b359e5e1249cb3a4fa92d5de8d584667", kill_on_drop: false }`
[INFO] running `Command { std: "docker" "inspect" "d85ffe020a063c0b89942d07c450fb98b359e5e1249cb3a4fa92d5de8d584667", kill_on_drop: false }`
[INFO] running `Command { std: "docker" "rm" "-f" "d85ffe020a063c0b89942d07c450fb98b359e5e1249cb3a4fa92d5de8d584667", kill_on_drop: false }`
[INFO] [stdout] d85ffe020a063c0b89942d07c450fb98b359e5e1249cb3a4fa92d5de8d584667
[INFO] running `Command { std: "docker" "create" "-v" "/var/lib/crater-agent-workspace/builds/worker-7-tc2/target:/opt/rustwide/target:rw,Z" "-v" "/var/lib/crater-agent-workspace/builds/worker-7-tc2/source:/opt/rustwide/workdir:ro,Z" "-v" "/var/lib/crater-agent-workspace/cargo-home:/opt/rustwide/cargo-home:ro,Z" "-v" "/var/lib/crater-agent-workspace/rustup-home:/opt/rustwide/rustup-home:ro,Z" "-e" "SOURCE_DIR=/opt/rustwide/workdir" "-e" "CARGO_TARGET_DIR=/opt/rustwide/target" "-e" "CARGO_INCREMENTAL=0" "-e" "RUST_BACKTRACE=full" "-e" "RUSTFLAGS=--cap-lints=warn" "-e" "RUSTDOCFLAGS=--cap-lints=warn" "-e" "CARGO_HOME=/opt/rustwide/cargo-home" "-e" "RUSTUP_HOME=/opt/rustwide/rustup-home" "-w" "/opt/rustwide/workdir" "-m" "1610612736" "--user" "0:0" "--network" "none" "ghcr.io/rust-lang/crates-build-env/linux@sha256:5ff2268d62e97bff2cde7d5815dd6ed5b47097566f13b8d0ca110b04b60e07ed" "/opt/rustwide/cargo-home/bin/cargo" "+beta-2023-04-20" "build" "--frozen" "--message-format=json", kill_on_drop: false }`
[INFO] [stdout] 4e1563ba7ff22bfc4303ab36720f1ff6c56b375c83cd96f46f295dc977de6dad
[INFO] running `Command { std: "docker" "start" "-a" "4e1563ba7ff22bfc4303ab36720f1ff6c56b375c83cd96f46f295dc977de6dad", kill_on_drop: false }`
[INFO] [stderr]    Compiling libc v0.2.132
[INFO] [stderr]    Compiling autocfg v1.1.0
[INFO] [stderr]    Compiling proc-macro2 v1.0.43
[INFO] [stderr]    Compiling quote v1.0.21
[INFO] [stderr]    Compiling unicode-ident v1.0.3
[INFO] [stderr]    Compiling syn v1.0.99
[INFO] [stderr]    Compiling once_cell v1.14.0
[INFO] [stderr]    Compiling pkg-config v0.3.25
[INFO] [stderr]    Compiling log v0.4.17
[INFO] [stderr]    Compiling scopeguard v1.1.0
[INFO] [stderr]    Compiling itoa v1.0.3
[INFO] [stderr]    Compiling serde_derive v1.0.144
[INFO] [stderr]    Compiling fnv v1.0.7
[INFO] [stderr]    Compiling pin-project-lite v0.2.9
[INFO] [stderr]    Compiling parking_lot_core v0.9.3
[INFO] [stderr]    Compiling serde v1.0.144
[INFO] [stderr]    Compiling bytes v1.2.1
[INFO] [stderr]    Compiling smallvec v1.9.0
[INFO] [stderr]    Compiling futures-core v0.3.24
[INFO] [stderr]    Compiling crossbeam-utils v0.8.11
[INFO] [stderr]    Compiling spin v0.5.2
[INFO] [stderr]    Compiling untrusted v0.7.1
[INFO] [stderr]    Compiling futures-task v0.3.24
[INFO] [stderr]    Compiling tracing-core v0.1.29
[INFO] [stderr]    Compiling bitflags v1.3.2
[INFO] [stderr]    Compiling hashbrown v0.12.3
[INFO] [stderr]    Compiling lazy_static v1.4.0
[INFO] [stderr]    Compiling lock_api v0.4.8
[INFO] [stderr]    Compiling tokio v1.21.0
[INFO] [stderr]    Compiling indexmap v1.9.1
[INFO] [stderr]    Compiling slab v0.4.7
[INFO] [stderr]    Compiling futures-util v0.3.24
[INFO] [stderr]    Compiling memchr v2.5.0
[INFO] [stderr]    Compiling version_check v0.9.4
[INFO] [stderr]    Compiling slog v2.7.0
[INFO] [stderr]    Compiling strsim v0.10.0
[INFO] [stderr]    Compiling memoffset v0.6.5
[INFO] [stderr]    Compiling http v0.2.8
[INFO] [stderr]    Compiling tracing v0.1.36
[INFO] [stderr]    Compiling openssl v0.10.41
[INFO] [stderr]    Compiling httparse v1.8.0
[INFO] [stderr]    Compiling foreign-types-shared v0.1.1
[INFO] [stderr]    Compiling tinyvec_macros v0.1.0
[INFO] [stderr]    Compiling futures-channel v0.3.24
[INFO] [stderr]    Compiling jobserver v0.1.24
[INFO] [stderr]    Compiling num_cpus v1.13.1
[INFO] [stderr]    Compiling signal-hook-registry v1.4.0
[INFO] [stderr]    Compiling socket2 v0.4.7
[INFO] [stderr]    Compiling mio v0.8.4
[INFO] [stderr]    Compiling void v1.0.2
[INFO] [stderr]    Compiling futures-sink v0.3.24
[INFO] [stderr]    Compiling ryu v1.0.11
[INFO] [stderr]    Compiling pin-utils v0.1.0
[INFO] [stderr]    Compiling ident_case v1.0.1
[INFO] [stderr]    Compiling cc v1.0.73
[INFO] [stderr]    Compiling futures-io v0.3.24
[INFO] [stderr]    Compiling matches v0.1.9
[INFO] [stderr]    Compiling serde_json v1.0.85
[INFO] [stderr]    Compiling parking_lot v0.12.1
[INFO] [stderr]    Compiling unreachable v1.0.0
[INFO] [stderr]    Compiling tinyvec v1.6.0
[INFO] [stderr]    Compiling foreign-types v0.3.2
[INFO] [stderr]    Compiling num-traits v0.2.15
[INFO] [stderr]    Compiling crossbeam-epoch v0.9.10
[INFO] [stderr]    Compiling rustls v0.20.6
[INFO] [stderr]    Compiling openssl-src v111.22.0+1.1.1q
[INFO] [stderr]    Compiling native-tls v0.2.10
[INFO] [stderr]    Compiling try-lock v0.2.3
[INFO] [stderr]    Compiling openssl-probe v0.1.5
[INFO] [stderr]    Compiling byteorder v1.4.3
[INFO] [stderr]    Compiling percent-encoding v2.1.0
[INFO] [stderr]    Compiling ascii v0.9.3
[INFO] [stderr]    Compiling heck v0.4.0
[INFO] [stderr]    Compiling either v1.8.0
[INFO] [stderr]    Compiling form_urlencoded v1.0.1
[INFO] [stderr]    Compiling want v0.3.0
[INFO] [stderr]    Compiling http-body v0.4.5
[INFO] [stderr]    Compiling proc-macro-error-attr v1.0.4
[INFO] [stderr]    Compiling crossbeam-channel v0.5.6
[INFO] [stderr]    Compiling num-integer v0.1.45
[INFO] [stderr]    Compiling combine v3.8.1
[INFO] [stderr]    Compiling unicode-bidi v0.3.8
[INFO] [stderr]    Compiling tower-service v0.3.2
[INFO] [stderr]    Compiling openssl-sys v0.9.75
[INFO] [stderr]    Compiling ring v0.16.20
[INFO] [stderr]    Compiling libz-sys v1.1.8
[INFO] [stderr]    Compiling libssh2-sys v0.2.23
[INFO] [stderr]    Compiling httpdate v1.0.2
[INFO] [stderr]    Compiling unicode-normalization v0.1.21
[INFO] [stderr]    Compiling dirs-sys-next v0.1.2
[INFO] [stderr]    Compiling proc-macro-error v1.0.4
[INFO] [stderr]    Compiling crc32fast v1.3.2
[INFO] [stderr]    Compiling rayon-core v1.9.3
[INFO] [stderr]    Compiling encoding_rs v0.8.31
[INFO] [stderr]    Compiling crossbeam-deque v0.8.2
[INFO] [stderr]    Compiling dirs-next v2.0.0
[INFO] [stderr]    Compiling libgit2-sys v0.14.0+1.5.0
[INFO] [stderr]    Compiling time v0.1.44
[INFO] [stderr]    Compiling atty v0.2.14
[INFO] [stderr]    Compiling getrandom v0.2.7
[INFO] [stderr]    Compiling idna v0.2.3
[INFO] [stderr]    Compiling thread_local v1.1.4
[INFO] [stderr]    Compiling aho-corasick v0.7.19
[INFO] [stderr]    Compiling time-macros v0.2.4
[INFO] [stderr]    Compiling crossbeam-queue v0.3.6
[INFO] [stderr]    Compiling iana-time-zone v0.1.47
[INFO] [stderr]    Compiling base64 v0.13.0
[INFO] [stderr]    Compiling num_threads v0.1.6
[INFO] [stderr]    Compiling regex-syntax v0.6.27
[INFO] [stderr]    Compiling url v2.3.0
[INFO] [stderr]    Compiling slog-async v2.7.0
[INFO] [stderr]    Compiling arc-swap v1.5.1
[INFO] [stderr]    Compiling rle-decode-fast v1.0.3
[INFO] [stderr]    Compiling async-trait v0.1.57
[INFO] [stderr]    Compiling slog-scope v4.4.0
[INFO] [stderr]    Compiling libflate_lz77 v1.1.0
[INFO] [stderr]    Compiling rustls-pemfile v1.0.1
[INFO] [stderr]    Compiling rand_core v0.6.3
[INFO] [stderr]    Compiling term v0.7.0
[INFO] [stderr]    Compiling terminal_size v0.1.17
[INFO] [stderr]    Compiling rayon v1.5.3
[INFO] [stderr]    Compiling ipnet v2.5.0
[INFO] [stderr]    Compiling ppv-lite86 v0.2.16
[INFO] [stderr]    Compiling mime v0.3.16
[INFO] [stderr]    Compiling unicode-width v0.1.9
[INFO] [stderr]    Compiling os_str_bytes v6.3.0
[INFO] [stderr]    Compiling adler32 v1.2.0
[INFO] [stderr]    Compiling take_mut v0.2.2
[INFO] [stderr]    Compiling libflate v1.2.0
[INFO] [stderr]    Compiling clap_lex v0.2.4
[INFO] [stderr]    Compiling rand_chacha v0.3.1
[INFO] [stderr]    Compiling console v0.15.1
[INFO] [stderr]    Compiling time v0.3.14
[INFO] [stderr]    Compiling slog-stdlog v4.1.1
[INFO] [stderr]    Compiling darling_core v0.14.1
[INFO] [stderr]    Compiling itertools v0.10.3
[INFO] [stderr]    Compiling dirs-sys v0.3.7
[INFO] [stderr]    Compiling regex v1.6.0
[INFO] [stderr]    Compiling number_prefix v0.4.0
[INFO] [stderr]    Compiling textwrap v0.15.0
[INFO] [stderr]    Compiling same-file v1.0.6
[INFO] [stderr]    Compiling slog-term v2.9.0
[INFO] [stderr]    Compiling termcolor v1.1.3
[INFO] [stderr]    Compiling walkdir v2.3.2
[INFO] [stderr]    Compiling indicatif v0.17.0
[INFO] [stderr]    Compiling webpki v0.22.0
[INFO] [stderr]    Compiling sct v0.7.0
[INFO] [stderr]    Compiling dirs v4.0.0
[INFO] [stderr]    Compiling crossbeam v0.8.2
[INFO] [stderr]    Compiling slog-kvfilter v0.7.0
[INFO] [stderr]    Compiling rand v0.8.5
[INFO] [stderr]    Compiling maplit v1.0.2
[INFO] [stderr]    Compiling webpki-roots v0.22.4
[INFO] [stderr]    Compiling ansi_term v0.12.1
[INFO] [stderr]    Compiling tokio-macros v1.8.0
[INFO] [stderr]    Compiling thiserror-impl v1.0.34
[INFO] [stderr]    Compiling openssl-macros v0.1.0
[INFO] [stderr]    Compiling darling_macro v0.14.1
[INFO] [stderr]    Compiling trackable_derive v1.0.0
[INFO] [stderr]    Compiling clap_derive v3.2.18
[INFO] [stderr]    Compiling darling v0.14.1
[INFO] [stderr]    Compiling trackable v1.2.0
[INFO] [stderr]    Compiling derive_builder_core v0.11.2
[INFO] [stderr]    Compiling thiserror v1.0.34
[INFO] [stderr]    Compiling graphql-parser v0.4.0
[INFO] [stderr]    Compiling derive_builder_macro v0.11.2
[INFO] [stderr]    Compiling clap v3.2.20
[INFO] [stderr]    Compiling derive_builder v0.11.2
[INFO] [stderr]    Compiling tokio-util v0.7.3
[INFO] [stderr]    Compiling tokio-rustls v0.23.4
[INFO] [stderr]    Compiling h2 v0.3.14
[INFO] [stderr]    Compiling graphql-introspection-query v0.2.0
[INFO] [stderr]    Compiling chrono v0.4.22
[INFO] [stderr]    Compiling serde_urlencoded v0.7.1
[INFO] [stderr]    Compiling toml v0.5.9
[INFO] [stderr]    Compiling graphql_client_codegen v0.11.0
[INFO] [stderr]    Compiling sloggers v2.1.1
[INFO] [stderr]    Compiling hyper v0.14.20
[INFO] [stderr]    Compiling hyper-rustls v0.23.0
[INFO] [stderr]    Compiling graphql_query_derive v0.11.0
[INFO] [stderr]    Compiling graphql_client v0.11.0
[INFO] [stderr]    Compiling tokio-native-tls v0.3.0
[INFO] [stderr]    Compiling git2 v0.15.0
[INFO] [stderr]    Compiling hyper-tls v0.5.0
[INFO] [stderr]    Compiling reqwest v0.11.11
[INFO] [stderr]    Compiling gitlab v0.1503.0
[INFO] [stderr]    Compiling fw v2.16.1 (/opt/rustwide/workdir)
[INFO] [stderr]     Finished dev [unoptimized + debuginfo] target(s) in 1m 27s
[INFO] running `Command { std: "docker" "inspect" "4e1563ba7ff22bfc4303ab36720f1ff6c56b375c83cd96f46f295dc977de6dad", kill_on_drop: false }`
[INFO] running `Command { std: "docker" "rm" "-f" "4e1563ba7ff22bfc4303ab36720f1ff6c56b375c83cd96f46f295dc977de6dad", kill_on_drop: false }`
[INFO] [stdout] 4e1563ba7ff22bfc4303ab36720f1ff6c56b375c83cd96f46f295dc977de6dad
[INFO] running `Command { std: "docker" "create" "-v" "/var/lib/crater-agent-workspace/builds/worker-7-tc2/target:/opt/rustwide/target:rw,Z" "-v" "/var/lib/crater-agent-workspace/builds/worker-7-tc2/source:/opt/rustwide/workdir:ro,Z" "-v" "/var/lib/crater-agent-workspace/cargo-home:/opt/rustwide/cargo-home:ro,Z" "-v" "/var/lib/crater-agent-workspace/rustup-home:/opt/rustwide/rustup-home:ro,Z" "-e" "SOURCE_DIR=/opt/rustwide/workdir" "-e" "CARGO_TARGET_DIR=/opt/rustwide/target" "-e" "CARGO_INCREMENTAL=0" "-e" "RUST_BACKTRACE=full" "-e" "RUSTFLAGS=--cap-lints=warn" "-e" "RUSTDOCFLAGS=--cap-lints=warn" "-e" "CARGO_HOME=/opt/rustwide/cargo-home" "-e" "RUSTUP_HOME=/opt/rustwide/rustup-home" "-w" "/opt/rustwide/workdir" "-m" "1610612736" "--user" "0:0" "--network" "none" "ghcr.io/rust-lang/crates-build-env/linux@sha256:5ff2268d62e97bff2cde7d5815dd6ed5b47097566f13b8d0ca110b04b60e07ed" "/opt/rustwide/cargo-home/bin/cargo" "+beta-2023-04-20" "test" "--frozen" "--no-run" "--message-format=json", kill_on_drop: false }`
[INFO] [stdout] b44fa713837bfd8738345ee40e8f5d38de63f6536af1800a25fa4a55eb9c6b98
[INFO] running `Command { std: "docker" "start" "-a" "b44fa713837bfd8738345ee40e8f5d38de63f6536af1800a25fa4a55eb9c6b98", kill_on_drop: false }`
[INFO] [stderr]    Compiling fw v2.16.1 (/opt/rustwide/workdir)
[INFO] [stderr]     Finished test [unoptimized + debuginfo] target(s) in 9.61s
[INFO] running `Command { std: "docker" "inspect" "b44fa713837bfd8738345ee40e8f5d38de63f6536af1800a25fa4a55eb9c6b98", kill_on_drop: false }`
[INFO] running `Command { std: "docker" "rm" "-f" "b44fa713837bfd8738345ee40e8f5d38de63f6536af1800a25fa4a55eb9c6b98", kill_on_drop: false }`
[INFO] [stdout] b44fa713837bfd8738345ee40e8f5d38de63f6536af1800a25fa4a55eb9c6b98
[INFO] running `Command { std: "docker" "create" "-v" "/var/lib/crater-agent-workspace/builds/worker-7-tc2/target:/opt/rustwide/target:rw,Z" "-v" "/var/lib/crater-agent-workspace/builds/worker-7-tc2/source:/opt/rustwide/workdir:ro,Z" "-v" "/var/lib/crater-agent-workspace/cargo-home:/opt/rustwide/cargo-home:ro,Z" "-v" "/var/lib/crater-agent-workspace/rustup-home:/opt/rustwide/rustup-home:ro,Z" "-e" "SOURCE_DIR=/opt/rustwide/workdir" "-e" "CARGO_TARGET_DIR=/opt/rustwide/target" "-e" "CARGO_INCREMENTAL=0" "-e" "RUST_BACKTRACE=full" "-e" "RUSTFLAGS=--cap-lints=warn" "-e" "RUSTDOCFLAGS=--cap-lints=warn" "-e" "CARGO_HOME=/opt/rustwide/cargo-home" "-e" "RUSTUP_HOME=/opt/rustwide/rustup-home" "-w" "/opt/rustwide/workdir" "-m" "1610612736" "--user" "0:0" "--network" "none" "ghcr.io/rust-lang/crates-build-env/linux@sha256:5ff2268d62e97bff2cde7d5815dd6ed5b47097566f13b8d0ca110b04b60e07ed" "/opt/rustwide/cargo-home/bin/cargo" "+beta-2023-04-20" "test" "--frozen", kill_on_drop: false }`
[INFO] [stdout] f1bb5e32a325c02e1d3045fc950b12f77775bad830333eb047bfeda5496d72c2
[INFO] running `Command { std: "docker" "start" "-a" "f1bb5e32a325c02e1d3045fc950b12f77775bad830333eb047bfeda5496d72c2", kill_on_drop: false }`
[INFO] [stderr]     Finished test [unoptimized + debuginfo] target(s) in 0.15s
[INFO] [stderr]      Running unittests src/main.rs (/opt/rustwide/target/debug/deps/fw-56e2f69ca5500882)
[INFO] [stdout] 
[INFO] [stdout] running 18 tests
[INFO] [stdout] Apr 30 03:23:21.609 TRCE Resolving, tags: Some({"tag3", "tag4"})
[INFO] [stdout] Apr 30 03:23:21.609 TRCE Resolving, tags: Some({"tag-does-not-exist"})
[INFO] [stdout] Apr 30 03:23:21.609 WARN Ignoring tag since it was not found in the config, missing_tag: tag-does-not-exist, tags: Some({"tag-does-not-exist"})
[INFO] [stdout] Apr 30 03:23:21.609 TRCE before sort, tags: [("clone3", 100), ("clone4", 0)]
[INFO] [stdout] Apr 30 03:23:21.609 TRCE before sort, tags: []
[INFO] [stdout] Apr 30 03:23:21.609 TRCE after sort, tags: [("clone4", 0), ("clone3", 100)]
[INFO] [stdout] Apr 30 03:23:21.609 TRCE after sort, tags: []
[INFO] [stdout] Apr 30 03:23:21.609 TRCE Resolving, tags: Some({"tag1"})
[INFO] [stdout] Apr 30 03:23:21.609 TRCE Resolving, tags: Some({"tag1", "tag2"})
[INFO] [stdout] Apr 30 03:23:21.609 DEBG No tag priority set, will use default (50).
[INFO] [stdout] Tags with low priority are applied first and if they all have the same priority
[INFO] [stdout] they will be applied in alphabetical name order so it is recommended you make a
[INFO] [stdout] conscious choice and set the value., tag_def: Tag { after_clone: Some("clone1"), after_workon: Some("workon1"), priority: None, workspace: None, default: None, tag_config_path: "" }, tag_name: tag1
[INFO] [stdout] Apr 30 03:23:21.609 DEBG No tag priority set, will use default (50).
[INFO] [stdout] Tags with low priority are applied first and if they all have the same priority
[INFO] [stdout] they will be applied in alphabetical name order so it is recommended you make a
[INFO] [stdout] conscious choice and set the value., tag_def: Tag { after_clone: Some("clone1"), after_workon: Some("workon1"), priority: None, workspace: None, default: None, tag_config_path: "" }, tag_name: tag1
[INFO] [stdout] Apr 30 03:23:21.609 TRCE before sort, tags: [("clone1", 50)]
[INFO] [stdout] Apr 30 03:23:21.609 TRCE after sort, tags: [("clone1", 50)]
[INFO] [stdout] Apr 30 03:23:21.609 DEBG No tag priority set, will use default (50).
[INFO] [stdout] Tags with low priority are applied first and if they all have the same priority
[INFO] [stdout] they will be applied in alphabetical name order so it is recommended you make a
[INFO] [stdout] conscious choice and set the value., tag_def: Tag { after_clone: Some("clone2"), after_workon: Some("workon2"), priority: None, workspace: None, default: None, tag_config_path: "" }, tag_name: tag2
[INFO] [stdout] Apr 30 03:23:21.609 TRCE before sort, tags: [("workon1", 50), ("workon2", 50)]
[INFO] [stdout] Apr 30 03:23:21.609 TRCE after sort, tags: [("workon1", 50), ("workon2", 50)]
[INFO] [stdout] Apr 30 03:23:21.609 TRCE Resolving, tags: Some({"tag-does-not-exist"})
[INFO] [stdout] Apr 30 03:23:21.609 WARN Ignoring tag since it was not found in the config, missing_tag: tag-does-not-exist, tags: Some({"tag-does-not-exist"})
[INFO] [stdout] Apr 30 03:23:21.609 TRCE before sort, tags: []
[INFO] [stdout] Apr 30 03:23:21.609 TRCE after sort, tags: []
[INFO] [stdout] test config::path::tests::test_do_expand_path ... ok
[INFO] [stdout] test config::path::tests::test_do_not_expand_path_without_tilde ... ok
[INFO] [stdout] test config::tests::test_after_clone_from_tags_missing_all_tags_graceful ... ok
[INFO] [stdout] test config::tests::test_after_clone_from_tags_prioritized ... ok
[INFO] [stdout] test config::tests::test_after_clone_override_from_project ... ok
[INFO] [stdout] test config::tests::test_workon_from_tags ... ok
[INFO] [stdout] test config::tests::test_workon_from_tags_missing_all_tags_graceful ... ok
[INFO] [stdout] Apr 30 03:23:21.610 TRCE Resolving, tags: Some({"tag-does-not-exist", "tag1"})
[INFO] [stdout] Apr 30 03:23:21.610 WARN Ignoring tag since it was not found in the config, missing_tag: tag-does-not-exist, tags: Some({"tag-does-not-exist", "tag1"})
[INFO] [stdout] Apr 30 03:23:21.610 DEBG No tag priority set, will use default (50).
[INFO] [stdout] Tags with low priority are applied first and if they all have the same priority
[INFO] [stdout] they will be applied in alphabetical name order so it is recommended you make a
[INFO] [stdout] conscious choice and set the value., tag_def: Tag { after_clone: Some("clone1"), after_workon: Some("workon1"), priority: None, workspace: None, default: None, tag_config_path: "" }, tag_name: tag1
[INFO] [stdout] Apr 30 03:23:21.610 TRCE before sort, tags: [("workon1", 50)]
[INFO] [stdout] Apr 30 03:23:21.610 TRCE after sort, tags: [("workon1", 50)]
[INFO] [stdout] Apr 30 03:23:21.610 TRCE Resolving, tags: Some({"tag1"})
[INFO] [stdout] Apr 30 03:23:21.610 DEBG No tag priority set, will use default (50).
[INFO] [stdout] Tags with low priority are applied first and if they all have the same priority
[INFO] [stdout] they will be applied in alphabetical name order so it is recommended you make a
[INFO] [stdout] conscious choice and set the value., tag_def: Tag { after_clone: Some("clone1"), after_workon: Some("workon1"), priority: None, workspace: None, default: None, tag_config_path: "" }, tag_name: tag1
[INFO] [stdout] Apr 30 03:23:21.610 TRCE before sort, tags: [("workon1", 50)]
[INFO] [stdout] Apr 30 03:23:21.610 TRCE after sort, tags: [("workon1", 50)]
[INFO] [stdout] test config::tests::test_workon_from_tags_missing_one_tag_graceful ... ok
[INFO] [stdout] test config::tests::test_workon_override_from_project ... ok
[INFO] [stdout] Apr 30 03:23:21.614 DEBG Writing projectile entry, entry: /home/mriehl/test
[INFO] [stdout] Apr 30 03:23:21.614 DEBG Writing projectile entry, entry: /home/mriehl/go/src/github.com/test2
[INFO] [stdout] Apr 30 03:23:21.618 TRCE Resolving, tags: Some({"tag-does-not-exist", "tag1"})
[INFO] [stdout] Apr 30 03:23:21.618 WARN Ignoring tag since it was not found in the config, missing_tag: tag-does-not-exist, tags: Some({"tag-does-not-exist", "tag1"})
[INFO] [stdout] Apr 30 03:23:21.618 DEBG No tag priority set, will use default (50).
[INFO] [stdout] Tags with low priority are applied first and if they all have the same priority
[INFO] [stdout] they will be applied in alphabetical name order so it is recommended you make a
[INFO] [stdout] conscious choice and set the value., tag_def: Tag { after_clone: Some("clone1"), after_workon: Some("workon1"), priority: None, workspace: None, default: None, tag_config_path: "" }, tag_name: tag1
[INFO] [stdout] Apr 30 03:23:21.618 TRCE before sort, tags: [("clone1", 50)]
[INFO] [stdout] Apr 30 03:23:21.618 TRCE after sort, tags: [("clone1", 50)]
[INFO] [stdout] test projectile::tests::test_persists_projectile_config ... ok
[INFO] [stdout] test config::tests::test_after_clone_from_tags_missing_one_tag_graceful ... ok
[INFO] [stdout] Apr 30 03:23:21.622 TRCE Resolving, tags: Some({"tag3", "tag4"})
[INFO] [stdout] Apr 30 03:23:21.622 TRCE before sort, tags: [("workon3", 100), ("workon4", 0)]
[INFO] [stdout] Apr 30 03:23:21.622 TRCE after sort, tags: [("workon4", 0), ("workon3", 100)]
[INFO] [stdout] test config::tests::test_workon_from_tags_prioritized ... ok
[INFO] [stdout] Apr 30 03:23:21.626 TRCE Resolving, tags: Some({"tag1", "tag2"})
[INFO] [stdout] Apr 30 03:23:21.626 DEBG No tag priority set, will use default (50).
[INFO] [stdout] Tags with low priority are applied first and if they all have the same priority
[INFO] [stdout] they will be applied in alphabetical name order so it is recommended you make a
[INFO] [stdout] conscious choice and set the value., tag_def: Tag { after_clone: Some("clone1"), after_workon: Some("workon1"), priority: None, workspace: None, default: None, tag_config_path: "" }, tag_name: tag1
[INFO] [stdout] Apr 30 03:23:21.626 DEBG No tag priority set, will use default (50).
[INFO] [stdout] Tags with low priority are applied first and if they all have the same priority
[INFO] [stdout] they will be applied in alphabetical name order so it is recommended you make a
[INFO] [stdout] conscious choice and set the value., tag_def: Tag { after_clone: Some("clone2"), after_workon: Some("workon2"), priority: None, workspace: None, default: None, tag_config_path: "" }, tag_name: tag2
[INFO] [stdout] Apr 30 03:23:21.626 TRCE before sort, tags: [("clone1", 50), ("clone2", 50)]
[INFO] [stdout] Apr 30 03:23:21.626 TRCE after sort, tags: [("clone1", 50), ("clone2", 50)]
[INFO] [stdout] test config::tests::test_after_clone_from_tags ... ok
[INFO] [stdout] test git::tests::test_repo_name_from_ssh_pragma ... ok
[INFO] [stdout] test git::tests::test_repo_name_from_url ... ok
[INFO] [stdout] test git::tests::test_repo_name_from_ssh_pragma_with_multiple_git_endings ... ok
[INFO] [stdout] test projectile::tests::test_replace_path_with_tilde ... ok
[INFO] [stdout] test git::tests::test_username_from_git_url ... FAILED
[INFO] [stdout] 
[INFO] [stdout] failures:
[INFO] [stdout] 
[INFO] [stdout] ---- git::tests::test_username_from_git_url stdout ----
[INFO] [stdout] thread 'git::tests::test_username_from_git_url' panicked at 'called `Result::unwrap()` on an `Err` value: NotPresent', src/git/mod.rs:197:33
[INFO] [stdout] stack backtrace:
[INFO] [stdout]    0:     0x55d831d1c82a - std::backtrace_rs::backtrace::libunwind::trace::h2f05d0192276a8f6
[INFO] [stdout]                                at /rustc/1b7dd2252b99671ce5d1cb9664c5f8636329436d/library/std/src/../../backtrace/src/backtrace/libunwind.rs:93:5
[INFO] [stdout]    1:     0x55d831d1c82a - std::backtrace_rs::backtrace::trace_unsynchronized::hedc23dff7a1af150
[INFO] [stdout]                                at /rustc/1b7dd2252b99671ce5d1cb9664c5f8636329436d/library/std/src/../../backtrace/src/backtrace/mod.rs:66:5
[INFO] [stdout]    2:     0x55d831d1c82a - std::sys_common::backtrace::_print_fmt::h17541ef7592f3ce2
[INFO] [stdout]                                at /rustc/1b7dd2252b99671ce5d1cb9664c5f8636329436d/library/std/src/sys_common/backtrace.rs:65:5
[INFO] [stdout]    3:     0x55d831d1c82a - <std::sys_common::backtrace::_print::DisplayBacktrace as core::fmt::Display>::fmt::h20f75df5ab0c0792
[INFO] [stdout]                                at /rustc/1b7dd2252b99671ce5d1cb9664c5f8636329436d/library/std/src/sys_common/backtrace.rs:44:22
[INFO] [stdout]    4:     0x55d831d421bf - core::fmt::write::h78109e6f466b3af6
[INFO] [stdout]                                at /rustc/1b7dd2252b99671ce5d1cb9664c5f8636329436d/library/core/src/fmt/mod.rs:1254:17
[INFO] [stdout]    5:     0x55d831d19975 - std::io::Write::write_fmt::hd24bfb68a1b35a25
[INFO] [stdout]                                at /rustc/1b7dd2252b99671ce5d1cb9664c5f8636329436d/library/std/src/io/mod.rs:1698:15
[INFO] [stdout]    6:     0x55d831d1c5f5 - std::sys_common::backtrace::_print::h8dac57a9f8fbf9a5
[INFO] [stdout]                                at /rustc/1b7dd2252b99671ce5d1cb9664c5f8636329436d/library/std/src/sys_common/backtrace.rs:47:5
[INFO] [stdout]    7:     0x55d831d1c5f5 - std::sys_common::backtrace::print::hf9ecbf41d1aa712f
[INFO] [stdout]                                at /rustc/1b7dd2252b99671ce5d1cb9664c5f8636329436d/library/std/src/sys_common/backtrace.rs:34:9
[INFO] [stdout]    8:     0x55d831d1e2ae - std::panicking::default_hook::{{closure}}::h04c07acfc84ca028
[INFO] [stdout]                                at /rustc/1b7dd2252b99671ce5d1cb9664c5f8636329436d/library/std/src/panicking.rs:269:22
[INFO] [stdout]    9:     0x55d831d1dfe1 - std::panicking::default_hook::h01f6bb23e1eceb2c
[INFO] [stdout]                                at /rustc/1b7dd2252b99671ce5d1cb9664c5f8636329436d/library/std/src/panicking.rs:285:9
[INFO] [stdout]   10:     0x55d831b2123b - <alloc::boxed::Box<F,A> as core::ops::function::Fn<Args>>::call::h87fe9f7b2fd49e4c
[INFO] [stdout]                                at /rustc/1b7dd2252b99671ce5d1cb9664c5f8636329436d/library/alloc/src/boxed.rs:1987:9
[INFO] [stdout]   11:     0x55d831b2123b - test::test_main::{{closure}}::he94d679243a7531b
[INFO] [stdout]                                at /rustc/1b7dd2252b99671ce5d1cb9664c5f8636329436d/library/test/src/lib.rs:134:21
[INFO] [stdout]   12:     0x55d831d1e994 - <alloc::boxed::Box<F,A> as core::ops::function::Fn<Args>>::call::h3f2d6d8b14c4769f
[INFO] [stdout]                                at /rustc/1b7dd2252b99671ce5d1cb9664c5f8636329436d/library/alloc/src/boxed.rs:1987:9
[INFO] [stdout]   13:     0x55d831d1e994 - std::panicking::rust_panic_with_hook::h2bb3722bbaf2f6df
[INFO] [stdout]                                at /rustc/1b7dd2252b99671ce5d1cb9664c5f8636329436d/library/std/src/panicking.rs:695:13
[INFO] [stdout]   14:     0x55d831d1e709 - std::panicking::begin_panic_handler::{{closure}}::h91bc7f36a4be011b
[INFO] [stdout]                                at /rustc/1b7dd2252b99671ce5d1cb9664c5f8636329436d/library/std/src/panicking.rs:582:13
[INFO] [stdout]   15:     0x55d831d1cc96 - std::sys_common::backtrace::__rust_end_short_backtrace::h8b3d3717114f9e59
[INFO] [stdout]                                at /rustc/1b7dd2252b99671ce5d1cb9664c5f8636329436d/library/std/src/sys_common/backtrace.rs:150:18
[INFO] [stdout]   16:     0x55d831d1e462 - rust_begin_unwind
[INFO] [stdout]                                at /rustc/1b7dd2252b99671ce5d1cb9664c5f8636329436d/library/std/src/panicking.rs:578:5
[INFO] [stdout]   17:     0x55d831aa5063 - core::panicking::panic_fmt::hfd368e3fbdabea26
[INFO] [stdout]                                at /rustc/1b7dd2252b99671ce5d1cb9664c5f8636329436d/library/core/src/panicking.rs:67:14
[INFO] [stdout]   18:     0x55d831aa5603 - core::result::unwrap_failed::he54eb4b2f125b26f
[INFO] [stdout]                                at /rustc/1b7dd2252b99671ce5d1cb9664c5f8636329436d/library/core/src/result.rs:1687:5
[INFO] [stdout]   19:     0x55d831ae7584 - core::result::Result<T,E>::unwrap::hbd8a12a8a6cba2c3
[INFO] [stdout]                                at /rustc/1b7dd2252b99671ce5d1cb9664c5f8636329436d/library/core/src/result.rs:1089:23
[INFO] [stdout]   20:     0x55d831ae46f8 - fw::git::tests::test_username_from_git_url::h156039afbbd98b6b
[INFO] [stdout]                                at /opt/rustwide/workdir/src/git/mod.rs:197:16
[INFO] [stdout]   21:     0x55d831ae4697 - fw::git::tests::test_username_from_git_url::{{closure}}::h6fcd0b9af9f9164d
[INFO] [stdout]                                at /opt/rustwide/workdir/src/git/mod.rs:196:35
[INFO] [stdout]   22:     0x55d831acf785 - core::ops::function::FnOnce::call_once::he0843603410a5307
[INFO] [stdout]                                at /rustc/1b7dd2252b99671ce5d1cb9664c5f8636329436d/library/core/src/ops/function.rs:250:5
[INFO] [stdout]   23:     0x55d831b2610f - core::ops::function::FnOnce::call_once::ha6a70e79f7481a7e
[INFO] [stdout]                                at /rustc/1b7dd2252b99671ce5d1cb9664c5f8636329436d/library/core/src/ops/function.rs:250:5
[INFO] [stdout]   24:     0x55d831b2610f - test::__rust_begin_short_backtrace::hce33033019b61e69
[INFO] [stdout]                                at /rustc/1b7dd2252b99671ce5d1cb9664c5f8636329436d/library/test/src/lib.rs:655:18
[INFO] [stdout]   25:     0x55d831af38fc - test::run_test::{{closure}}::h858d3528838ae3e5
[INFO] [stdout]                                at /rustc/1b7dd2252b99671ce5d1cb9664c5f8636329436d/library/test/src/lib.rs:646:30
[INFO] [stdout]   26:     0x55d831af38fc - core::ops::function::FnOnce::call_once{{vtable.shim}}::he8ac2b00f01ae79e
[INFO] [stdout]                                at /rustc/1b7dd2252b99671ce5d1cb9664c5f8636329436d/library/core/src/ops/function.rs:250:5
[INFO] [stdout]   27:     0x55d831b251e6 - <alloc::boxed::Box<F,A> as core::ops::function::FnOnce<Args>>::call_once::h8093d25b522725ef
[INFO] [stdout]                                at /rustc/1b7dd2252b99671ce5d1cb9664c5f8636329436d/library/alloc/src/boxed.rs:1973:9
[INFO] [stdout]   28:     0x55d831b251e6 - <core::panic::unwind_safe::AssertUnwindSafe<F> as core::ops::function::FnOnce<()>>::call_once::h5c334c204e4a3913
[INFO] [stdout]                                at /rustc/1b7dd2252b99671ce5d1cb9664c5f8636329436d/library/core/src/panic/unwind_safe.rs:271:9
[INFO] [stdout]   29:     0x55d831b251e6 - std::panicking::try::do_call::ha8b740c7b9478074
[INFO] [stdout]                                at /rustc/1b7dd2252b99671ce5d1cb9664c5f8636329436d/library/std/src/panicking.rs:485:40
[INFO] [stdout]   30:     0x55d831b251e6 - std::panicking::try::h5d34f63d0e41b64e
[INFO] [stdout]                                at /rustc/1b7dd2252b99671ce5d1cb9664c5f8636329436d/library/std/src/panicking.rs:449:19
[INFO] [stdout]   31:     0x55d831b251e6 - std::panic::catch_unwind::hcfbb511e1aa7fc67
[INFO] [stdout]                                at /rustc/1b7dd2252b99671ce5d1cb9664c5f8636329436d/library/std/src/panic.rs:140:14
[INFO] [stdout]   32:     0x55d831b251e6 - test::run_test_in_process::h9abda90f802eaf21
[INFO] [stdout]                                at /rustc/1b7dd2252b99671ce5d1cb9664c5f8636329436d/library/test/src/lib.rs:678:27
[INFO] [stdout]   33:     0x55d831b251e6 - test::run_test::run_test_inner::{{closure}}::h0f058de91f6c6edf
[INFO] [stdout]                                at /rustc/1b7dd2252b99671ce5d1cb9664c5f8636329436d/library/test/src/lib.rs:572:39
[INFO] [stdout]   34:     0x55d831aee105 - test::run_test::run_test_inner::{{closure}}::h5ca48a4c59c6c1fb
[INFO] [stdout]                                at /rustc/1b7dd2252b99671ce5d1cb9664c5f8636329436d/library/test/src/lib.rs:599:37
[INFO] [stdout]   35:     0x55d831aee105 - std::sys_common::backtrace::__rust_begin_short_backtrace::h32bd51e1495d4a33
[INFO] [stdout]                                at /rustc/1b7dd2252b99671ce5d1cb9664c5f8636329436d/library/std/src/sys_common/backtrace.rs:134:18
[INFO] [stdout]   36:     0x55d831af3641 - std::thread::Builder::spawn_unchecked_::{{closure}}::{{closure}}::hc086fae9b128b2db
[INFO] [stdout]                                at /rustc/1b7dd2252b99671ce5d1cb9664c5f8636329436d/library/std/src/thread/mod.rs:526:17
[INFO] [stdout]   37:     0x55d831af3641 - <core::panic::unwind_safe::AssertUnwindSafe<F> as core::ops::function::FnOnce<()>>::call_once::hb66571888d270d43
[INFO] [stdout]                                at /rustc/1b7dd2252b99671ce5d1cb9664c5f8636329436d/library/core/src/panic/unwind_safe.rs:271:9
[INFO] [stdout]   38:     0x55d831af3641 - std::panicking::try::do_call::h4fa2ef4f6e51fecf
[INFO] [stdout]                                at /rustc/1b7dd2252b99671ce5d1cb9664c5f8636329436d/library/std/src/panicking.rs:485:40
[INFO] [stdout]   39:     0x55d831af3641 - std::panicking::try::h1e9e22b8584489b5
[INFO] [stdout]                                at /rustc/1b7dd2252b99671ce5d1cb9664c5f8636329436d/library/std/src/panicking.rs:449:19
[INFO] [stdout]   40:     0x55d831af3641 - std::panic::catch_unwind::h44698a3de0e0769e
[INFO] [stdout]                                at /rustc/1b7dd2252b99671ce5d1cb9664c5f8636329436d/library/std/src/panic.rs:140:14
[INFO] [stdout]   41:     0x55d831af3641 - std::thread::Builder::spawn_unchecked_::{{closure}}::h50153abde3fe239e
[INFO] [stdout]                                at /rustc/1b7dd2252b99671ce5d1cb9664c5f8636329436d/library/std/src/thread/mod.rs:525:30
[INFO] [stdout]   42:     0x55d831af3641 - core::ops::function::FnOnce::call_once{{vtable.shim}}::hbe5bbf6f38394364
[INFO] [stdout]                                at /rustc/1b7dd2252b99671ce5d1cb9664c5f8636329436d/library/core/src/ops/function.rs:250:5
[INFO] [stdout]   43:     0x55d831d22eb5 - <alloc::boxed::Box<F,A> as core::ops::function::FnOnce<Args>>::call_once::h0d83cb2920a49046
[INFO] [stdout]                                at /rustc/1b7dd2252b99671ce5d1cb9664c5f8636329436d/library/alloc/src/boxed.rs:1973:9
[INFO] [stdout]   44:     0x55d831d22eb5 - <alloc::boxed::Box<F,A> as core::ops::function::FnOnce<Args>>::call_once::hbe0a008aa7d9ef59
[INFO] [stdout]                                at /rustc/1b7dd2252b99671ce5d1cb9664c5f8636329436d/library/alloc/src/boxed.rs:1973:9
[INFO] [stdout]   45:     0x55d831d22eb5 - std::sys::unix::thread::Thread::new::thread_start::h3a466996bdf6b1f9
[INFO] [stdout]                                at /rustc/1b7dd2252b99671ce5d1cb9664c5f8636329436d/library/std/src/sys/unix/thread.rs:108:17
[INFO] [stdout]   46:     0x7f8ca7dbab43 - <unknown>
[INFO] [stdout]   47:     0x7f8ca7e4bbb4 - __clone
[INFO] [stdout]   48:                0x0 - <unknown>
[INFO] [stdout] 
[INFO] [stdout] 
[INFO] [stdout] failures:
[INFO] [stdout]     git::tests::test_username_from_git_url
[INFO] [stdout] 
[INFO] [stdout] test result: FAILED. 17 passed; 1 failed; 0 ignored; 0 measured; 0 filtered out; finished in 0.09s
[INFO] [stdout] 
[INFO] [stderr] error: test failed, to rerun pass `--bin fw`
[INFO] running `Command { std: "docker" "inspect" "f1bb5e32a325c02e1d3045fc950b12f77775bad830333eb047bfeda5496d72c2", kill_on_drop: false }`
[INFO] running `Command { std: "docker" "rm" "-f" "f1bb5e32a325c02e1d3045fc950b12f77775bad830333eb047bfeda5496d72c2", kill_on_drop: false }`
[INFO] [stdout] f1bb5e32a325c02e1d3045fc950b12f77775bad830333eb047bfeda5496d72c2
