[INFO] fetching crate futures-rustls 0.24.0...
[INFO] testing futures-rustls-0.24.0 against 1.69.0 for beta-1.70-1
[INFO] extracting crate futures-rustls 0.24.0 into /workspace/builds/worker-2-tc1/source
[INFO] validating manifest of crates.io crate futures-rustls 0.24.0 on toolchain 1.69.0
[INFO] running `Command { std: CARGO_HOME="/workspace/cargo-home" RUSTUP_HOME="/workspace/rustup-home" "/workspace/cargo-home/bin/cargo" "+1.69.0" "metadata" "--manifest-path" "Cargo.toml" "--no-deps", kill_on_drop: false }`
[INFO] started tweaking crates.io crate futures-rustls 0.24.0
[INFO] finished tweaking crates.io crate futures-rustls 0.24.0
[INFO] tweaked toml for crates.io crate futures-rustls 0.24.0 written to /workspace/builds/worker-2-tc1/source/Cargo.toml
[INFO] running `Command { std: CARGO_HOME="/workspace/cargo-home" RUSTUP_HOME="/workspace/rustup-home" __CARGO_TEST_CHANNEL_OVERRIDE_DO_NOT_USE_THIS="nightly" "/workspace/cargo-home/bin/cargo" "+1.69.0" "generate-lockfile" "--manifest-path" "Cargo.toml" "-Zno-index-update", kill_on_drop: false }`
[INFO] running `Command { std: CARGO_HOME="/workspace/cargo-home" RUSTUP_HOME="/workspace/rustup-home" "/workspace/cargo-home/bin/cargo" "+1.69.0" "fetch" "--manifest-path" "Cargo.toml", kill_on_drop: false }`
[INFO] [stderr]  Downloading crates ...
[INFO] [stderr]   Downloaded smol v1.3.0
[INFO] running `Command { std: "docker" "create" "-v" "/var/lib/crater-agent-workspace/builds/worker-2-tc1/target:/opt/rustwide/target:rw,Z" "-v" "/var/lib/crater-agent-workspace/builds/worker-2-tc1/source:/opt/rustwide/workdir:ro,Z" "-v" "/var/lib/crater-agent-workspace/cargo-home:/opt/rustwide/cargo-home:ro,Z" "-v" "/var/lib/crater-agent-workspace/rustup-home:/opt/rustwide/rustup-home:ro,Z" "-e" "SOURCE_DIR=/opt/rustwide/workdir" "-e" "CARGO_TARGET_DIR=/opt/rustwide/target" "-e" "CARGO_HOME=/opt/rustwide/cargo-home" "-e" "RUSTUP_HOME=/opt/rustwide/rustup-home" "-w" "/opt/rustwide/workdir" "-m" "1610612736" "--user" "0:0" "--network" "none" "ghcr.io/rust-lang/crates-build-env/linux@sha256:97d61d7686bf65f8ecb15491ab51835e82dc9176a96a831f143a431b191fc501" "/opt/rustwide/cargo-home/bin/cargo" "+1.69.0" "metadata" "--no-deps" "--format-version=1", kill_on_drop: false }`
[INFO] [stdout] 07af1655b59d51567aa6915f40cfab2089a4746ac32a34bf51a042f65e679b97
[INFO] running `Command { std: "docker" "start" "-a" "07af1655b59d51567aa6915f40cfab2089a4746ac32a34bf51a042f65e679b97", kill_on_drop: false }`
[INFO] running `Command { std: "docker" "inspect" "07af1655b59d51567aa6915f40cfab2089a4746ac32a34bf51a042f65e679b97", kill_on_drop: false }`
[INFO] running `Command { std: "docker" "rm" "-f" "07af1655b59d51567aa6915f40cfab2089a4746ac32a34bf51a042f65e679b97", kill_on_drop: false }`
[INFO] [stdout] 07af1655b59d51567aa6915f40cfab2089a4746ac32a34bf51a042f65e679b97
[INFO] running `Command { std: "docker" "create" "-v" "/var/lib/crater-agent-workspace/builds/worker-2-tc1/target:/opt/rustwide/target:rw,Z" "-v" "/var/lib/crater-agent-workspace/builds/worker-2-tc1/source:/opt/rustwide/workdir:ro,Z" "-v" "/var/lib/crater-agent-workspace/cargo-home:/opt/rustwide/cargo-home:ro,Z" "-v" "/var/lib/crater-agent-workspace/rustup-home:/opt/rustwide/rustup-home:ro,Z" "-e" "SOURCE_DIR=/opt/rustwide/workdir" "-e" "CARGO_TARGET_DIR=/opt/rustwide/target" "-e" "CARGO_INCREMENTAL=0" "-e" "RUST_BACKTRACE=full" "-e" "RUSTFLAGS=--cap-lints=warn" "-e" "RUSTDOCFLAGS=--cap-lints=warn" "-e" "CARGO_HOME=/opt/rustwide/cargo-home" "-e" "RUSTUP_HOME=/opt/rustwide/rustup-home" "-w" "/opt/rustwide/workdir" "-m" "1610612736" "--user" "0:0" "--network" "none" "ghcr.io/rust-lang/crates-build-env/linux@sha256:97d61d7686bf65f8ecb15491ab51835e82dc9176a96a831f143a431b191fc501" "/opt/rustwide/cargo-home/bin/cargo" "+1.69.0" "build" "--frozen" "--message-format=json", kill_on_drop: false }`
[INFO] [stdout] ea16562da215c148d44aa2a3e8ab62af0beded8e2c032e2f9617886be1c86905
[INFO] running `Command { std: "docker" "start" "-a" "ea16562da215c148d44aa2a3e8ab62af0beded8e2c032e2f9617886be1c86905", kill_on_drop: false }`
[INFO] [stderr]     Blocking waiting for file lock on package cache
[INFO] [stderr]    Compiling libc v0.2.142
[INFO] [stderr]    Compiling rustls v0.21.0
[INFO] [stderr]    Compiling futures-io v0.3.28
[INFO] [stderr]    Compiling ring v0.16.20
[INFO] [stderr]    Compiling rustls-webpki v0.100.1
[INFO] [stderr]    Compiling sct v0.7.0
[INFO] [stderr]    Compiling futures-rustls v0.24.0 (/opt/rustwide/workdir)
[INFO] [stderr]     Finished dev [unoptimized + debuginfo] target(s) in 8.40s
[INFO] running `Command { std: "docker" "inspect" "ea16562da215c148d44aa2a3e8ab62af0beded8e2c032e2f9617886be1c86905", kill_on_drop: false }`
[INFO] running `Command { std: "docker" "rm" "-f" "ea16562da215c148d44aa2a3e8ab62af0beded8e2c032e2f9617886be1c86905", kill_on_drop: false }`
[INFO] [stdout] ea16562da215c148d44aa2a3e8ab62af0beded8e2c032e2f9617886be1c86905
[INFO] running `Command { std: "docker" "create" "-v" "/var/lib/crater-agent-workspace/builds/worker-2-tc1/target:/opt/rustwide/target:rw,Z" "-v" "/var/lib/crater-agent-workspace/builds/worker-2-tc1/source:/opt/rustwide/workdir:ro,Z" "-v" "/var/lib/crater-agent-workspace/cargo-home:/opt/rustwide/cargo-home:ro,Z" "-v" "/var/lib/crater-agent-workspace/rustup-home:/opt/rustwide/rustup-home:ro,Z" "-e" "SOURCE_DIR=/opt/rustwide/workdir" "-e" "CARGO_TARGET_DIR=/opt/rustwide/target" "-e" "CARGO_INCREMENTAL=0" "-e" "RUST_BACKTRACE=full" "-e" "RUSTFLAGS=--cap-lints=warn" "-e" "RUSTDOCFLAGS=--cap-lints=warn" "-e" "CARGO_HOME=/opt/rustwide/cargo-home" "-e" "RUSTUP_HOME=/opt/rustwide/rustup-home" "-w" "/opt/rustwide/workdir" "-m" "1610612736" "--user" "0:0" "--network" "none" "ghcr.io/rust-lang/crates-build-env/linux@sha256:97d61d7686bf65f8ecb15491ab51835e82dc9176a96a831f143a431b191fc501" "/opt/rustwide/cargo-home/bin/cargo" "+1.69.0" "test" "--frozen" "--no-run" "--message-format=json", kill_on_drop: false }`
[INFO] [stdout] 8715c1c7cf227d3be9a52903276c081c3cc9252928553cd6a89a08e61f94bf9f
[INFO] running `Command { std: "docker" "start" "-a" "8715c1c7cf227d3be9a52903276c081c3cc9252928553cd6a89a08e61f94bf9f", kill_on_drop: false }`
[INFO] [stderr]    Compiling crossbeam-utils v0.8.15
[INFO] [stderr]    Compiling event-listener v2.5.3
[INFO] [stderr]    Compiling fastrand v1.9.0
[INFO] [stderr]    Compiling parking v2.1.0
[INFO] [stderr]    Compiling waker-fn v1.1.0
[INFO] [stderr]    Compiling io-lifetimes v1.0.10
[INFO] [stderr]    Compiling polling v2.8.0
[INFO] [stderr]    Compiling rustix v0.37.15
[INFO] [stderr]    Compiling async-io v1.13.0
[INFO] [stderr]    Compiling async-task v4.4.0
[INFO] [stderr]    Compiling linux-raw-sys v0.3.6
[INFO] [stderr]    Compiling socket2 v0.4.9
[INFO] [stderr]    Compiling atomic-waker v1.1.1
[INFO] [stderr]    Compiling signal-hook v0.3.15
[INFO] [stderr]    Compiling signal-hook-registry v1.4.1
[INFO] [stderr]    Compiling async-net v1.7.0
[INFO] [stderr]    Compiling async-process v1.7.0
[INFO] [stderr]    Compiling async-lock v2.7.0
[INFO] [stderr]    Compiling async-fs v1.6.0
[INFO] [stderr]    Compiling futures-lite v1.13.0
[INFO] [stderr]    Compiling syn v2.0.15
[INFO] [stderr]    Compiling futures-util v0.3.28
[INFO] [stderr]    Compiling webpki-roots v0.23.0
[INFO] [stderr]    Compiling concurrent-queue v2.2.0
[INFO] [stderr]    Compiling async-channel v1.8.0
[INFO] [stderr]    Compiling blocking v1.3.1
[INFO] [stderr]    Compiling async-executor v1.5.1
[INFO] [stderr]    Compiling futures-macro v0.3.28
[INFO] [stderr]    Compiling smol v1.3.0
[INFO] [stderr]    Compiling futures-rustls v0.24.0 (/opt/rustwide/workdir)
[INFO] [stderr]     Finished test [unoptimized + debuginfo] target(s) in 12.79s
[INFO] running `Command { std: "docker" "inspect" "8715c1c7cf227d3be9a52903276c081c3cc9252928553cd6a89a08e61f94bf9f", kill_on_drop: false }`
[INFO] running `Command { std: "docker" "rm" "-f" "8715c1c7cf227d3be9a52903276c081c3cc9252928553cd6a89a08e61f94bf9f", kill_on_drop: false }`
[INFO] [stdout] 8715c1c7cf227d3be9a52903276c081c3cc9252928553cd6a89a08e61f94bf9f
[INFO] running `Command { std: "docker" "create" "-v" "/var/lib/crater-agent-workspace/builds/worker-2-tc1/target:/opt/rustwide/target:rw,Z" "-v" "/var/lib/crater-agent-workspace/builds/worker-2-tc1/source:/opt/rustwide/workdir:ro,Z" "-v" "/var/lib/crater-agent-workspace/cargo-home:/opt/rustwide/cargo-home:ro,Z" "-v" "/var/lib/crater-agent-workspace/rustup-home:/opt/rustwide/rustup-home:ro,Z" "-e" "SOURCE_DIR=/opt/rustwide/workdir" "-e" "CARGO_TARGET_DIR=/opt/rustwide/target" "-e" "CARGO_INCREMENTAL=0" "-e" "RUST_BACKTRACE=full" "-e" "RUSTFLAGS=--cap-lints=warn" "-e" "RUSTDOCFLAGS=--cap-lints=warn" "-e" "CARGO_HOME=/opt/rustwide/cargo-home" "-e" "RUSTUP_HOME=/opt/rustwide/rustup-home" "-w" "/opt/rustwide/workdir" "-m" "1610612736" "--user" "0:0" "--network" "none" "ghcr.io/rust-lang/crates-build-env/linux@sha256:97d61d7686bf65f8ecb15491ab51835e82dc9176a96a831f143a431b191fc501" "/opt/rustwide/cargo-home/bin/cargo" "+1.69.0" "test" "--frozen", kill_on_drop: false }`
[INFO] [stdout] 4fe4d5fcf9a083cd5dfe7fb5af1e8d3abec4e30c22d8f7068db21b42eeae5875
[INFO] running `Command { std: "docker" "start" "-a" "4fe4d5fcf9a083cd5dfe7fb5af1e8d3abec4e30c22d8f7068db21b42eeae5875", kill_on_drop: false }`
[INFO] [stderr]     Finished test [unoptimized + debuginfo] target(s) in 0.08s
[INFO] [stderr]      Running unittests src/lib.rs (/opt/rustwide/target/debug/deps/futures_rustls-1216604e2b7ed473)
[INFO] [stdout] 
[INFO] [stdout] running 6 tests
[INFO] [stdout] test common::test_stream::stream_handshake_eof ... ok
[INFO] [stdout] test common::test_stream::stream_good ... ok
[INFO] [stdout] test common::test_stream::stream_eof ... ok
[INFO] [stdout] test common::test_stream::stream_handshake_regression_issues_77 ... ok
[INFO] [stdout] test common::test_stream::stream_bad ... ok
[INFO] [stdout] test common::test_stream::stream_handshake ... ok
[INFO] [stdout] 
[INFO] [stdout] test result: ok. 6 passed; 0 failed; 0 ignored; 0 measured; 0 filtered out; finished in 0.05s
[INFO] [stdout] 
[INFO] [stderr]      Running tests/badssl.rs (/opt/rustwide/target/debug/deps/badssl-b793463b347fb682)
[INFO] [stdout] 
[INFO] [stdout] running 3 tests
[INFO] [stdout] test test_tls13 ... ignored
[INFO] [stdout] test test_tls12 ... FAILED
[INFO] [stdout] test test_modern ... FAILED
[INFO] [stdout] 
[INFO] [stdout] failures:
[INFO] [stdout] 
[INFO] [stdout] ---- test_tls12 stdout ----
[INFO] [stdout] Error: Custom { kind: Uncategorized, error: "failed to lookup address information: Temporary failure in name resolution" }
[INFO] [stdout] 
[INFO] [stdout] ---- test_modern stdout ----
[INFO] [stdout] Error: Custom { kind: Uncategorized, error: "failed to lookup address information: Temporary failure in name resolution" }
[INFO] [stdout] 
[INFO] [stdout] 
[INFO] [stdout] failures:
[INFO] [stdout]     test_modern
[INFO] [stdout]     test_tls12
[INFO] [stdout] 
[INFO] [stdout] test result: FAILED. 0 passed; 2 failed; 1 ignored; 0 measured; 0 filtered out; finished in 0.02s
[INFO] [stdout] 
[INFO] [stderr] error: test failed, to rerun pass `--test badssl`
[INFO] running `Command { std: "docker" "inspect" "4fe4d5fcf9a083cd5dfe7fb5af1e8d3abec4e30c22d8f7068db21b42eeae5875", kill_on_drop: false }`
[INFO] running `Command { std: "docker" "rm" "-f" "4fe4d5fcf9a083cd5dfe7fb5af1e8d3abec4e30c22d8f7068db21b42eeae5875", kill_on_drop: false }`
[INFO] [stdout] 4fe4d5fcf9a083cd5dfe7fb5af1e8d3abec4e30c22d8f7068db21b42eeae5875
