[INFO] fetching crate futures-router-sink 0.1.0...
[INFO] testing futures-router-sink-0.1.0 against beta-2023-04-20 for beta-1.70-1
[INFO] extracting crate futures-router-sink 0.1.0 into /workspace/builds/worker-3-tc2/source
[INFO] validating manifest of crates.io crate futures-router-sink 0.1.0 on toolchain beta-2023-04-20
[INFO] running `Command { std: CARGO_HOME="/workspace/cargo-home" RUSTUP_HOME="/workspace/rustup-home" "/workspace/cargo-home/bin/cargo" "+beta-2023-04-20" "metadata" "--manifest-path" "Cargo.toml" "--no-deps", kill_on_drop: false }`
[INFO] started tweaking crates.io crate futures-router-sink 0.1.0
[INFO] finished tweaking crates.io crate futures-router-sink 0.1.0
[INFO] tweaked toml for crates.io crate futures-router-sink 0.1.0 written to /workspace/builds/worker-3-tc2/source/Cargo.toml
[INFO] running `Command { std: CARGO_HOME="/workspace/cargo-home" RUSTUP_HOME="/workspace/rustup-home" __CARGO_TEST_CHANNEL_OVERRIDE_DO_NOT_USE_THIS="nightly" "/workspace/cargo-home/bin/cargo" "+beta-2023-04-20" "generate-lockfile" "--manifest-path" "Cargo.toml" "-Zno-index-update", kill_on_drop: false }`
[INFO] running `Command { std: CARGO_HOME="/workspace/cargo-home" RUSTUP_HOME="/workspace/rustup-home" "/workspace/cargo-home/bin/cargo" "+beta-2023-04-20" "fetch" "--manifest-path" "Cargo.toml", kill_on_drop: false }`
[INFO] [stderr] warning: unused manifest key: package.travis-ci
[INFO] running `Command { std: "docker" "create" "-v" "/var/lib/crater-agent-workspace/builds/worker-3-tc2/target:/opt/rustwide/target:rw,Z" "-v" "/var/lib/crater-agent-workspace/builds/worker-3-tc2/source:/opt/rustwide/workdir:ro,Z" "-v" "/var/lib/crater-agent-workspace/cargo-home:/opt/rustwide/cargo-home:ro,Z" "-v" "/var/lib/crater-agent-workspace/rustup-home:/opt/rustwide/rustup-home:ro,Z" "-e" "SOURCE_DIR=/opt/rustwide/workdir" "-e" "CARGO_TARGET_DIR=/opt/rustwide/target" "-e" "CARGO_HOME=/opt/rustwide/cargo-home" "-e" "RUSTUP_HOME=/opt/rustwide/rustup-home" "-w" "/opt/rustwide/workdir" "-m" "1610612736" "--user" "0:0" "--network" "none" "ghcr.io/rust-lang/crates-build-env/linux@sha256:5ff2268d62e97bff2cde7d5815dd6ed5b47097566f13b8d0ca110b04b60e07ed" "/opt/rustwide/cargo-home/bin/cargo" "+beta-2023-04-20" "metadata" "--no-deps" "--format-version=1", kill_on_drop: false }`
[INFO] [stdout] 7220ef241ae91d2d9a6afc4db1aa74fac5379b1bbc182f2c1560e1f7e9940484
[INFO] running `Command { std: "docker" "start" "-a" "7220ef241ae91d2d9a6afc4db1aa74fac5379b1bbc182f2c1560e1f7e9940484", kill_on_drop: false }`
[INFO] running `Command { std: "docker" "inspect" "7220ef241ae91d2d9a6afc4db1aa74fac5379b1bbc182f2c1560e1f7e9940484", kill_on_drop: false }`
[INFO] running `Command { std: "docker" "rm" "-f" "7220ef241ae91d2d9a6afc4db1aa74fac5379b1bbc182f2c1560e1f7e9940484", kill_on_drop: false }`
[INFO] [stdout] 7220ef241ae91d2d9a6afc4db1aa74fac5379b1bbc182f2c1560e1f7e9940484
[INFO] running `Command { std: "docker" "create" "-v" "/var/lib/crater-agent-workspace/builds/worker-3-tc2/target:/opt/rustwide/target:rw,Z" "-v" "/var/lib/crater-agent-workspace/builds/worker-3-tc2/source:/opt/rustwide/workdir:ro,Z" "-v" "/var/lib/crater-agent-workspace/cargo-home:/opt/rustwide/cargo-home:ro,Z" "-v" "/var/lib/crater-agent-workspace/rustup-home:/opt/rustwide/rustup-home:ro,Z" "-e" "SOURCE_DIR=/opt/rustwide/workdir" "-e" "CARGO_TARGET_DIR=/opt/rustwide/target" "-e" "CARGO_INCREMENTAL=0" "-e" "RUST_BACKTRACE=full" "-e" "RUSTFLAGS=--cap-lints=warn" "-e" "RUSTDOCFLAGS=--cap-lints=warn" "-e" "CARGO_HOME=/opt/rustwide/cargo-home" "-e" "RUSTUP_HOME=/opt/rustwide/rustup-home" "-w" "/opt/rustwide/workdir" "-m" "1610612736" "--user" "0:0" "--network" "none" "ghcr.io/rust-lang/crates-build-env/linux@sha256:5ff2268d62e97bff2cde7d5815dd6ed5b47097566f13b8d0ca110b04b60e07ed" "/opt/rustwide/cargo-home/bin/cargo" "+beta-2023-04-20" "build" "--frozen" "--message-format=json", kill_on_drop: false }`
[INFO] [stdout] 1daa919a435f62035d06d5912826a13e0e2cb93ee8b0d8b277d401a7517f407e
[INFO] running `Command { std: "docker" "start" "-a" "1daa919a435f62035d06d5912826a13e0e2cb93ee8b0d8b277d401a7517f407e", kill_on_drop: false }`
[INFO] [stderr] warning: unused manifest key: package.travis-ci
[INFO] [stderr]    Compiling futures-router-sink v0.1.0 (/opt/rustwide/workdir)
[INFO] [stderr]     Finished dev [unoptimized + debuginfo] target(s) in 0.13s
[INFO] running `Command { std: "docker" "inspect" "1daa919a435f62035d06d5912826a13e0e2cb93ee8b0d8b277d401a7517f407e", kill_on_drop: false }`
[INFO] running `Command { std: "docker" "rm" "-f" "1daa919a435f62035d06d5912826a13e0e2cb93ee8b0d8b277d401a7517f407e", kill_on_drop: false }`
[INFO] [stdout] 1daa919a435f62035d06d5912826a13e0e2cb93ee8b0d8b277d401a7517f407e
[INFO] running `Command { std: "docker" "create" "-v" "/var/lib/crater-agent-workspace/builds/worker-3-tc2/target:/opt/rustwide/target:rw,Z" "-v" "/var/lib/crater-agent-workspace/builds/worker-3-tc2/source:/opt/rustwide/workdir:ro,Z" "-v" "/var/lib/crater-agent-workspace/cargo-home:/opt/rustwide/cargo-home:ro,Z" "-v" "/var/lib/crater-agent-workspace/rustup-home:/opt/rustwide/rustup-home:ro,Z" "-e" "SOURCE_DIR=/opt/rustwide/workdir" "-e" "CARGO_TARGET_DIR=/opt/rustwide/target" "-e" "CARGO_INCREMENTAL=0" "-e" "RUST_BACKTRACE=full" "-e" "RUSTFLAGS=--cap-lints=warn" "-e" "RUSTDOCFLAGS=--cap-lints=warn" "-e" "CARGO_HOME=/opt/rustwide/cargo-home" "-e" "RUSTUP_HOME=/opt/rustwide/rustup-home" "-w" "/opt/rustwide/workdir" "-m" "1610612736" "--user" "0:0" "--network" "none" "ghcr.io/rust-lang/crates-build-env/linux@sha256:5ff2268d62e97bff2cde7d5815dd6ed5b47097566f13b8d0ca110b04b60e07ed" "/opt/rustwide/cargo-home/bin/cargo" "+beta-2023-04-20" "test" "--frozen" "--no-run" "--message-format=json", kill_on_drop: false }`
[INFO] [stdout] ba46dd9b4ec0a722e334583f4985de86af96a58e220233b774d5ff477dc124c4
[INFO] running `Command { std: "docker" "start" "-a" "ba46dd9b4ec0a722e334583f4985de86af96a58e220233b774d5ff477dc124c4", kill_on_drop: false }`
[INFO] [stderr] warning: unused manifest key: package.travis-ci
[INFO] [stderr]    Compiling futures-router-sink v0.1.0 (/opt/rustwide/workdir)
[INFO] [stdout] warning: use of deprecated function `futures::stream::iter`: implementation moved to `iter_ok` and `iter_result`
[INFO] [stdout]   --> src/lib.rs:58:30
[INFO] [stdout]    |
[INFO] [stdout] 58 |         let stream = stream::iter(input);
[INFO] [stdout]    |                              ^^^^
[INFO] [stdout]    |
[INFO] [stdout]    = note: `#[warn(deprecated)]` on by default
[INFO] [stdout] 
[INFO] [stdout] 
[INFO] [stdout] warning: use of deprecated function `futures::stream::iter`: implementation moved to `iter_ok` and `iter_result`
[INFO] [stdout]   --> src/lib.rs:80:30
[INFO] [stdout]    |
[INFO] [stdout] 80 |         let stream = stream::iter(input);
[INFO] [stdout]    |                              ^^^^
[INFO] [stdout] 
[INFO] [stdout] 
[INFO] [stdout] warning: 2 warnings emitted
[INFO] [stdout] 
[INFO] [stdout] 
[INFO] [stderr]     Finished test [unoptimized + debuginfo] target(s) in 0.51s
[INFO] running `Command { std: "docker" "inspect" "ba46dd9b4ec0a722e334583f4985de86af96a58e220233b774d5ff477dc124c4", kill_on_drop: false }`
[INFO] running `Command { std: "docker" "rm" "-f" "ba46dd9b4ec0a722e334583f4985de86af96a58e220233b774d5ff477dc124c4", kill_on_drop: false }`
[INFO] [stdout] ba46dd9b4ec0a722e334583f4985de86af96a58e220233b774d5ff477dc124c4
[INFO] running `Command { std: "docker" "create" "-v" "/var/lib/crater-agent-workspace/builds/worker-3-tc2/target:/opt/rustwide/target:rw,Z" "-v" "/var/lib/crater-agent-workspace/builds/worker-3-tc2/source:/opt/rustwide/workdir:ro,Z" "-v" "/var/lib/crater-agent-workspace/cargo-home:/opt/rustwide/cargo-home:ro,Z" "-v" "/var/lib/crater-agent-workspace/rustup-home:/opt/rustwide/rustup-home:ro,Z" "-e" "SOURCE_DIR=/opt/rustwide/workdir" "-e" "CARGO_TARGET_DIR=/opt/rustwide/target" "-e" "CARGO_INCREMENTAL=0" "-e" "RUST_BACKTRACE=full" "-e" "RUSTFLAGS=--cap-lints=warn" "-e" "RUSTDOCFLAGS=--cap-lints=warn" "-e" "CARGO_HOME=/opt/rustwide/cargo-home" "-e" "RUSTUP_HOME=/opt/rustwide/rustup-home" "-w" "/opt/rustwide/workdir" "-m" "1610612736" "--user" "0:0" "--network" "none" "ghcr.io/rust-lang/crates-build-env/linux@sha256:5ff2268d62e97bff2cde7d5815dd6ed5b47097566f13b8d0ca110b04b60e07ed" "/opt/rustwide/cargo-home/bin/cargo" "+beta-2023-04-20" "test" "--frozen", kill_on_drop: false }`
[INFO] [stdout] be857f13827ce6ca7df6e1b34b71d21c1d0c792fe2049536ac4478e233a132fc
[INFO] running `Command { std: "docker" "start" "-a" "be857f13827ce6ca7df6e1b34b71d21c1d0c792fe2049536ac4478e233a132fc", kill_on_drop: false }`
[INFO] [stderr] warning: unused manifest key: package.travis-ci
[INFO] [stderr] warning: use of deprecated function `futures::stream::iter`: implementation moved to `iter_ok` and `iter_result`
[INFO] [stderr]   --> src/lib.rs:58:30
[INFO] [stderr]    |
[INFO] [stderr] 58 |         let stream = stream::iter(input);
[INFO] [stderr]    |                              ^^^^
[INFO] [stderr]    |
[INFO] [stderr]    = note: `#[warn(deprecated)]` on by default
[INFO] [stderr] 
[INFO] [stderr] warning: use of deprecated function `futures::stream::iter`: implementation moved to `iter_ok` and `iter_result`
[INFO] [stderr]   --> src/lib.rs:80:30
[INFO] [stderr]    |
[INFO] [stderr] 80 |         let stream = stream::iter(input);
[INFO] [stderr]    |                              ^^^^
[INFO] [stderr] 
[INFO] [stderr] warning: `futures-router-sink` (lib test) generated 2 warnings
[INFO] [stderr]     Finished test [unoptimized + debuginfo] target(s) in 0.00s
[INFO] [stderr]      Running unittests src/lib.rs (/opt/rustwide/target/debug/deps/futures_router_sink-9c37f7aba25fa7a8)
[INFO] [stdout] 
[INFO] [stdout] running 2 tests
[INFO] [stdout] test test::poll_all ... ok
[INFO] [stdout] test test::poll_err ... ok
[INFO] [stdout] 
[INFO] [stdout] test result: ok. 2 passed; 0 failed; 0 ignored; 0 measured; 0 filtered out; finished in 0.00s
[INFO] [stdout] 
[INFO] [stderr]    Doc-tests futures-router-sink
[INFO] [stdout] 
[INFO] [stdout] running 6 tests
[INFO] [stdout] test src/router_sink.rs - router_sink::RouterSink<A,B>::right_mut (line 136) ... FAILED
[INFO] [stdout] test src/router_sink.rs - router_sink::RouterSink<A,B>::left_mut (line 117) ... FAILED
[INFO] [stdout] test src/lib.rs - (line 5) - compile ... ok
[INFO] [stdout] test src/router_sink.rs - router_sink::RouterSink<A,B>::new (line 55) ... ok
[INFO] [stdout] test src/router_sink.rs - router_sink::RouterSink<A,B>::right (line 98) ... ok
[INFO] [stdout] test src/router_sink.rs - router_sink::RouterSink<A,B>::left (line 79) ... ok
[INFO] [stdout] 
[INFO] [stdout] failures:
[INFO] [stdout] 
[INFO] [stdout] ---- src/router_sink.rs - router_sink::RouterSink<A,B>::right_mut (line 136) stdout ----
[INFO] [stdout] error[E0596]: cannot borrow `router` as mutable, as it is not declared as mutable
[INFO] [stdout]  --> src/router_sink.rs:141:13
[INFO] [stdout]   |
[INFO] [stdout] 8 | let right = router.left_mut();
[INFO] [stdout]   |             ^^^^^^^^^^^^^^^^^ cannot borrow as mutable
[INFO] [stdout]   |
[INFO] [stdout] help: consider changing this to be mutable
[INFO] [stdout]   |
[INFO] [stdout] 7 | let mut router = RouterSink::new(left, right);
[INFO] [stdout]   |     +++
[INFO] [stdout] 
[INFO] [stdout] error: aborting due to previous error
[INFO] [stdout] 
[INFO] [stdout] For more information about this error, try `rustc --explain E0596`.
[INFO] [stdout] Couldn't compile the test.
[INFO] [stdout] ---- src/router_sink.rs - router_sink::RouterSink<A,B>::left_mut (line 117) stdout ----
[INFO] [stdout] error[E0596]: cannot borrow `router` as mutable, as it is not declared as mutable
[INFO] [stdout]  --> src/router_sink.rs:122:13
[INFO] [stdout]   |
[INFO] [stdout] 8 | let right = router.left_mut();
[INFO] [stdout]   |             ^^^^^^^^^^^^^^^^^ cannot borrow as mutable
[INFO] [stdout]   |
[INFO] [stdout] help: consider changing this to be mutable
[INFO] [stdout]   |
[INFO] [stdout] 7 | let mut router = RouterSink::new(left, right);
[INFO] [stdout]   |     +++
[INFO] [stdout] 
[INFO] [stdout] error: aborting due to previous error
[INFO] [stdout] 
[INFO] [stdout] For more information about this error, try `rustc --explain E0596`.
[INFO] [stdout] Couldn't compile the test.
[INFO] [stdout] 
[INFO] [stdout] failures:
[INFO] [stdout]     src/router_sink.rs - router_sink::RouterSink<A,B>::left_mut (line 117)
[INFO] [stdout]     src/router_sink.rs - router_sink::RouterSink<A,B>::right_mut (line 136)
[INFO] [stdout] 
[INFO] [stdout] test result: FAILED. 4 passed; 2 failed; 0 ignored; 0 measured; 0 filtered out; finished in 0.21s
[INFO] [stdout] 
[INFO] [stderr] error: doctest failed, to rerun pass `--doc`
[INFO] running `Command { std: "docker" "inspect" "be857f13827ce6ca7df6e1b34b71d21c1d0c792fe2049536ac4478e233a132fc", kill_on_drop: false }`
[INFO] running `Command { std: "docker" "rm" "-f" "be857f13827ce6ca7df6e1b34b71d21c1d0c792fe2049536ac4478e233a132fc", kill_on_drop: false }`
[INFO] [stdout] be857f13827ce6ca7df6e1b34b71d21c1d0c792fe2049536ac4478e233a132fc
