[INFO] fetching crate funes 0.3.0...
[INFO] testing funes-0.3.0 against beta-2023-04-20 for beta-1.70-1
[INFO] extracting crate funes 0.3.0 into /workspace/builds/worker-1-tc2/source
[INFO] validating manifest of crates.io crate funes 0.3.0 on toolchain beta-2023-04-20
[INFO] running `Command { std: CARGO_HOME="/workspace/cargo-home" RUSTUP_HOME="/workspace/rustup-home" "/workspace/cargo-home/bin/cargo" "+beta-2023-04-20" "metadata" "--manifest-path" "Cargo.toml" "--no-deps", kill_on_drop: false }`
[INFO] removed /workspace/builds/worker-1-tc2/source/rust-toolchain.toml
[INFO] started tweaking crates.io crate funes 0.3.0
[INFO] finished tweaking crates.io crate funes 0.3.0
[INFO] tweaked toml for crates.io crate funes 0.3.0 written to /workspace/builds/worker-1-tc2/source/Cargo.toml
[INFO] crate crates.io crate funes 0.3.0 already has a lockfile, it will not be regenerated
[INFO] running `Command { std: CARGO_HOME="/workspace/cargo-home" RUSTUP_HOME="/workspace/rustup-home" "/workspace/cargo-home/bin/cargo" "+beta-2023-04-20" "fetch" "--manifest-path" "Cargo.toml", kill_on_drop: false }`
[INFO] [stderr]     Updating crates.io index
[INFO] [stderr]  Downloading crates ...
[INFO] [stderr]   Downloaded actix-server v2.0.0-beta.5
[INFO] [stderr]   Downloaded cpufeatures v0.1.4
[INFO] [stderr]   Downloaded zstd-safe v3.1.0+zstd.1.4.9
[INFO] [stderr]   Downloaded ordered-float v2.5.1
[INFO] [stderr]   Downloaded redox_syscall v0.2.9
[INFO] [stderr]   Downloaded actix-rt v2.2.0
[INFO] [stderr]   Downloaded http-range v0.1.4
[INFO] [stderr]   Downloaded actix-macros v0.2.1
[INFO] [stderr]   Downloaded askama_escape v0.10.1
[INFO] [stderr]   Downloaded actix-codec v0.4.0
[INFO] [stderr]   Downloaded actix-test v0.1.0-beta.3
[INFO] [stderr]   Downloaded actix-router v0.2.7
[INFO] [stderr]   Downloaded brotli2 v0.3.2
[INFO] [stderr]   Downloaded const_fn v0.4.8
[INFO] [stderr]   Downloaded zstd v0.7.0+zstd.1.4.9
[INFO] [stderr]   Downloaded actix-tls v3.0.0-beta.5
[INFO] [stderr]   Downloaded cookie v0.15.0
[INFO] [stderr]   Downloaded derive_more v0.99.14
[INFO] [stderr]   Downloaded paste v1.0.5
[INFO] [stderr]   Downloaded ahash v0.7.4
[INFO] [stderr]   Downloaded jobserver v0.1.22
[INFO] [stderr]   Downloaded sha-1 v0.9.6
[INFO] [stderr]   Downloaded actix-service v2.0.0
[INFO] [stderr]   Downloaded actix-http v3.0.0-beta.8
[INFO] [stderr]   Downloaded actix-web v4.0.0-beta.8
[INFO] [stderr]   Downloaded hyper v0.14.9
[INFO] [stderr]   Downloaded flate2 v1.0.20
[INFO] [stderr]   Downloaded local-waker v0.1.1
[INFO] [stderr]   Downloaded async-std v1.10.0
[INFO] [stderr]   Downloaded actix-web-codegen v0.5.0-beta.3
[INFO] [stderr]   Downloaded brotli-sys v0.3.2
[INFO] [stderr]   Downloaded tokio v1.7.1
[INFO] [stderr]   Downloaded zstd-sys v1.5.0+zstd.1.4.9
[INFO] [stderr]   Downloaded libc v0.2.97
[INFO] [stderr]   Downloaded awc v3.0.0-beta.6
[INFO] [stderr]   Downloaded actix-http-test v3.0.0-beta.4
[INFO] [stderr]   Downloaded actix-files v0.6.0-beta.6
[INFO] running `Command { std: "docker" "create" "-v" "/var/lib/crater-agent-workspace/builds/worker-1-tc2/target:/opt/rustwide/target:rw,Z" "-v" "/var/lib/crater-agent-workspace/builds/worker-1-tc2/source:/opt/rustwide/workdir:ro,Z" "-v" "/var/lib/crater-agent-workspace/cargo-home:/opt/rustwide/cargo-home:ro,Z" "-v" "/var/lib/crater-agent-workspace/rustup-home:/opt/rustwide/rustup-home:ro,Z" "-e" "SOURCE_DIR=/opt/rustwide/workdir" "-e" "CARGO_TARGET_DIR=/opt/rustwide/target" "-e" "CARGO_HOME=/opt/rustwide/cargo-home" "-e" "RUSTUP_HOME=/opt/rustwide/rustup-home" "-w" "/opt/rustwide/workdir" "-m" "1610612736" "--user" "0:0" "--network" "none" "ghcr.io/rust-lang/crates-build-env/linux@sha256:5ff2268d62e97bff2cde7d5815dd6ed5b47097566f13b8d0ca110b04b60e07ed" "/opt/rustwide/cargo-home/bin/cargo" "+beta-2023-04-20" "metadata" "--no-deps" "--format-version=1", kill_on_drop: false }`
[INFO] [stdout] a6100a267d640a6746b5ac342c325987f398400e8b86c58f99675a07d7520095
[INFO] running `Command { std: "docker" "start" "-a" "a6100a267d640a6746b5ac342c325987f398400e8b86c58f99675a07d7520095", kill_on_drop: false }`
[INFO] running `Command { std: "docker" "inspect" "a6100a267d640a6746b5ac342c325987f398400e8b86c58f99675a07d7520095", kill_on_drop: false }`
[INFO] running `Command { std: "docker" "rm" "-f" "a6100a267d640a6746b5ac342c325987f398400e8b86c58f99675a07d7520095", kill_on_drop: false }`
[INFO] [stdout] a6100a267d640a6746b5ac342c325987f398400e8b86c58f99675a07d7520095
[INFO] running `Command { std: "docker" "create" "-v" "/var/lib/crater-agent-workspace/builds/worker-1-tc2/target:/opt/rustwide/target:rw,Z" "-v" "/var/lib/crater-agent-workspace/builds/worker-1-tc2/source:/opt/rustwide/workdir:ro,Z" "-v" "/var/lib/crater-agent-workspace/cargo-home:/opt/rustwide/cargo-home:ro,Z" "-v" "/var/lib/crater-agent-workspace/rustup-home:/opt/rustwide/rustup-home:ro,Z" "-e" "SOURCE_DIR=/opt/rustwide/workdir" "-e" "CARGO_TARGET_DIR=/opt/rustwide/target" "-e" "CARGO_INCREMENTAL=0" "-e" "RUST_BACKTRACE=full" "-e" "RUSTFLAGS=--cap-lints=warn" "-e" "RUSTDOCFLAGS=--cap-lints=warn" "-e" "CARGO_HOME=/opt/rustwide/cargo-home" "-e" "RUSTUP_HOME=/opt/rustwide/rustup-home" "-w" "/opt/rustwide/workdir" "-m" "1610612736" "--user" "0:0" "--network" "none" "ghcr.io/rust-lang/crates-build-env/linux@sha256:5ff2268d62e97bff2cde7d5815dd6ed5b47097566f13b8d0ca110b04b60e07ed" "/opt/rustwide/cargo-home/bin/cargo" "+beta-2023-04-20" "build" "--frozen" "--message-format=json", kill_on_drop: false }`
[INFO] [stdout] 466125ac620d7aa0c4f91b3443b1c395f069b4c6375cc8660017219806321e02
[INFO] running `Command { std: "docker" "start" "-a" "466125ac620d7aa0c4f91b3443b1c395f069b4c6375cc8660017219806321e02", kill_on_drop: false }`
[INFO] [stderr]    Compiling libc v0.2.97
[INFO] [stderr]    Compiling syn v1.0.73
[INFO] [stderr]    Compiling log v0.4.14
[INFO] [stderr]    Compiling once_cell v1.8.0
[INFO] [stderr]    Compiling bytes v1.0.1
[INFO] [stderr]    Compiling smallvec v1.6.1
[INFO] [stderr]    Compiling instant v0.1.9
[INFO] [stderr]    Compiling tokio v1.7.1
[INFO] [stderr]    Compiling lock_api v0.4.4
[INFO] [stderr]    Compiling futures-sink v0.3.15
[INFO] [stderr]    Compiling fnv v1.0.7
[INFO] [stderr]    Compiling futures-task v0.3.15
[INFO] [stderr]    Compiling futures-util v0.3.15
[INFO] [stderr]    Compiling serde_derive v1.0.126
[INFO] [stderr]    Compiling indexmap v1.6.2
[INFO] [stderr]    Compiling standback v0.2.17
[INFO] [stderr]    Compiling typenum v1.13.0
[INFO] [stderr]    Compiling serde v1.0.126
[INFO] [stderr]    Compiling tracing-core v0.1.18
[INFO] [stderr]    Compiling generic-array v0.14.4
[INFO] [stderr]    Compiling httparse v1.4.1
[INFO] [stderr]    Compiling hashbrown v0.9.1
[INFO] [stderr]    Compiling percent-encoding v2.1.0
[INFO] [stderr]    Compiling const_fn v0.4.8
[INFO] [stderr]    Compiling http v0.2.4
[INFO] [stderr]    Compiling pkg-config v0.3.19
[INFO] [stderr]    Compiling tracing v0.1.26
[INFO] [stderr]    Compiling local-waker v0.1.1
[INFO] [stderr]    Compiling miniz_oxide v0.4.4
[INFO] [stderr]    Compiling time v0.2.27
[INFO] [stderr]    Compiling encoding_rs v0.8.28
[INFO] [stderr]    Compiling crc32fast v1.2.1
[INFO] [stderr]    Compiling zstd-safe v3.1.0+zstd.1.4.9
[INFO] [stderr]    Compiling paste v1.0.5
[INFO] [stderr]    Compiling actix-utils v3.0.0
[INFO] [stderr]    Compiling form_urlencoded v1.0.1
[INFO] [stderr]    Compiling ahash v0.7.4
[INFO] [stderr]    Compiling ppv-lite86 v0.2.10
[INFO] [stderr]    Compiling tinyvec_macros v0.1.0
[INFO] [stderr]    Compiling adler v1.0.2
[INFO] [stderr]    Compiling convert_case v0.4.0
[INFO] [stderr]    Compiling jobserver v0.1.22
[INFO] [stderr]    Compiling parking_lot_core v0.8.3
[INFO] [stderr]    Compiling signal-hook-registry v1.4.0
[INFO] [stderr]    Compiling socket2 v0.4.0
[INFO] [stderr]    Compiling getrandom v0.2.3
[INFO] [stderr]    Compiling mime v0.3.16
[INFO] [stderr]    Compiling cc v1.0.68
[INFO] [stderr]    Compiling parking_lot v0.11.1
[INFO] [stderr]    Compiling rand_core v0.6.3
[INFO] [stderr]    Compiling tinyvec v1.2.0
[INFO] [stderr]    Compiling actix-service v2.0.0
[INFO] [stderr]    Compiling num_cpus v1.13.0
[INFO] [stderr]    Compiling bytestring v1.0.0
[INFO] [stderr]    Compiling rand_chacha v0.3.1
[INFO] [stderr]    Compiling cookie v0.15.0
[INFO] [stderr]    Compiling base64 v0.13.0
[INFO] [stderr]    Compiling opaque-debug v0.3.0
[INFO] [stderr]    Compiling cpufeatures v0.1.4
[INFO] [stderr]    Compiling flate2 v1.0.20
[INFO] [stderr]    Compiling unicode-bidi v0.3.5
[INFO] [stderr]    Compiling block-buffer v0.9.0
[INFO] [stderr]    Compiling digest v0.9.0
[INFO] [stderr]    Compiling rand v0.8.4
[INFO] [stderr]    Compiling unicase v2.6.0
[INFO] [stderr]    Compiling sha-1 v0.9.6
[INFO] [stderr]    Compiling futures-io v0.3.17
[INFO] [stderr]    Compiling fastrand v1.5.0
[INFO] [stderr]    Compiling openssl v0.10.35
[INFO] [stderr]    Compiling language-tags v0.3.2
[INFO] [stderr]    Compiling unicode-normalization v0.1.19
[INFO] [stderr]    Compiling foreign-types-shared v0.1.1
[INFO] [stderr]    Compiling futures-lite v1.12.0
[INFO] [stderr]    Compiling local-channel v0.1.2
[INFO] [stderr]    Compiling foreign-types v0.3.2
[INFO] [stderr]    Compiling futures-channel v0.3.15
[INFO] [stderr]    Compiling native-tls v0.2.7
[INFO] [stderr]    Compiling zstd-sys v1.5.0+zstd.1.4.9
[INFO] [stderr]    Compiling brotli-sys v0.3.2
[INFO] [stderr]    Compiling openssl-sys v0.9.65
[INFO] [stderr]    Compiling openssl-probe v0.1.4
[INFO] [stderr]    Compiling try-lock v0.2.3
[INFO] [stderr]    Compiling http-body v0.4.2
[INFO] [stderr]    Compiling num-traits v0.2.14
[INFO] [stderr]    Compiling tower-service v0.3.1
[INFO] [stderr]    Compiling either v1.6.1
[INFO] [stderr]    Compiling httpdate v1.0.1
[INFO] [stderr]    Compiling crossbeam-utils v0.8.5
[INFO] [stderr]    Compiling mime_guess v2.0.3
[INFO] [stderr]    Compiling idna v0.2.3
[INFO] [stderr]    Compiling atty v0.2.14
[INFO] [stderr]    Compiling dirs-sys v0.3.6
[INFO] [stderr]    Compiling blocking v1.0.2
[INFO] [stderr]    Compiling async-executor v1.4.1
[INFO] [stderr]    Compiling humantime v2.1.0
[INFO] [stderr]    Compiling byteorder v1.4.3
[INFO] [stderr]    Compiling ipnet v2.3.1
[INFO] [stderr]    Compiling http-range v0.1.4
[INFO] [stderr]    Compiling url v2.2.2
[INFO] [stderr]    Compiling askama_escape v0.10.1
[INFO] [stderr]    Compiling fxhash v0.2.1
[INFO] [stderr]    Compiling dirs v3.0.2
[INFO] [stderr]    Compiling dotenv v0.15.0
[INFO] [stderr]    Compiling ordered-float v2.5.1
[INFO] [stderr]    Compiling brotli2 v0.3.2
[INFO] [stderr]    Compiling ctor v0.1.21
[INFO] [stderr]    Compiling actix-macros v0.2.1
[INFO] [stderr]    Compiling time-macros-impl v0.1.2
[INFO] [stderr]    Compiling pin-project-internal v1.0.7
[INFO] [stderr]    Compiling derive_more v0.99.14
[INFO] [stderr]    Compiling value-bag v1.0.0-alpha.7
[INFO] [stderr]    Compiling actix-web-codegen v0.5.0-beta.3
[INFO] [stderr]    Compiling time-macros v0.1.1
[INFO] [stderr]    Compiling mio v0.7.13
[INFO] [stderr]    Compiling want v0.3.0
[INFO] [stderr]    Compiling polling v2.1.0
[INFO] [stderr]    Compiling kv-log-macro v1.0.7
[INFO] [stderr]    Compiling async-io v1.6.0
[INFO] [stderr]    Compiling env_logger v0.8.4
[INFO] [stderr]    Compiling pin-project v1.0.7
[INFO] [stderr]    Compiling async-global-executor v2.0.2
[INFO] [stderr]    Compiling async-std v1.10.0
[INFO] [stderr]    Compiling tokio-util v0.6.7
[INFO] [stderr]    Compiling actix-rt v2.2.0
[INFO] [stderr]    Compiling tokio-native-tls v0.3.0
[INFO] [stderr]    Compiling actix-server v2.0.0-beta.5
[INFO] [stderr]    Compiling h2 v0.3.3
[INFO] [stderr]    Compiling actix-codec v0.4.0
[INFO] [stderr]    Compiling actix-tls v3.0.0-beta.5
[INFO] [stderr]    Compiling serde_urlencoded v0.7.0
[INFO] [stderr]    Compiling serde_json v1.0.64
[INFO] [stderr]    Compiling actix-router v0.2.7
[INFO] [stderr]    Compiling hyper v0.14.9
[INFO] [stderr]    Compiling hyper-tls v0.5.0
[INFO] [stderr]    Compiling reqwest v0.11.4
[INFO] [stderr]    Compiling zstd v0.7.0+zstd.1.4.9
[INFO] [stderr]    Compiling actix-http v3.0.0-beta.8
[INFO] [stderr]    Compiling awc v3.0.0-beta.6
[INFO] [stderr]    Compiling actix-web v4.0.0-beta.8
[INFO] [stderr]    Compiling actix-http-test v3.0.0-beta.4
[INFO] [stderr]    Compiling actix-files v0.6.0-beta.6
[INFO] [stderr]    Compiling actix-test v0.1.0-beta.3
[INFO] [stderr]    Compiling funes v0.3.0 (/opt/rustwide/workdir)
[INFO] [stderr]     Finished dev [unoptimized + debuginfo] target(s) in 32.88s
[INFO] running `Command { std: "docker" "inspect" "466125ac620d7aa0c4f91b3443b1c395f069b4c6375cc8660017219806321e02", kill_on_drop: false }`
[INFO] running `Command { std: "docker" "rm" "-f" "466125ac620d7aa0c4f91b3443b1c395f069b4c6375cc8660017219806321e02", kill_on_drop: false }`
[INFO] [stdout] 466125ac620d7aa0c4f91b3443b1c395f069b4c6375cc8660017219806321e02
[INFO] running `Command { std: "docker" "create" "-v" "/var/lib/crater-agent-workspace/builds/worker-1-tc2/target:/opt/rustwide/target:rw,Z" "-v" "/var/lib/crater-agent-workspace/builds/worker-1-tc2/source:/opt/rustwide/workdir:ro,Z" "-v" "/var/lib/crater-agent-workspace/cargo-home:/opt/rustwide/cargo-home:ro,Z" "-v" "/var/lib/crater-agent-workspace/rustup-home:/opt/rustwide/rustup-home:ro,Z" "-e" "SOURCE_DIR=/opt/rustwide/workdir" "-e" "CARGO_TARGET_DIR=/opt/rustwide/target" "-e" "CARGO_INCREMENTAL=0" "-e" "RUST_BACKTRACE=full" "-e" "RUSTFLAGS=--cap-lints=warn" "-e" "RUSTDOCFLAGS=--cap-lints=warn" "-e" "CARGO_HOME=/opt/rustwide/cargo-home" "-e" "RUSTUP_HOME=/opt/rustwide/rustup-home" "-w" "/opt/rustwide/workdir" "-m" "1610612736" "--user" "0:0" "--network" "none" "ghcr.io/rust-lang/crates-build-env/linux@sha256:5ff2268d62e97bff2cde7d5815dd6ed5b47097566f13b8d0ca110b04b60e07ed" "/opt/rustwide/cargo-home/bin/cargo" "+beta-2023-04-20" "test" "--frozen" "--no-run" "--message-format=json", kill_on_drop: false }`
[INFO] [stdout] 58be53e0bc3dc6eb85b2cb689b91b634477a61eb9bcae0545dbbcfa1e8b4fb90
[INFO] running `Command { std: "docker" "start" "-a" "58be53e0bc3dc6eb85b2cb689b91b634477a61eb9bcae0545dbbcfa1e8b4fb90", kill_on_drop: false }`
[INFO] [stderr]    Compiling funes v0.3.0 (/opt/rustwide/workdir)
[INFO] [stderr]     Finished test [unoptimized + debuginfo] target(s) in 17.24s
[INFO] running `Command { std: "docker" "inspect" "58be53e0bc3dc6eb85b2cb689b91b634477a61eb9bcae0545dbbcfa1e8b4fb90", kill_on_drop: false }`
[INFO] running `Command { std: "docker" "rm" "-f" "58be53e0bc3dc6eb85b2cb689b91b634477a61eb9bcae0545dbbcfa1e8b4fb90", kill_on_drop: false }`
[INFO] [stdout] 58be53e0bc3dc6eb85b2cb689b91b634477a61eb9bcae0545dbbcfa1e8b4fb90
[INFO] running `Command { std: "docker" "create" "-v" "/var/lib/crater-agent-workspace/builds/worker-1-tc2/target:/opt/rustwide/target:rw,Z" "-v" "/var/lib/crater-agent-workspace/builds/worker-1-tc2/source:/opt/rustwide/workdir:ro,Z" "-v" "/var/lib/crater-agent-workspace/cargo-home:/opt/rustwide/cargo-home:ro,Z" "-v" "/var/lib/crater-agent-workspace/rustup-home:/opt/rustwide/rustup-home:ro,Z" "-e" "SOURCE_DIR=/opt/rustwide/workdir" "-e" "CARGO_TARGET_DIR=/opt/rustwide/target" "-e" "CARGO_INCREMENTAL=0" "-e" "RUST_BACKTRACE=full" "-e" "RUSTFLAGS=--cap-lints=warn" "-e" "RUSTDOCFLAGS=--cap-lints=warn" "-e" "CARGO_HOME=/opt/rustwide/cargo-home" "-e" "RUSTUP_HOME=/opt/rustwide/rustup-home" "-w" "/opt/rustwide/workdir" "-m" "1610612736" "--user" "0:0" "--network" "none" "ghcr.io/rust-lang/crates-build-env/linux@sha256:5ff2268d62e97bff2cde7d5815dd6ed5b47097566f13b8d0ca110b04b60e07ed" "/opt/rustwide/cargo-home/bin/cargo" "+beta-2023-04-20" "test" "--frozen", kill_on_drop: false }`
[INFO] [stdout] b0178ee5057ef5d64f53604720ac5c9c8bad130970734e1684721169b860d49c
[INFO] running `Command { std: "docker" "start" "-a" "b0178ee5057ef5d64f53604720ac5c9c8bad130970734e1684721169b860d49c", kill_on_drop: false }`
[INFO] [stderr]     Finished test [unoptimized + debuginfo] target(s) in 1.86s
[INFO] [stderr]      Running unittests src/lib.rs (/opt/rustwide/target/debug/deps/funes-8975330d7716dc1b)
[INFO] [stdout] 
[INFO] [stdout] running 4 tests
[INFO] [stdout] test handlers::tests::test_health ... ok
[INFO] [stdout] test handlers::tests::test_resource_status ... ok
[INFO] [stdout] test handlers::tests::post_api ... FAILED
[INFO] [stdout] test handlers::tests::get_api ... FAILED
[INFO] [stdout] 
[INFO] [stdout] failures:
[INFO] [stdout] 
[INFO] [stdout] ---- handlers::tests::post_api stdout ----
[INFO] [stdout] thread 'handlers::tests::post_api' panicked at 'assertion failed: `(left == right)`
[INFO] [stdout]   left: `Object({})`,
[INFO] [stdout]  right: `Object({"body": String("body"), "id": Number(101), "title": String("title"), "userId": Number(1)})`', src/handlers.rs:195:9
[INFO] [stdout] stack backtrace:
[INFO] [stdout]    0:     0x559373bf7e3a - std::backtrace_rs::backtrace::libunwind::trace::h2f05d0192276a8f6
[INFO] [stdout]                                at /rustc/1b7dd2252b99671ce5d1cb9664c5f8636329436d/library/std/src/../../backtrace/src/backtrace/libunwind.rs:93:5
[INFO] [stdout]    1:     0x559373bf7e3a - std::backtrace_rs::backtrace::trace_unsynchronized::hedc23dff7a1af150
[INFO] [stdout]                                at /rustc/1b7dd2252b99671ce5d1cb9664c5f8636329436d/library/std/src/../../backtrace/src/backtrace/mod.rs:66:5
[INFO] [stdout]    2:     0x559373bf7e3a - std::sys_common::backtrace::_print_fmt::h17541ef7592f3ce2
[INFO] [stdout]                                at /rustc/1b7dd2252b99671ce5d1cb9664c5f8636329436d/library/std/src/sys_common/backtrace.rs:65:5
[INFO] [stdout]    3:     0x559373bf7e3a - <std::sys_common::backtrace::_print::DisplayBacktrace as core::fmt::Display>::fmt::h20f75df5ab0c0792
[INFO] [stdout]                                at /rustc/1b7dd2252b99671ce5d1cb9664c5f8636329436d/library/std/src/sys_common/backtrace.rs:44:22
[INFO] [stdout]    4:     0x559373c1fc6f - core::fmt::write::h78109e6f466b3af6
[INFO] [stdout]                                at /rustc/1b7dd2252b99671ce5d1cb9664c5f8636329436d/library/core/src/fmt/mod.rs:1254:17
[INFO] [stdout]    5:     0x559373bf4535 - std::io::Write::write_fmt::hd24bfb68a1b35a25
[INFO] [stdout]                                at /rustc/1b7dd2252b99671ce5d1cb9664c5f8636329436d/library/std/src/io/mod.rs:1698:15
[INFO] [stdout]    6:     0x559373bf7c05 - std::sys_common::backtrace::_print::h8dac57a9f8fbf9a5
[INFO] [stdout]                                at /rustc/1b7dd2252b99671ce5d1cb9664c5f8636329436d/library/std/src/sys_common/backtrace.rs:47:5
[INFO] [stdout]    7:     0x559373bf7c05 - std::sys_common::backtrace::print::hf9ecbf41d1aa712f
[INFO] [stdout]                                at /rustc/1b7dd2252b99671ce5d1cb9664c5f8636329436d/library/std/src/sys_common/backtrace.rs:34:9
[INFO] [stdout]    8:     0x559373bf98be - std::panicking::default_hook::{{closure}}::h04c07acfc84ca028
[INFO] [stdout]                                at /rustc/1b7dd2252b99671ce5d1cb9664c5f8636329436d/library/std/src/panicking.rs:269:22
[INFO] [stdout]    9:     0x559373bf95f1 - std::panicking::default_hook::h01f6bb23e1eceb2c
[INFO] [stdout]                                at /rustc/1b7dd2252b99671ce5d1cb9664c5f8636329436d/library/std/src/panicking.rs:285:9
[INFO] [stdout]   10:     0x5593733a4c1b - <alloc::boxed::Box<F,A> as core::ops::function::Fn<Args>>::call::h87fe9f7b2fd49e4c
[INFO] [stdout]                                at /rustc/1b7dd2252b99671ce5d1cb9664c5f8636329436d/library/alloc/src/boxed.rs:1987:9
[INFO] [stdout]   11:     0x5593733a4c1b - test::test_main::{{closure}}::he94d679243a7531b
[INFO] [stdout]                                at /rustc/1b7dd2252b99671ce5d1cb9664c5f8636329436d/library/test/src/lib.rs:134:21
[INFO] [stdout]   12:     0x559373bf9fa4 - <alloc::boxed::Box<F,A> as core::ops::function::Fn<Args>>::call::h3f2d6d8b14c4769f
[INFO] [stdout]                                at /rustc/1b7dd2252b99671ce5d1cb9664c5f8636329436d/library/alloc/src/boxed.rs:1987:9
[INFO] [stdout]   13:     0x559373bf9fa4 - std::panicking::rust_panic_with_hook::h2bb3722bbaf2f6df
[INFO] [stdout]                                at /rustc/1b7dd2252b99671ce5d1cb9664c5f8636329436d/library/std/src/panicking.rs:695:13
[INFO] [stdout]   14:     0x559373bf9d19 - std::panicking::begin_panic_handler::{{closure}}::h91bc7f36a4be011b
[INFO] [stdout]                                at /rustc/1b7dd2252b99671ce5d1cb9664c5f8636329436d/library/std/src/panicking.rs:582:13
[INFO] [stdout]   15:     0x559373bf82a6 - std::sys_common::backtrace::__rust_end_short_backtrace::h8b3d3717114f9e59
[INFO] [stdout]                                at /rustc/1b7dd2252b99671ce5d1cb9664c5f8636329436d/library/std/src/sys_common/backtrace.rs:150:18
[INFO] [stdout]   16:     0x559373bf9a72 - rust_begin_unwind
[INFO] [stdout]                                at /rustc/1b7dd2252b99671ce5d1cb9664c5f8636329436d/library/std/src/panicking.rs:578:5
[INFO] [stdout]   17:     0x559373135693 - core::panicking::panic_fmt::hfd368e3fbdabea26
[INFO] [stdout]                                at /rustc/1b7dd2252b99671ce5d1cb9664c5f8636329436d/library/core/src/panicking.rs:67:14
[INFO] [stdout]   18:     0x559373135abf - core::panicking::assert_failed_inner::haef49168e1798a91
[INFO] [stdout]   19:     0x5593731a8e5a - core::panicking::assert_failed::h55528c0fdcc4af21
[INFO] [stdout]                                at /rustc/1b7dd2252b99671ce5d1cb9664c5f8636329436d/library/core/src/panicking.rs:228:5
[INFO] [stdout]   20:     0x559373255d7c - funes::handlers::tests::post_api::{{closure}}::h17b2f0c2063fbd85
[INFO] [stdout]                                at /opt/rustwide/workdir/src/handlers.rs:195:9
[INFO] [stdout]   21:     0x5593731f5870 - <tokio::task::local::RunUntil<T> as core::future::future::Future>::poll::{{closure}}::{{closure}}::hb8c5b6212dc36907
[INFO] [stdout]                                at /opt/rustwide/cargo-home/registry/src/index.crates.io-6f17d22bba15001f/tokio-1.7.1/src/task/local.rs:634:65
[INFO] [stdout]   22:     0x5593732be120 - tokio::coop::with_budget::{{closure}}::h1c556c4bdd0a46ac
[INFO] [stdout]                                at /opt/rustwide/cargo-home/registry/src/index.crates.io-6f17d22bba15001f/tokio-1.7.1/src/coop.rs:106:9
[INFO] [stdout]   23:     0x559373279659 - std::thread::local::LocalKey<T>::try_with::h49a2492e125cab99
[INFO] [stdout]                                at /rustc/1b7dd2252b99671ce5d1cb9664c5f8636329436d/library/std/src/thread/local.rs:252:16
[INFO] [stdout]   24:     0x559373276e3a - std::thread::local::LocalKey<T>::with::h520ca439ad74f512
[INFO] [stdout]                                at /rustc/1b7dd2252b99671ce5d1cb9664c5f8636329436d/library/std/src/thread/local.rs:228:9
[INFO] [stdout]   25:     0x5593731f480f - tokio::coop::with_budget::h7f8ea1d19540f146
[INFO] [stdout]                                at /opt/rustwide/cargo-home/registry/src/index.crates.io-6f17d22bba15001f/tokio-1.7.1/src/coop.rs:99:5
[INFO] [stdout]   26:     0x5593731f480f - tokio::coop::budget::h19e18d9bdf724ddb
[INFO] [stdout]                                at /opt/rustwide/cargo-home/registry/src/index.crates.io-6f17d22bba15001f/tokio-1.7.1/src/coop.rs:76:5
[INFO] [stdout]   27:     0x5593731f480f - <tokio::task::local::RunUntil<T> as core::future::future::Future>::poll::{{closure}}::h5ed251b945e38d7f
[INFO] [stdout]                                at /opt/rustwide/cargo-home/registry/src/index.crates.io-6f17d22bba15001f/tokio-1.7.1/src/task/local.rs:634:42
[INFO] [stdout]   28:     0x5593732adb67 - tokio::macros::scoped_tls::ScopedKey<T>::set::hf6c14e10aa5ea22a
[INFO] [stdout]                                at /opt/rustwide/cargo-home/registry/src/index.crates.io-6f17d22bba15001f/tokio-1.7.1/src/macros/scoped_tls.rs:61:9
[INFO] [stdout]   29:     0x5593731f1e97 - tokio::task::local::LocalSet::with::h5414884bf89d0cca
[INFO] [stdout]                                at /opt/rustwide/cargo-home/registry/src/index.crates.io-6f17d22bba15001f/tokio-1.7.1/src/task/local.rs:548:9
[INFO] [stdout]   30:     0x5593731f41aa - <tokio::task::local::RunUntil<T> as core::future::future::Future>::poll::h2d1eb9008ebc489c
[INFO] [stdout]                                at /opt/rustwide/cargo-home/registry/src/index.crates.io-6f17d22bba15001f/tokio-1.7.1/src/task/local.rs:624:9
[INFO] [stdout]   31:     0x5593731f2ff5 - tokio::task::local::LocalSet::run_until::{{closure}}::h67b1f2b6b462d161
[INFO] [stdout]                                at /opt/rustwide/cargo-home/registry/src/index.crates.io-6f17d22bba15001f/tokio-1.7.1/src/task/local.rs:498:18
[INFO] [stdout]   32:     0x5593732096db - <core::pin::Pin<P> as core::future::future::Future>::poll::h7a18bf4536484d5b
[INFO] [stdout]                                at /rustc/1b7dd2252b99671ce5d1cb9664c5f8636329436d/library/core/src/future/future.rs:125:9
[INFO] [stdout]   33:     0x5593732843e4 - tokio::runtime::basic_scheduler::Inner<P>::block_on::{{closure}}::{{closure}}::h4c11180421ca55bd
[INFO] [stdout]                                at /opt/rustwide/cargo-home/registry/src/index.crates.io-6f17d22bba15001f/tokio-1.7.1/src/runtime/basic_scheduler.rs:213:62
[INFO] [stdout]   34:     0x5593732be5e0 - tokio::coop::with_budget::{{closure}}::h34fc7c711329f7b7
[INFO] [stdout]                                at /opt/rustwide/cargo-home/registry/src/index.crates.io-6f17d22bba15001f/tokio-1.7.1/src/coop.rs:106:9
[INFO] [stdout]   35:     0x559373278819 - std::thread::local::LocalKey<T>::try_with::h321cfd97a6644594
[INFO] [stdout]                                at /rustc/1b7dd2252b99671ce5d1cb9664c5f8636329436d/library/std/src/thread/local.rs:252:16
[INFO] [stdout]   36:     0x559373276aca - std::thread::local::LocalKey<T>::with::h1800ebf6872033b0
[INFO] [stdout]                                at /rustc/1b7dd2252b99671ce5d1cb9664c5f8636329436d/library/std/src/thread/local.rs:228:9
[INFO] [stdout]   37:     0x559373281956 - tokio::coop::with_budget::h0fc66bcacb81fca7
[INFO] [stdout]                                at /opt/rustwide/cargo-home/registry/src/index.crates.io-6f17d22bba15001f/tokio-1.7.1/src/coop.rs:99:5
[INFO] [stdout]   38:     0x559373281956 - tokio::coop::budget::hc7431b774d2e859d
[INFO] [stdout]                                at /opt/rustwide/cargo-home/registry/src/index.crates.io-6f17d22bba15001f/tokio-1.7.1/src/coop.rs:76:5
[INFO] [stdout]   39:     0x559373281956 - tokio::runtime::basic_scheduler::Inner<P>::block_on::{{closure}}::hd45f5aa2db46db3f
[INFO] [stdout]                                at /opt/rustwide/cargo-home/registry/src/index.crates.io-6f17d22bba15001f/tokio-1.7.1/src/runtime/basic_scheduler.rs:213:39
[INFO] [stdout]   40:     0x559373288ef1 - tokio::runtime::basic_scheduler::enter::{{closure}}::h6e9a4910605e206a
[INFO] [stdout]                                at /opt/rustwide/cargo-home/registry/src/index.crates.io-6f17d22bba15001f/tokio-1.7.1/src/runtime/basic_scheduler.rs:323:29
[INFO] [stdout]   41:     0x5593732ad757 - tokio::macros::scoped_tls::ScopedKey<T>::set::hd7110fde9aecae3d
[INFO] [stdout]                                at /opt/rustwide/cargo-home/registry/src/index.crates.io-6f17d22bba15001f/tokio-1.7.1/src/macros/scoped_tls.rs:61:9
[INFO] [stdout]   42:     0x559373287c46 - tokio::runtime::basic_scheduler::enter::h6daa256551d41fe3
[INFO] [stdout]                                at /opt/rustwide/cargo-home/registry/src/index.crates.io-6f17d22bba15001f/tokio-1.7.1/src/runtime/basic_scheduler.rs:323:5
[INFO] [stdout]   43:     0x55937327ebdb - tokio::runtime::basic_scheduler::Inner<P>::block_on::h5baba88242dbcccb
[INFO] [stdout]                                at /opt/rustwide/cargo-home/registry/src/index.crates.io-6f17d22bba15001f/tokio-1.7.1/src/runtime/basic_scheduler.rs:202:9
[INFO] [stdout]   44:     0x559373284ad6 - tokio::runtime::basic_scheduler::InnerGuard<P>::block_on::h42627c1d8ed0dd37
[INFO] [stdout]                                at /opt/rustwide/cargo-home/registry/src/index.crates.io-6f17d22bba15001f/tokio-1.7.1/src/runtime/basic_scheduler.rs:516:9
[INFO] [stdout]   45:     0x5593732859d7 - tokio::runtime::basic_scheduler::BasicScheduler<P>::block_on::h4e24a209584dc817
[INFO] [stdout]                                at /opt/rustwide/cargo-home/registry/src/index.crates.io-6f17d22bba15001f/tokio-1.7.1/src/runtime/basic_scheduler.rs:162:24
[INFO] [stdout]   46:     0x5593731a9fd7 - tokio::runtime::Runtime::block_on::hb7fb1f72c798c7bf
[INFO] [stdout]                                at /opt/rustwide/cargo-home/registry/src/index.crates.io-6f17d22bba15001f/tokio-1.7.1/src/runtime/mod.rs:450:46
[INFO] [stdout]   47:     0x5593731f206b - tokio::task::local::LocalSet::block_on::hc37a4df5c4bd41c9
[INFO] [stdout]                                at /opt/rustwide/cargo-home/registry/src/index.crates.io-6f17d22bba15001f/tokio-1.7.1/src/task/local.rs:459:9
[INFO] [stdout]   48:     0x5593732c6e54 - actix_rt::runtime::Runtime::block_on::hfecf29e655361d7c
[INFO] [stdout]                                at /opt/rustwide/cargo-home/registry/src/index.crates.io-6f17d22bba15001f/actix-rt-2.2.0/src/runtime.rs:85:9
[INFO] [stdout]   49:     0x55937320bafa - actix_rt::system::SystemRunner::block_on::h041a7fdbee6cc6cb
[INFO] [stdout]                                at /opt/rustwide/cargo-home/registry/src/index.crates.io-6f17d22bba15001f/actix-rt-2.2.0/src/system.rs:186:9
[INFO] [stdout]   50:     0x559373255572 - funes::handlers::tests::post_api::h6e7283d90c4572b9
[INFO] [stdout]                                at /opt/rustwide/workdir/src/handlers.rs:159:5
[INFO] [stdout]   51:     0x559373255527 - funes::handlers::tests::post_api::{{closure}}::ha2a517fb4f993843
[INFO] [stdout]                                at /opt/rustwide/workdir/src/handlers.rs:159:5
[INFO] [stdout]   52:     0x55937328ac95 - core::ops::function::FnOnce::call_once::he75d3ff238993c1e
[INFO] [stdout]                                at /rustc/1b7dd2252b99671ce5d1cb9664c5f8636329436d/library/core/src/ops/function.rs:250:5
[INFO] [stdout]   53:     0x5593733a9aef - core::ops::function::FnOnce::call_once::ha6a70e79f7481a7e
[INFO] [stdout]                                at /rustc/1b7dd2252b99671ce5d1cb9664c5f8636329436d/library/core/src/ops/function.rs:250:5
[INFO] [stdout]   54:     0x5593733a9aef - test::__rust_begin_short_backtrace::hce33033019b61e69
[INFO] [stdout]                                at /rustc/1b7dd2252b99671ce5d1cb9664c5f8636329436d/library/test/src/lib.rs:655:18
[INFO] [stdout]   55:     0x5593733772dc - test::run_test::{{closure}}::h858d3528838ae3e5
[INFO] [stdout]                                at /rustc/1b7dd2252b99671ce5d1cb9664c5f8636329436d/library/test/src/lib.rs:646:30
[INFO] [stdout]   56:     0x5593733772dc - core::ops::function::FnOnce::call_once{{vtable.shim}}::he8ac2b00f01ae79e
[INFO] [stdout]                                at /rustc/1b7dd2252b99671ce5d1cb9664c5f8636329436d/library/core/src/ops/function.rs:250:5
[INFO] [stdout]   57:     0x5593733a8bc6 - <alloc::boxed::Box<F,A> as core::ops::function::FnOnce<Args>>::call_once::h8093d25b522725ef
[INFO] [stdout]                                at /rustc/1b7dd2252b99671ce5d1cb9664c5f8636329436d/library/alloc/src/boxed.rs:1973:9
[INFO] [stdout]   58:     0x5593733a8bc6 - <core::panic::unwind_safe::AssertUnwindSafe<F> as core::ops::function::FnOnce<()>>::call_once::h5c334c204e4a3913
[INFO] [stdout]                                at /rustc/1b7dd2252b99671ce5d1cb9664c5f8636329436d/library/core/src/panic/unwind_safe.rs:271:9
[INFO] [stdout]   59:     0x5593733a8bc6 - std::panicking::try::do_call::ha8b740c7b9478074
[INFO] [stdout]                                at /rustc/1b7dd2252b99671ce5d1cb9664c5f8636329436d/library/std/src/panicking.rs:485:40
[INFO] [stdout]   60:     0x5593733a8bc6 - std::panicking::try::h5d34f63d0e41b64e
[INFO] [stdout]                                at /rustc/1b7dd2252b99671ce5d1cb9664c5f8636329436d/library/std/src/panicking.rs:449:19
[INFO] [stdout]   61:     0x5593733a8bc6 - std::panic::catch_unwind::hcfbb511e1aa7fc67
[INFO] [stdout]                                at /rustc/1b7dd2252b99671ce5d1cb9664c5f8636329436d/library/std/src/panic.rs:140:14
[INFO] [stdout]   62:     0x5593733a8bc6 - test::run_test_in_process::h9abda90f802eaf21
[INFO] [stdout]                                at /rustc/1b7dd2252b99671ce5d1cb9664c5f8636329436d/library/test/src/lib.rs:678:27
[INFO] [stdout]   63:     0x5593733a8bc6 - test::run_test::run_test_inner::{{closure}}::h0f058de91f6c6edf
[INFO] [stdout]                                at /rustc/1b7dd2252b99671ce5d1cb9664c5f8636329436d/library/test/src/lib.rs:572:39
[INFO] [stdout]   64:     0x559373371ae5 - test::run_test::run_test_inner::{{closure}}::h5ca48a4c59c6c1fb
[INFO] [stdout]                                at /rustc/1b7dd2252b99671ce5d1cb9664c5f8636329436d/library/test/src/lib.rs:599:37
[INFO] [stdout]   65:     0x559373371ae5 - std::sys_common::backtrace::__rust_begin_short_backtrace::h32bd51e1495d4a33
[INFO] [stdout]                                at /rustc/1b7dd2252b99671ce5d1cb9664c5f8636329436d/library/std/src/sys_common/backtrace.rs:134:18
[INFO] [stdout]   66:     0x559373377021 - std::thread::Builder::spawn_unchecked_::{{closure}}::{{closure}}::hc086fae9b128b2db
[INFO] [stdout]                                at /rustc/1b7dd2252b99671ce5d1cb9664c5f8636329436d/library/std/src/thread/mod.rs:526:17
[INFO] [stdout]   67:     0x559373377021 - <core::panic::unwind_safe::AssertUnwindSafe<F> as core::ops::function::FnOnce<()>>::call_once::hb66571888d270d43
[INFO] [stdout]                                at /rustc/1b7dd2252b99671ce5d1cb9664c5f8636329436d/library/core/src/panic/unwind_safe.rs:271:9
[INFO] [stdout]   68:     0x559373377021 - std::panicking::try::do_call::h4fa2ef4f6e51fecf
[INFO] [stdout]                                at /rustc/1b7dd2252b99671ce5d1cb9664c5f8636329436d/library/std/src/panicking.rs:485:40
[INFO] [stdout]   69:     0x559373377021 - std::panicking::try::h1e9e22b8584489b5
[INFO] [stdout]                                at /rustc/1b7dd2252b99671ce5d1cb9664c5f8636329436d/library/std/src/panicking.rs:449:19
[INFO] [stdout]   70:     0x559373377021 - std::panic::catch_unwind::h44698a3de0e0769e
[INFO] [stdout]                                at /rustc/1b7dd2252b99671ce5d1cb9664c5f8636329436d/library/std/src/panic.rs:140:14
[INFO] [stdout]   71:     0x559373377021 - std::thread::Builder::spawn_unchecked_::{{closure}}::h50153abde3fe239e
[INFO] [stdout]                                at /rustc/1b7dd2252b99671ce5d1cb9664c5f8636329436d/library/std/src/thread/mod.rs:525:30
[INFO] [stdout]   72:     0x559373377021 - core::ops::function::FnOnce::call_once{{vtable.shim}}::hbe5bbf6f38394364
[INFO] [stdout]                                at /rustc/1b7dd2252b99671ce5d1cb9664c5f8636329436d/library/core/src/ops/function.rs:250:5
[INFO] [stdout]   73:     0x559373bfe745 - <alloc::boxed::Box<F,A> as core::ops::function::FnOnce<Args>>::call_once::h0d83cb2920a49046
[INFO] [stdout]                                at /rustc/1b7dd2252b99671ce5d1cb9664c5f8636329436d/library/alloc/src/boxed.rs:1973:9
[INFO] [stdout]   74:     0x559373bfe745 - <alloc::boxed::Box<F,A> as core::ops::function::FnOnce<Args>>::call_once::hbe0a008aa7d9ef59
[INFO] [stdout]                                at /rustc/1b7dd2252b99671ce5d1cb9664c5f8636329436d/library/alloc/src/boxed.rs:1973:9
[INFO] [stdout]   75:     0x559373bfe745 - std::sys::unix::thread::Thread::new::thread_start::h3a466996bdf6b1f9
[INFO] [stdout]                                at /rustc/1b7dd2252b99671ce5d1cb9664c5f8636329436d/library/std/src/sys/unix/thread.rs:108:17
[INFO] [stdout]   76:     0x7f4e8160bb43 - <unknown>
[INFO] [stdout]   77:     0x7f4e8169cbb4 - __clone
[INFO] [stdout]   78:                0x0 - <unknown>
[INFO] [stdout] 
[INFO] [stdout] ---- handlers::tests::get_api stdout ----
[INFO] [stdout] thread 'handlers::tests::get_api' panicked at 'assertion failed: `(left == right)`
[INFO] [stdout]   left: `Object({})`,
[INFO] [stdout]  right: `Object({"completed": Bool(false), "id": Number(1), "title": String("delectus aut autem"), "userId": Number(1)})`', src/handlers.rs:156:9
[INFO] [stdout] stack backtrace:
[INFO] [stdout]    0:     0x559373bf7e3a - std::backtrace_rs::backtrace::libunwind::trace::h2f05d0192276a8f6
[INFO] [stdout]                                at /rustc/1b7dd2252b99671ce5d1cb9664c5f8636329436d/library/std/src/../../backtrace/src/backtrace/libunwind.rs:93:5
[INFO] [stdout]    1:     0x559373bf7e3a - std::backtrace_rs::backtrace::trace_unsynchronized::hedc23dff7a1af150
[INFO] [stdout]                                at /rustc/1b7dd2252b99671ce5d1cb9664c5f8636329436d/library/std/src/../../backtrace/src/backtrace/mod.rs:66:5
[INFO] [stdout]    2:     0x559373bf7e3a - std::sys_common::backtrace::_print_fmt::h17541ef7592f3ce2
[INFO] [stdout]                                at /rustc/1b7dd2252b99671ce5d1cb9664c5f8636329436d/library/std/src/sys_common/backtrace.rs:65:5
[INFO] [stdout]    3:     0x559373bf7e3a - <std::sys_common::backtrace::_print::DisplayBacktrace as core::fmt::Display>::fmt::h20f75df5ab0c0792
[INFO] [stdout]                                at /rustc/1b7dd2252b99671ce5d1cb9664c5f8636329436d/library/std/src/sys_common/backtrace.rs:44:22
[INFO] [stdout]    4:     0x559373c1fc6f - core::fmt::write::h78109e6f466b3af6
[INFO] [stdout]                                at /rustc/1b7dd2252b99671ce5d1cb9664c5f8636329436d/library/core/src/fmt/mod.rs:1254:17
[INFO] [stdout]    5:     0x559373bf4535 - std::io::Write::write_fmt::hd24bfb68a1b35a25
[INFO] [stdout]                                at /rustc/1b7dd2252b99671ce5d1cb9664c5f8636329436d/library/std/src/io/mod.rs:1698:15
[INFO] [stdout]    6:     0x559373bf7c05 - std::sys_common::backtrace::_print::h8dac57a9f8fbf9a5
[INFO] [stdout]                                at /rustc/1b7dd2252b99671ce5d1cb9664c5f8636329436d/library/std/src/sys_common/backtrace.rs:47:5
[INFO] [stdout]    7:     0x559373bf7c05 - std::sys_common::backtrace::print::hf9ecbf41d1aa712f
[INFO] [stdout]                                at /rustc/1b7dd2252b99671ce5d1cb9664c5f8636329436d/library/std/src/sys_common/backtrace.rs:34:9
[INFO] [stdout]    8:     0x559373bf98be - std::panicking::default_hook::{{closure}}::h04c07acfc84ca028
[INFO] [stdout]                                at /rustc/1b7dd2252b99671ce5d1cb9664c5f8636329436d/library/std/src/panicking.rs:269:22
[INFO] [stdout]    9:     0x559373bf95f1 - std::panicking::default_hook::h01f6bb23e1eceb2c
[INFO] [stdout]                                at /rustc/1b7dd2252b99671ce5d1cb9664c5f8636329436d/library/std/src/panicking.rs:285:9
[INFO] [stdout]   10:     0x5593733a4c1b - <alloc::boxed::Box<F,A> as core::ops::function::Fn<Args>>::call::h87fe9f7b2fd49e4c
[INFO] [stdout]                                at /rustc/1b7dd2252b99671ce5d1cb9664c5f8636329436d/library/alloc/src/boxed.rs:1987:9
[INFO] [stdout]   11:     0x5593733a4c1b - test::test_main::{{closure}}::he94d679243a7531b
[INFO] [stdout]                                at /rustc/1b7dd2252b99671ce5d1cb9664c5f8636329436d/library/test/src/lib.rs:134:21
[INFO] [stdout]   12:     0x559373bf9fa4 - <alloc::boxed::Box<F,A> as core::ops::function::Fn<Args>>::call::h3f2d6d8b14c4769f
[INFO] [stdout]                                at /rustc/1b7dd2252b99671ce5d1cb9664c5f8636329436d/library/alloc/src/boxed.rs:1987:9
[INFO] [stdout]   13:     0x559373bf9fa4 - std::panicking::rust_panic_with_hook::h2bb3722bbaf2f6df
[INFO] [stdout]                                at /rustc/1b7dd2252b99671ce5d1cb9664c5f8636329436d/library/std/src/panicking.rs:695:13
[INFO] [stdout]   14:     0x559373bf9d19 - std::panicking::begin_panic_handler::{{closure}}::h91bc7f36a4be011b
[INFO] [stdout]                                at /rustc/1b7dd2252b99671ce5d1cb9664c5f8636329436d/library/std/src/panicking.rs:582:13
[INFO] [stdout]   15:     0x559373bf82a6 - std::sys_common::backtrace::__rust_end_short_backtrace::h8b3d3717114f9e59
[INFO] [stdout]                                at /rustc/1b7dd2252b99671ce5d1cb9664c5f8636329436d/library/std/src/sys_common/backtrace.rs:150:18
[INFO] [stdout]   16:     0x559373bf9a72 - rust_begin_unwind
[INFO] [stdout]                                at /rustc/1b7dd2252b99671ce5d1cb9664c5f8636329436d/library/std/src/panicking.rs:578:5
[INFO] [stdout]   17:     0x559373135693 - core::panicking::panic_fmt::hfd368e3fbdabea26
[INFO] [stdout]                                at /rustc/1b7dd2252b99671ce5d1cb9664c5f8636329436d/library/core/src/panicking.rs:67:14
[INFO] [stdout]   18:     0x559373135abf - core::panicking::assert_failed_inner::haef49168e1798a91
[INFO] [stdout]   19:     0x5593731a8e5a - core::panicking::assert_failed::h55528c0fdcc4af21
[INFO] [stdout]                                at /rustc/1b7dd2252b99671ce5d1cb9664c5f8636329436d/library/core/src/panicking.rs:228:5
[INFO] [stdout]   20:     0x559373254e21 - funes::handlers::tests::get_api::{{closure}}::hf95fefba1154672b
[INFO] [stdout]                                at /opt/rustwide/workdir/src/handlers.rs:156:9
[INFO] [stdout]   21:     0x5593731f58a0 - <tokio::task::local::RunUntil<T> as core::future::future::Future>::poll::{{closure}}::{{closure}}::hd70c869662f31513
[INFO] [stdout]                                at /opt/rustwide/cargo-home/registry/src/index.crates.io-6f17d22bba15001f/tokio-1.7.1/src/task/local.rs:634:65
[INFO] [stdout]   22:     0x5593732bf1c0 - tokio::coop::with_budget::{{closure}}::h8999e97b7ae341aa
[INFO] [stdout]                                at /opt/rustwide/cargo-home/registry/src/index.crates.io-6f17d22bba15001f/tokio-1.7.1/src/coop.rs:106:9
[INFO] [stdout]   23:     0x55937327c549 - std::thread::local::LocalKey<T>::try_with::hcfdf31e8de9cc031
[INFO] [stdout]                                at /rustc/1b7dd2252b99671ce5d1cb9664c5f8636329436d/library/std/src/thread/local.rs:252:16
[INFO] [stdout]   24:     0x55937327763a - std::thread::local::LocalKey<T>::with::hd23bc3e64a907f86
[INFO] [stdout]                                at /rustc/1b7dd2252b99671ce5d1cb9664c5f8636329436d/library/std/src/thread/local.rs:228:9
[INFO] [stdout]   25:     0x5593731f45af - tokio::coop::with_budget::h9985ef06dec2a66d
[INFO] [stdout]                                at /opt/rustwide/cargo-home/registry/src/index.crates.io-6f17d22bba15001f/tokio-1.7.1/src/coop.rs:99:5
[INFO] [stdout]   26:     0x5593731f45af - tokio::coop::budget::hc9daf63ba716a11f
[INFO] [stdout]                                at /opt/rustwide/cargo-home/registry/src/index.crates.io-6f17d22bba15001f/tokio-1.7.1/src/coop.rs:76:5
[INFO] [stdout]   27:     0x5593731f45af - <tokio::task::local::RunUntil<T> as core::future::future::Future>::poll::{{closure}}::h410aaa6e0ff9b389
[INFO] [stdout]                                at /opt/rustwide/cargo-home/registry/src/index.crates.io-6f17d22bba15001f/tokio-1.7.1/src/task/local.rs:634:42
[INFO] [stdout]   28:     0x5593732ad857 - tokio::macros::scoped_tls::ScopedKey<T>::set::he0c95fc9a94485ba
[INFO] [stdout]                                at /opt/rustwide/cargo-home/registry/src/index.crates.io-6f17d22bba15001f/tokio-1.7.1/src/macros/scoped_tls.rs:61:9
[INFO] [stdout]   29:     0x5593731f1f17 - tokio::task::local::LocalSet::with::hc89997cf60876024
[INFO] [stdout]                                at /opt/rustwide/cargo-home/registry/src/index.crates.io-6f17d22bba15001f/tokio-1.7.1/src/task/local.rs:548:9
[INFO] [stdout]   30:     0x5593731f444a - <tokio::task::local::RunUntil<T> as core::future::future::Future>::poll::h89e8f11c1e20066b
[INFO] [stdout]                                at /opt/rustwide/cargo-home/registry/src/index.crates.io-6f17d22bba15001f/tokio-1.7.1/src/task/local.rs:624:9
[INFO] [stdout]   31:     0x5593731f3735 - tokio::task::local::LocalSet::run_until::{{closure}}::hdca1b60b2b5de663
[INFO] [stdout]                                at /opt/rustwide/cargo-home/registry/src/index.crates.io-6f17d22bba15001f/tokio-1.7.1/src/task/local.rs:498:18
[INFO] [stdout]   32:     0x5593732097eb - <core::pin::Pin<P> as core::future::future::Future>::poll::h8835b6c01c49214e
[INFO] [stdout]                                at /rustc/1b7dd2252b99671ce5d1cb9664c5f8636329436d/library/core/src/future/future.rs:125:9
[INFO] [stdout]   33:     0x5593732840c4 - tokio::runtime::basic_scheduler::Inner<P>::block_on::{{closure}}::{{closure}}::h29c8e2277e08b8f3
[INFO] [stdout]                                at /opt/rustwide/cargo-home/registry/src/index.crates.io-6f17d22bba15001f/tokio-1.7.1/src/runtime/basic_scheduler.rs:213:62
[INFO] [stdout]   34:     0x5593732c0000 - tokio::coop::with_budget::{{closure}}::he2282cbcc8df4ddd
[INFO] [stdout]                                at /opt/rustwide/cargo-home/registry/src/index.crates.io-6f17d22bba15001f/tokio-1.7.1/src/coop.rs:106:9
[INFO] [stdout]   35:     0x55937327dc39 - std::thread::local::LocalKey<T>::try_with::hfda9175e1afaa596
[INFO] [stdout]                                at /rustc/1b7dd2252b99671ce5d1cb9664c5f8636329436d/library/std/src/thread/local.rs:252:16
[INFO] [stdout]   36:     0x5593732774ba - std::thread::local::LocalKey<T>::with::hb264a03e1b41b7f4
[INFO] [stdout]                                at /rustc/1b7dd2252b99671ce5d1cb9664c5f8636329436d/library/std/src/thread/local.rs:228:9
[INFO] [stdout]   37:     0x5593732823b6 - tokio::coop::with_budget::hbe580f2d620ce52a
[INFO] [stdout]                                at /opt/rustwide/cargo-home/registry/src/index.crates.io-6f17d22bba15001f/tokio-1.7.1/src/coop.rs:99:5
[INFO] [stdout]   38:     0x5593732823b6 - tokio::coop::budget::h9be1d48c682cbf5d
[INFO] [stdout]                                at /opt/rustwide/cargo-home/registry/src/index.crates.io-6f17d22bba15001f/tokio-1.7.1/src/coop.rs:76:5
[INFO] [stdout]   39:     0x5593732823b6 - tokio::runtime::basic_scheduler::Inner<P>::block_on::{{closure}}::he6886fa7a20c79cd
[INFO] [stdout]                                at /opt/rustwide/cargo-home/registry/src/index.crates.io-6f17d22bba15001f/tokio-1.7.1/src/runtime/basic_scheduler.rs:213:39
[INFO] [stdout]   40:     0x559373288eb1 - tokio::runtime::basic_scheduler::enter::{{closure}}::h673bf9942c0c96bf
[INFO] [stdout]                                at /opt/rustwide/cargo-home/registry/src/index.crates.io-6f17d22bba15001f/tokio-1.7.1/src/runtime/basic_scheduler.rs:323:29
[INFO] [stdout]   41:     0x5593732ad017 - tokio::macros::scoped_tls::ScopedKey<T>::set::h6a50bc6ea741899f
[INFO] [stdout]                                at /opt/rustwide/cargo-home/registry/src/index.crates.io-6f17d22bba15001f/tokio-1.7.1/src/macros/scoped_tls.rs:61:9
[INFO] [stdout]   42:     0x5593732878d6 - tokio::runtime::basic_scheduler::enter::h53755d710f07d345
[INFO] [stdout]                                at /opt/rustwide/cargo-home/registry/src/index.crates.io-6f17d22bba15001f/tokio-1.7.1/src/runtime/basic_scheduler.rs:323:5
[INFO] [stdout]   43:     0x55937327ebbb - tokio::runtime::basic_scheduler::Inner<P>::block_on::h4f54167faf943431
[INFO] [stdout]                                at /opt/rustwide/cargo-home/registry/src/index.crates.io-6f17d22bba15001f/tokio-1.7.1/src/runtime/basic_scheduler.rs:202:9
[INFO] [stdout]   44:     0x559373284bf6 - tokio::runtime::basic_scheduler::InnerGuard<P>::block_on::h9ef15c353b7a1bd8
[INFO] [stdout]                                at /opt/rustwide/cargo-home/registry/src/index.crates.io-6f17d22bba15001f/tokio-1.7.1/src/runtime/basic_scheduler.rs:516:9
[INFO] [stdout]   45:     0x559373285257 - tokio::runtime::basic_scheduler::BasicScheduler<P>::block_on::h0b6998aa43c76e17
[INFO] [stdout]                                at /opt/rustwide/cargo-home/registry/src/index.crates.io-6f17d22bba15001f/tokio-1.7.1/src/runtime/basic_scheduler.rs:162:24
[INFO] [stdout]   46:     0x5593731a9977 - tokio::runtime::Runtime::block_on::h286332d2cdc880fd
[INFO] [stdout]                                at /opt/rustwide/cargo-home/registry/src/index.crates.io-6f17d22bba15001f/tokio-1.7.1/src/runtime/mod.rs:450:46
[INFO] [stdout]   47:     0x5593731f21ab - tokio::task::local::LocalSet::block_on::hfcfa4640119a81a7
[INFO] [stdout]                                at /opt/rustwide/cargo-home/registry/src/index.crates.io-6f17d22bba15001f/tokio-1.7.1/src/task/local.rs:459:9
[INFO] [stdout]   48:     0x5593732c6d94 - actix_rt::runtime::Runtime::block_on::h6462b9a9d3602aa1
[INFO] [stdout]                                at /opt/rustwide/cargo-home/registry/src/index.crates.io-6f17d22bba15001f/actix-rt-2.2.0/src/runtime.rs:85:9
[INFO] [stdout]   49:     0x55937320bb0a - actix_rt::system::SystemRunner::block_on::h093200cd97537afa
[INFO] [stdout]                                at /opt/rustwide/cargo-home/registry/src/index.crates.io-6f17d22bba15001f/actix-rt-2.2.0/src/system.rs:186:9
[INFO] [stdout]   50:     0x559373254602 - funes::handlers::tests::get_api::ha24f7ce8fba9b577
[INFO] [stdout]                                at /opt/rustwide/workdir/src/handlers.rs:122:5
[INFO] [stdout]   51:     0x5593732545b7 - funes::handlers::tests::get_api::{{closure}}::h1b0a057ac8529563
[INFO] [stdout]                                at /opt/rustwide/workdir/src/handlers.rs:122:5
[INFO] [stdout]   52:     0x55937328a4f5 - core::ops::function::FnOnce::call_once::h9107d5b620ad64cc
[INFO] [stdout]                                at /rustc/1b7dd2252b99671ce5d1cb9664c5f8636329436d/library/core/src/ops/function.rs:250:5
[INFO] [stdout]   53:     0x5593733a9aef - core::ops::function::FnOnce::call_once::ha6a70e79f7481a7e
[INFO] [stdout]                                at /rustc/1b7dd2252b99671ce5d1cb9664c5f8636329436d/library/core/src/ops/function.rs:250:5
[INFO] [stdout]   54:     0x5593733a9aef - test::__rust_begin_short_backtrace::hce33033019b61e69
[INFO] [stdout]                                at /rustc/1b7dd2252b99671ce5d1cb9664c5f8636329436d/library/test/src/lib.rs:655:18
[INFO] [stdout]   55:     0x5593733772dc - test::run_test::{{closure}}::h858d3528838ae3e5
[INFO] [stdout]                                at /rustc/1b7dd2252b99671ce5d1cb9664c5f8636329436d/library/test/src/lib.rs:646:30
[INFO] [stdout]   56:     0x5593733772dc - core::ops::function::FnOnce::call_once{{vtable.shim}}::he8ac2b00f01ae79e
[INFO] [stdout]                                at /rustc/1b7dd2252b99671ce5d1cb9664c5f8636329436d/library/core/src/ops/function.rs:250:5
[INFO] [stdout]   57:     0x5593733a8bc6 - <alloc::boxed::Box<F,A> as core::ops::function::FnOnce<Args>>::call_once::h8093d25b522725ef
[INFO] [stdout]                                at /rustc/1b7dd2252b99671ce5d1cb9664c5f8636329436d/library/alloc/src/boxed.rs:1973:9
[INFO] [stdout]   58:     0x5593733a8bc6 - <core::panic::unwind_safe::AssertUnwindSafe<F> as core::ops::function::FnOnce<()>>::call_once::h5c334c204e4a3913
[INFO] [stdout]                                at /rustc/1b7dd2252b99671ce5d1cb9664c5f8636329436d/library/core/src/panic/unwind_safe.rs:271:9
[INFO] [stdout]   59:     0x5593733a8bc6 - std::panicking::try::do_call::ha8b740c7b9478074
[INFO] [stdout]                                at /rustc/1b7dd2252b99671ce5d1cb9664c5f8636329436d/library/std/src/panicking.rs:485:40
[INFO] [stdout]   60:     0x5593733a8bc6 - std::panicking::try::h5d34f63d0e41b64e
[INFO] [stdout]                                at /rustc/1b7dd2252b99671ce5d1cb9664c5f8636329436d/library/std/src/panicking.rs:449:19
[INFO] [stdout]   61:     0x5593733a8bc6 - std::panic::catch_unwind::hcfbb511e1aa7fc67
[INFO] [stdout]                                at /rustc/1b7dd2252b99671ce5d1cb9664c5f8636329436d/library/std/src/panic.rs:140:14
[INFO] [stdout]   62:     0x5593733a8bc6 - test::run_test_in_process::h9abda90f802eaf21
[INFO] [stdout]                                at /rustc/1b7dd2252b99671ce5d1cb9664c5f8636329436d/library/test/src/lib.rs:678:27
[INFO] [stdout]   63:     0x5593733a8bc6 - test::run_test::run_test_inner::{{closure}}::h0f058de91f6c6edf
[INFO] [stdout]                                at /rustc/1b7dd2252b99671ce5d1cb9664c5f8636329436d/library/test/src/lib.rs:572:39
[INFO] [stdout]   64:     0x559373371ae5 - test::run_test::run_test_inner::{{closure}}::h5ca48a4c59c6c1fb
[INFO] [stdout]                                at /rustc/1b7dd2252b99671ce5d1cb9664c5f8636329436d/library/test/src/lib.rs:599:37
[INFO] [stdout]   65:     0x559373371ae5 - std::sys_common::backtrace::__rust_begin_short_backtrace::h32bd51e1495d4a33
[INFO] [stdout]                                at /rustc/1b7dd2252b99671ce5d1cb9664c5f8636329436d/library/std/src/sys_common/backtrace.rs:134:18
[INFO] [stdout]   66:     0x559373377021 - std::thread::Builder::spawn_unchecked_::{{closure}}::{{closure}}::hc086fae9b128b2db
[INFO] [stdout]                                at /rustc/1b7dd2252b99671ce5d1cb9664c5f8636329436d/library/std/src/thread/mod.rs:526:17
[INFO] [stdout]   67:     0x559373377021 - <core::panic::unwind_safe::AssertUnwindSafe<F> as core::ops::function::FnOnce<()>>::call_once::hb66571888d270d43
[INFO] [stdout]                                at /rustc/1b7dd2252b99671ce5d1cb9664c5f8636329436d/library/core/src/panic/unwind_safe.rs:271:9
[INFO] [stdout]   68:     0x559373377021 - std::panicking::try::do_call::h4fa2ef4f6e51fecf
[INFO] [stdout]                                at /rustc/1b7dd2252b99671ce5d1cb9664c5f8636329436d/library/std/src/panicking.rs:485:40
[INFO] [stdout]   69:     0x559373377021 - std::panicking::try::h1e9e22b8584489b5
[INFO] [stdout]                                at /rustc/1b7dd2252b99671ce5d1cb9664c5f8636329436d/library/std/src/panicking.rs:449:19
[INFO] [stdout]   70:     0x559373377021 - std::panic::catch_unwind::h44698a3de0e0769e
[INFO] [stdout]                                at /rustc/1b7dd2252b99671ce5d1cb9664c5f8636329436d/library/std/src/panic.rs:140:14
[INFO] [stdout]   71:     0x559373377021 - std::thread::Builder::spawn_unchecked_::{{closure}}::h50153abde3fe239e
[INFO] [stdout]                                at /rustc/1b7dd2252b99671ce5d1cb9664c5f8636329436d/library/std/src/thread/mod.rs:525:30
[INFO] [stdout]   72:     0x559373377021 - core::ops::function::FnOnce::call_once{{vtable.shim}}::hbe5bbf6f38394364
[INFO] [stdout]                                at /rustc/1b7dd2252b99671ce5d1cb9664c5f8636329436d/library/core/src/ops/function.rs:250:5
[INFO] [stdout]   73:     0x559373bfe745 - <alloc::boxed::Box<F,A> as core::ops::function::FnOnce<Args>>::call_once::h0d83cb2920a49046
[INFO] [stdout]                                at /rustc/1b7dd2252b99671ce5d1cb9664c5f8636329436d/library/alloc/src/boxed.rs:1973:9
[INFO] [stdout]   74:     0x559373bfe745 - <alloc::boxed::Box<F,A> as core::ops::function::FnOnce<Args>>::call_once::hbe0a008aa7d9ef59
[INFO] [stdout]                                at /rustc/1b7dd2252b99671ce5d1cb9664c5f8636329436d/library/alloc/src/boxed.rs:1973:9
[INFO] [stdout]   75:     0x559373bfe745 - std::sys::unix::thread::Thread::new::thread_start::h3a466996bdf6b1f9
[INFO] [stdout]                                at /rustc/1b7dd2252b99671ce5d1cb9664c5f8636329436d/library/std/src/sys/unix/thread.rs:108:17
[INFO] [stdout]   76:     0x7f4e8160bb43 - <unknown>
[INFO] [stdout]   77:     0x7f4e8169cbb4 - __clone
[INFO] [stdout]   78:                0x0 - <unknown>
[INFO] [stdout] 
[INFO] [stdout] 
[INFO] [stdout] failures:
[INFO] [stdout]     handlers::tests::get_api
[INFO] [stdout]     handlers::tests::post_api
[INFO] [stdout] 
[INFO] [stdout] test result: FAILED. 2 passed; 2 failed; 0 ignored; 0 measured; 0 filtered out; finished in 0.26s
[INFO] [stdout] 
[INFO] [stderr] error: test failed, to rerun pass `--lib`
[INFO] running `Command { std: "docker" "inspect" "b0178ee5057ef5d64f53604720ac5c9c8bad130970734e1684721169b860d49c", kill_on_drop: false }`
[INFO] running `Command { std: "docker" "rm" "-f" "b0178ee5057ef5d64f53604720ac5c9c8bad130970734e1684721169b860d49c", kill_on_drop: false }`
[INFO] [stdout] b0178ee5057ef5d64f53604720ac5c9c8bad130970734e1684721169b860d49c
