[INFO] fetching crate formulate 0.7.0...
[INFO] testing formulate-0.7.0 against beta-2023-04-20 for beta-1.70-1
[INFO] extracting crate formulate 0.7.0 into /workspace/builds/worker-1-tc2/source
[INFO] validating manifest of crates.io crate formulate 0.7.0 on toolchain beta-2023-04-20
[INFO] running `Command { std: CARGO_HOME="/workspace/cargo-home" RUSTUP_HOME="/workspace/rustup-home" "/workspace/cargo-home/bin/cargo" "+beta-2023-04-20" "metadata" "--manifest-path" "Cargo.toml" "--no-deps", kill_on_drop: false }`
[INFO] started tweaking crates.io crate formulate 0.7.0
[INFO] finished tweaking crates.io crate formulate 0.7.0
[INFO] tweaked toml for crates.io crate formulate 0.7.0 written to /workspace/builds/worker-1-tc2/source/Cargo.toml
[INFO] crate crates.io crate formulate 0.7.0 already has a lockfile, it will not be regenerated
[INFO] running `Command { std: CARGO_HOME="/workspace/cargo-home" RUSTUP_HOME="/workspace/rustup-home" "/workspace/cargo-home/bin/cargo" "+beta-2023-04-20" "fetch" "--manifest-path" "Cargo.toml", kill_on_drop: false }`
[INFO] [stderr]     Updating crates.io index
[INFO] [stderr]  Downloading crates ...
[INFO] [stderr]   Downloaded rocket v0.5.0-rc.3
[INFO] [stderr]   Downloaded stable-pattern v0.1.0
[INFO] [stderr]   Downloaded figment v0.10.6
[INFO] [stderr]   Downloaded email-encoding v0.2.0
[INFO] [stderr]   Downloaded async-stream v0.3.2
[INFO] [stderr]   Downloaded async-stream-impl v0.3.2
[INFO] [stderr]   Downloaded proc-macro2-diagnostics v0.9.1
[INFO] [stderr]   Downloaded spin v0.9.2
[INFO] [stderr]   Downloaded syn v2.0.12
[INFO] [stderr]   Downloaded if_chain v1.0.2
[INFO] [stderr]   Downloaded value-bag v1.0.1
[INFO] [stderr]   Downloaded tokio-stream v0.1.8
[INFO] [stderr]   Downloaded mio v0.8.0
[INFO] [stderr]   Downloaded async-trait v0.1.52
[INFO] [stderr]   Downloaded devise_core v0.4.1
[INFO] [stderr]   Downloaded inlinable_string v0.1.15
[INFO] [stderr]   Downloaded loom v0.5.4
[INFO] [stderr]   Downloaded state v0.5.3
[INFO] [stderr]   Downloaded ctor v0.2.0
[INFO] [stderr]   Downloaded tokio-util v0.7.2
[INFO] [stderr]   Downloaded ubyte v0.10.1
[INFO] [stderr]   Downloaded yansi v0.5.0
[INFO] [stderr]   Downloaded validator_derive v0.14.0
[INFO] [stderr]   Downloaded validator_types v0.14.0
[INFO] [stderr]   Downloaded validator v0.14.0
[INFO] [stderr]   Downloaded email_address v0.2.1
[INFO] [stderr]   Downloaded nom v7.1.0
[INFO] [stderr]   Downloaded quoted_printable v0.4.7
[INFO] [stderr]   Downloaded lettre v0.10.3
[INFO] [stderr]   Downloaded binascii v0.1.4
[INFO] [stderr]   Downloaded multer v2.0.2
[INFO] [stderr]   Downloaded devise_codegen v0.4.1
[INFO] [stderr]   Downloaded proc-macro2-diagnostics v0.10.0
[INFO] [stderr]   Downloaded devise v0.4.1
[INFO] [stderr]   Downloaded rocket_codegen v0.5.0-rc.3
[INFO] [stderr]   Downloaded cookie v0.17.0
[INFO] [stderr]   Downloaded pear_codegen v0.2.3
[INFO] [stderr]   Downloaded pear v0.2.3
[INFO] [stderr]   Downloaded ref-cast-impl v1.0.6
[INFO] [stderr]   Downloaded ref-cast v1.0.6
[INFO] [stderr]   Downloaded rocket_http v0.5.0-rc.3
[INFO] [stderr]   Downloaded uncased v0.9.6
[INFO] [stderr]   Downloaded generator v0.7.0
[INFO] [stderr]   Downloaded tracing-attributes v0.1.19
[INFO] [stderr]   Downloaded tracing v0.1.31
[INFO] [stderr]   Downloaded tracing-subscriber v0.3.9
[INFO] running `Command { std: "docker" "create" "-v" "/var/lib/crater-agent-workspace/builds/worker-1-tc2/target:/opt/rustwide/target:rw,Z" "-v" "/var/lib/crater-agent-workspace/builds/worker-1-tc2/source:/opt/rustwide/workdir:ro,Z" "-v" "/var/lib/crater-agent-workspace/cargo-home:/opt/rustwide/cargo-home:ro,Z" "-v" "/var/lib/crater-agent-workspace/rustup-home:/opt/rustwide/rustup-home:ro,Z" "-e" "SOURCE_DIR=/opt/rustwide/workdir" "-e" "CARGO_TARGET_DIR=/opt/rustwide/target" "-e" "CARGO_HOME=/opt/rustwide/cargo-home" "-e" "RUSTUP_HOME=/opt/rustwide/rustup-home" "-w" "/opt/rustwide/workdir" "-m" "1610612736" "--user" "0:0" "--network" "none" "ghcr.io/rust-lang/crates-build-env/linux@sha256:5ff2268d62e97bff2cde7d5815dd6ed5b47097566f13b8d0ca110b04b60e07ed" "/opt/rustwide/cargo-home/bin/cargo" "+beta-2023-04-20" "metadata" "--no-deps" "--format-version=1", kill_on_drop: false }`
[INFO] [stdout] d08bd38c69802fb5feef78e0ba37f942fa001a1340211b8029b8da090ddf2a24
[INFO] running `Command { std: "docker" "start" "-a" "d08bd38c69802fb5feef78e0ba37f942fa001a1340211b8029b8da090ddf2a24", kill_on_drop: false }`
[INFO] running `Command { std: "docker" "inspect" "d08bd38c69802fb5feef78e0ba37f942fa001a1340211b8029b8da090ddf2a24", kill_on_drop: false }`
[INFO] running `Command { std: "docker" "rm" "-f" "d08bd38c69802fb5feef78e0ba37f942fa001a1340211b8029b8da090ddf2a24", kill_on_drop: false }`
[INFO] [stdout] d08bd38c69802fb5feef78e0ba37f942fa001a1340211b8029b8da090ddf2a24
[INFO] running `Command { std: "docker" "create" "-v" "/var/lib/crater-agent-workspace/builds/worker-1-tc2/target:/opt/rustwide/target:rw,Z" "-v" "/var/lib/crater-agent-workspace/builds/worker-1-tc2/source:/opt/rustwide/workdir:ro,Z" "-v" "/var/lib/crater-agent-workspace/cargo-home:/opt/rustwide/cargo-home:ro,Z" "-v" "/var/lib/crater-agent-workspace/rustup-home:/opt/rustwide/rustup-home:ro,Z" "-e" "SOURCE_DIR=/opt/rustwide/workdir" "-e" "CARGO_TARGET_DIR=/opt/rustwide/target" "-e" "CARGO_INCREMENTAL=0" "-e" "RUST_BACKTRACE=full" "-e" "RUSTFLAGS=--cap-lints=warn" "-e" "RUSTDOCFLAGS=--cap-lints=warn" "-e" "CARGO_HOME=/opt/rustwide/cargo-home" "-e" "RUSTUP_HOME=/opt/rustwide/rustup-home" "-w" "/opt/rustwide/workdir" "-m" "1610612736" "--user" "0:0" "--network" "none" "ghcr.io/rust-lang/crates-build-env/linux@sha256:5ff2268d62e97bff2cde7d5815dd6ed5b47097566f13b8d0ca110b04b60e07ed" "/opt/rustwide/cargo-home/bin/cargo" "+beta-2023-04-20" "build" "--frozen" "--message-format=json", kill_on_drop: false }`
[INFO] [stdout] a991fc9ca0947d01fbf58ccabfc6e2540720bb3b08455b273443600a301f38c1
[INFO] running `Command { std: "docker" "start" "-a" "a991fc9ca0947d01fbf58ccabfc6e2540720bb3b08455b273443600a301f38c1", kill_on_drop: false }`
[INFO] [stderr]    Compiling proc-macro2 v1.0.54
[INFO] [stderr]    Compiling unicode-xid v0.2.2
[INFO] [stderr]    Compiling syn v1.0.86
[INFO] [stderr]    Compiling libc v0.2.140
[INFO] [stderr]    Compiling pin-project-lite v0.2.8
[INFO] [stderr]    Compiling itoa v1.0.1
[INFO] [stderr]    Compiling futures-core v0.3.21
[INFO] [stderr]    Compiling log v0.4.14
[INFO] [stderr]    Compiling futures-channel v0.3.21
[INFO] [stderr]    Compiling serde_derive v1.0.136
[INFO] [stderr]    Compiling pin-utils v0.1.0
[INFO] [stderr]    Compiling serde v1.0.136
[INFO] [stderr]    Compiling yansi v0.5.0
[INFO] [stderr]    Compiling futures-sink v0.3.21
[INFO] [stderr]    Compiling futures-task v0.3.21
[INFO] [stderr]    Compiling http v0.2.6
[INFO] [stderr]    Compiling proc-macro2-diagnostics v0.9.1
[INFO] [stderr]    Compiling futures-util v0.3.21
[INFO] [stderr]    Compiling percent-encoding v2.1.0
[INFO] [stderr]    Compiling httparse v1.6.0
[INFO] [stderr]    Compiling quote v1.0.26
[INFO] [stderr]    Compiling tracing-core v0.1.22
[INFO] [stderr]    Compiling try-lock v0.2.3
[INFO] [stderr]    Compiling num_threads v0.1.6
[INFO] [stderr]    Compiling time-macros v0.2.4
[INFO] [stderr]    Compiling cc v1.0.73
[INFO] [stderr]    Compiling hashbrown v0.11.2
[INFO] [stderr]    Compiling futures-io v0.3.21
[INFO] [stderr]    Compiling socket2 v0.4.4
[INFO] [stderr]    Compiling mio v0.8.0
[INFO] [stderr]    Compiling signal-hook-registry v1.4.0
[INFO] [stderr]    Compiling num_cpus v1.13.1
[INFO] [stderr]    Compiling slab v0.4.5
[INFO] [stderr]    Compiling pkg-config v0.3.24
[INFO] [stderr]    Compiling tracing v0.1.31
[INFO] [stderr]    Compiling cookie v0.17.0
[INFO] [stderr]    Compiling proc-macro2-diagnostics v0.10.0
[INFO] [stderr]    Compiling openssl-sys v0.9.72
[INFO] [stderr]    Compiling tinyvec_macros v0.1.0
[INFO] [stderr]    Compiling httpdate v1.0.2
[INFO] [stderr]    Compiling tinyvec v1.5.1
[INFO] [stderr]    Compiling http-body v0.4.4
[INFO] [stderr]    Compiling syn v2.0.12
[INFO] [stderr]    Compiling indexmap v1.8.0
[INFO] [stderr]    Compiling tower-service v0.3.1
[INFO] [stderr]    Compiling smallvec v1.8.0
[INFO] [stderr]    Compiling inlinable_string v0.1.15
[INFO] [stderr]    Compiling ref-cast v1.0.6
[INFO] [stderr]    Compiling unicode-normalization v0.1.19
[INFO] [stderr]    Compiling uncased v0.9.6
[INFO] [stderr]    Compiling unicode-bidi v0.3.7
[INFO] [stderr]    Compiling io-lifetimes v1.0.9
[INFO] [stderr]    Compiling bitflags v2.0.2
[INFO] [stderr]    Compiling tokio v1.17.0
[INFO] [stderr]    Compiling time v0.3.9
[INFO] [stderr]    Compiling want v0.3.0
[INFO] [stderr]    Compiling getrandom v0.2.5
[INFO] [stderr]    Compiling stable-pattern v0.1.0
[INFO] [stderr]    Compiling parking_lot_core v0.9.3
[INFO] [stderr]    Compiling state v0.5.3
[INFO] [stderr]    Compiling serde_json v1.0.79
[INFO] [stderr]    Compiling encoding_rs v0.8.30
[INFO] [stderr]    Compiling rustix v0.37.6
[INFO] [stderr]    Compiling matches v0.1.9
[INFO] [stderr]    Compiling either v1.6.1
[INFO] [stderr]    Compiling openssl v0.10.38
[INFO] [stderr]    Compiling futures v0.3.21
[INFO] [stderr]    Compiling rand_core v0.6.3
[INFO] [stderr]    Compiling proc-macro-error-attr v1.0.4
[INFO] [stderr]    Compiling aho-corasick v0.7.18
[INFO] [stderr]    Compiling atomic v0.5.1
[INFO] [stderr]    Compiling devise_core v0.4.1
[INFO] [stderr]    Compiling tokio-macros v1.7.0
[INFO] [stderr]    Compiling pear_codegen v0.2.3
[INFO] [stderr]    Compiling ref-cast-impl v1.0.6
[INFO] [stderr]    Compiling hyper v0.14.17
[INFO] [stderr]    Compiling nom v7.1.0
[INFO] [stderr]    Compiling pear v0.2.3
[INFO] [stderr]    Compiling multer v2.0.2
[INFO] [stderr]    Compiling figment v0.10.6
[INFO] [stderr]    Compiling regex-syntax v0.6.25
[INFO] [stderr]    Compiling ryu v1.0.9
[INFO] [stderr]    Compiling linux-raw-sys v0.3.1
[INFO] [stderr]    Compiling native-tls v0.2.8
[INFO] [stderr]    Compiling async-trait v0.1.52
[INFO] [stderr]    Compiling mime v0.3.16
[INFO] [stderr]    Compiling fastrand v1.7.0
[INFO] [stderr]    Compiling devise_codegen v0.4.1
[INFO] [stderr]    Compiling rand_chacha v0.3.1
[INFO] [stderr]    Compiling lock_api v0.4.6
[INFO] [stderr]    Compiling regex v1.5.4
[INFO] [stderr]    Compiling devise v0.4.1
[INFO] [stderr]    Compiling rocket_http v0.5.0-rc.3
[INFO] [stderr]    Compiling async-stream-impl v0.3.2
[INFO] [stderr]    Compiling tokio-util v0.6.9
[INFO] [stderr]    Compiling proc-macro-error v1.0.4
[INFO] [stderr]    Compiling form_urlencoded v1.0.1
[INFO] [stderr]    Compiling idna v0.2.3
[INFO] [stderr]    Compiling validator_types v0.14.0
[INFO] [stderr]    Compiling rocket v0.5.0-rc.3
[INFO] [stderr]    Compiling openssl-probe v0.1.5
[INFO] [stderr]    Compiling glob v0.3.0
[INFO] [stderr]    Compiling remove_dir_all v0.5.3
[INFO] [stderr]    Compiling minimal-lexical v0.2.1
[INFO] [stderr]    Compiling base64 v0.21.0
[INFO] [stderr]    Compiling if_chain v1.0.2
[INFO] [stderr]    Compiling match_cfg v0.1.0
[INFO] [stderr]    Compiling spin v0.9.2
[INFO] [stderr]    Compiling hostname v0.3.1
[INFO] [stderr]    Compiling validator_derive v0.14.0
[INFO] [stderr]    Compiling toml v0.5.8
[INFO] [stderr]    Compiling h2 v0.3.11
[INFO] [stderr]    Compiling email-encoding v0.2.0
[INFO] [stderr]    Compiling ubyte v0.10.1
[INFO] [stderr]    Compiling rocket_codegen v0.5.0-rc.3
[INFO] [stderr]    Compiling tempfile v3.3.0
[INFO] [stderr]    Compiling url v2.2.2
[INFO] [stderr]    Compiling parking_lot v0.12.0
[INFO] [stderr]    Compiling async-stream v0.3.2
[INFO] [stderr]    Compiling tokio-util v0.7.2
[INFO] [stderr]    Compiling tokio-stream v0.1.8
[INFO] [stderr]    Compiling is-terminal v0.4.6
[INFO] [stderr]    Compiling rand v0.8.5
[INFO] [stderr]    Compiling idna v0.3.0
[INFO] [stderr]    Compiling binascii v0.1.4
[INFO] [stderr]    Compiling email_address v0.2.1
[INFO] [stderr]    Compiling quoted_printable v0.4.7
[INFO] [stderr]    Compiling validator v0.14.0
[INFO] [stderr]    Compiling lettre v0.10.3
[INFO] [stderr]    Compiling formulate v0.7.0 (/opt/rustwide/workdir)
[INFO] [stderr]     Finished dev [unoptimized + debuginfo] target(s) in 1m 59s
[INFO] [stderr] warning: the following packages contain code that will be rejected by a future version of Rust: ubyte v0.10.1
[INFO] [stderr] note: to see what the problems were, use the option `--future-incompat-report`, or run `cargo report future-incompatibilities --id 2`
[INFO] running `Command { std: "docker" "inspect" "a991fc9ca0947d01fbf58ccabfc6e2540720bb3b08455b273443600a301f38c1", kill_on_drop: false }`
[INFO] running `Command { std: "docker" "rm" "-f" "a991fc9ca0947d01fbf58ccabfc6e2540720bb3b08455b273443600a301f38c1", kill_on_drop: false }`
[INFO] [stdout] a991fc9ca0947d01fbf58ccabfc6e2540720bb3b08455b273443600a301f38c1
[INFO] running `Command { std: "docker" "create" "-v" "/var/lib/crater-agent-workspace/builds/worker-1-tc2/target:/opt/rustwide/target:rw,Z" "-v" "/var/lib/crater-agent-workspace/builds/worker-1-tc2/source:/opt/rustwide/workdir:ro,Z" "-v" "/var/lib/crater-agent-workspace/cargo-home:/opt/rustwide/cargo-home:ro,Z" "-v" "/var/lib/crater-agent-workspace/rustup-home:/opt/rustwide/rustup-home:ro,Z" "-e" "SOURCE_DIR=/opt/rustwide/workdir" "-e" "CARGO_TARGET_DIR=/opt/rustwide/target" "-e" "CARGO_INCREMENTAL=0" "-e" "RUST_BACKTRACE=full" "-e" "RUSTFLAGS=--cap-lints=warn" "-e" "RUSTDOCFLAGS=--cap-lints=warn" "-e" "CARGO_HOME=/opt/rustwide/cargo-home" "-e" "RUSTUP_HOME=/opt/rustwide/rustup-home" "-w" "/opt/rustwide/workdir" "-m" "1610612736" "--user" "0:0" "--network" "none" "ghcr.io/rust-lang/crates-build-env/linux@sha256:5ff2268d62e97bff2cde7d5815dd6ed5b47097566f13b8d0ca110b04b60e07ed" "/opt/rustwide/cargo-home/bin/cargo" "+beta-2023-04-20" "test" "--frozen" "--no-run" "--message-format=json", kill_on_drop: false }`
[INFO] [stdout] 75ab23d0a026213a8178bbdb80728d4c22ff5d0970af350ec49e430edee0b82f
[INFO] running `Command { std: "docker" "start" "-a" "75ab23d0a026213a8178bbdb80728d4c22ff5d0970af350ec49e430edee0b82f", kill_on_drop: false }`
[INFO] [stderr]     Blocking waiting for file lock on package cache
[INFO] [stderr]    Compiling formulate v0.7.0 (/opt/rustwide/workdir)
[INFO] [stderr]     Finished test [unoptimized + debuginfo] target(s) in 5.47s
[INFO] [stderr] warning: the following packages contain code that will be rejected by a future version of Rust: ubyte v0.10.1
[INFO] [stderr] note: to see what the problems were, use the option `--future-incompat-report`, or run `cargo report future-incompatibilities --id 2`
[INFO] running `Command { std: "docker" "inspect" "75ab23d0a026213a8178bbdb80728d4c22ff5d0970af350ec49e430edee0b82f", kill_on_drop: false }`
[INFO] running `Command { std: "docker" "rm" "-f" "75ab23d0a026213a8178bbdb80728d4c22ff5d0970af350ec49e430edee0b82f", kill_on_drop: false }`
[INFO] [stdout] 75ab23d0a026213a8178bbdb80728d4c22ff5d0970af350ec49e430edee0b82f
[INFO] running `Command { std: "docker" "create" "-v" "/var/lib/crater-agent-workspace/builds/worker-1-tc2/target:/opt/rustwide/target:rw,Z" "-v" "/var/lib/crater-agent-workspace/builds/worker-1-tc2/source:/opt/rustwide/workdir:ro,Z" "-v" "/var/lib/crater-agent-workspace/cargo-home:/opt/rustwide/cargo-home:ro,Z" "-v" "/var/lib/crater-agent-workspace/rustup-home:/opt/rustwide/rustup-home:ro,Z" "-e" "SOURCE_DIR=/opt/rustwide/workdir" "-e" "CARGO_TARGET_DIR=/opt/rustwide/target" "-e" "CARGO_INCREMENTAL=0" "-e" "RUST_BACKTRACE=full" "-e" "RUSTFLAGS=--cap-lints=warn" "-e" "RUSTDOCFLAGS=--cap-lints=warn" "-e" "CARGO_HOME=/opt/rustwide/cargo-home" "-e" "RUSTUP_HOME=/opt/rustwide/rustup-home" "-w" "/opt/rustwide/workdir" "-m" "1610612736" "--user" "0:0" "--network" "none" "ghcr.io/rust-lang/crates-build-env/linux@sha256:5ff2268d62e97bff2cde7d5815dd6ed5b47097566f13b8d0ca110b04b60e07ed" "/opt/rustwide/cargo-home/bin/cargo" "+beta-2023-04-20" "test" "--frozen", kill_on_drop: false }`
[INFO] [stdout] dc036a6ab1f2f54528eb56378bd06af2eb850a130d4cd018d7860e737e290b39
[INFO] running `Command { std: "docker" "start" "-a" "dc036a6ab1f2f54528eb56378bd06af2eb850a130d4cd018d7860e737e290b39", kill_on_drop: false }`
[INFO] [stderr]     Finished test [unoptimized + debuginfo] target(s) in 0.16s
[INFO] [stderr] warning: the following packages contain code that will be rejected by a future version of Rust: ubyte v0.10.1
[INFO] [stderr] note: to see what the problems were, use the option `--future-incompat-report`, or run `cargo report future-incompatibilities --id 2`
[INFO] [stderr]      Running unittests src/main.rs (/opt/rustwide/target/debug/deps/formulate-72a6f611559e8b01)
[INFO] [stdout] 
[INFO] [stdout] running 6 tests
[INFO] [stdout] test tests::test_default_config ... ignored
[INFO] [stdout] test tests::test_no_emailbuild ... ok
[INFO] [stdout] test tests::test_no_sendmail ... ok
[INFO] [stdout] test tests::test_index ... ok
[INFO] [stdout] test tests::test_submit_json ... FAILED
[INFO] [stdout] test tests::test_submit ... FAILED
[INFO] [stdout] 
[INFO] [stdout] failures:
[INFO] [stdout] 
[INFO] [stdout] ---- tests::test_submit_json stdout ----
[INFO] [stdout] Configured for debug.
[INFO] [stdout]    >> address: 127.0.0.1
[INFO] [stdout]    >> port: 8000
[INFO] [stdout]    >> workers: 8
[INFO] [stdout]    >> max blocking threads: 512
[INFO] [stdout]    >> ident: Rocket
[INFO] [stdout]    >> IP header: X-Real-IP
[INFO] [stdout]    >> limits: bytes = 8KiB, data-form = 2MiB, file = 1MiB, form = 32KiB, json = 1MiB, msgpack = 1MiB, string = 8KiB
[INFO] [stdout]    >> temp dir: /tmp
[INFO] [stdout]    >> http/2: true
[INFO] [stdout]    >> keep-alive: 5s
[INFO] [stdout]    >> tls: disabled
[INFO] [stdout]    >> shutdown: ctrlc = true, force = true, signals = [SIGTERM], grace = 2s, mercy = 3s
[INFO] [stdout]    >> log level: normal
[INFO] [stdout]    >> cli colors: true
[INFO] [stdout] Routes:
[INFO] [stdout]    >> (index) GET /
[INFO] [stdout]    >> (submit) POST /
[INFO] [stdout]    >> (submit_json) POST / [2] application/json
[INFO] [stdout] Fairings:
[INFO] [stdout]    >> Shield (liftoff, response, singleton)
[INFO] [stdout] Shield:
[INFO] [stdout]    >> Permissions-Policy: interest-cohort=()
[INFO] [stdout]    >> X-Content-Type-Options: nosniff
[INFO] [stdout]    >> X-Frame-Options: SAMEORIGIN
[INFO] [stdout] Rocket has launched into local orbit
[INFO] [stdout] POST / application/json:
[INFO] [stdout]    >> Matched: (submit) POST /
[INFO] [stdout]    >> Data guard `Form < FormSubmission >` is forwarding.
[INFO] [stdout]    >> Outcome: Forward
[INFO] [stdout]    >> Matched: (submit_json) POST / [2] application/json
[INFO] [stdout]    >> Outcome: Success
[INFO] [stdout] thread 'tests::test_submit_json' panicked at 'assertion failed: response0.status() == Status::Ok', src/tests.rs:159:13
[INFO] [stdout] stack backtrace:
[INFO] [stdout]    0:     0x5613132d520a - std::backtrace_rs::backtrace::libunwind::trace::h2f05d0192276a8f6
[INFO] [stdout]                                at /rustc/1b7dd2252b99671ce5d1cb9664c5f8636329436d/library/std/src/../../backtrace/src/backtrace/libunwind.rs:93:5
[INFO] [stdout]    1:     0x5613132d520a - std::backtrace_rs::backtrace::trace_unsynchronized::hedc23dff7a1af150
[INFO] [stdout]                                at /rustc/1b7dd2252b99671ce5d1cb9664c5f8636329436d/library/std/src/../../backtrace/src/backtrace/mod.rs:66:5
[INFO] [stdout]    2:     0x5613132d520a - std::sys_common::backtrace::_print_fmt::h17541ef7592f3ce2
[INFO] [stdout]                                at /rustc/1b7dd2252b99671ce5d1cb9664c5f8636329436d/library/std/src/sys_common/backtrace.rs:65:5
[INFO] [stdout]    3:     0x5613132d520a - <std::sys_common::backtrace::_print::DisplayBacktrace as core::fmt::Display>::fmt::h20f75df5ab0c0792
[INFO] [stdout]                                at /rustc/1b7dd2252b99671ce5d1cb9664c5f8636329436d/library/std/src/sys_common/backtrace.rs:44:22
[INFO] [stdout]    4:     0x5613132fd44f - core::fmt::write::h78109e6f466b3af6
[INFO] [stdout]                                at /rustc/1b7dd2252b99671ce5d1cb9664c5f8636329436d/library/core/src/fmt/mod.rs:1254:17
[INFO] [stdout]    5:     0x5613132d19b5 - std::io::Write::write_fmt::hd24bfb68a1b35a25
[INFO] [stdout]                                at /rustc/1b7dd2252b99671ce5d1cb9664c5f8636329436d/library/std/src/io/mod.rs:1698:15
[INFO] [stdout]    6:     0x5613132d4fd5 - std::sys_common::backtrace::_print::h8dac57a9f8fbf9a5
[INFO] [stdout]                                at /rustc/1b7dd2252b99671ce5d1cb9664c5f8636329436d/library/std/src/sys_common/backtrace.rs:47:5
[INFO] [stdout]    7:     0x5613132d4fd5 - std::sys_common::backtrace::print::hf9ecbf41d1aa712f
[INFO] [stdout]                                at /rustc/1b7dd2252b99671ce5d1cb9664c5f8636329436d/library/std/src/sys_common/backtrace.rs:34:9
[INFO] [stdout]    8:     0x5613132d6c8e - std::panicking::default_hook::{{closure}}::h04c07acfc84ca028
[INFO] [stdout]                                at /rustc/1b7dd2252b99671ce5d1cb9664c5f8636329436d/library/std/src/panicking.rs:269:22
[INFO] [stdout]    9:     0x5613132d69c1 - std::panicking::default_hook::h01f6bb23e1eceb2c
[INFO] [stdout]                                at /rustc/1b7dd2252b99671ce5d1cb9664c5f8636329436d/library/std/src/panicking.rs:285:9
[INFO] [stdout]   10:     0x561312b8219b - <alloc::boxed::Box<F,A> as core::ops::function::Fn<Args>>::call::h87fe9f7b2fd49e4c
[INFO] [stdout]                                at /rustc/1b7dd2252b99671ce5d1cb9664c5f8636329436d/library/alloc/src/boxed.rs:1987:9
[INFO] [stdout]   11:     0x561312b8219b - test::test_main::{{closure}}::he94d679243a7531b
[INFO] [stdout]                                at /rustc/1b7dd2252b99671ce5d1cb9664c5f8636329436d/library/test/src/lib.rs:134:21
[INFO] [stdout]   12:     0x5613132d7374 - <alloc::boxed::Box<F,A> as core::ops::function::Fn<Args>>::call::h3f2d6d8b14c4769f
[INFO] [stdout]                                at /rustc/1b7dd2252b99671ce5d1cb9664c5f8636329436d/library/alloc/src/boxed.rs:1987:9
[INFO] [stdout]   13:     0x5613132d7374 - std::panicking::rust_panic_with_hook::h2bb3722bbaf2f6df
[INFO] [stdout]                                at /rustc/1b7dd2252b99671ce5d1cb9664c5f8636329436d/library/std/src/panicking.rs:695:13
[INFO] [stdout]   14:     0x5613132d70a2 - std::panicking::begin_panic_handler::{{closure}}::h91bc7f36a4be011b
[INFO] [stdout]                                at /rustc/1b7dd2252b99671ce5d1cb9664c5f8636329436d/library/std/src/panicking.rs:580:13
[INFO] [stdout]   15:     0x5613132d5676 - std::sys_common::backtrace::__rust_end_short_backtrace::h8b3d3717114f9e59
[INFO] [stdout]                                at /rustc/1b7dd2252b99671ce5d1cb9664c5f8636329436d/library/std/src/sys_common/backtrace.rs:150:18
[INFO] [stdout]   16:     0x5613132d6e42 - rust_begin_unwind
[INFO] [stdout]                                at /rustc/1b7dd2252b99671ce5d1cb9664c5f8636329436d/library/std/src/panicking.rs:578:5
[INFO] [stdout]   17:     0x561312b052b3 - core::panicking::panic_fmt::hfd368e3fbdabea26
[INFO] [stdout]                                at /rustc/1b7dd2252b99671ce5d1cb9664c5f8636329436d/library/core/src/panicking.rs:67:14
[INFO] [stdout]   18:     0x561312b0534d - core::panicking::panic::h3f9042d09bd0bf2e
[INFO] [stdout]                                at /rustc/1b7dd2252b99671ce5d1cb9664c5f8636329436d/library/core/src/panicking.rs:117:5
[INFO] [stdout]   19:     0x561312b3d5cd - formulate::tests::test_submit_json::hbabf3f0f81e52262
[INFO] [stdout]                                at /opt/rustwide/workdir/src/tests.rs:159:13
[INFO] [stdout]   20:     0x561312b3cff7 - formulate::tests::test_submit_json::{{closure}}::h85cdf585c5678350
[INFO] [stdout]                                at /opt/rustwide/workdir/src/tests.rs:152:23
[INFO] [stdout]   21:     0x561312b2ecf5 - core::ops::function::FnOnce::call_once::hb80e6826455e08d2
[INFO] [stdout]                                at /rustc/1b7dd2252b99671ce5d1cb9664c5f8636329436d/library/core/src/ops/function.rs:250:5
[INFO] [stdout]   22:     0x561312b8706f - core::ops::function::FnOnce::call_once::ha6a70e79f7481a7e
[INFO] [stdout]                                at /rustc/1b7dd2252b99671ce5d1cb9664c5f8636329436d/library/core/src/ops/function.rs:250:5
[INFO] [stdout]   23:     0x561312b8706f - test::__rust_begin_short_backtrace::hce33033019b61e69
[INFO] [stdout]                                at /rustc/1b7dd2252b99671ce5d1cb9664c5f8636329436d/library/test/src/lib.rs:655:18
[INFO] [stdout]   24:     0x561312b5485c - test::run_test::{{closure}}::h858d3528838ae3e5
[INFO] [stdout]                                at /rustc/1b7dd2252b99671ce5d1cb9664c5f8636329436d/library/test/src/lib.rs:646:30
[INFO] [stdout]   25:     0x561312b5485c - core::ops::function::FnOnce::call_once{{vtable.shim}}::he8ac2b00f01ae79e
[INFO] [stdout]                                at /rustc/1b7dd2252b99671ce5d1cb9664c5f8636329436d/library/core/src/ops/function.rs:250:5
[INFO] [stdout]   26:     0x561312b86146 - <alloc::boxed::Box<F,A> as core::ops::function::FnOnce<Args>>::call_once::h8093d25b522725ef
[INFO] [stdout]                                at /rustc/1b7dd2252b99671ce5d1cb9664c5f8636329436d/library/alloc/src/boxed.rs:1973:9
[INFO] [stdout]   27:     0x561312b86146 - <core::panic::unwind_safe::AssertUnwindSafe<F> as core::ops::function::FnOnce<()>>::call_once::h5c334c204e4a3913
[INFO] [stdout]                                at /rustc/1b7dd2252b99671ce5d1cb9664c5f8636329436d/library/core/src/panic/unwind_safe.rs:271:9
[INFO] [stdout]   28:     0x561312b86146 - std::panicking::try::do_call::ha8b740c7b9478074
[INFO] [stdout]                                at /rustc/1b7dd2252b99671ce5d1cb9664c5f8636329436d/library/std/src/panicking.rs:485:40
[INFO] [stdout]   29:     0x561312b86146 - std::panicking::try::h5d34f63d0e41b64e
[INFO] [stdout]                                at /rustc/1b7dd2252b99671ce5d1cb9664c5f8636329436d/library/std/src/panicking.rs:449:19
[INFO] [stdout]   30:     0x561312b86146 - std::panic::catch_unwind::hcfbb511e1aa7fc67
[INFO] [stdout]                                at /rustc/1b7dd2252b99671ce5d1cb9664c5f8636329436d/library/std/src/panic.rs:140:14
[INFO] [stdout]   31:     0x561312b86146 - test::run_test_in_process::h9abda90f802eaf21
[INFO] [stdout]                                at /rustc/1b7dd2252b99671ce5d1cb9664c5f8636329436d/library/test/src/lib.rs:678:27
[INFO] [stdout]   32:     0x561312b86146 - test::run_test::run_test_inner::{{closure}}::h0f058de91f6c6edf
[INFO] [stdout]                                at /rustc/1b7dd2252b99671ce5d1cb9664c5f8636329436d/library/test/src/lib.rs:572:39
[INFO] [stdout]   33:     0x561312b4f065 - test::run_test::run_test_inner::{{closure}}::h5ca48a4c59c6c1fb
[INFO] [stdout]                                at /rustc/1b7dd2252b99671ce5d1cb9664c5f8636329436d/library/test/src/lib.rs:599:37
[INFO] [stdout]   34:     0x561312b4f065 - std::sys_common::backtrace::__rust_begin_short_backtrace::h32bd51e1495d4a33
[INFO] [stdout]                                at /rustc/1b7dd2252b99671ce5d1cb9664c5f8636329436d/library/std/src/sys_common/backtrace.rs:134:18
[INFO] [stdout]   35:     0x561312b545a1 - std::thread::Builder::spawn_unchecked_::{{closure}}::{{closure}}::hc086fae9b128b2db
[INFO] [stdout]                                at /rustc/1b7dd2252b99671ce5d1cb9664c5f8636329436d/library/std/src/thread/mod.rs:526:17
[INFO] [stdout]   36:     0x561312b545a1 - <core::panic::unwind_safe::AssertUnwindSafe<F> as core::ops::function::FnOnce<()>>::call_once::hb66571888d270d43
[INFO] [stdout]                                at /rustc/1b7dd2252b99671ce5d1cb9664c5f8636329436d/library/core/src/panic/unwind_safe.rs:271:9
[INFO] [stdout]   37:     0x561312b545a1 - std::panicking::try::do_call::h4fa2ef4f6e51fecf
[INFO] [stdout]                                at /rustc/1b7dd2252b99671ce5d1cb9664c5f8636329436d/library/std/src/panicking.rs:485:40
[INFO] [stdout]   38:     0x561312b545a1 - std::panicking::try::h1e9e22b8584489b5
[INFO] [stdout]                                at /rustc/1b7dd2252b99671ce5d1cb9664c5f8636329436d/library/std/src/panicking.rs:449:19
[INFO] [stdout]   39:     0x561312b545a1 - std::panic::catch_unwind::h44698a3de0e0769e
[INFO] [stdout]                                at /rustc/1b7dd2252b99671ce5d1cb9664c5f8636329436d/library/std/src/panic.rs:140:14
[INFO] [stdout]   40:     0x561312b545a1 - std::thread::Builder::spawn_unchecked_::{{closure}}::h50153abde3fe239e
[INFO] [stdout]                                at /rustc/1b7dd2252b99671ce5d1cb9664c5f8636329436d/library/std/src/thread/mod.rs:525:30
[INFO] [stdout]   41:     0x561312b545a1 - core::ops::function::FnOnce::call_once{{vtable.shim}}::hbe5bbf6f38394364
[INFO] [stdout]                                at /rustc/1b7dd2252b99671ce5d1cb9664c5f8636329436d/library/core/src/ops/function.rs:250:5
[INFO] [stdout]   42:     0x5613132dbb15 - <alloc::boxed::Box<F,A> as core::ops::function::FnOnce<Args>>::call_once::h0d83cb2920a49046
[INFO] [stdout]                                at /rustc/1b7dd2252b99671ce5d1cb9664c5f8636329436d/library/alloc/src/boxed.rs:1973:9
[INFO] [stdout]   43:     0x5613132dbb15 - <alloc::boxed::Box<F,A> as core::ops::function::FnOnce<Args>>::call_once::hbe0a008aa7d9ef59
[INFO] [stdout]                                at /rustc/1b7dd2252b99671ce5d1cb9664c5f8636329436d/library/alloc/src/boxed.rs:1973:9
[INFO] [stdout]   44:     0x5613132dbb15 - std::sys::unix::thread::Thread::new::thread_start::h3a466996bdf6b1f9
[INFO] [stdout]                                at /rustc/1b7dd2252b99671ce5d1cb9664c5f8636329436d/library/std/src/sys/unix/thread.rs:108:17
[INFO] [stdout]   45:     0x7f369d7e4b43 - <unknown>
[INFO] [stdout]   46:     0x7f369d875bb4 - __clone
[INFO] [stdout]   47:                0x0 - <unknown>
[INFO] [stdout] 
[INFO] [stdout] ---- tests::test_submit stdout ----
[INFO] [stdout] Configured for debug.
[INFO] [stdout]    >> address: 127.0.0.1
[INFO] [stdout]    >> port: 8000
[INFO] [stdout]    >> workers: 8
[INFO] [stdout]    >> max blocking threads: 512
[INFO] [stdout]    >> ident: Rocket
[INFO] [stdout]    >> IP header: X-Real-IP
[INFO] [stdout]    >> limits: bytes = 8KiB, data-form = 2MiB, file = 1MiB, form = 32KiB, json = 1MiB, msgpack = 1MiB, string = 8KiB
[INFO] [stdout]    >> temp dir: /tmp
[INFO] [stdout]    >> http/2: true
[INFO] [stdout]    >> keep-alive: 5s
[INFO] [stdout]    >> tls: disabled
[INFO] [stdout]    >> shutdown: ctrlc = true, force = true, signals = [SIGTERM], grace = 2s, mercy = 3s
[INFO] [stdout]    >> log level: normal
[INFO] [stdout]    >> cli colors: true
[INFO] [stdout] Routes:
[INFO] [stdout]    >> (index) GET /
[INFO] [stdout]    >> (submit) POST /
[INFO] [stdout]    >> (submit_json) POST / [2] application/json
[INFO] [stdout] Fairings:
[INFO] [stdout]    >> Shield (liftoff, response, singleton)
[INFO] [stdout] Shield:
[INFO] [stdout]    >> Permissions-Policy: interest-cohort=()
[INFO] [stdout]    >> X-Frame-Options: SAMEORIGIN
[INFO] [stdout]    >> X-Content-Type-Options: nosniff
[INFO] [stdout] Rocket has launched into local orbit
[INFO] [stdout] POST / application/x-www-form-urlencoded:
[INFO] [stdout]    >> Matched: (submit) POST /
[INFO] [stdout]    >> Outcome: Success
[INFO] [stdout] thread 'tests::test_submit' panicked at 'assertion failed: `(left == right)`
[INFO] [stdout]   left: `Status { code: 400 }`,
[INFO] [stdout]  right: `Status { code: 303 }`', src/tests.rs:108:13
[INFO] [stdout] stack backtrace:
[INFO] [stdout]    0:     0x5613132d520a - std::backtrace_rs::backtrace::libunwind::trace::h2f05d0192276a8f6
[INFO] [stdout]                                at /rustc/1b7dd2252b99671ce5d1cb9664c5f8636329436d/library/std/src/../../backtrace/src/backtrace/libunwind.rs:93:5
[INFO] [stdout]    1:     0x5613132d520a - std::backtrace_rs::backtrace::trace_unsynchronized::hedc23dff7a1af150
[INFO] [stdout]                                at /rustc/1b7dd2252b99671ce5d1cb9664c5f8636329436d/library/std/src/../../backtrace/src/backtrace/mod.rs:66:5
[INFO] [stdout]    2:     0x5613132d520a - std::sys_common::backtrace::_print_fmt::h17541ef7592f3ce2
[INFO] [stdout]                                at /rustc/1b7dd2252b99671ce5d1cb9664c5f8636329436d/library/std/src/sys_common/backtrace.rs:65:5
[INFO] [stdout]    3:     0x5613132d520a - <std::sys_common::backtrace::_print::DisplayBacktrace as core::fmt::Display>::fmt::h20f75df5ab0c0792
[INFO] [stdout]                                at /rustc/1b7dd2252b99671ce5d1cb9664c5f8636329436d/library/std/src/sys_common/backtrace.rs:44:22
[INFO] [stdout]    4:     0x5613132fd44f - core::fmt::write::h78109e6f466b3af6
[INFO] [stdout]                                at /rustc/1b7dd2252b99671ce5d1cb9664c5f8636329436d/library/core/src/fmt/mod.rs:1254:17
[INFO] [stdout]    5:     0x5613132d19b5 - std::io::Write::write_fmt::hd24bfb68a1b35a25
[INFO] [stdout]                                at /rustc/1b7dd2252b99671ce5d1cb9664c5f8636329436d/library/std/src/io/mod.rs:1698:15
[INFO] [stdout]    6:     0x5613132d4fd5 - std::sys_common::backtrace::_print::h8dac57a9f8fbf9a5
[INFO] [stdout]                                at /rustc/1b7dd2252b99671ce5d1cb9664c5f8636329436d/library/std/src/sys_common/backtrace.rs:47:5
[INFO] [stdout]    7:     0x5613132d4fd5 - std::sys_common::backtrace::print::hf9ecbf41d1aa712f
[INFO] [stdout]                                at /rustc/1b7dd2252b99671ce5d1cb9664c5f8636329436d/library/std/src/sys_common/backtrace.rs:34:9
[INFO] [stdout]    8:     0x5613132d6c8e - std::panicking::default_hook::{{closure}}::h04c07acfc84ca028
[INFO] [stdout]                                at /rustc/1b7dd2252b99671ce5d1cb9664c5f8636329436d/library/std/src/panicking.rs:269:22
[INFO] [stdout]    9:     0x5613132d69c1 - std::panicking::default_hook::h01f6bb23e1eceb2c
[INFO] [stdout]                                at /rustc/1b7dd2252b99671ce5d1cb9664c5f8636329436d/library/std/src/panicking.rs:285:9
[INFO] [stdout]   10:     0x561312b8219b - <alloc::boxed::Box<F,A> as core::ops::function::Fn<Args>>::call::h87fe9f7b2fd49e4c
[INFO] [stdout]                                at /rustc/1b7dd2252b99671ce5d1cb9664c5f8636329436d/library/alloc/src/boxed.rs:1987:9
[INFO] [stdout]   11:     0x561312b8219b - test::test_main::{{closure}}::he94d679243a7531b
[INFO] [stdout]                                at /rustc/1b7dd2252b99671ce5d1cb9664c5f8636329436d/library/test/src/lib.rs:134:21
[INFO] [stdout]   12:     0x5613132d7374 - <alloc::boxed::Box<F,A> as core::ops::function::Fn<Args>>::call::h3f2d6d8b14c4769f
[INFO] [stdout]                                at /rustc/1b7dd2252b99671ce5d1cb9664c5f8636329436d/library/alloc/src/boxed.rs:1987:9
[INFO] [stdout]   13:     0x5613132d7374 - std::panicking::rust_panic_with_hook::h2bb3722bbaf2f6df
[INFO] [stdout]                                at /rustc/1b7dd2252b99671ce5d1cb9664c5f8636329436d/library/std/src/panicking.rs:695:13
[INFO] [stdout]   14:     0x5613132d70e9 - std::panicking::begin_panic_handler::{{closure}}::h91bc7f36a4be011b
[INFO] [stdout]                                at /rustc/1b7dd2252b99671ce5d1cb9664c5f8636329436d/library/std/src/panicking.rs:582:13
[INFO] [stdout]   15:     0x5613132d5676 - std::sys_common::backtrace::__rust_end_short_backtrace::h8b3d3717114f9e59
[INFO] [stdout]                                at /rustc/1b7dd2252b99671ce5d1cb9664c5f8636329436d/library/std/src/sys_common/backtrace.rs:150:18
[INFO] [stdout]   16:     0x5613132d6e42 - rust_begin_unwind
[INFO] [stdout]                                at /rustc/1b7dd2252b99671ce5d1cb9664c5f8636329436d/library/std/src/panicking.rs:578:5
[INFO] [stdout]   17:     0x561312b052b3 - core::panicking::panic_fmt::hfd368e3fbdabea26
[INFO] [stdout]                                at /rustc/1b7dd2252b99671ce5d1cb9664c5f8636329436d/library/core/src/panicking.rs:67:14
[INFO] [stdout]   18:     0x561312b056df - core::panicking::assert_failed_inner::haef49168e1798a91
[INFO] [stdout]   19:     0x561312b2624a - core::panicking::assert_failed::hf28996a1dab683ae
[INFO] [stdout]                                at /rustc/1b7dd2252b99671ce5d1cb9664c5f8636329436d/library/core/src/panicking.rs:228:5
[INFO] [stdout]   20:     0x561312b3b988 - formulate::tests::test_submit::h5b8ce9badd299ebb
[INFO] [stdout]                                at /opt/rustwide/workdir/src/tests.rs:108:13
[INFO] [stdout]   21:     0x561312b3b517 - formulate::tests::test_submit::{{closure}}::h917d39299b6ba4a1
[INFO] [stdout]                                at /opt/rustwide/workdir/src/tests.rs:101:18
[INFO] [stdout]   22:     0x561312b2ee85 - core::ops::function::FnOnce::call_once::he75283983cdc5c89
[INFO] [stdout]                                at /rustc/1b7dd2252b99671ce5d1cb9664c5f8636329436d/library/core/src/ops/function.rs:250:5
[INFO] [stdout]   23:     0x561312b8706f - core::ops::function::FnOnce::call_once::ha6a70e79f7481a7e
[INFO] [stdout]                                at /rustc/1b7dd2252b99671ce5d1cb9664c5f8636329436d/library/core/src/ops/function.rs:250:5
[INFO] [stdout]   24:     0x561312b8706f - test::__rust_begin_short_backtrace::hce33033019b61e69
[INFO] [stdout]                                at /rustc/1b7dd2252b99671ce5d1cb9664c5f8636329436d/library/test/src/lib.rs:655:18
[INFO] [stdout]   25:     0x561312b5485c - test::run_test::{{closure}}::h858d3528838ae3e5
[INFO] [stdout]                                at /rustc/1b7dd2252b99671ce5d1cb9664c5f8636329436d/library/test/src/lib.rs:646:30
[INFO] [stdout]   26:     0x561312b5485c - core::ops::function::FnOnce::call_once{{vtable.shim}}::he8ac2b00f01ae79e
[INFO] [stdout]                                at /rustc/1b7dd2252b99671ce5d1cb9664c5f8636329436d/library/core/src/ops/function.rs:250:5
[INFO] [stdout]   27:     0x561312b86146 - <alloc::boxed::Box<F,A> as core::ops::function::FnOnce<Args>>::call_once::h8093d25b522725ef
[INFO] [stdout]                                at /rustc/1b7dd2252b99671ce5d1cb9664c5f8636329436d/library/alloc/src/boxed.rs:1973:9
[INFO] [stdout]   28:     0x561312b86146 - <core::panic::unwind_safe::AssertUnwindSafe<F> as core::ops::function::FnOnce<()>>::call_once::h5c334c204e4a3913
[INFO] [stdout]                                at /rustc/1b7dd2252b99671ce5d1cb9664c5f8636329436d/library/core/src/panic/unwind_safe.rs:271:9
[INFO] [stdout]   29:     0x561312b86146 - std::panicking::try::do_call::ha8b740c7b9478074
[INFO] [stdout]                                at /rustc/1b7dd2252b99671ce5d1cb9664c5f8636329436d/library/std/src/panicking.rs:485:40
[INFO] [stdout]   30:     0x561312b86146 - std::panicking::try::h5d34f63d0e41b64e
[INFO] [stdout]                                at /rustc/1b7dd2252b99671ce5d1cb9664c5f8636329436d/library/std/src/panicking.rs:449:19
[INFO] [stdout]   31:     0x561312b86146 - std::panic::catch_unwind::hcfbb511e1aa7fc67
[INFO] [stdout]                                at /rustc/1b7dd2252b99671ce5d1cb9664c5f8636329436d/library/std/src/panic.rs:140:14
[INFO] [stdout]   32:     0x561312b86146 - test::run_test_in_process::h9abda90f802eaf21
[INFO] [stdout]                                at /rustc/1b7dd2252b99671ce5d1cb9664c5f8636329436d/library/test/src/lib.rs:678:27
[INFO] [stdout]   33:     0x561312b86146 - test::run_test::run_test_inner::{{closure}}::h0f058de91f6c6edf
[INFO] [stdout]                                at /rustc/1b7dd2252b99671ce5d1cb9664c5f8636329436d/library/test/src/lib.rs:572:39
[INFO] [stdout]   34:     0x561312b4f065 - test::run_test::run_test_inner::{{closure}}::h5ca48a4c59c6c1fb
[INFO] [stdout]                                at /rustc/1b7dd2252b99671ce5d1cb9664c5f8636329436d/library/test/src/lib.rs:599:37
[INFO] [stdout]   35:     0x561312b4f065 - std::sys_common::backtrace::__rust_begin_short_backtrace::h32bd51e1495d4a33
[INFO] [stdout]                                at /rustc/1b7dd2252b99671ce5d1cb9664c5f8636329436d/library/std/src/sys_common/backtrace.rs:134:18
[INFO] [stdout]   36:     0x561312b545a1 - std::thread::Builder::spawn_unchecked_::{{closure}}::{{closure}}::hc086fae9b128b2db
[INFO] [stdout]                                at /rustc/1b7dd2252b99671ce5d1cb9664c5f8636329436d/library/std/src/thread/mod.rs:526:17
[INFO] [stdout]   37:     0x561312b545a1 - <core::panic::unwind_safe::AssertUnwindSafe<F> as core::ops::function::FnOnce<()>>::call_once::hb66571888d270d43
[INFO] [stdout]                                at /rustc/1b7dd2252b99671ce5d1cb9664c5f8636329436d/library/core/src/panic/unwind_safe.rs:271:9
[INFO] [stdout]   38:     0x561312b545a1 - std::panicking::try::do_call::h4fa2ef4f6e51fecf
[INFO] [stdout]                                at /rustc/1b7dd2252b99671ce5d1cb9664c5f8636329436d/library/std/src/panicking.rs:485:40
[INFO] [stdout]   39:     0x561312b545a1 - std::panicking::try::h1e9e22b8584489b5
[INFO] [stdout]                                at /rustc/1b7dd2252b99671ce5d1cb9664c5f8636329436d/library/std/src/panicking.rs:449:19
[INFO] [stdout]   40:     0x561312b545a1 - std::panic::catch_unwind::h44698a3de0e0769e
[INFO] [stdout]                                at /rustc/1b7dd2252b99671ce5d1cb9664c5f8636329436d/library/std/src/panic.rs:140:14
[INFO] [stdout]   41:     0x561312b545a1 - std::thread::Builder::spawn_unchecked_::{{closure}}::h50153abde3fe239e
[INFO] [stdout]                                at /rustc/1b7dd2252b99671ce5d1cb9664c5f8636329436d/library/std/src/thread/mod.rs:525:30
[INFO] [stdout]   42:     0x561312b545a1 - core::ops::function::FnOnce::call_once{{vtable.shim}}::hbe5bbf6f38394364
[INFO] [stdout]                                at /rustc/1b7dd2252b99671ce5d1cb9664c5f8636329436d/library/core/src/ops/function.rs:250:5
[INFO] [stdout]   43:     0x5613132dbb15 - <alloc::boxed::Box<F,A> as core::ops::function::FnOnce<Args>>::call_once::h0d83cb2920a49046
[INFO] [stdout]                                at /rustc/1b7dd2252b99671ce5d1cb9664c5f8636329436d/library/alloc/src/boxed.rs:1973:9
[INFO] [stdout]   44:     0x5613132dbb15 - <alloc::boxed::Box<F,A> as core::ops::function::FnOnce<Args>>::call_once::hbe0a008aa7d9ef59
[INFO] [stdout]                                at /rustc/1b7dd2252b99671ce5d1cb9664c5f8636329436d/library/alloc/src/boxed.rs:1973:9
[INFO] [stdout]   45:     0x5613132dbb15 - std::sys::unix::thread::Thread::new::thread_start::h3a466996bdf6b1f9
[INFO] [stdout]                                at /rustc/1b7dd2252b99671ce5d1cb9664c5f8636329436d/library/std/src/sys/unix/thread.rs:108:17
[INFO] [stdout]   46:     0x7f369d7e4b43 - <unknown>
[INFO] [stdout]   47:     0x7f369d875bb4 - __clone
[INFO] [stdout]   48:                0x0 - <unknown>
[INFO] [stdout] 
[INFO] [stdout] 
[INFO] [stdout] failures:
[INFO] [stdout]     tests::test_submit
[INFO] [stdout]     tests::test_submit_json
[INFO] [stdout] 
[INFO] [stdout] test result: FAILED. 3 passed; 2 failed; 1 ignored; 0 measured; 0 filtered out; finished in 0.10s
[INFO] [stdout] 
[INFO] [stderr] error: test failed, to rerun pass `--bin formulate`
[INFO] running `Command { std: "docker" "inspect" "dc036a6ab1f2f54528eb56378bd06af2eb850a130d4cd018d7860e737e290b39", kill_on_drop: false }`
[INFO] running `Command { std: "docker" "rm" "-f" "dc036a6ab1f2f54528eb56378bd06af2eb850a130d4cd018d7860e737e290b39", kill_on_drop: false }`
[INFO] [stdout] dc036a6ab1f2f54528eb56378bd06af2eb850a130d4cd018d7860e737e290b39
