[INFO] fetching crate foot-gun 0.1.0...
[INFO] testing foot-gun-0.1.0 against 1.69.0 for beta-1.70-1
[INFO] extracting crate foot-gun 0.1.0 into /workspace/builds/worker-2-tc1/source
[INFO] validating manifest of crates.io crate foot-gun 0.1.0 on toolchain 1.69.0
[INFO] running `Command { std: CARGO_HOME="/workspace/cargo-home" RUSTUP_HOME="/workspace/rustup-home" "/workspace/cargo-home/bin/cargo" "+1.69.0" "metadata" "--manifest-path" "Cargo.toml" "--no-deps", kill_on_drop: false }`
[INFO] started tweaking crates.io crate foot-gun 0.1.0
[INFO] finished tweaking crates.io crate foot-gun 0.1.0
[INFO] tweaked toml for crates.io crate foot-gun 0.1.0 written to /workspace/builds/worker-2-tc1/source/Cargo.toml
[INFO] running `Command { std: CARGO_HOME="/workspace/cargo-home" RUSTUP_HOME="/workspace/rustup-home" __CARGO_TEST_CHANNEL_OVERRIDE_DO_NOT_USE_THIS="nightly" "/workspace/cargo-home/bin/cargo" "+1.69.0" "generate-lockfile" "--manifest-path" "Cargo.toml" "-Zno-index-update", kill_on_drop: false }`
[INFO] running `Command { std: CARGO_HOME="/workspace/cargo-home" RUSTUP_HOME="/workspace/rustup-home" "/workspace/cargo-home/bin/cargo" "+1.69.0" "fetch" "--manifest-path" "Cargo.toml", kill_on_drop: false }`
[INFO] running `Command { std: "docker" "create" "-v" "/var/lib/crater-agent-workspace/builds/worker-2-tc1/target:/opt/rustwide/target:rw,Z" "-v" "/var/lib/crater-agent-workspace/builds/worker-2-tc1/source:/opt/rustwide/workdir:ro,Z" "-v" "/var/lib/crater-agent-workspace/cargo-home:/opt/rustwide/cargo-home:ro,Z" "-v" "/var/lib/crater-agent-workspace/rustup-home:/opt/rustwide/rustup-home:ro,Z" "-e" "SOURCE_DIR=/opt/rustwide/workdir" "-e" "CARGO_TARGET_DIR=/opt/rustwide/target" "-e" "CARGO_HOME=/opt/rustwide/cargo-home" "-e" "RUSTUP_HOME=/opt/rustwide/rustup-home" "-w" "/opt/rustwide/workdir" "-m" "1610612736" "--user" "0:0" "--network" "none" "ghcr.io/rust-lang/crates-build-env/linux@sha256:5ff2268d62e97bff2cde7d5815dd6ed5b47097566f13b8d0ca110b04b60e07ed" "/opt/rustwide/cargo-home/bin/cargo" "+1.69.0" "metadata" "--no-deps" "--format-version=1", kill_on_drop: false }`
[INFO] [stdout] e5e247dbd8a5d491896c68ff81fc14653ab62976cb5223351185a19b331c3e28
[INFO] running `Command { std: "docker" "start" "-a" "e5e247dbd8a5d491896c68ff81fc14653ab62976cb5223351185a19b331c3e28", kill_on_drop: false }`
[INFO] running `Command { std: "docker" "inspect" "e5e247dbd8a5d491896c68ff81fc14653ab62976cb5223351185a19b331c3e28", kill_on_drop: false }`
[INFO] running `Command { std: "docker" "rm" "-f" "e5e247dbd8a5d491896c68ff81fc14653ab62976cb5223351185a19b331c3e28", kill_on_drop: false }`
[INFO] [stdout] e5e247dbd8a5d491896c68ff81fc14653ab62976cb5223351185a19b331c3e28
[INFO] running `Command { std: "docker" "create" "-v" "/var/lib/crater-agent-workspace/builds/worker-2-tc1/target:/opt/rustwide/target:rw,Z" "-v" "/var/lib/crater-agent-workspace/builds/worker-2-tc1/source:/opt/rustwide/workdir:ro,Z" "-v" "/var/lib/crater-agent-workspace/cargo-home:/opt/rustwide/cargo-home:ro,Z" "-v" "/var/lib/crater-agent-workspace/rustup-home:/opt/rustwide/rustup-home:ro,Z" "-e" "SOURCE_DIR=/opt/rustwide/workdir" "-e" "CARGO_TARGET_DIR=/opt/rustwide/target" "-e" "CARGO_INCREMENTAL=0" "-e" "RUST_BACKTRACE=full" "-e" "RUSTFLAGS=--cap-lints=warn" "-e" "RUSTDOCFLAGS=--cap-lints=warn" "-e" "CARGO_HOME=/opt/rustwide/cargo-home" "-e" "RUSTUP_HOME=/opt/rustwide/rustup-home" "-w" "/opt/rustwide/workdir" "-m" "1610612736" "--user" "0:0" "--network" "none" "ghcr.io/rust-lang/crates-build-env/linux@sha256:5ff2268d62e97bff2cde7d5815dd6ed5b47097566f13b8d0ca110b04b60e07ed" "/opt/rustwide/cargo-home/bin/cargo" "+1.69.0" "build" "--frozen" "--message-format=json", kill_on_drop: false }`
[INFO] [stdout] 7c0e063230d0ddb688707944c8addf0a035cad58bad78cb9c190d8e82f6b7f8c
[INFO] running `Command { std: "docker" "start" "-a" "7c0e063230d0ddb688707944c8addf0a035cad58bad78cb9c190d8e82f6b7f8c", kill_on_drop: false }`
[INFO] [stderr]     Blocking waiting for file lock on package cache
[INFO] [stderr]    Compiling foot-gun v0.1.0 (/opt/rustwide/workdir)
[INFO] [stderr]     Finished dev [unoptimized + debuginfo] target(s) in 0.18s
[INFO] running `Command { std: "docker" "inspect" "7c0e063230d0ddb688707944c8addf0a035cad58bad78cb9c190d8e82f6b7f8c", kill_on_drop: false }`
[INFO] running `Command { std: "docker" "rm" "-f" "7c0e063230d0ddb688707944c8addf0a035cad58bad78cb9c190d8e82f6b7f8c", kill_on_drop: false }`
[INFO] [stdout] 7c0e063230d0ddb688707944c8addf0a035cad58bad78cb9c190d8e82f6b7f8c
[INFO] running `Command { std: "docker" "create" "-v" "/var/lib/crater-agent-workspace/builds/worker-2-tc1/target:/opt/rustwide/target:rw,Z" "-v" "/var/lib/crater-agent-workspace/builds/worker-2-tc1/source:/opt/rustwide/workdir:ro,Z" "-v" "/var/lib/crater-agent-workspace/cargo-home:/opt/rustwide/cargo-home:ro,Z" "-v" "/var/lib/crater-agent-workspace/rustup-home:/opt/rustwide/rustup-home:ro,Z" "-e" "SOURCE_DIR=/opt/rustwide/workdir" "-e" "CARGO_TARGET_DIR=/opt/rustwide/target" "-e" "CARGO_INCREMENTAL=0" "-e" "RUST_BACKTRACE=full" "-e" "RUSTFLAGS=--cap-lints=warn" "-e" "RUSTDOCFLAGS=--cap-lints=warn" "-e" "CARGO_HOME=/opt/rustwide/cargo-home" "-e" "RUSTUP_HOME=/opt/rustwide/rustup-home" "-w" "/opt/rustwide/workdir" "-m" "1610612736" "--user" "0:0" "--network" "none" "ghcr.io/rust-lang/crates-build-env/linux@sha256:5ff2268d62e97bff2cde7d5815dd6ed5b47097566f13b8d0ca110b04b60e07ed" "/opt/rustwide/cargo-home/bin/cargo" "+1.69.0" "test" "--frozen" "--no-run" "--message-format=json", kill_on_drop: false }`
[INFO] [stdout] d981b2433180eb4b63560fea46f00880ba43e762eb25855e3d8f83f8f9293ff6
[INFO] running `Command { std: "docker" "start" "-a" "d981b2433180eb4b63560fea46f00880ba43e762eb25855e3d8f83f8f9293ff6", kill_on_drop: false }`
[INFO] [stderr]    Compiling foot-gun v0.1.0 (/opt/rustwide/workdir)
[INFO] [stderr]     Finished test [unoptimized + debuginfo] target(s) in 0.23s
[INFO] running `Command { std: "docker" "inspect" "d981b2433180eb4b63560fea46f00880ba43e762eb25855e3d8f83f8f9293ff6", kill_on_drop: false }`
[INFO] running `Command { std: "docker" "rm" "-f" "d981b2433180eb4b63560fea46f00880ba43e762eb25855e3d8f83f8f9293ff6", kill_on_drop: false }`
[INFO] [stdout] d981b2433180eb4b63560fea46f00880ba43e762eb25855e3d8f83f8f9293ff6
[INFO] running `Command { std: "docker" "create" "-v" "/var/lib/crater-agent-workspace/builds/worker-2-tc1/target:/opt/rustwide/target:rw,Z" "-v" "/var/lib/crater-agent-workspace/builds/worker-2-tc1/source:/opt/rustwide/workdir:ro,Z" "-v" "/var/lib/crater-agent-workspace/cargo-home:/opt/rustwide/cargo-home:ro,Z" "-v" "/var/lib/crater-agent-workspace/rustup-home:/opt/rustwide/rustup-home:ro,Z" "-e" "SOURCE_DIR=/opt/rustwide/workdir" "-e" "CARGO_TARGET_DIR=/opt/rustwide/target" "-e" "CARGO_INCREMENTAL=0" "-e" "RUST_BACKTRACE=full" "-e" "RUSTFLAGS=--cap-lints=warn" "-e" "RUSTDOCFLAGS=--cap-lints=warn" "-e" "CARGO_HOME=/opt/rustwide/cargo-home" "-e" "RUSTUP_HOME=/opt/rustwide/rustup-home" "-w" "/opt/rustwide/workdir" "-m" "1610612736" "--user" "0:0" "--network" "none" "ghcr.io/rust-lang/crates-build-env/linux@sha256:5ff2268d62e97bff2cde7d5815dd6ed5b47097566f13b8d0ca110b04b60e07ed" "/opt/rustwide/cargo-home/bin/cargo" "+1.69.0" "test" "--frozen", kill_on_drop: false }`
[INFO] [stdout] 44ec32b7bb13bd3c272b71508961d18446b19270c5443e800eb05e26ec7010a8
[INFO] running `Command { std: "docker" "start" "-a" "44ec32b7bb13bd3c272b71508961d18446b19270c5443e800eb05e26ec7010a8", kill_on_drop: false }`
[INFO] [stderr]     Finished test [unoptimized + debuginfo] target(s) in 0.00s
[INFO] [stderr]      Running unittests src/lib.rs (/opt/rustwide/target/debug/deps/foot_gun-9fa4fa8e9263b16c)
[INFO] [stdout] 
[INFO] [stdout] running 1 test
[INFO] [stdout] test tests::test_compile ... ok
[INFO] [stdout] 
[INFO] [stdout] test result: ok. 1 passed; 0 failed; 0 ignored; 0 measured; 0 filtered out; finished in 0.00s
[INFO] [stdout] 
[INFO] [stderr]    Doc-tests foot-gun
[INFO] [stdout] 
[INFO] [stdout] running 7 tests
[INFO] [stdout] test src/lib.rs - i_got_this (line 93) ... FAILED
[INFO] [stdout] test src/lib.rs - behold (line 59) ... FAILED
[INFO] [stdout] test src/lib.rs - hold_my_borrowchk (line 110) ... FAILED
[INFO] [stdout] test src/lib.rs - beware (line 42) ... FAILED
[INFO] [stdout] test src/lib.rs - here_be_dragons (line 25) ... FAILED
[INFO] [stdout] test src/lib.rs - en_garde (line 76) ... FAILED
[INFO] [stdout] test src/lib.rs - foot_gun (line 8) ... FAILED
[INFO] [stdout] 
[INFO] [stdout] failures:
[INFO] [stdout] 
[INFO] [stdout] ---- src/lib.rs - i_got_this (line 93) stdout ----
[INFO] [stdout] error: mismatched closing delimiter: `}`
[INFO] [stdout]  --> src/lib.rs:94:12
[INFO] [stdout]   |
[INFO] [stdout] 2 | fn main() { #[allow(non_snake_case)] fn _doctest_main_src_lib_rs_93_0() {
[INFO] [stdout]   |                                                                         - closing delimiter possibly meant for this
[INFO] [stdout] 3 | i_got_this!({
[INFO] [stdout]   |            ^ unclosed delimiter
[INFO] [stdout] ...
[INFO] [stdout] 6 | } _doctest_main_src_lib_rs_93_0() }
[INFO] [stdout]   | ^ mismatched closing delimiter
[INFO] [stdout] 
[INFO] [stdout] error: aborting due to previous error
[INFO] [stdout] 
[INFO] [stdout] Couldn't compile the test.
[INFO] [stdout] ---- src/lib.rs - behold (line 59) stdout ----
[INFO] [stdout] error: mismatched closing delimiter: `}`
[INFO] [stdout]  --> src/lib.rs:60:8
[INFO] [stdout]   |
[INFO] [stdout] 2 | fn main() { #[allow(non_snake_case)] fn _doctest_main_src_lib_rs_59_0() {
[INFO] [stdout]   |                                                                         - closing delimiter possibly meant for this
[INFO] [stdout] 3 | behold!({
[INFO] [stdout]   |        ^ unclosed delimiter
[INFO] [stdout] ...
[INFO] [stdout] 6 | } _doctest_main_src_lib_rs_59_0() }
[INFO] [stdout]   | ^ mismatched closing delimiter
[INFO] [stdout] 
[INFO] [stdout] error: aborting due to previous error
[INFO] [stdout] 
[INFO] [stdout] Couldn't compile the test.
[INFO] [stdout] ---- src/lib.rs - hold_my_borrowchk (line 110) stdout ----
[INFO] [stdout] error: mismatched closing delimiter: `}`
[INFO] [stdout]  --> src/lib.rs:111:19
[INFO] [stdout]   |
[INFO] [stdout] 2 | fn main() { #[allow(non_snake_case)] fn _doctest_main_src_lib_rs_110_0() {
[INFO] [stdout]   |                                                                          - closing delimiter possibly meant for this
[INFO] [stdout] 3 | hold_my_borrowchk!({
[INFO] [stdout]   |                   ^ unclosed delimiter
[INFO] [stdout] ...
[INFO] [stdout] 6 | } _doctest_main_src_lib_rs_110_0() }
[INFO] [stdout]   | ^ mismatched closing delimiter
[INFO] [stdout] 
[INFO] [stdout] error: aborting due to previous error
[INFO] [stdout] 
[INFO] [stdout] Couldn't compile the test.
[INFO] [stdout] ---- src/lib.rs - beware (line 42) stdout ----
[INFO] [stdout] error: mismatched closing delimiter: `}`
[INFO] [stdout]  --> src/lib.rs:43:8
[INFO] [stdout]   |
[INFO] [stdout] 2 | fn main() { #[allow(non_snake_case)] fn _doctest_main_src_lib_rs_42_0() {
[INFO] [stdout]   |                                                                         - closing delimiter possibly meant for this
[INFO] [stdout] 3 | beware!({
[INFO] [stdout]   |        ^ unclosed delimiter
[INFO] [stdout] ...
[INFO] [stdout] 6 | } _doctest_main_src_lib_rs_42_0() }
[INFO] [stdout]   | ^ mismatched closing delimiter
[INFO] [stdout] 
[INFO] [stdout] error: aborting due to previous error
[INFO] [stdout] 
[INFO] [stdout] Couldn't compile the test.
[INFO] [stdout] ---- src/lib.rs - here_be_dragons (line 25) stdout ----
[INFO] [stdout] error: mismatched closing delimiter: `}`
[INFO] [stdout]  --> src/lib.rs:26:17
[INFO] [stdout]   |
[INFO] [stdout] 2 | fn main() { #[allow(non_snake_case)] fn _doctest_main_src_lib_rs_25_0() {
[INFO] [stdout]   |                                                                         - closing delimiter possibly meant for this
[INFO] [stdout] 3 | here_be_dragons!({
[INFO] [stdout]   |                 ^ unclosed delimiter
[INFO] [stdout] ...
[INFO] [stdout] 6 | } _doctest_main_src_lib_rs_25_0() }
[INFO] [stdout]   | ^ mismatched closing delimiter
[INFO] [stdout] 
[INFO] [stdout] error: aborting due to previous error
[INFO] [stdout] 
[INFO] [stdout] Couldn't compile the test.
[INFO] [stdout] ---- src/lib.rs - en_garde (line 76) stdout ----
[INFO] [stdout] error: mismatched closing delimiter: `}`
[INFO] [stdout]  --> src/lib.rs:77:10
[INFO] [stdout]   |
[INFO] [stdout] 2 | fn main() { #[allow(non_snake_case)] fn _doctest_main_src_lib_rs_76_0() {
[INFO] [stdout]   |                                                                         - closing delimiter possibly meant for this
[INFO] [stdout] 3 | en_garde!({
[INFO] [stdout]   |          ^ unclosed delimiter
[INFO] [stdout] ...
[INFO] [stdout] 6 | } _doctest_main_src_lib_rs_76_0() }
[INFO] [stdout]   | ^ mismatched closing delimiter
[INFO] [stdout] 
[INFO] [stdout] error: aborting due to previous error
[INFO] [stdout] 
[INFO] [stdout] Couldn't compile the test.
[INFO] [stdout] ---- src/lib.rs - foot_gun (line 8) stdout ----
[INFO] [stdout] error: mismatched closing delimiter: `}`
[INFO] [stdout]  --> src/lib.rs:9:10
[INFO] [stdout]   |
[INFO] [stdout] 3 | fn main() { #[allow(non_snake_case)] fn _doctest_main_src_lib_rs_8_0() {
[INFO] [stdout]   |                                                                        - closing delimiter possibly meant for this
[INFO] [stdout] 4 | foot_gun!({
[INFO] [stdout]   |          ^ unclosed delimiter
[INFO] [stdout] ...
[INFO] [stdout] 7 | } _doctest_main_src_lib_rs_8_0() }
[INFO] [stdout]   | ^ mismatched closing delimiter
[INFO] [stdout] 
[INFO] [stdout] error: aborting due to previous error
[INFO] [stdout] 
[INFO] [stdout] Couldn't compile the test.
[INFO] [stdout] 
[INFO] [stdout] failures:
[INFO] [stdout]     src/lib.rs - behold (line 59)
[INFO] [stdout]     src/lib.rs - beware (line 42)
[INFO] [stdout]     src/lib.rs - en_garde (line 76)
[INFO] [stdout]     src/lib.rs - foot_gun (line 8)
[INFO] [stdout]     src/lib.rs - here_be_dragons (line 25)
[INFO] [stdout]     src/lib.rs - hold_my_borrowchk (line 110)
[INFO] [stdout]     src/lib.rs - i_got_this (line 93)
[INFO] [stdout] 
[INFO] [stdout] test result: FAILED. 0 passed; 7 failed; 0 ignored; 0 measured; 0 filtered out; finished in 0.03s
[INFO] [stdout] 
[INFO] [stderr] error: doctest failed, to rerun pass `--doc`
[INFO] running `Command { std: "docker" "inspect" "44ec32b7bb13bd3c272b71508961d18446b19270c5443e800eb05e26ec7010a8", kill_on_drop: false }`
[INFO] running `Command { std: "docker" "rm" "-f" "44ec32b7bb13bd3c272b71508961d18446b19270c5443e800eb05e26ec7010a8", kill_on_drop: false }`
[INFO] [stdout] 44ec32b7bb13bd3c272b71508961d18446b19270c5443e800eb05e26ec7010a8
