[INFO] fetching crate fnum 0.0.1...
[INFO] testing fnum-0.0.1 against 1.69.0 for beta-1.70-1
[INFO] extracting crate fnum 0.0.1 into /workspace/builds/worker-3-tc1/source
[INFO] validating manifest of crates.io crate fnum 0.0.1 on toolchain 1.69.0
[INFO] running `Command { std: CARGO_HOME="/workspace/cargo-home" RUSTUP_HOME="/workspace/rustup-home" "/workspace/cargo-home/bin/cargo" "+1.69.0" "metadata" "--manifest-path" "Cargo.toml" "--no-deps", kill_on_drop: false }`
[INFO] started tweaking crates.io crate fnum 0.0.1
[INFO] finished tweaking crates.io crate fnum 0.0.1
[INFO] tweaked toml for crates.io crate fnum 0.0.1 written to /workspace/builds/worker-3-tc1/source/Cargo.toml
[INFO] crate crates.io crate fnum 0.0.1 already has a lockfile, it will not be regenerated
[INFO] running `Command { std: CARGO_HOME="/workspace/cargo-home" RUSTUP_HOME="/workspace/rustup-home" "/workspace/cargo-home/bin/cargo" "+1.69.0" "fetch" "--manifest-path" "Cargo.toml", kill_on_drop: false }`
[INFO] [stderr]  Downloading crates ...
[INFO] [stderr]   Downloaded syn v1.0.56
[INFO] [stderr]   Downloaded fnum-derive v0.0.1
[INFO] running `Command { std: "docker" "create" "-v" "/var/lib/crater-agent-workspace/builds/worker-3-tc1/target:/opt/rustwide/target:rw,Z" "-v" "/var/lib/crater-agent-workspace/builds/worker-3-tc1/source:/opt/rustwide/workdir:ro,Z" "-v" "/var/lib/crater-agent-workspace/cargo-home:/opt/rustwide/cargo-home:ro,Z" "-v" "/var/lib/crater-agent-workspace/rustup-home:/opt/rustwide/rustup-home:ro,Z" "-e" "SOURCE_DIR=/opt/rustwide/workdir" "-e" "CARGO_TARGET_DIR=/opt/rustwide/target" "-e" "CARGO_HOME=/opt/rustwide/cargo-home" "-e" "RUSTUP_HOME=/opt/rustwide/rustup-home" "-w" "/opt/rustwide/workdir" "-m" "1610612736" "--user" "0:0" "--network" "none" "ghcr.io/rust-lang/crates-build-env/linux@sha256:5ff2268d62e97bff2cde7d5815dd6ed5b47097566f13b8d0ca110b04b60e07ed" "/opt/rustwide/cargo-home/bin/cargo" "+1.69.0" "metadata" "--no-deps" "--format-version=1", kill_on_drop: false }`
[INFO] [stdout] 5946938344f963dbf8ba74348a032878d9ad26fcea40437b9475267de65a542f
[INFO] running `Command { std: "docker" "start" "-a" "5946938344f963dbf8ba74348a032878d9ad26fcea40437b9475267de65a542f", kill_on_drop: false }`
[INFO] running `Command { std: "docker" "inspect" "5946938344f963dbf8ba74348a032878d9ad26fcea40437b9475267de65a542f", kill_on_drop: false }`
[INFO] running `Command { std: "docker" "rm" "-f" "5946938344f963dbf8ba74348a032878d9ad26fcea40437b9475267de65a542f", kill_on_drop: false }`
[INFO] [stdout] 5946938344f963dbf8ba74348a032878d9ad26fcea40437b9475267de65a542f
[INFO] running `Command { std: "docker" "create" "-v" "/var/lib/crater-agent-workspace/builds/worker-3-tc1/target:/opt/rustwide/target:rw,Z" "-v" "/var/lib/crater-agent-workspace/builds/worker-3-tc1/source:/opt/rustwide/workdir:ro,Z" "-v" "/var/lib/crater-agent-workspace/cargo-home:/opt/rustwide/cargo-home:ro,Z" "-v" "/var/lib/crater-agent-workspace/rustup-home:/opt/rustwide/rustup-home:ro,Z" "-e" "SOURCE_DIR=/opt/rustwide/workdir" "-e" "CARGO_TARGET_DIR=/opt/rustwide/target" "-e" "CARGO_INCREMENTAL=0" "-e" "RUST_BACKTRACE=full" "-e" "RUSTFLAGS=--cap-lints=warn" "-e" "RUSTDOCFLAGS=--cap-lints=warn" "-e" "CARGO_HOME=/opt/rustwide/cargo-home" "-e" "RUSTUP_HOME=/opt/rustwide/rustup-home" "-w" "/opt/rustwide/workdir" "-m" "1610612736" "--user" "0:0" "--network" "none" "ghcr.io/rust-lang/crates-build-env/linux@sha256:5ff2268d62e97bff2cde7d5815dd6ed5b47097566f13b8d0ca110b04b60e07ed" "/opt/rustwide/cargo-home/bin/cargo" "+1.69.0" "build" "--frozen" "--message-format=json", kill_on_drop: false }`
[INFO] [stdout] 8fba5140707a4d3c253c7bfde801dea2f7536c57e4618c97b19d942d95879c1b
[INFO] running `Command { std: "docker" "start" "-a" "8fba5140707a4d3c253c7bfde801dea2f7536c57e4618c97b19d942d95879c1b", kill_on_drop: false }`
[INFO] [stderr]     Blocking waiting for file lock on package cache
[INFO] [stderr]    Compiling proc-macro2 v1.0.24
[INFO] [stderr]    Compiling unicode-xid v0.2.1
[INFO] [stderr]    Compiling syn v1.0.56
[INFO] [stderr]    Compiling once_cell v1.5.2
[INFO] [stderr]    Compiling quote v1.0.8
[INFO] [stderr]    Compiling fnum-derive v0.0.1
[INFO] [stderr]    Compiling fnum v0.0.1 (/opt/rustwide/workdir)
[INFO] [stderr]     Finished dev [unoptimized + debuginfo] target(s) in 5.74s
[INFO] running `Command { std: "docker" "inspect" "8fba5140707a4d3c253c7bfde801dea2f7536c57e4618c97b19d942d95879c1b", kill_on_drop: false }`
[INFO] running `Command { std: "docker" "rm" "-f" "8fba5140707a4d3c253c7bfde801dea2f7536c57e4618c97b19d942d95879c1b", kill_on_drop: false }`
[INFO] [stdout] 8fba5140707a4d3c253c7bfde801dea2f7536c57e4618c97b19d942d95879c1b
[INFO] running `Command { std: "docker" "create" "-v" "/var/lib/crater-agent-workspace/builds/worker-3-tc1/target:/opt/rustwide/target:rw,Z" "-v" "/var/lib/crater-agent-workspace/builds/worker-3-tc1/source:/opt/rustwide/workdir:ro,Z" "-v" "/var/lib/crater-agent-workspace/cargo-home:/opt/rustwide/cargo-home:ro,Z" "-v" "/var/lib/crater-agent-workspace/rustup-home:/opt/rustwide/rustup-home:ro,Z" "-e" "SOURCE_DIR=/opt/rustwide/workdir" "-e" "CARGO_TARGET_DIR=/opt/rustwide/target" "-e" "CARGO_INCREMENTAL=0" "-e" "RUST_BACKTRACE=full" "-e" "RUSTFLAGS=--cap-lints=warn" "-e" "RUSTDOCFLAGS=--cap-lints=warn" "-e" "CARGO_HOME=/opt/rustwide/cargo-home" "-e" "RUSTUP_HOME=/opt/rustwide/rustup-home" "-w" "/opt/rustwide/workdir" "-m" "1610612736" "--user" "0:0" "--network" "none" "ghcr.io/rust-lang/crates-build-env/linux@sha256:5ff2268d62e97bff2cde7d5815dd6ed5b47097566f13b8d0ca110b04b60e07ed" "/opt/rustwide/cargo-home/bin/cargo" "+1.69.0" "test" "--frozen" "--no-run" "--message-format=json", kill_on_drop: false }`
[INFO] [stdout] c3859e8650bc7629d59420eb6d8f3ffe47166e024dd175f03ab64a800be429bd
[INFO] running `Command { std: "docker" "start" "-a" "c3859e8650bc7629d59420eb6d8f3ffe47166e024dd175f03ab64a800be429bd", kill_on_drop: false }`
[INFO] [stderr]    Compiling fnum v0.0.1 (/opt/rustwide/workdir)
[INFO] [stdout] warning: the type `u64` does not permit being left uninitialized
[INFO] [stdout]   --> examples/impl.rs:27:26
[INFO] [stdout]    |
[INFO] [stdout] 27 |             0 => Enum::A(std::mem::MaybeUninit::uninit().assume_init()),
[INFO] [stdout]    |                          ^^^^^^^^^^^^^^^^^^^^^^^^^^^^^^^^^^^^^^^^^^^^^
[INFO] [stdout]    |                          |
[INFO] [stdout]    |                          this code causes undefined behavior when executed
[INFO] [stdout]    |                          help: use `MaybeUninit<T>` instead, and only call `assume_init` after initialization is done
[INFO] [stdout]    |
[INFO] [stdout]    = note: integers must be initialized
[INFO] [stdout]    = note: `#[warn(invalid_value)]` on by default
[INFO] [stdout] 
[INFO] [stdout] 
[INFO] [stdout] warning: the type `u32` does not permit being left uninitialized
[INFO] [stdout]   --> examples/impl.rs:28:26
[INFO] [stdout]    |
[INFO] [stdout] 28 |             1 => Enum::B(std::mem::MaybeUninit::uninit().assume_init()),
[INFO] [stdout]    |                          ^^^^^^^^^^^^^^^^^^^^^^^^^^^^^^^^^^^^^^^^^^^^^
[INFO] [stdout]    |                          |
[INFO] [stdout]    |                          this code causes undefined behavior when executed
[INFO] [stdout]    |                          help: use `MaybeUninit<T>` instead, and only call `assume_init` after initialization is done
[INFO] [stdout]    |
[INFO] [stdout]    = note: integers must be initialized
[INFO] [stdout] 
[INFO] [stdout] 
[INFO] [stdout] warning: the type `u32` does not permit being left uninitialized
[INFO] [stdout]   --> examples/impl.rs:29:26
[INFO] [stdout]    |
[INFO] [stdout] 29 |             2 => Enum::C(std::mem::MaybeUninit::uninit().assume_init(), std::mem::MaybeUninit::uninit().assume_init()),
[INFO] [stdout]    |                          ^^^^^^^^^^^^^^^^^^^^^^^^^^^^^^^^^^^^^^^^^^^^^
[INFO] [stdout]    |                          |
[INFO] [stdout]    |                          this code causes undefined behavior when executed
[INFO] [stdout]    |                          help: use `MaybeUninit<T>` instead, and only call `assume_init` after initialization is done
[INFO] [stdout]    |
[INFO] [stdout]    = note: integers must be initialized
[INFO] [stdout] 
[INFO] [stdout] 
[INFO] [stdout] warning: the type `u64` does not permit being left uninitialized
[INFO] [stdout]   --> examples/impl.rs:29:73
[INFO] [stdout]    |
[INFO] [stdout] 29 |             2 => Enum::C(std::mem::MaybeUninit::uninit().assume_init(), std::mem::MaybeUninit::uninit().assume_init()),
[INFO] [stdout]    |                                                                         ^^^^^^^^^^^^^^^^^^^^^^^^^^^^^^^^^^^^^^^^^^^^^
[INFO] [stdout]    |                                                                         |
[INFO] [stdout]    |                                                                         this code causes undefined behavior when executed
[INFO] [stdout]    |                                                                         help: use `MaybeUninit<T>` instead, and only call `assume_init` after initialization is done
[INFO] [stdout]    |
[INFO] [stdout]    = note: integers must be initialized
[INFO] [stdout] 
[INFO] [stdout] 
[INFO] [stdout] warning: the type `u64` does not permit being left uninitialized
[INFO] [stdout]   --> examples/impl.rs:30:26
[INFO] [stdout]    |
[INFO] [stdout] 30 |             3 => Enum::D(std::mem::MaybeUninit::uninit().assume_init(), std::mem::MaybeUninit::uninit().assume_init()),
[INFO] [stdout]    |                          ^^^^^^^^^^^^^^^^^^^^^^^^^^^^^^^^^^^^^^^^^^^^^
[INFO] [stdout]    |                          |
[INFO] [stdout]    |                          this code causes undefined behavior when executed
[INFO] [stdout]    |                          help: use `MaybeUninit<T>` instead, and only call `assume_init` after initialization is done
[INFO] [stdout]    |
[INFO] [stdout]    = note: integers must be initialized
[INFO] [stdout] 
[INFO] [stdout] 
[INFO] [stdout] warning: the type `u32` does not permit being left uninitialized
[INFO] [stdout]   --> examples/impl.rs:30:73
[INFO] [stdout]    |
[INFO] [stdout] 30 |             3 => Enum::D(std::mem::MaybeUninit::uninit().assume_init(), std::mem::MaybeUninit::uninit().assume_init()),
[INFO] [stdout]    |                                                                         ^^^^^^^^^^^^^^^^^^^^^^^^^^^^^^^^^^^^^^^^^^^^^
[INFO] [stdout]    |                                                                         |
[INFO] [stdout]    |                                                                         this code causes undefined behavior when executed
[INFO] [stdout]    |                                                                         help: use `MaybeUninit<T>` instead, and only call `assume_init` after initialization is done
[INFO] [stdout]    |
[INFO] [stdout]    = note: integers must be initialized
[INFO] [stdout] 
[INFO] [stdout] 
[INFO] [stdout] warning: 6 warnings emitted
[INFO] [stdout] 
[INFO] [stdout] 
[INFO] [stderr]     Finished test [unoptimized + debuginfo] target(s) in 0.31s
[INFO] running `Command { std: "docker" "inspect" "c3859e8650bc7629d59420eb6d8f3ffe47166e024dd175f03ab64a800be429bd", kill_on_drop: false }`
[INFO] running `Command { std: "docker" "rm" "-f" "c3859e8650bc7629d59420eb6d8f3ffe47166e024dd175f03ab64a800be429bd", kill_on_drop: false }`
[INFO] [stdout] c3859e8650bc7629d59420eb6d8f3ffe47166e024dd175f03ab64a800be429bd
[INFO] running `Command { std: "docker" "create" "-v" "/var/lib/crater-agent-workspace/builds/worker-3-tc1/target:/opt/rustwide/target:rw,Z" "-v" "/var/lib/crater-agent-workspace/builds/worker-3-tc1/source:/opt/rustwide/workdir:ro,Z" "-v" "/var/lib/crater-agent-workspace/cargo-home:/opt/rustwide/cargo-home:ro,Z" "-v" "/var/lib/crater-agent-workspace/rustup-home:/opt/rustwide/rustup-home:ro,Z" "-e" "SOURCE_DIR=/opt/rustwide/workdir" "-e" "CARGO_TARGET_DIR=/opt/rustwide/target" "-e" "CARGO_INCREMENTAL=0" "-e" "RUST_BACKTRACE=full" "-e" "RUSTFLAGS=--cap-lints=warn" "-e" "RUSTDOCFLAGS=--cap-lints=warn" "-e" "CARGO_HOME=/opt/rustwide/cargo-home" "-e" "RUSTUP_HOME=/opt/rustwide/rustup-home" "-w" "/opt/rustwide/workdir" "-m" "1610612736" "--user" "0:0" "--network" "none" "ghcr.io/rust-lang/crates-build-env/linux@sha256:5ff2268d62e97bff2cde7d5815dd6ed5b47097566f13b8d0ca110b04b60e07ed" "/opt/rustwide/cargo-home/bin/cargo" "+1.69.0" "test" "--frozen", kill_on_drop: false }`
[INFO] [stdout] 18e0d2bf826d5b22160f2cc9e41c2d1040b9a3d8a12c96dc1fbdeb23627e2931
[INFO] running `Command { std: "docker" "start" "-a" "18e0d2bf826d5b22160f2cc9e41c2d1040b9a3d8a12c96dc1fbdeb23627e2931", kill_on_drop: false }`
[INFO] [stderr] warning: the type `u64` does not permit being left uninitialized
[INFO] [stderr]   --> examples/impl.rs:27:26
[INFO] [stderr]    |
[INFO] [stderr] 27 |             0 => Enum::A(std::mem::MaybeUninit::uninit().assume_init()),
[INFO] [stderr]    |                          ^^^^^^^^^^^^^^^^^^^^^^^^^^^^^^^^^^^^^^^^^^^^^
[INFO] [stderr]    |                          |
[INFO] [stderr]    |                          this code causes undefined behavior when executed
[INFO] [stderr]    |                          help: use `MaybeUninit<T>` instead, and only call `assume_init` after initialization is done
[INFO] [stderr]    |
[INFO] [stderr]    = note: integers must be initialized
[INFO] [stderr]    = note: `#[warn(invalid_value)]` on by default
[INFO] [stderr] 
[INFO] [stderr] warning: the type `u32` does not permit being left uninitialized
[INFO] [stderr]   --> examples/impl.rs:28:26
[INFO] [stderr]    |
[INFO] [stderr] 28 |             1 => Enum::B(std::mem::MaybeUninit::uninit().assume_init()),
[INFO] [stderr]    |                          ^^^^^^^^^^^^^^^^^^^^^^^^^^^^^^^^^^^^^^^^^^^^^
[INFO] [stderr]    |                          |
[INFO] [stderr]    |                          this code causes undefined behavior when executed
[INFO] [stderr]    |                          help: use `MaybeUninit<T>` instead, and only call `assume_init` after initialization is done
[INFO] [stderr]    |
[INFO] [stderr]    = note: integers must be initialized
[INFO] [stderr] 
[INFO] [stderr] warning: the type `u32` does not permit being left uninitialized
[INFO] [stderr]   --> examples/impl.rs:29:26
[INFO] [stderr]    |
[INFO] [stderr] 29 |             2 => Enum::C(std::mem::MaybeUninit::uninit().assume_init(), std::mem::MaybeUninit::uninit().assume_init()),
[INFO] [stderr]    |                          ^^^^^^^^^^^^^^^^^^^^^^^^^^^^^^^^^^^^^^^^^^^^^
[INFO] [stderr]    |                          |
[INFO] [stderr]    |                          this code causes undefined behavior when executed
[INFO] [stderr]    |                          help: use `MaybeUninit<T>` instead, and only call `assume_init` after initialization is done
[INFO] [stderr]    |
[INFO] [stderr]    = note: integers must be initialized
[INFO] [stderr] 
[INFO] [stderr] warning: the type `u64` does not permit being left uninitialized
[INFO] [stderr]   --> examples/impl.rs:29:73
[INFO] [stderr]    |
[INFO] [stderr] 29 |             2 => Enum::C(std::mem::MaybeUninit::uninit().assume_init(), std::mem::MaybeUninit::uninit().assume_init()),
[INFO] [stderr]    |                                                                         ^^^^^^^^^^^^^^^^^^^^^^^^^^^^^^^^^^^^^^^^^^^^^
[INFO] [stderr]    |                                                                         |
[INFO] [stderr]    |                                                                         this code causes undefined behavior when executed
[INFO] [stderr]    |                                                                         help: use `MaybeUninit<T>` instead, and only call `assume_init` after initialization is done
[INFO] [stderr]    |
[INFO] [stderr]    = note: integers must be initialized
[INFO] [stderr] 
[INFO] [stderr] warning: the type `u64` does not permit being left uninitialized
[INFO] [stderr]   --> examples/impl.rs:30:26
[INFO] [stderr]    |
[INFO] [stderr] 30 |             3 => Enum::D(std::mem::MaybeUninit::uninit().assume_init(), std::mem::MaybeUninit::uninit().assume_init()),
[INFO] [stderr]    |                          ^^^^^^^^^^^^^^^^^^^^^^^^^^^^^^^^^^^^^^^^^^^^^
[INFO] [stderr]    |                          |
[INFO] [stderr]    |                          this code causes undefined behavior when executed
[INFO] [stderr]    |                          help: use `MaybeUninit<T>` instead, and only call `assume_init` after initialization is done
[INFO] [stderr]    |
[INFO] [stderr]    = note: integers must be initialized
[INFO] [stderr] 
[INFO] [stderr] warning: the type `u32` does not permit being left uninitialized
[INFO] [stderr]   --> examples/impl.rs:30:73
[INFO] [stderr]    |
[INFO] [stderr] 30 |             3 => Enum::D(std::mem::MaybeUninit::uninit().assume_init(), std::mem::MaybeUninit::uninit().assume_init()),
[INFO] [stderr]    |                                                                         ^^^^^^^^^^^^^^^^^^^^^^^^^^^^^^^^^^^^^^^^^^^^^
[INFO] [stderr]    |                                                                         |
[INFO] [stderr]    |                                                                         this code causes undefined behavior when executed
[INFO] [stderr]    |                                                                         help: use `MaybeUninit<T>` instead, and only call `assume_init` after initialization is done
[INFO] [stderr]    |
[INFO] [stderr]    = note: integers must be initialized
[INFO] [stderr] 
[INFO] [stderr] warning: `fnum` (example "impl") generated 6 warnings
[INFO] [stderr]     Finished test [unoptimized + debuginfo] target(s) in 0.01s
[INFO] [stderr]      Running unittests src/lib.rs (/opt/rustwide/target/debug/deps/fnum-aeb0eda3c76af70e)
[INFO] [stdout] 
[INFO] [stdout] running 0 tests
[INFO] [stdout] 
[INFO] [stdout] test result: ok. 0 passed; 0 failed; 0 ignored; 0 measured; 0 filtered out; finished in 0.00s
[INFO] [stdout] 
[INFO] [stderr]    Doc-tests fnum
[INFO] [stdout] 
[INFO] [stdout] running 2 tests
[INFO] [stdout] test src/lib.rs - Fnum::variant_index (line 37) ... FAILED
[INFO] [stdout] test src/lib.rs - (line 4) ... ok
[INFO] [stdout] 
[INFO] [stdout] failures:
[INFO] [stdout] 
[INFO] [stdout] ---- src/lib.rs - Fnum::variant_index (line 37) stdout ----
[INFO] [stdout] error: cannot find derive macro `Fnum` in this scope
[INFO] [stdout]  --> src/lib.rs:38:10
[INFO] [stdout]   |
[INFO] [stdout] 3 | #[derive(Fnum)]
[INFO] [stdout]   |          ^^^^
[INFO] [stdout]   |
[INFO] [stdout]   = help: consider importing one of these items:
[INFO] [stdout]           fnum::Fnum
[INFO] [stdout]           fnum_derive::Fnum
[INFO] [stdout] 
[INFO] [stdout] error[E0599]: no variant or associated item named `First` found for enum `MyEnum` in the current scope
[INFO] [stdout]  --> src/lib.rs:44:20
[INFO] [stdout]   |
[INFO] [stdout] 4 | enum MyEnum {
[INFO] [stdout]   | ----------- variant or associated item `First` not found for this enum
[INFO] [stdout] ...
[INFO] [stdout] 9 | assert_eq!(MyEnum::First.variant_index(), 0);
[INFO] [stdout]   |                    ^^^^^
[INFO] [stdout]   |                    |
[INFO] [stdout]   |                    variant or associated item not found in `MyEnum`
[INFO] [stdout]   |                    help: there is a variant with a similar name (notice the capitalization): `FIrst`
[INFO] [stdout] 
[INFO] [stdout] error[E0599]: no method named `variant_index` found for enum `MyEnum` in the current scope
[INFO] [stdout]   --> src/lib.rs:45:27
[INFO] [stdout]    |
[INFO] [stdout] 4  | enum MyEnum {
[INFO] [stdout]    | ----------- method `variant_index` not found for this enum
[INFO] [stdout] ...
[INFO] [stdout] 10 | assert_eq!(MyEnum::Second.variant_index(), 1);
[INFO] [stdout]    |                           ^^^^^^^^^^^^^ method not found in `MyEnum`
[INFO] [stdout]    |
[INFO] [stdout]    = help: items from traits can only be used if the trait is implemented and in scope
[INFO] [stdout]    = note: the following trait defines an item `variant_index`, perhaps you need to implement it:
[INFO] [stdout]            candidate #1: `fnum::Fnum`
[INFO] [stdout] 
[INFO] [stdout] error: aborting due to 3 previous errors
[INFO] [stdout] 
[INFO] [stdout] For more information about this error, try `rustc --explain E0599`.
[INFO] [stdout] Couldn't compile the test.
[INFO] [stdout] 
[INFO] [stdout] failures:
[INFO] [stdout]     src/lib.rs - Fnum::variant_index (line 37)
[INFO] [stdout] 
[INFO] [stdout] test result: FAILED. 1 passed; 1 failed; 0 ignored; 0 measured; 0 filtered out; finished in 0.18s
[INFO] [stdout] 
[INFO] [stderr] error: doctest failed, to rerun pass `--doc`
[INFO] running `Command { std: "docker" "inspect" "18e0d2bf826d5b22160f2cc9e41c2d1040b9a3d8a12c96dc1fbdeb23627e2931", kill_on_drop: false }`
[INFO] running `Command { std: "docker" "rm" "-f" "18e0d2bf826d5b22160f2cc9e41c2d1040b9a3d8a12c96dc1fbdeb23627e2931", kill_on_drop: false }`
[INFO] [stdout] 18e0d2bf826d5b22160f2cc9e41c2d1040b9a3d8a12c96dc1fbdeb23627e2931
