[INFO] fetching crate fnmatch-sys 1.0.0...
[INFO] testing fnmatch-sys-1.0.0 against beta-2023-04-20 for beta-1.70-1
[INFO] extracting crate fnmatch-sys 1.0.0 into /workspace/builds/worker-1-tc2/source
[INFO] validating manifest of crates.io crate fnmatch-sys 1.0.0 on toolchain beta-2023-04-20
[INFO] running `Command { std: CARGO_HOME="/workspace/cargo-home" RUSTUP_HOME="/workspace/rustup-home" "/workspace/cargo-home/bin/cargo" "+beta-2023-04-20" "metadata" "--manifest-path" "Cargo.toml" "--no-deps", kill_on_drop: false }`
[INFO] started tweaking crates.io crate fnmatch-sys 1.0.0
[INFO] finished tweaking crates.io crate fnmatch-sys 1.0.0
[INFO] tweaked toml for crates.io crate fnmatch-sys 1.0.0 written to /workspace/builds/worker-1-tc2/source/Cargo.toml
[INFO] running `Command { std: CARGO_HOME="/workspace/cargo-home" RUSTUP_HOME="/workspace/rustup-home" __CARGO_TEST_CHANNEL_OVERRIDE_DO_NOT_USE_THIS="nightly" "/workspace/cargo-home/bin/cargo" "+beta-2023-04-20" "generate-lockfile" "--manifest-path" "Cargo.toml" "-Zno-index-update", kill_on_drop: false }`
[INFO] running `Command { std: CARGO_HOME="/workspace/cargo-home" RUSTUP_HOME="/workspace/rustup-home" "/workspace/cargo-home/bin/cargo" "+beta-2023-04-20" "fetch" "--manifest-path" "Cargo.toml", kill_on_drop: false }`
[INFO] running `Command { std: "docker" "create" "-v" "/var/lib/crater-agent-workspace/builds/worker-1-tc2/target:/opt/rustwide/target:rw,Z" "-v" "/var/lib/crater-agent-workspace/builds/worker-1-tc2/source:/opt/rustwide/workdir:ro,Z" "-v" "/var/lib/crater-agent-workspace/cargo-home:/opt/rustwide/cargo-home:ro,Z" "-v" "/var/lib/crater-agent-workspace/rustup-home:/opt/rustwide/rustup-home:ro,Z" "-e" "SOURCE_DIR=/opt/rustwide/workdir" "-e" "CARGO_TARGET_DIR=/opt/rustwide/target" "-e" "CARGO_HOME=/opt/rustwide/cargo-home" "-e" "RUSTUP_HOME=/opt/rustwide/rustup-home" "-w" "/opt/rustwide/workdir" "-m" "1610612736" "--user" "0:0" "--network" "none" "ghcr.io/rust-lang/crates-build-env/linux@sha256:97d61d7686bf65f8ecb15491ab51835e82dc9176a96a831f143a431b191fc501" "/opt/rustwide/cargo-home/bin/cargo" "+beta-2023-04-20" "metadata" "--no-deps" "--format-version=1", kill_on_drop: false }`
[INFO] [stdout] 4e789900fbe1dd4f2efb1b44c5e72b64334213e5051ea43cb38bc79dba0a584f
[INFO] running `Command { std: "docker" "start" "-a" "4e789900fbe1dd4f2efb1b44c5e72b64334213e5051ea43cb38bc79dba0a584f", kill_on_drop: false }`
[INFO] running `Command { std: "docker" "inspect" "4e789900fbe1dd4f2efb1b44c5e72b64334213e5051ea43cb38bc79dba0a584f", kill_on_drop: false }`
[INFO] running `Command { std: "docker" "rm" "-f" "4e789900fbe1dd4f2efb1b44c5e72b64334213e5051ea43cb38bc79dba0a584f", kill_on_drop: false }`
[INFO] [stdout] 4e789900fbe1dd4f2efb1b44c5e72b64334213e5051ea43cb38bc79dba0a584f
[INFO] running `Command { std: "docker" "create" "-v" "/var/lib/crater-agent-workspace/builds/worker-1-tc2/target:/opt/rustwide/target:rw,Z" "-v" "/var/lib/crater-agent-workspace/builds/worker-1-tc2/source:/opt/rustwide/workdir:ro,Z" "-v" "/var/lib/crater-agent-workspace/cargo-home:/opt/rustwide/cargo-home:ro,Z" "-v" "/var/lib/crater-agent-workspace/rustup-home:/opt/rustwide/rustup-home:ro,Z" "-e" "SOURCE_DIR=/opt/rustwide/workdir" "-e" "CARGO_TARGET_DIR=/opt/rustwide/target" "-e" "CARGO_INCREMENTAL=0" "-e" "RUST_BACKTRACE=full" "-e" "RUSTFLAGS=--cap-lints=warn" "-e" "RUSTDOCFLAGS=--cap-lints=warn" "-e" "CARGO_HOME=/opt/rustwide/cargo-home" "-e" "RUSTUP_HOME=/opt/rustwide/rustup-home" "-w" "/opt/rustwide/workdir" "-m" "1610612736" "--user" "0:0" "--network" "none" "ghcr.io/rust-lang/crates-build-env/linux@sha256:97d61d7686bf65f8ecb15491ab51835e82dc9176a96a831f143a431b191fc501" "/opt/rustwide/cargo-home/bin/cargo" "+beta-2023-04-20" "build" "--frozen" "--message-format=json", kill_on_drop: false }`
[INFO] [stdout] f15ad5fca08f7bdd75a74568fa8868dc825d567d2e5ece60b43919a1c11b1bb0
[INFO] running `Command { std: "docker" "start" "-a" "f15ad5fca08f7bdd75a74568fa8868dc825d567d2e5ece60b43919a1c11b1bb0", kill_on_drop: false }`
[INFO] [stderr]    Compiling fnmatch-sys v1.0.0 (/opt/rustwide/workdir)
[INFO] [stderr]     Finished dev [unoptimized + debuginfo] target(s) in 0.35s
[INFO] running `Command { std: "docker" "inspect" "f15ad5fca08f7bdd75a74568fa8868dc825d567d2e5ece60b43919a1c11b1bb0", kill_on_drop: false }`
[INFO] running `Command { std: "docker" "rm" "-f" "f15ad5fca08f7bdd75a74568fa8868dc825d567d2e5ece60b43919a1c11b1bb0", kill_on_drop: false }`
[INFO] [stdout] f15ad5fca08f7bdd75a74568fa8868dc825d567d2e5ece60b43919a1c11b1bb0
[INFO] running `Command { std: "docker" "create" "-v" "/var/lib/crater-agent-workspace/builds/worker-1-tc2/target:/opt/rustwide/target:rw,Z" "-v" "/var/lib/crater-agent-workspace/builds/worker-1-tc2/source:/opt/rustwide/workdir:ro,Z" "-v" "/var/lib/crater-agent-workspace/cargo-home:/opt/rustwide/cargo-home:ro,Z" "-v" "/var/lib/crater-agent-workspace/rustup-home:/opt/rustwide/rustup-home:ro,Z" "-e" "SOURCE_DIR=/opt/rustwide/workdir" "-e" "CARGO_TARGET_DIR=/opt/rustwide/target" "-e" "CARGO_INCREMENTAL=0" "-e" "RUST_BACKTRACE=full" "-e" "RUSTFLAGS=--cap-lints=warn" "-e" "RUSTDOCFLAGS=--cap-lints=warn" "-e" "CARGO_HOME=/opt/rustwide/cargo-home" "-e" "RUSTUP_HOME=/opt/rustwide/rustup-home" "-w" "/opt/rustwide/workdir" "-m" "1610612736" "--user" "0:0" "--network" "none" "ghcr.io/rust-lang/crates-build-env/linux@sha256:97d61d7686bf65f8ecb15491ab51835e82dc9176a96a831f143a431b191fc501" "/opt/rustwide/cargo-home/bin/cargo" "+beta-2023-04-20" "test" "--frozen" "--no-run" "--message-format=json", kill_on_drop: false }`
[INFO] [stdout] 15ef607491db5147bfbebe4ada62540aaf3684a513e22b8ad1485cc4ad80dd2b
[INFO] running `Command { std: "docker" "start" "-a" "15ef607491db5147bfbebe4ada62540aaf3684a513e22b8ad1485cc4ad80dd2b", kill_on_drop: false }`
[INFO] [stderr]    Compiling fnmatch-sys v1.0.0 (/opt/rustwide/workdir)
[INFO] [stderr]     Finished test [unoptimized + debuginfo] target(s) in 0.24s
[INFO] running `Command { std: "docker" "inspect" "15ef607491db5147bfbebe4ada62540aaf3684a513e22b8ad1485cc4ad80dd2b", kill_on_drop: false }`
[INFO] running `Command { std: "docker" "rm" "-f" "15ef607491db5147bfbebe4ada62540aaf3684a513e22b8ad1485cc4ad80dd2b", kill_on_drop: false }`
[INFO] [stdout] 15ef607491db5147bfbebe4ada62540aaf3684a513e22b8ad1485cc4ad80dd2b
[INFO] running `Command { std: "docker" "create" "-v" "/var/lib/crater-agent-workspace/builds/worker-1-tc2/target:/opt/rustwide/target:rw,Z" "-v" "/var/lib/crater-agent-workspace/builds/worker-1-tc2/source:/opt/rustwide/workdir:ro,Z" "-v" "/var/lib/crater-agent-workspace/cargo-home:/opt/rustwide/cargo-home:ro,Z" "-v" "/var/lib/crater-agent-workspace/rustup-home:/opt/rustwide/rustup-home:ro,Z" "-e" "SOURCE_DIR=/opt/rustwide/workdir" "-e" "CARGO_TARGET_DIR=/opt/rustwide/target" "-e" "CARGO_INCREMENTAL=0" "-e" "RUST_BACKTRACE=full" "-e" "RUSTFLAGS=--cap-lints=warn" "-e" "RUSTDOCFLAGS=--cap-lints=warn" "-e" "CARGO_HOME=/opt/rustwide/cargo-home" "-e" "RUSTUP_HOME=/opt/rustwide/rustup-home" "-w" "/opt/rustwide/workdir" "-m" "1610612736" "--user" "0:0" "--network" "none" "ghcr.io/rust-lang/crates-build-env/linux@sha256:97d61d7686bf65f8ecb15491ab51835e82dc9176a96a831f143a431b191fc501" "/opt/rustwide/cargo-home/bin/cargo" "+beta-2023-04-20" "test" "--frozen", kill_on_drop: false }`
[INFO] [stdout] 7d1cc2d426c7a526eb215353a99faa2c93456c3d412821db50f77b8015e1874d
[INFO] running `Command { std: "docker" "start" "-a" "7d1cc2d426c7a526eb215353a99faa2c93456c3d412821db50f77b8015e1874d", kill_on_drop: false }`
[INFO] [stderr]     Finished test [unoptimized + debuginfo] target(s) in 0.00s
[INFO] [stderr]      Running unittests src/lib.rs (/opt/rustwide/target/debug/deps/fnmatch_sys-d9c97654ce1c0925)
[INFO] [stdout] 
[INFO] [stdout] running 1 test
[INFO] [stdout] test tests::all_symbols_defined ... ok
[INFO] [stdout] 
[INFO] [stdout] test result: ok. 1 passed; 0 failed; 0 ignored; 0 measured; 0 filtered out; finished in 0.00s
[INFO] [stdout] 
[INFO] [stderr]    Doc-tests fnmatch-sys
[INFO] [stdout] 
[INFO] [stdout] running 1 test
[INFO] [stdout] test src/lib.rs - fnmatch (line 37) ... FAILED
[INFO] [stdout] 
[INFO] [stdout] failures:
[INFO] [stdout] 
[INFO] [stdout] ---- src/lib.rs - fnmatch (line 37) stdout ----
[INFO] [stdout] error: unknown start of token: `
[INFO] [stdout]  --> src/lib.rs:38:1
[INFO] [stdout]   |
[INFO] [stdout] 3 | `FNM_NOMATCH`
[INFO] [stdout]   | ^
[INFO] [stdout]   |
[INFO] [stdout] help: Unicode character '`' (Grave Accent) looks like ''' (Single Quote), but it is not
[INFO] [stdout]   |
[INFO] [stdout] 3 | 'FNM_NOMATCH`
[INFO] [stdout]   | ~
[INFO] [stdout] 
[INFO] [stdout] error: unknown start of token: `
[INFO] [stdout]  --> src/lib.rs:38:13
[INFO] [stdout]   |
[INFO] [stdout] 3 | `FNM_NOMATCH`
[INFO] [stdout]   |             ^
[INFO] [stdout]   |
[INFO] [stdout] help: Unicode character '`' (Grave Accent) looks like ''' (Single Quote), but it is not
[INFO] [stdout]   |
[INFO] [stdout] 3 | `FNM_NOMATCH'
[INFO] [stdout]   |             ~
[INFO] [stdout] 
[INFO] [stdout] error: unknown start of token: `
[INFO] [stdout]  --> src/lib.rs:39:1
[INFO] [stdout]   |
[INFO] [stdout] 4 | `FNM_NOESCAPE`
[INFO] [stdout]   | ^
[INFO] [stdout]   |
[INFO] [stdout] help: Unicode character '`' (Grave Accent) looks like ''' (Single Quote), but it is not
[INFO] [stdout]   |
[INFO] [stdout] 4 | 'FNM_NOESCAPE`
[INFO] [stdout]   | ~
[INFO] [stdout] 
[INFO] [stdout] error: unknown start of token: `
[INFO] [stdout]  --> src/lib.rs:39:14
[INFO] [stdout]   |
[INFO] [stdout] 4 | `FNM_NOESCAPE`
[INFO] [stdout]   |              ^
[INFO] [stdout]   |
[INFO] [stdout] help: Unicode character '`' (Grave Accent) looks like ''' (Single Quote), but it is not
[INFO] [stdout]   |
[INFO] [stdout] 4 | `FNM_NOESCAPE'
[INFO] [stdout]   |              ~
[INFO] [stdout] 
[INFO] [stdout] error: unknown start of token: `
[INFO] [stdout]  --> src/lib.rs:40:1
[INFO] [stdout]   |
[INFO] [stdout] 5 | `FNM_PATHNAME`
[INFO] [stdout]   | ^
[INFO] [stdout]   |
[INFO] [stdout] help: Unicode character '`' (Grave Accent) looks like ''' (Single Quote), but it is not
[INFO] [stdout]   |
[INFO] [stdout] 5 | 'FNM_PATHNAME`
[INFO] [stdout]   | ~
[INFO] [stdout] 
[INFO] [stdout] error: unknown start of token: `
[INFO] [stdout]  --> src/lib.rs:40:14
[INFO] [stdout]   |
[INFO] [stdout] 5 | `FNM_PATHNAME`
[INFO] [stdout]   |              ^
[INFO] [stdout]   |
[INFO] [stdout] help: Unicode character '`' (Grave Accent) looks like ''' (Single Quote), but it is not
[INFO] [stdout]   |
[INFO] [stdout] 5 | `FNM_PATHNAME'
[INFO] [stdout]   |              ~
[INFO] [stdout] 
[INFO] [stdout] error: unknown start of token: `
[INFO] [stdout]  --> src/lib.rs:41:1
[INFO] [stdout]   |
[INFO] [stdout] 6 | `FNM_PERIOD`
[INFO] [stdout]   | ^
[INFO] [stdout]   |
[INFO] [stdout] help: Unicode character '`' (Grave Accent) looks like ''' (Single Quote), but it is not
[INFO] [stdout]   |
[INFO] [stdout] 6 | 'FNM_PERIOD`
[INFO] [stdout]   | ~
[INFO] [stdout] 
[INFO] [stdout] error: unknown start of token: `
[INFO] [stdout]  --> src/lib.rs:41:12
[INFO] [stdout]   |
[INFO] [stdout] 6 | `FNM_PERIOD`
[INFO] [stdout]   |            ^
[INFO] [stdout]   |
[INFO] [stdout] help: Unicode character '`' (Grave Accent) looks like ''' (Single Quote), but it is not
[INFO] [stdout]   |
[INFO] [stdout] 6 | `FNM_PERIOD'
[INFO] [stdout]   |            ~
[INFO] [stdout] 
[INFO] [stdout] error: expected `;`, found `FNM_NOESCAPE`
[INFO] [stdout]  --> src/lib.rs:38:13
[INFO] [stdout]   |
[INFO] [stdout] 3 | `FNM_NOMATCH`
[INFO] [stdout]   |             ^ help: add `;` here
[INFO] [stdout] 4 | `FNM_NOESCAPE`
[INFO] [stdout]   |  ------------ unexpected token
[INFO] [stdout] 
[INFO] [stdout] error: expected `;`, found `FNM_PATHNAME`
[INFO] [stdout]  --> src/lib.rs:39:14
[INFO] [stdout]   |
[INFO] [stdout] 4 | `FNM_NOESCAPE`
[INFO] [stdout]   |              ^ help: add `;` here
[INFO] [stdout] 5 | `FNM_PATHNAME`
[INFO] [stdout]   |  ------------ unexpected token
[INFO] [stdout] 
[INFO] [stdout] error: expected `;`, found `FNM_PERIOD`
[INFO] [stdout]  --> src/lib.rs:40:14
[INFO] [stdout]   |
[INFO] [stdout] 5 | `FNM_PATHNAME`
[INFO] [stdout]   |              ^ help: add `;` here
[INFO] [stdout] 6 | `FNM_PERIOD`
[INFO] [stdout]   |  ---------- unexpected token
[INFO] [stdout] 
[INFO] [stdout] error[E0425]: cannot find value `FNM_PERIOD` in this scope
[INFO] [stdout]  --> src/lib.rs:41:2
[INFO] [stdout]   |
[INFO] [stdout] 6 | `FNM_PERIOD`
[INFO] [stdout]   |  ^^^^^^^^^^ not found in this scope
[INFO] [stdout]   |
[INFO] [stdout] help: consider importing this static
[INFO] [stdout]   |
[INFO] [stdout] 2 + use fnmatch_sys::FNM_PERIOD;
[INFO] [stdout]   |
[INFO] [stdout] 
[INFO] [stdout] error: aborting due to 12 previous errors
[INFO] [stdout] 
[INFO] [stdout] For more information about this error, try `rustc --explain E0425`.
[INFO] [stdout] Couldn't compile the test.
[INFO] [stdout] 
[INFO] [stdout] failures:
[INFO] [stdout]     src/lib.rs - fnmatch (line 37)
[INFO] [stdout] 
[INFO] [stdout] test result: FAILED. 0 passed; 1 failed; 0 ignored; 0 measured; 0 filtered out; finished in 0.05s
[INFO] [stdout] 
[INFO] [stderr] error: doctest failed, to rerun pass `--doc`
[INFO] running `Command { std: "docker" "inspect" "7d1cc2d426c7a526eb215353a99faa2c93456c3d412821db50f77b8015e1874d", kill_on_drop: false }`
[INFO] running `Command { std: "docker" "rm" "-f" "7d1cc2d426c7a526eb215353a99faa2c93456c3d412821db50f77b8015e1874d", kill_on_drop: false }`
[INFO] [stdout] 7d1cc2d426c7a526eb215353a99faa2c93456c3d412821db50f77b8015e1874d
