[INFO] fetching crate fmterr 0.1.1...
[INFO] testing fmterr-0.1.1 against beta-2023-04-20 for beta-1.70-1
[INFO] extracting crate fmterr 0.1.1 into /workspace/builds/worker-0-tc2/source
[INFO] validating manifest of crates.io crate fmterr 0.1.1 on toolchain beta-2023-04-20
[INFO] running `Command { std: CARGO_HOME="/workspace/cargo-home" RUSTUP_HOME="/workspace/rustup-home" "/workspace/cargo-home/bin/cargo" "+beta-2023-04-20" "metadata" "--manifest-path" "Cargo.toml" "--no-deps", kill_on_drop: false }`
[INFO] started tweaking crates.io crate fmterr 0.1.1
[INFO] finished tweaking crates.io crate fmterr 0.1.1
[INFO] tweaked toml for crates.io crate fmterr 0.1.1 written to /workspace/builds/worker-0-tc2/source/Cargo.toml
[INFO] running `Command { std: CARGO_HOME="/workspace/cargo-home" RUSTUP_HOME="/workspace/rustup-home" __CARGO_TEST_CHANNEL_OVERRIDE_DO_NOT_USE_THIS="nightly" "/workspace/cargo-home/bin/cargo" "+beta-2023-04-20" "generate-lockfile" "--manifest-path" "Cargo.toml" "-Zno-index-update", kill_on_drop: false }`
[INFO] running `Command { std: CARGO_HOME="/workspace/cargo-home" RUSTUP_HOME="/workspace/rustup-home" "/workspace/cargo-home/bin/cargo" "+beta-2023-04-20" "fetch" "--manifest-path" "Cargo.toml", kill_on_drop: false }`
[INFO] running `Command { std: "docker" "create" "-v" "/var/lib/crater-agent-workspace/builds/worker-0-tc2/target:/opt/rustwide/target:rw,Z" "-v" "/var/lib/crater-agent-workspace/builds/worker-0-tc2/source:/opt/rustwide/workdir:ro,Z" "-v" "/var/lib/crater-agent-workspace/cargo-home:/opt/rustwide/cargo-home:ro,Z" "-v" "/var/lib/crater-agent-workspace/rustup-home:/opt/rustwide/rustup-home:ro,Z" "-e" "SOURCE_DIR=/opt/rustwide/workdir" "-e" "CARGO_TARGET_DIR=/opt/rustwide/target" "-e" "CARGO_HOME=/opt/rustwide/cargo-home" "-e" "RUSTUP_HOME=/opt/rustwide/rustup-home" "-w" "/opt/rustwide/workdir" "-m" "1610612736" "--user" "0:0" "--network" "none" "ghcr.io/rust-lang/crates-build-env/linux@sha256:5ff2268d62e97bff2cde7d5815dd6ed5b47097566f13b8d0ca110b04b60e07ed" "/opt/rustwide/cargo-home/bin/cargo" "+beta-2023-04-20" "metadata" "--no-deps" "--format-version=1", kill_on_drop: false }`
[INFO] [stdout] 3d25ee63a77a5601791de88960e1ad96de429ab35088c9b6242f57a8e3ed3673
[INFO] running `Command { std: "docker" "start" "-a" "3d25ee63a77a5601791de88960e1ad96de429ab35088c9b6242f57a8e3ed3673", kill_on_drop: false }`
[INFO] running `Command { std: "docker" "inspect" "3d25ee63a77a5601791de88960e1ad96de429ab35088c9b6242f57a8e3ed3673", kill_on_drop: false }`
[INFO] running `Command { std: "docker" "rm" "-f" "3d25ee63a77a5601791de88960e1ad96de429ab35088c9b6242f57a8e3ed3673", kill_on_drop: false }`
[INFO] [stdout] 3d25ee63a77a5601791de88960e1ad96de429ab35088c9b6242f57a8e3ed3673
[INFO] running `Command { std: "docker" "create" "-v" "/var/lib/crater-agent-workspace/builds/worker-0-tc2/target:/opt/rustwide/target:rw,Z" "-v" "/var/lib/crater-agent-workspace/builds/worker-0-tc2/source:/opt/rustwide/workdir:ro,Z" "-v" "/var/lib/crater-agent-workspace/cargo-home:/opt/rustwide/cargo-home:ro,Z" "-v" "/var/lib/crater-agent-workspace/rustup-home:/opt/rustwide/rustup-home:ro,Z" "-e" "SOURCE_DIR=/opt/rustwide/workdir" "-e" "CARGO_TARGET_DIR=/opt/rustwide/target" "-e" "CARGO_INCREMENTAL=0" "-e" "RUST_BACKTRACE=full" "-e" "RUSTFLAGS=--cap-lints=warn" "-e" "RUSTDOCFLAGS=--cap-lints=warn" "-e" "CARGO_HOME=/opt/rustwide/cargo-home" "-e" "RUSTUP_HOME=/opt/rustwide/rustup-home" "-w" "/opt/rustwide/workdir" "-m" "1610612736" "--user" "0:0" "--network" "none" "ghcr.io/rust-lang/crates-build-env/linux@sha256:5ff2268d62e97bff2cde7d5815dd6ed5b47097566f13b8d0ca110b04b60e07ed" "/opt/rustwide/cargo-home/bin/cargo" "+beta-2023-04-20" "build" "--frozen" "--message-format=json", kill_on_drop: false }`
[INFO] [stdout] 44eb103224254754ce5f2e3217e91501b1b9a72d4f4c4cd2ce8a1e865328687b
[INFO] running `Command { std: "docker" "start" "-a" "44eb103224254754ce5f2e3217e91501b1b9a72d4f4c4cd2ce8a1e865328687b", kill_on_drop: false }`
[INFO] [stderr]    Compiling fmterr v0.1.1 (/opt/rustwide/workdir)
[INFO] [stderr]     Finished dev [unoptimized + debuginfo] target(s) in 0.06s
[INFO] running `Command { std: "docker" "inspect" "44eb103224254754ce5f2e3217e91501b1b9a72d4f4c4cd2ce8a1e865328687b", kill_on_drop: false }`
[INFO] running `Command { std: "docker" "rm" "-f" "44eb103224254754ce5f2e3217e91501b1b9a72d4f4c4cd2ce8a1e865328687b", kill_on_drop: false }`
[INFO] [stdout] 44eb103224254754ce5f2e3217e91501b1b9a72d4f4c4cd2ce8a1e865328687b
[INFO] running `Command { std: "docker" "create" "-v" "/var/lib/crater-agent-workspace/builds/worker-0-tc2/target:/opt/rustwide/target:rw,Z" "-v" "/var/lib/crater-agent-workspace/builds/worker-0-tc2/source:/opt/rustwide/workdir:ro,Z" "-v" "/var/lib/crater-agent-workspace/cargo-home:/opt/rustwide/cargo-home:ro,Z" "-v" "/var/lib/crater-agent-workspace/rustup-home:/opt/rustwide/rustup-home:ro,Z" "-e" "SOURCE_DIR=/opt/rustwide/workdir" "-e" "CARGO_TARGET_DIR=/opt/rustwide/target" "-e" "CARGO_INCREMENTAL=0" "-e" "RUST_BACKTRACE=full" "-e" "RUSTFLAGS=--cap-lints=warn" "-e" "RUSTDOCFLAGS=--cap-lints=warn" "-e" "CARGO_HOME=/opt/rustwide/cargo-home" "-e" "RUSTUP_HOME=/opt/rustwide/rustup-home" "-w" "/opt/rustwide/workdir" "-m" "1610612736" "--user" "0:0" "--network" "none" "ghcr.io/rust-lang/crates-build-env/linux@sha256:5ff2268d62e97bff2cde7d5815dd6ed5b47097566f13b8d0ca110b04b60e07ed" "/opt/rustwide/cargo-home/bin/cargo" "+beta-2023-04-20" "test" "--frozen" "--no-run" "--message-format=json", kill_on_drop: false }`
[INFO] [stdout] c21b2d862dbbc1af1c38cea992bebfba8542c18cec7a1b0297f1fbd9fc13b47a
[INFO] running `Command { std: "docker" "start" "-a" "c21b2d862dbbc1af1c38cea992bebfba8542c18cec7a1b0297f1fbd9fc13b47a", kill_on_drop: false }`
[INFO] [stderr]    Compiling fmterr v0.1.1 (/opt/rustwide/workdir)
[INFO] [stderr]     Finished test [unoptimized + debuginfo] target(s) in 0.19s
[INFO] running `Command { std: "docker" "inspect" "c21b2d862dbbc1af1c38cea992bebfba8542c18cec7a1b0297f1fbd9fc13b47a", kill_on_drop: false }`
[INFO] running `Command { std: "docker" "rm" "-f" "c21b2d862dbbc1af1c38cea992bebfba8542c18cec7a1b0297f1fbd9fc13b47a", kill_on_drop: false }`
[INFO] [stdout] c21b2d862dbbc1af1c38cea992bebfba8542c18cec7a1b0297f1fbd9fc13b47a
[INFO] running `Command { std: "docker" "create" "-v" "/var/lib/crater-agent-workspace/builds/worker-0-tc2/target:/opt/rustwide/target:rw,Z" "-v" "/var/lib/crater-agent-workspace/builds/worker-0-tc2/source:/opt/rustwide/workdir:ro,Z" "-v" "/var/lib/crater-agent-workspace/cargo-home:/opt/rustwide/cargo-home:ro,Z" "-v" "/var/lib/crater-agent-workspace/rustup-home:/opt/rustwide/rustup-home:ro,Z" "-e" "SOURCE_DIR=/opt/rustwide/workdir" "-e" "CARGO_TARGET_DIR=/opt/rustwide/target" "-e" "CARGO_INCREMENTAL=0" "-e" "RUST_BACKTRACE=full" "-e" "RUSTFLAGS=--cap-lints=warn" "-e" "RUSTDOCFLAGS=--cap-lints=warn" "-e" "CARGO_HOME=/opt/rustwide/cargo-home" "-e" "RUSTUP_HOME=/opt/rustwide/rustup-home" "-w" "/opt/rustwide/workdir" "-m" "1610612736" "--user" "0:0" "--network" "none" "ghcr.io/rust-lang/crates-build-env/linux@sha256:5ff2268d62e97bff2cde7d5815dd6ed5b47097566f13b8d0ca110b04b60e07ed" "/opt/rustwide/cargo-home/bin/cargo" "+beta-2023-04-20" "test" "--frozen", kill_on_drop: false }`
[INFO] [stdout] 25cb1e51ced810c32222da36af1511bf686beecaaa9319da6dc94533d845c129
[INFO] running `Command { std: "docker" "start" "-a" "25cb1e51ced810c32222da36af1511bf686beecaaa9319da6dc94533d845c129", kill_on_drop: false }`
[INFO] [stderr]     Finished test [unoptimized + debuginfo] target(s) in 0.00s
[INFO] [stderr]      Running unittests src/lib.rs (/opt/rustwide/target/debug/deps/fmterr-2ca6d18bb98237f7)
[INFO] [stdout] 
[INFO] [stdout] running 0 tests
[INFO] [stdout] 
[INFO] [stdout] test result: ok. 0 passed; 0 failed; 0 ignored; 0 measured; 0 filtered out; finished in 0.00s
[INFO] [stdout] 
[INFO] [stderr]    Doc-tests fmterr
[INFO] [stdout] 
[INFO] [stdout] running 3 tests
[INFO] [stdout] test src/lib.rs - (line 30) ... FAILED
[INFO] [stdout] test src/lib.rs - (line 19) ... FAILED
[INFO] [stdout] test src/lib.rs - (line 7) ... ok
[INFO] [stdout] 
[INFO] [stdout] failures:
[INFO] [stdout] 
[INFO] [stdout] ---- src/lib.rs - (line 30) stdout ----
[INFO] [stdout] error: expected one of `!`, `(`, `.`, `::`, `;`, `<`, `?`, or `}`, found `not`
[INFO] [stdout]  --> src/lib.rs:31:15
[INFO] [stdout]   |
[INFO] [stdout] 3 | Error: entity not found
[INFO] [stdout]   |      -        ^^^ expected one of 8 possible tokens
[INFO] [stdout]   |      |
[INFO] [stdout]   |      tried to parse a type due to this
[INFO] [stdout] 
[INFO] [stdout] error: aborting due to previous error
[INFO] [stdout] 
[INFO] [stdout] Couldn't compile the test.
[INFO] [stdout] ---- src/lib.rs - (line 19) stdout ----
[INFO] [stdout] error: expected one of `!`, `(`, `.`, `::`, `;`, `<`, `?`, or `}`, found `error`
[INFO] [stdout]  --> src/lib.rs:20:14
[INFO] [stdout]   |
[INFO] [stdout] 3 | Error: first error message
[INFO] [stdout]   |      -       ^^^^^ expected one of 8 possible tokens
[INFO] [stdout]   |      |
[INFO] [stdout]   |      tried to parse a type due to this
[INFO] [stdout] 
[INFO] [stdout] error: aborting due to previous error
[INFO] [stdout] 
[INFO] [stdout] Couldn't compile the test.
[INFO] [stdout] 
[INFO] [stdout] failures:
[INFO] [stdout]     src/lib.rs - (line 19)
[INFO] [stdout]     src/lib.rs - (line 30)
[INFO] [stdout] 
[INFO] [stdout] test result: FAILED. 1 passed; 2 failed; 0 ignored; 0 measured; 0 filtered out; finished in 0.17s
[INFO] [stdout] 
[INFO] [stderr] error: doctest failed, to rerun pass `--doc`
[INFO] running `Command { std: "docker" "inspect" "25cb1e51ced810c32222da36af1511bf686beecaaa9319da6dc94533d845c129", kill_on_drop: false }`
[INFO] running `Command { std: "docker" "rm" "-f" "25cb1e51ced810c32222da36af1511bf686beecaaa9319da6dc94533d845c129", kill_on_drop: false }`
[INFO] [stdout] 25cb1e51ced810c32222da36af1511bf686beecaaa9319da6dc94533d845c129
