[INFO] fetching crate flute 0.7.1...
[INFO] testing flute-0.7.1 against beta-2023-04-20 for beta-1.70-1
[INFO] extracting crate flute 0.7.1 into /workspace/builds/worker-2-tc2/source
[INFO] validating manifest of crates.io crate flute 0.7.1 on toolchain beta-2023-04-20
[INFO] running `Command { std: CARGO_HOME="/workspace/cargo-home" RUSTUP_HOME="/workspace/rustup-home" "/workspace/cargo-home/bin/cargo" "+beta-2023-04-20" "metadata" "--manifest-path" "Cargo.toml" "--no-deps", kill_on_drop: false }`
[INFO] started tweaking crates.io crate flute 0.7.1
[INFO] finished tweaking crates.io crate flute 0.7.1
[INFO] tweaked toml for crates.io crate flute 0.7.1 written to /workspace/builds/worker-2-tc2/source/Cargo.toml
[INFO] crate crates.io crate flute 0.7.1 already has a lockfile, it will not be regenerated
[INFO] running `Command { std: CARGO_HOME="/workspace/cargo-home" RUSTUP_HOME="/workspace/rustup-home" "/workspace/cargo-home/bin/cargo" "+beta-2023-04-20" "fetch" "--manifest-path" "Cargo.toml", kill_on_drop: false }`
[INFO] [stderr]     Updating crates.io index
[INFO] [stderr]  Downloading crates ...
[INFO] [stderr]   Downloaded pyo3-build-config v0.17.3
[INFO] [stderr]   Downloaded pyo3-macros v0.17.3
[INFO] [stderr]   Downloaded primes v0.3.0
[INFO] [stderr]   Downloaded unindent v0.1.11
[INFO] [stderr]   Downloaded quick-xml v0.26.0
[INFO] [stderr]   Downloaded pyo3-log v0.7.0
[INFO] [stderr]   Downloaded lru v0.7.8
[INFO] [stderr]   Downloaded indoc v1.0.9
[INFO] [stderr]   Downloaded pyo3-macros-backend v0.17.3
[INFO] [stderr]   Downloaded raptorq v1.7.0
[INFO] [stderr]   Downloaded pyo3-ffi v0.17.3
[INFO] [stderr]   Downloaded pyo3 v0.17.3
[INFO] [stderr]   Downloaded reed-solomon-erasure v6.0.0
[INFO] [stderr]   Downloaded raptor-code v1.0.5
[INFO] running `Command { std: "docker" "create" "-v" "/var/lib/crater-agent-workspace/builds/worker-2-tc2/target:/opt/rustwide/target:rw,Z" "-v" "/var/lib/crater-agent-workspace/builds/worker-2-tc2/source:/opt/rustwide/workdir:ro,Z" "-v" "/var/lib/crater-agent-workspace/cargo-home:/opt/rustwide/cargo-home:ro,Z" "-v" "/var/lib/crater-agent-workspace/rustup-home:/opt/rustwide/rustup-home:ro,Z" "-e" "SOURCE_DIR=/opt/rustwide/workdir" "-e" "CARGO_TARGET_DIR=/opt/rustwide/target" "-e" "CARGO_HOME=/opt/rustwide/cargo-home" "-e" "RUSTUP_HOME=/opt/rustwide/rustup-home" "-w" "/opt/rustwide/workdir" "-m" "1610612736" "--user" "0:0" "--network" "none" "ghcr.io/rust-lang/crates-build-env/linux@sha256:5ff2268d62e97bff2cde7d5815dd6ed5b47097566f13b8d0ca110b04b60e07ed" "/opt/rustwide/cargo-home/bin/cargo" "+beta-2023-04-20" "metadata" "--no-deps" "--format-version=1", kill_on_drop: false }`
[INFO] [stdout] 81c642d10c2c35656c00a5d27670282c50bfcbe80bd7fcbc5d26e9eec2c1938f
[INFO] running `Command { std: "docker" "start" "-a" "81c642d10c2c35656c00a5d27670282c50bfcbe80bd7fcbc5d26e9eec2c1938f", kill_on_drop: false }`
[INFO] running `Command { std: "docker" "inspect" "81c642d10c2c35656c00a5d27670282c50bfcbe80bd7fcbc5d26e9eec2c1938f", kill_on_drop: false }`
[INFO] running `Command { std: "docker" "rm" "-f" "81c642d10c2c35656c00a5d27670282c50bfcbe80bd7fcbc5d26e9eec2c1938f", kill_on_drop: false }`
[INFO] [stdout] 81c642d10c2c35656c00a5d27670282c50bfcbe80bd7fcbc5d26e9eec2c1938f
[INFO] running `Command { std: "docker" "create" "-v" "/var/lib/crater-agent-workspace/builds/worker-2-tc2/target:/opt/rustwide/target:rw,Z" "-v" "/var/lib/crater-agent-workspace/builds/worker-2-tc2/source:/opt/rustwide/workdir:ro,Z" "-v" "/var/lib/crater-agent-workspace/cargo-home:/opt/rustwide/cargo-home:ro,Z" "-v" "/var/lib/crater-agent-workspace/rustup-home:/opt/rustwide/rustup-home:ro,Z" "-e" "SOURCE_DIR=/opt/rustwide/workdir" "-e" "CARGO_TARGET_DIR=/opt/rustwide/target" "-e" "CARGO_INCREMENTAL=0" "-e" "RUST_BACKTRACE=full" "-e" "RUSTFLAGS=--cap-lints=warn" "-e" "RUSTDOCFLAGS=--cap-lints=warn" "-e" "CARGO_HOME=/opt/rustwide/cargo-home" "-e" "RUSTUP_HOME=/opt/rustwide/rustup-home" "-w" "/opt/rustwide/workdir" "-m" "1610612736" "--user" "0:0" "--network" "none" "ghcr.io/rust-lang/crates-build-env/linux@sha256:5ff2268d62e97bff2cde7d5815dd6ed5b47097566f13b8d0ca110b04b60e07ed" "/opt/rustwide/cargo-home/bin/cargo" "+beta-2023-04-20" "build" "--frozen" "--message-format=json", kill_on_drop: false }`
[INFO] [stdout] 5e06ab61daa5cb878eaa0387df21003972ed135e839f343e72613804f7d640b3
[INFO] running `Command { std: "docker" "start" "-a" "5e06ab61daa5cb878eaa0387df21003972ed135e839f343e72613804f7d640b3", kill_on_drop: false }`
[INFO] [stderr]    Compiling libc v0.2.141
[INFO] [stderr]    Compiling num-traits v0.2.15
[INFO] [stderr]    Compiling parking_lot_core v0.8.6
[INFO] [stderr]    Compiling once_cell v1.17.1
[INFO] [stderr]    Compiling serde_derive v1.0.159
[INFO] [stderr]    Compiling ahash v0.7.6
[INFO] [stderr]    Compiling syn v2.0.13
[INFO] [stderr]    Compiling instant v0.1.12
[INFO] [stderr]    Compiling num-integer v0.1.45
[INFO] [stderr]    Compiling serde v1.0.159
[INFO] [stderr]    Compiling crc32fast v1.3.2
[INFO] [stderr]    Compiling libm v0.2.6
[INFO] [stderr]    Compiling adler v1.0.2
[INFO] [stderr]    Compiling reed-solomon-erasure v6.0.0
[INFO] [stderr]    Compiling miniz_oxide v0.6.2
[INFO] [stderr]    Compiling spin v0.9.8
[INFO] [stderr]    Compiling primes v0.3.0
[INFO] [stderr]    Compiling iana-time-zone v0.1.56
[INFO] [stderr]    Compiling raptor-code v1.0.5
[INFO] [stderr]    Compiling md5 v0.7.0
[INFO] [stderr]    Compiling getrandom v0.2.9
[INFO] [stderr]    Compiling time v0.1.45
[INFO] [stderr]    Compiling parking_lot v0.11.2
[INFO] [stderr]    Compiling flate2 v1.0.25
[INFO] [stderr]    Compiling raptorq v1.7.0
[INFO] [stderr]    Compiling hashbrown v0.12.3
[INFO] [stderr]    Compiling chrono v0.4.24
[INFO] [stderr]    Compiling lru v0.7.8
[INFO] [stderr]    Compiling quick-xml v0.26.0
[INFO] [stderr]    Compiling flute v0.7.1 (/opt/rustwide/workdir)
[INFO] [stderr]     Finished dev [unoptimized + debuginfo] target(s) in 17.34s
[INFO] running `Command { std: "docker" "inspect" "5e06ab61daa5cb878eaa0387df21003972ed135e839f343e72613804f7d640b3", kill_on_drop: false }`
[INFO] running `Command { std: "docker" "rm" "-f" "5e06ab61daa5cb878eaa0387df21003972ed135e839f343e72613804f7d640b3", kill_on_drop: false }`
[INFO] [stdout] 5e06ab61daa5cb878eaa0387df21003972ed135e839f343e72613804f7d640b3
[INFO] running `Command { std: "docker" "create" "-v" "/var/lib/crater-agent-workspace/builds/worker-2-tc2/target:/opt/rustwide/target:rw,Z" "-v" "/var/lib/crater-agent-workspace/builds/worker-2-tc2/source:/opt/rustwide/workdir:ro,Z" "-v" "/var/lib/crater-agent-workspace/cargo-home:/opt/rustwide/cargo-home:ro,Z" "-v" "/var/lib/crater-agent-workspace/rustup-home:/opt/rustwide/rustup-home:ro,Z" "-e" "SOURCE_DIR=/opt/rustwide/workdir" "-e" "CARGO_TARGET_DIR=/opt/rustwide/target" "-e" "CARGO_INCREMENTAL=0" "-e" "RUST_BACKTRACE=full" "-e" "RUSTFLAGS=--cap-lints=warn" "-e" "RUSTDOCFLAGS=--cap-lints=warn" "-e" "CARGO_HOME=/opt/rustwide/cargo-home" "-e" "RUSTUP_HOME=/opt/rustwide/rustup-home" "-w" "/opt/rustwide/workdir" "-m" "1610612736" "--user" "0:0" "--network" "none" "ghcr.io/rust-lang/crates-build-env/linux@sha256:5ff2268d62e97bff2cde7d5815dd6ed5b47097566f13b8d0ca110b04b60e07ed" "/opt/rustwide/cargo-home/bin/cargo" "+beta-2023-04-20" "test" "--frozen" "--no-run" "--message-format=json", kill_on_drop: false }`
[INFO] [stdout] 11284e33cda1e585661944617b08cc02e4b81081a59aadaf63b921b3309612e9
[INFO] running `Command { std: "docker" "start" "-a" "11284e33cda1e585661944617b08cc02e4b81081a59aadaf63b921b3309612e9", kill_on_drop: false }`
[INFO] [stderr]    Compiling libc v0.2.141
[INFO] [stderr]    Compiling io-lifetimes v1.0.10
[INFO] [stderr]    Compiling rustix v0.37.11
[INFO] [stderr]    Compiling linux-raw-sys v0.3.1
[INFO] [stderr]    Compiling regex-syntax v0.6.29
[INFO] [stderr]    Compiling raptor-code v1.0.5
[INFO] [stderr]    Compiling regex v1.7.3
[INFO] [stderr]    Compiling getrandom v0.2.9
[INFO] [stderr]    Compiling parking_lot_core v0.8.6
[INFO] [stderr]    Compiling time v0.1.45
[INFO] [stderr]    Compiling ahash v0.7.6
[INFO] [stderr]    Compiling rand_core v0.6.4
[INFO] [stderr]    Compiling parking_lot v0.11.2
[INFO] [stderr]    Compiling hashbrown v0.12.3
[INFO] [stderr]    Compiling chrono v0.4.24
[INFO] [stderr]    Compiling rand_chacha v0.3.1
[INFO] [stderr]    Compiling rand v0.8.5
[INFO] [stderr]    Compiling lru v0.7.8
[INFO] [stderr]    Compiling is-terminal v0.4.7
[INFO] [stderr]    Compiling reed-solomon-erasure v6.0.0
[INFO] [stderr]    Compiling env_logger v0.10.0
[INFO] [stderr]    Compiling flute v0.7.1 (/opt/rustwide/workdir)
[INFO] [stderr]     Finished test [unoptimized + debuginfo] target(s) in 10.79s
[INFO] running `Command { std: "docker" "inspect" "11284e33cda1e585661944617b08cc02e4b81081a59aadaf63b921b3309612e9", kill_on_drop: false }`
[INFO] running `Command { std: "docker" "rm" "-f" "11284e33cda1e585661944617b08cc02e4b81081a59aadaf63b921b3309612e9", kill_on_drop: false }`
[INFO] [stdout] 11284e33cda1e585661944617b08cc02e4b81081a59aadaf63b921b3309612e9
[INFO] running `Command { std: "docker" "create" "-v" "/var/lib/crater-agent-workspace/builds/worker-2-tc2/target:/opt/rustwide/target:rw,Z" "-v" "/var/lib/crater-agent-workspace/builds/worker-2-tc2/source:/opt/rustwide/workdir:ro,Z" "-v" "/var/lib/crater-agent-workspace/cargo-home:/opt/rustwide/cargo-home:ro,Z" "-v" "/var/lib/crater-agent-workspace/rustup-home:/opt/rustwide/rustup-home:ro,Z" "-e" "SOURCE_DIR=/opt/rustwide/workdir" "-e" "CARGO_TARGET_DIR=/opt/rustwide/target" "-e" "CARGO_INCREMENTAL=0" "-e" "RUST_BACKTRACE=full" "-e" "RUSTFLAGS=--cap-lints=warn" "-e" "RUSTDOCFLAGS=--cap-lints=warn" "-e" "CARGO_HOME=/opt/rustwide/cargo-home" "-e" "RUSTUP_HOME=/opt/rustwide/rustup-home" "-w" "/opt/rustwide/workdir" "-m" "1610612736" "--user" "0:0" "--network" "none" "ghcr.io/rust-lang/crates-build-env/linux@sha256:5ff2268d62e97bff2cde7d5815dd6ed5b47097566f13b8d0ca110b04b60e07ed" "/opt/rustwide/cargo-home/bin/cargo" "+beta-2023-04-20" "test" "--frozen", kill_on_drop: false }`
[INFO] [stdout] f6cea003421901eb7de4960baa5ea2b5c9824d683a6b8eca16bc563588caabb1
[INFO] running `Command { std: "docker" "start" "-a" "f6cea003421901eb7de4960baa5ea2b5c9824d683a6b8eca16bc563588caabb1", kill_on_drop: false }`
[INFO] [stderr]     Finished test [unoptimized + debuginfo] target(s) in 0.07s
[INFO] [stderr]      Running unittests src/lib.rs (/opt/rustwide/target/debug/deps/flute-0db431326af6dc61)
[INFO] [stdout] 
[INFO] [stdout] running 15 tests
[INFO] [stdout] test common::alc::tests::test_alc_create ... ok
[INFO] [stdout] test common::oti::tests::test_oti ... ok
[INFO] [stdout] test common::lct::tests::test_lct ... ok
[INFO] [stdout] test receiver::uncompress::tests::test_gzip ... ok
[INFO] [stdout] test common::partition::tests::partition_empty_file ... ok
[INFO] [stdout] test fec::raptorq::tests::test_raptorq_encode ... ok
[INFO] [stdout] test fec::rscodec::tests::test_encoder ... ok
[INFO] [stdout] test sender::sender::tests::sender_complete ... ok
[INFO] [stdout] test sender::fdt::tests::test_fdt ... ok
[INFO] [stdout] test sender::sender::tests::test_sender_remove_object ... ok
[INFO] [stdout] test tools::ringbuffer::tests::ringbuffer_3 ... ok
[INFO] [stdout] test tools::ringbuffer::tests::ringbuffer_2 ... ok
[INFO] [stdout] test sender::sender::tests::test_sender ... ok
[INFO] [stdout] test tools::ringbuffer::tests::ringbuffer ... ok
[INFO] [stdout] test sender::sender::tests::test_sender_file_too_large ... ok
[INFO] [stdout] 
[INFO] [stdout] test result: ok. 15 passed; 0 failed; 0 ignored; 0 measured; 0 filtered out; finished in 0.05s
[INFO] [stdout] 
[INFO] [stderr]      Running tests/flute.rs (/opt/rustwide/target/debug/deps/flute-16701e7bb33e453a)
[INFO] [stdout] 
[INFO] [stdout] running 17 tests
[INFO] [stdout] test tests::test_receiver_empty_file ... ok
[INFO] [stdout] test tests::test_receiver_no_code_no_multiplex ... ok
[INFO] [stdout] test tests::test_receiver_expired_fdt ... ok
[INFO] [stdout] test tests::test_receiver_outband_cenc ... ok
[INFO] [stdout] test tests::test_receiver_no_code ... ok
[INFO] [stdout] test tests::test_receiver_outband_fti ... ok
[INFO] [stdout] test tests::test_receiver_outband_cenc_and_fti ... ok
[INFO] [stdout] test tests::test_receiver_cenc_deflate ... ok
[INFO] [stdout] test tests::test_receiver_raptorq ... ok
[INFO] [stdout] test tests::test_receiver_cenc_gzip ... ok
[INFO] [stdout] test tests::test_receiver_cenc_zlib ... ok
[INFO] [stdout] test tests::test_receiver_raptorq_outband_fti ... ok
[INFO] [stdout] test tests::test_receiver_fdt_raptorq_object_reed_solomon_gf28 ... ok
[INFO] [stdout] test tests::test_receiver_raptor ... ok
[INFO] [stdout] test tests::test_receiver_reed_solomon_gf28 ... ok
[INFO] [stdout] test tests::test_receiver_reed_solomon_gf28_outband_fti ... ok
[INFO] [stdout] test tests::test_receiver_reed_solomon_gf28_under_specified ... ok
[INFO] [stdout] 
[INFO] [stdout] test result: ok. 17 passed; 0 failed; 0 ignored; 0 measured; 0 filtered out; finished in 0.47s
[INFO] [stdout] 
[INFO] [stderr]    Doc-tests flute
[INFO] [stdout] 
[INFO] [stdout] running 10 tests
[INFO] [stdout] test src/common/oti.rs - common::oti::Oti::new_reed_solomon_rs28 (line 259) ... ok
[INFO] [stdout] test src/lib.rs - (line 140) ... ok
[INFO] [stdout] test src/common/oti.rs - common::oti::Oti::new_raptor (line 435) ... ok
[INFO] [stdout] test src/common/oti.rs - common::oti::Oti::new_reed_solomon_rs28_under_specified (line 312) ... ok
[INFO] [stdout] test src/lib.rs - (line 108) ... ok
[INFO] [stdout] test src/common/oti.rs - common::oti::Oti::new_raptorq (line 371) ... ok
[INFO] [stdout] test src/lib.rs - (line 68) ... ok
[INFO] [stdout] test src/lib.rs - (line 32) ... FAILED
[INFO] [stdout] test src/receiver/writer/mod.rs - receiver::writer (line 6) ... ok
[INFO] [stderr] error: doctest failed, to rerun pass `--doc`
[INFO] [stdout] test src/receiver/multireceiver.rs - receiver::multireceiver::MultiReceiver::new (line 34) ... ok
[INFO] [stdout] 
[INFO] [stdout] failures:
[INFO] [stdout] 
[INFO] [stdout] ---- src/lib.rs - (line 32) stdout ----
[INFO] [stdout] Test executable failed (exit status: 101).
[INFO] [stdout] 
[INFO] [stdout] stderr:
[INFO] [stdout] thread 'main' panicked at 'Connection failed: Os { code: 101, kind: NetworkUnreachable, message: "Network is unreachable" }', src/lib.rs:12:39
[INFO] [stdout] stack backtrace:
[INFO] [stdout]    0:     0x55b0d724c2da - std::backtrace_rs::backtrace::libunwind::trace::h2f05d0192276a8f6
[INFO] [stdout]                                at /rustc/1b7dd2252b99671ce5d1cb9664c5f8636329436d/library/std/src/../../backtrace/src/backtrace/libunwind.rs:93:5
[INFO] [stdout]    1:     0x55b0d724c2da - std::backtrace_rs::backtrace::trace_unsynchronized::hedc23dff7a1af150
[INFO] [stdout]                                at /rustc/1b7dd2252b99671ce5d1cb9664c5f8636329436d/library/std/src/../../backtrace/src/backtrace/mod.rs:66:5
[INFO] [stdout]    2:     0x55b0d724c2da - std::sys_common::backtrace::_print_fmt::h17541ef7592f3ce2
[INFO] [stdout]                                at /rustc/1b7dd2252b99671ce5d1cb9664c5f8636329436d/library/std/src/sys_common/backtrace.rs:65:5
[INFO] [stdout]    3:     0x55b0d724c2da - <std::sys_common::backtrace::_print::DisplayBacktrace as core::fmt::Display>::fmt::h20f75df5ab0c0792
[INFO] [stdout]                                at /rustc/1b7dd2252b99671ce5d1cb9664c5f8636329436d/library/std/src/sys_common/backtrace.rs:44:22
[INFO] [stdout]    4:     0x55b0d726969f - core::fmt::write::h78109e6f466b3af6
[INFO] [stdout]                                at /rustc/1b7dd2252b99671ce5d1cb9664c5f8636329436d/library/core/src/fmt/mod.rs:1254:17
[INFO] [stdout]    5:     0x55b0d7249c45 - std::io::Write::write_fmt::hc59e1b02dd273c8a
[INFO] [stdout]                                at /rustc/1b7dd2252b99671ce5d1cb9664c5f8636329436d/library/std/src/io/mod.rs:1698:15
[INFO] [stdout]    6:     0x55b0d724c0a5 - std::sys_common::backtrace::_print::h8dac57a9f8fbf9a5
[INFO] [stdout]                                at /rustc/1b7dd2252b99671ce5d1cb9664c5f8636329436d/library/std/src/sys_common/backtrace.rs:47:5
[INFO] [stdout]    7:     0x55b0d724c0a5 - std::sys_common::backtrace::print::hf9ecbf41d1aa712f
[INFO] [stdout]                                at /rustc/1b7dd2252b99671ce5d1cb9664c5f8636329436d/library/std/src/sys_common/backtrace.rs:34:9
[INFO] [stdout]    8:     0x55b0d724d62e - std::panicking::default_hook::{{closure}}::h04c07acfc84ca028
[INFO] [stdout]                                at /rustc/1b7dd2252b99671ce5d1cb9664c5f8636329436d/library/std/src/panicking.rs:269:22
[INFO] [stdout]    9:     0x55b0d724d3d5 - std::panicking::default_hook::h01f6bb23e1eceb2c
[INFO] [stdout]                                at /rustc/1b7dd2252b99671ce5d1cb9664c5f8636329436d/library/std/src/panicking.rs:288:9
[INFO] [stdout]   10:     0x55b0d724db8e - std::panicking::rust_panic_with_hook::h2bb3722bbaf2f6df
[INFO] [stdout]                                at /rustc/1b7dd2252b99671ce5d1cb9664c5f8636329436d/library/std/src/panicking.rs:691:13
[INFO] [stdout]   11:     0x55b0d724da89 - std::panicking::begin_panic_handler::{{closure}}::h91bc7f36a4be011b
[INFO] [stdout]                                at /rustc/1b7dd2252b99671ce5d1cb9664c5f8636329436d/library/std/src/panicking.rs:582:13
[INFO] [stdout]   12:     0x55b0d724c746 - std::sys_common::backtrace::__rust_end_short_backtrace::h8b3d3717114f9e59
[INFO] [stdout]                                at /rustc/1b7dd2252b99671ce5d1cb9664c5f8636329436d/library/std/src/sys_common/backtrace.rs:150:18
[INFO] [stdout]   13:     0x55b0d724d7e2 - rust_begin_unwind
[INFO] [stdout]                                at /rustc/1b7dd2252b99671ce5d1cb9664c5f8636329436d/library/std/src/panicking.rs:578:5
[INFO] [stdout]   14:     0x55b0d70f3c83 - core::panicking::panic_fmt::hfd368e3fbdabea26
[INFO] [stdout]                                at /rustc/1b7dd2252b99671ce5d1cb9664c5f8636329436d/library/core/src/panicking.rs:67:14
[INFO] [stdout]   15:     0x55b0d70f4163 - core::result::unwrap_failed::he54eb4b2f125b26f
[INFO] [stdout]                                at /rustc/1b7dd2252b99671ce5d1cb9664c5f8636329436d/library/core/src/result.rs:1687:5
[INFO] [stdout]   16:     0x55b0d70f56c3 - core::result::Result<T,E>::expect::h760c968068de51c2
[INFO] [stdout]   17:     0x55b0d70f5b66 - rust_out::main::_doctest_main_src_lib_rs_32_0::h4e0629225e247728
[INFO] [stdout]   18:     0x55b0d70f5aa6 - rust_out::main::h2731449a68dfa004
[INFO] [stdout]   19:     0x55b0d70f52c3 - core::ops::function::FnOnce::call_once::hd1715aa1b26fc35c
[INFO] [stdout]   20:     0x55b0d70f4706 - std::sys_common::backtrace::__rust_begin_short_backtrace::h8d2b4d09ce515535
[INFO] [stdout]   21:     0x55b0d70f4759 - std::rt::lang_start::{{closure}}::hc9a918c63b0dc835
[INFO] [stdout]   22:     0x55b0d724743e - core::ops::function::impls::<impl core::ops::function::FnOnce<A> for &F>::call_once::h2eb19b8ce4148df4
[INFO] [stdout]                                at /rustc/1b7dd2252b99671ce5d1cb9664c5f8636329436d/library/core/src/ops/function.rs:287:13
[INFO] [stdout]   23:     0x55b0d724743e - std::panicking::try::do_call::h2e900feff5d504c5
[INFO] [stdout]                                at /rustc/1b7dd2252b99671ce5d1cb9664c5f8636329436d/library/std/src/panicking.rs:485:40
[INFO] [stdout]   24:     0x55b0d724743e - std::panicking::try::h8854836cb85aa9f2
[INFO] [stdout]                                at /rustc/1b7dd2252b99671ce5d1cb9664c5f8636329436d/library/std/src/panicking.rs:449:19
[INFO] [stdout]   25:     0x55b0d724743e - std::panic::catch_unwind::h706025dd4c48f64b
[INFO] [stdout]                                at /rustc/1b7dd2252b99671ce5d1cb9664c5f8636329436d/library/std/src/panic.rs:140:14
[INFO] [stdout]   26:     0x55b0d724743e - std::rt::lang_start_internal::{{closure}}::h7be5b97f4a07a91a
[INFO] [stdout]                                at /rustc/1b7dd2252b99671ce5d1cb9664c5f8636329436d/library/std/src/rt.rs:148:48
[INFO] [stdout]   27:     0x55b0d724743e - std::panicking::try::do_call::h59847e9d0a176965
[INFO] [stdout]                                at /rustc/1b7dd2252b99671ce5d1cb9664c5f8636329436d/library/std/src/panicking.rs:485:40
[INFO] [stdout]   28:     0x55b0d724743e - std::panicking::try::h399a918ba8522823
[INFO] [stdout]                                at /rustc/1b7dd2252b99671ce5d1cb9664c5f8636329436d/library/std/src/panicking.rs:449:19
[INFO] [stdout]   29:     0x55b0d724743e - std::panic::catch_unwind::hca7ca6c55b2a2e26
[INFO] [stdout]                                at /rustc/1b7dd2252b99671ce5d1cb9664c5f8636329436d/library/std/src/panic.rs:140:14
[INFO] [stdout]   30:     0x55b0d724743e - std::rt::lang_start_internal::h2c807a81560459eb
[INFO] [stdout]                                at /rustc/1b7dd2252b99671ce5d1cb9664c5f8636329436d/library/std/src/rt.rs:148:20
[INFO] [stdout]   31:     0x55b0d70f4737 - std::rt::lang_start::hc4bd3329ce767e23
[INFO] [stdout]   32:     0x55b0d70f5fa5 - main
[INFO] [stdout]   33:     0x7f1420d70d90 - <unknown>
[INFO] [stdout]   34:     0x7f1420d70e40 - __libc_start_main
[INFO] [stdout]   35:     0x55b0d70f4345 - _start
[INFO] [stdout]   36:                0x0 - <unknown>
[INFO] [stdout] 
[INFO] [stdout] 
[INFO] [stdout] 
[INFO] [stdout] failures:
[INFO] [stdout]     src/lib.rs - (line 32)
[INFO] [stdout] 
[INFO] [stdout] test result: FAILED. 9 passed; 1 failed; 0 ignored; 0 measured; 0 filtered out; finished in 3.13s
[INFO] [stdout] 
[INFO] running `Command { std: "docker" "inspect" "f6cea003421901eb7de4960baa5ea2b5c9824d683a6b8eca16bc563588caabb1", kill_on_drop: false }`
[INFO] running `Command { std: "docker" "rm" "-f" "f6cea003421901eb7de4960baa5ea2b5c9824d683a6b8eca16bc563588caabb1", kill_on_drop: false }`
[INFO] [stdout] f6cea003421901eb7de4960baa5ea2b5c9824d683a6b8eca16bc563588caabb1
