[INFO] fetching crate fltk-richtext 0.1.1...
[INFO] testing fltk-richtext-0.1.1 against 1.69.0 for beta-1.70-1
[INFO] extracting crate fltk-richtext 0.1.1 into /workspace/builds/worker-7-tc1/source
[INFO] validating manifest of crates.io crate fltk-richtext 0.1.1 on toolchain 1.69.0
[INFO] running `Command { std: CARGO_HOME="/workspace/cargo-home" RUSTUP_HOME="/workspace/rustup-home" "/workspace/cargo-home/bin/cargo" "+1.69.0" "metadata" "--manifest-path" "Cargo.toml" "--no-deps", kill_on_drop: false }`
[INFO] started tweaking crates.io crate fltk-richtext 0.1.1
[INFO] finished tweaking crates.io crate fltk-richtext 0.1.1
[INFO] tweaked toml for crates.io crate fltk-richtext 0.1.1 written to /workspace/builds/worker-7-tc1/source/Cargo.toml
[INFO] crate crates.io crate fltk-richtext 0.1.1 already has a lockfile, it will not be regenerated
[INFO] running `Command { std: CARGO_HOME="/workspace/cargo-home" RUSTUP_HOME="/workspace/rustup-home" "/workspace/cargo-home/bin/cargo" "+1.69.0" "fetch" "--manifest-path" "Cargo.toml", kill_on_drop: false }`
[INFO] [stderr]  Downloading crates ...
[INFO] [stderr]   Downloaded paste v1.0.9
[INFO] [stderr]   Downloaded cmake v0.1.49
[INFO] [stderr]   Downloaded fltk v1.3.19
[INFO] [stderr]   Downloaded fltk-sys v1.3.19
[INFO] running `Command { std: "docker" "create" "-v" "/var/lib/crater-agent-workspace/builds/worker-7-tc1/target:/opt/rustwide/target:rw,Z" "-v" "/var/lib/crater-agent-workspace/builds/worker-7-tc1/source:/opt/rustwide/workdir:ro,Z" "-v" "/var/lib/crater-agent-workspace/cargo-home:/opt/rustwide/cargo-home:ro,Z" "-v" "/var/lib/crater-agent-workspace/rustup-home:/opt/rustwide/rustup-home:ro,Z" "-e" "SOURCE_DIR=/opt/rustwide/workdir" "-e" "CARGO_TARGET_DIR=/opt/rustwide/target" "-e" "CARGO_HOME=/opt/rustwide/cargo-home" "-e" "RUSTUP_HOME=/opt/rustwide/rustup-home" "-w" "/opt/rustwide/workdir" "-m" "1610612736" "--user" "0:0" "--network" "none" "ghcr.io/rust-lang/crates-build-env/linux@sha256:5ff2268d62e97bff2cde7d5815dd6ed5b47097566f13b8d0ca110b04b60e07ed" "/opt/rustwide/cargo-home/bin/cargo" "+1.69.0" "metadata" "--no-deps" "--format-version=1", kill_on_drop: false }`
[INFO] [stdout] 4e27a8a52272473324615e580fda00477ec9b418f5f31defe94b9e6e9212881c
[INFO] running `Command { std: "docker" "start" "-a" "4e27a8a52272473324615e580fda00477ec9b418f5f31defe94b9e6e9212881c", kill_on_drop: false }`
[INFO] running `Command { std: "docker" "inspect" "4e27a8a52272473324615e580fda00477ec9b418f5f31defe94b9e6e9212881c", kill_on_drop: false }`
[INFO] running `Command { std: "docker" "rm" "-f" "4e27a8a52272473324615e580fda00477ec9b418f5f31defe94b9e6e9212881c", kill_on_drop: false }`
[INFO] [stdout] 4e27a8a52272473324615e580fda00477ec9b418f5f31defe94b9e6e9212881c
[INFO] running `Command { std: "docker" "create" "-v" "/var/lib/crater-agent-workspace/builds/worker-7-tc1/target:/opt/rustwide/target:rw,Z" "-v" "/var/lib/crater-agent-workspace/builds/worker-7-tc1/source:/opt/rustwide/workdir:ro,Z" "-v" "/var/lib/crater-agent-workspace/cargo-home:/opt/rustwide/cargo-home:ro,Z" "-v" "/var/lib/crater-agent-workspace/rustup-home:/opt/rustwide/rustup-home:ro,Z" "-e" "SOURCE_DIR=/opt/rustwide/workdir" "-e" "CARGO_TARGET_DIR=/opt/rustwide/target" "-e" "CARGO_INCREMENTAL=0" "-e" "RUST_BACKTRACE=full" "-e" "RUSTFLAGS=--cap-lints=warn" "-e" "RUSTDOCFLAGS=--cap-lints=warn" "-e" "CARGO_HOME=/opt/rustwide/cargo-home" "-e" "RUSTUP_HOME=/opt/rustwide/rustup-home" "-w" "/opt/rustwide/workdir" "-m" "1610612736" "--user" "0:0" "--network" "none" "ghcr.io/rust-lang/crates-build-env/linux@sha256:5ff2268d62e97bff2cde7d5815dd6ed5b47097566f13b8d0ca110b04b60e07ed" "/opt/rustwide/cargo-home/bin/cargo" "+1.69.0" "build" "--frozen" "--message-format=json", kill_on_drop: false }`
[INFO] [stdout] bf9b97c3391ff51c4dcb3092bd1ce33bf9ad584ee255539e0656bf7609ce9963
[INFO] running `Command { std: "docker" "start" "-a" "bf9b97c3391ff51c4dcb3092bd1ce33bf9ad584ee255539e0656bf7609ce9963", kill_on_drop: false }`
[INFO] [stderr]     Blocking waiting for file lock on package cache
[INFO] [stderr]    Compiling cc v1.0.74
[INFO] [stderr]    Compiling crossbeam-utils v0.8.12
[INFO] [stderr]    Compiling paste v1.0.9
[INFO] [stderr]    Compiling ttf-parser v0.17.1
[INFO] [stderr]    Compiling cmake v0.1.49
[INFO] [stderr]    Compiling crossbeam-channel v0.5.6
[INFO] [stderr]    Compiling fltk-sys v1.3.19
[INFO] [stderr]    Compiling fltk v1.3.19
[INFO] [stderr]    Compiling fltk-richtext v0.1.1 (/opt/rustwide/workdir)
[INFO] [stderr]     Finished dev [unoptimized + debuginfo] target(s) in 1m 38s
[INFO] running `Command { std: "docker" "inspect" "bf9b97c3391ff51c4dcb3092bd1ce33bf9ad584ee255539e0656bf7609ce9963", kill_on_drop: false }`
[INFO] running `Command { std: "docker" "rm" "-f" "bf9b97c3391ff51c4dcb3092bd1ce33bf9ad584ee255539e0656bf7609ce9963", kill_on_drop: false }`
[INFO] [stdout] bf9b97c3391ff51c4dcb3092bd1ce33bf9ad584ee255539e0656bf7609ce9963
[INFO] running `Command { std: "docker" "create" "-v" "/var/lib/crater-agent-workspace/builds/worker-7-tc1/target:/opt/rustwide/target:rw,Z" "-v" "/var/lib/crater-agent-workspace/builds/worker-7-tc1/source:/opt/rustwide/workdir:ro,Z" "-v" "/var/lib/crater-agent-workspace/cargo-home:/opt/rustwide/cargo-home:ro,Z" "-v" "/var/lib/crater-agent-workspace/rustup-home:/opt/rustwide/rustup-home:ro,Z" "-e" "SOURCE_DIR=/opt/rustwide/workdir" "-e" "CARGO_TARGET_DIR=/opt/rustwide/target" "-e" "CARGO_INCREMENTAL=0" "-e" "RUST_BACKTRACE=full" "-e" "RUSTFLAGS=--cap-lints=warn" "-e" "RUSTDOCFLAGS=--cap-lints=warn" "-e" "CARGO_HOME=/opt/rustwide/cargo-home" "-e" "RUSTUP_HOME=/opt/rustwide/rustup-home" "-w" "/opt/rustwide/workdir" "-m" "1610612736" "--user" "0:0" "--network" "none" "ghcr.io/rust-lang/crates-build-env/linux@sha256:5ff2268d62e97bff2cde7d5815dd6ed5b47097566f13b8d0ca110b04b60e07ed" "/opt/rustwide/cargo-home/bin/cargo" "+1.69.0" "test" "--frozen" "--no-run" "--message-format=json", kill_on_drop: false }`
[INFO] [stdout] b89be1162c799e59dc44a90aae0d9814d7dcca0312eadf484e11ee08dd1c8ff5
[INFO] running `Command { std: "docker" "start" "-a" "b89be1162c799e59dc44a90aae0d9814d7dcca0312eadf484e11ee08dd1c8ff5", kill_on_drop: false }`
[INFO] [stderr]    Compiling memchr v2.5.0
[INFO] [stderr]    Compiling regex-syntax v0.6.27
[INFO] [stderr]    Compiling aho-corasick v0.7.19
[INFO] [stderr]    Compiling regex v1.6.0
[INFO] [stderr]    Compiling fltk-richtext v0.1.1 (/opt/rustwide/workdir)
[INFO] [stderr]     Finished test [unoptimized + debuginfo] target(s) in 12.24s
[INFO] running `Command { std: "docker" "inspect" "b89be1162c799e59dc44a90aae0d9814d7dcca0312eadf484e11ee08dd1c8ff5", kill_on_drop: false }`
[INFO] running `Command { std: "docker" "rm" "-f" "b89be1162c799e59dc44a90aae0d9814d7dcca0312eadf484e11ee08dd1c8ff5", kill_on_drop: false }`
[INFO] [stdout] b89be1162c799e59dc44a90aae0d9814d7dcca0312eadf484e11ee08dd1c8ff5
[INFO] running `Command { std: "docker" "create" "-v" "/var/lib/crater-agent-workspace/builds/worker-7-tc1/target:/opt/rustwide/target:rw,Z" "-v" "/var/lib/crater-agent-workspace/builds/worker-7-tc1/source:/opt/rustwide/workdir:ro,Z" "-v" "/var/lib/crater-agent-workspace/cargo-home:/opt/rustwide/cargo-home:ro,Z" "-v" "/var/lib/crater-agent-workspace/rustup-home:/opt/rustwide/rustup-home:ro,Z" "-e" "SOURCE_DIR=/opt/rustwide/workdir" "-e" "CARGO_TARGET_DIR=/opt/rustwide/target" "-e" "CARGO_INCREMENTAL=0" "-e" "RUST_BACKTRACE=full" "-e" "RUSTFLAGS=--cap-lints=warn" "-e" "RUSTDOCFLAGS=--cap-lints=warn" "-e" "CARGO_HOME=/opt/rustwide/cargo-home" "-e" "RUSTUP_HOME=/opt/rustwide/rustup-home" "-w" "/opt/rustwide/workdir" "-m" "1610612736" "--user" "0:0" "--network" "none" "ghcr.io/rust-lang/crates-build-env/linux@sha256:5ff2268d62e97bff2cde7d5815dd6ed5b47097566f13b8d0ca110b04b60e07ed" "/opt/rustwide/cargo-home/bin/cargo" "+1.69.0" "test" "--frozen", kill_on_drop: false }`
[INFO] [stdout] 8f8e3c4b3c96937735281eee306d1aeb4ea6b9a44f07524298658a79388f9b62
[INFO] running `Command { std: "docker" "start" "-a" "8f8e3c4b3c96937735281eee306d1aeb4ea6b9a44f07524298658a79388f9b62", kill_on_drop: false }`
[INFO] [stderr]     Finished test [unoptimized + debuginfo] target(s) in 0.02s
[INFO] [stderr]      Running unittests src/lib.rs (/opt/rustwide/target/debug/deps/fltk_richtext-99df3dd2be7f92d3)
[INFO] [stdout] 
[INFO] [stdout] running 0 tests
[INFO] [stdout] 
[INFO] [stdout] test result: ok. 0 passed; 0 failed; 0 ignored; 0 measured; 0 filtered out; finished in 0.00s
[INFO] [stdout] 
[INFO] [stderr]    Doc-tests fltk-richtext
[INFO] [stdout] 
[INFO] [stdout] running 2 tests
[INFO] [stdout] test src/lib.rs - (line 5) ... FAILED
[INFO] [stdout] test src/lib.rs - (line 86) ... FAILED
[INFO] [stdout] 
[INFO] [stdout] failures:
[INFO] [stdout] 
[INFO] [stdout] ---- src/lib.rs - (line 5) stdout ----
[INFO] [stdout] Test executable failed (exit status: 1).
[INFO] [stdout] 
[INFO] [stdout] stderr:
[INFO] [stdout] Can't open display: 
[INFO] [stdout] 
[INFO] [stdout] 
[INFO] [stdout] ---- src/lib.rs - (line 86) stdout ----
[INFO] [stdout] Test executable failed (exit status: 1).
[INFO] [stdout] 
[INFO] [stdout] stderr:
[INFO] [stdout] Can't open display: 
[INFO] [stdout] 
[INFO] [stdout] 
[INFO] [stdout] 
[INFO] [stdout] failures:
[INFO] [stdout]     src/lib.rs - (line 5)
[INFO] [stdout]     src/lib.rs - (line 86)
[INFO] [stderr] error: doctest failed, to rerun pass `--doc`
[INFO] [stdout] 
[INFO] [stdout] test result: FAILED. 0 passed; 2 failed; 0 ignored; 0 measured; 0 filtered out; finished in 2.51s
[INFO] [stdout] 
[INFO] running `Command { std: "docker" "inspect" "8f8e3c4b3c96937735281eee306d1aeb4ea6b9a44f07524298658a79388f9b62", kill_on_drop: false }`
[INFO] running `Command { std: "docker" "rm" "-f" "8f8e3c4b3c96937735281eee306d1aeb4ea6b9a44f07524298658a79388f9b62", kill_on_drop: false }`
[INFO] [stdout] 8f8e3c4b3c96937735281eee306d1aeb4ea6b9a44f07524298658a79388f9b62
