[INFO] fetching crate fltk-evented 0.3.0...
[INFO] testing fltk-evented-0.3.0 against 1.69.0 for beta-1.70-1
[INFO] extracting crate fltk-evented 0.3.0 into /workspace/builds/worker-5-tc1/source
[INFO] validating manifest of crates.io crate fltk-evented 0.3.0 on toolchain 1.69.0
[INFO] running `Command { std: CARGO_HOME="/workspace/cargo-home" RUSTUP_HOME="/workspace/rustup-home" "/workspace/cargo-home/bin/cargo" "+1.69.0" "metadata" "--manifest-path" "Cargo.toml" "--no-deps", kill_on_drop: false }`
[INFO] started tweaking crates.io crate fltk-evented 0.3.0
[INFO] finished tweaking crates.io crate fltk-evented 0.3.0
[INFO] tweaked toml for crates.io crate fltk-evented 0.3.0 written to /workspace/builds/worker-5-tc1/source/Cargo.toml
[INFO] crate crates.io crate fltk-evented 0.3.0 already has a lockfile, it will not be regenerated
[INFO] running `Command { std: CARGO_HOME="/workspace/cargo-home" RUSTUP_HOME="/workspace/rustup-home" "/workspace/cargo-home/bin/cargo" "+1.69.0" "fetch" "--manifest-path" "Cargo.toml", kill_on_drop: false }`
[INFO] [stderr]  Downloading crates ...
[INFO] [stderr]   Downloaded fltk v1.4.0
[INFO] [stderr]   Downloaded async-std v1.11.0
[INFO] [stderr]   Downloaded value-bag v1.0.0-alpha.8
[INFO] [stderr]   Downloaded paste v1.0.5
[INFO] [stderr]   Downloaded gloo-timers v0.2.3
[INFO] [stderr]   Downloaded async-global-executor v2.0.3
[INFO] [stderr]   Downloaded polling v2.2.0
[INFO] [stderr]   Downloaded async-io v1.6.0
[INFO] [stderr]   Downloaded fltk-sys v1.4.0
[INFO] running `Command { std: "docker" "create" "-v" "/var/lib/crater-agent-workspace/builds/worker-5-tc1/target:/opt/rustwide/target:rw,Z" "-v" "/var/lib/crater-agent-workspace/builds/worker-5-tc1/source:/opt/rustwide/workdir:ro,Z" "-v" "/var/lib/crater-agent-workspace/cargo-home:/opt/rustwide/cargo-home:ro,Z" "-v" "/var/lib/crater-agent-workspace/rustup-home:/opt/rustwide/rustup-home:ro,Z" "-e" "SOURCE_DIR=/opt/rustwide/workdir" "-e" "CARGO_TARGET_DIR=/opt/rustwide/target" "-e" "CARGO_HOME=/opt/rustwide/cargo-home" "-e" "RUSTUP_HOME=/opt/rustwide/rustup-home" "-w" "/opt/rustwide/workdir" "-m" "1610612736" "--user" "0:0" "--network" "none" "ghcr.io/rust-lang/crates-build-env/linux@sha256:5ff2268d62e97bff2cde7d5815dd6ed5b47097566f13b8d0ca110b04b60e07ed" "/opt/rustwide/cargo-home/bin/cargo" "+1.69.0" "metadata" "--no-deps" "--format-version=1", kill_on_drop: false }`
[INFO] [stdout] 06f06903dca23c756a69c2f431dde3948f1531fd12aee569f7f47a3b8e557a60
[INFO] running `Command { std: "docker" "start" "-a" "06f06903dca23c756a69c2f431dde3948f1531fd12aee569f7f47a3b8e557a60", kill_on_drop: false }`
[INFO] running `Command { std: "docker" "inspect" "06f06903dca23c756a69c2f431dde3948f1531fd12aee569f7f47a3b8e557a60", kill_on_drop: false }`
[INFO] running `Command { std: "docker" "rm" "-f" "06f06903dca23c756a69c2f431dde3948f1531fd12aee569f7f47a3b8e557a60", kill_on_drop: false }`
[INFO] [stdout] 06f06903dca23c756a69c2f431dde3948f1531fd12aee569f7f47a3b8e557a60
[INFO] running `Command { std: "docker" "create" "-v" "/var/lib/crater-agent-workspace/builds/worker-5-tc1/target:/opt/rustwide/target:rw,Z" "-v" "/var/lib/crater-agent-workspace/builds/worker-5-tc1/source:/opt/rustwide/workdir:ro,Z" "-v" "/var/lib/crater-agent-workspace/cargo-home:/opt/rustwide/cargo-home:ro,Z" "-v" "/var/lib/crater-agent-workspace/rustup-home:/opt/rustwide/rustup-home:ro,Z" "-e" "SOURCE_DIR=/opt/rustwide/workdir" "-e" "CARGO_TARGET_DIR=/opt/rustwide/target" "-e" "CARGO_INCREMENTAL=0" "-e" "RUST_BACKTRACE=full" "-e" "RUSTFLAGS=--cap-lints=warn" "-e" "RUSTDOCFLAGS=--cap-lints=warn" "-e" "CARGO_HOME=/opt/rustwide/cargo-home" "-e" "RUSTUP_HOME=/opt/rustwide/rustup-home" "-w" "/opt/rustwide/workdir" "-m" "1610612736" "--user" "0:0" "--network" "none" "ghcr.io/rust-lang/crates-build-env/linux@sha256:5ff2268d62e97bff2cde7d5815dd6ed5b47097566f13b8d0ca110b04b60e07ed" "/opt/rustwide/cargo-home/bin/cargo" "+1.69.0" "build" "--frozen" "--message-format=json", kill_on_drop: false }`
[INFO] [stdout] eef40d2b545db2bfac151ff8d0d3bc38fb3fd59e493ed1dc702c59f712bab626
[INFO] running `Command { std: "docker" "start" "-a" "eef40d2b545db2bfac151ff8d0d3bc38fb3fd59e493ed1dc702c59f712bab626", kill_on_drop: false }`
[INFO] [stderr]    Compiling cc v1.0.71
[INFO] [stderr]    Compiling crossbeam-utils v0.8.8
[INFO] [stderr]    Compiling bitflags v2.0.2
[INFO] [stderr]    Compiling ttf-parser v0.18.1
[INFO] [stderr]    Compiling paste v1.0.5
[INFO] [stderr]    Compiling cmake v0.1.46
[INFO] [stderr]    Compiling crossbeam-channel v0.5.6
[INFO] [stderr]    Compiling fltk-sys v1.4.0
[INFO] [stderr]    Compiling fltk v1.4.0
[INFO] [stderr]    Compiling fltk-evented v0.3.0 (/opt/rustwide/workdir)
[INFO] [stderr]     Finished dev [unoptimized + debuginfo] target(s) in 46.04s
[INFO] running `Command { std: "docker" "inspect" "eef40d2b545db2bfac151ff8d0d3bc38fb3fd59e493ed1dc702c59f712bab626", kill_on_drop: false }`
[INFO] running `Command { std: "docker" "rm" "-f" "eef40d2b545db2bfac151ff8d0d3bc38fb3fd59e493ed1dc702c59f712bab626", kill_on_drop: false }`
[INFO] [stdout] eef40d2b545db2bfac151ff8d0d3bc38fb3fd59e493ed1dc702c59f712bab626
[INFO] running `Command { std: "docker" "create" "-v" "/var/lib/crater-agent-workspace/builds/worker-5-tc1/target:/opt/rustwide/target:rw,Z" "-v" "/var/lib/crater-agent-workspace/builds/worker-5-tc1/source:/opt/rustwide/workdir:ro,Z" "-v" "/var/lib/crater-agent-workspace/cargo-home:/opt/rustwide/cargo-home:ro,Z" "-v" "/var/lib/crater-agent-workspace/rustup-home:/opt/rustwide/rustup-home:ro,Z" "-e" "SOURCE_DIR=/opt/rustwide/workdir" "-e" "CARGO_TARGET_DIR=/opt/rustwide/target" "-e" "CARGO_INCREMENTAL=0" "-e" "RUST_BACKTRACE=full" "-e" "RUSTFLAGS=--cap-lints=warn" "-e" "RUSTDOCFLAGS=--cap-lints=warn" "-e" "CARGO_HOME=/opt/rustwide/cargo-home" "-e" "RUSTUP_HOME=/opt/rustwide/rustup-home" "-w" "/opt/rustwide/workdir" "-m" "1610612736" "--user" "0:0" "--network" "none" "ghcr.io/rust-lang/crates-build-env/linux@sha256:5ff2268d62e97bff2cde7d5815dd6ed5b47097566f13b8d0ca110b04b60e07ed" "/opt/rustwide/cargo-home/bin/cargo" "+1.69.0" "test" "--frozen" "--no-run" "--message-format=json", kill_on_drop: false }`
[INFO] [stdout] 678998c55b67837602b3a3f78f3f6171b3feffab115801b0fc47a4762825e2cf
[INFO] running `Command { std: "docker" "start" "-a" "678998c55b67837602b3a3f78f3f6171b3feffab115801b0fc47a4762825e2cf", kill_on_drop: false }`
[INFO] [stderr]    Compiling fltk-evented v0.3.0 (/opt/rustwide/workdir)
[INFO] [stderr]     Finished test [unoptimized + debuginfo] target(s) in 1.41s
[INFO] running `Command { std: "docker" "inspect" "678998c55b67837602b3a3f78f3f6171b3feffab115801b0fc47a4762825e2cf", kill_on_drop: false }`
[INFO] running `Command { std: "docker" "rm" "-f" "678998c55b67837602b3a3f78f3f6171b3feffab115801b0fc47a4762825e2cf", kill_on_drop: false }`
[INFO] [stdout] 678998c55b67837602b3a3f78f3f6171b3feffab115801b0fc47a4762825e2cf
[INFO] running `Command { std: "docker" "create" "-v" "/var/lib/crater-agent-workspace/builds/worker-5-tc1/target:/opt/rustwide/target:rw,Z" "-v" "/var/lib/crater-agent-workspace/builds/worker-5-tc1/source:/opt/rustwide/workdir:ro,Z" "-v" "/var/lib/crater-agent-workspace/cargo-home:/opt/rustwide/cargo-home:ro,Z" "-v" "/var/lib/crater-agent-workspace/rustup-home:/opt/rustwide/rustup-home:ro,Z" "-e" "SOURCE_DIR=/opt/rustwide/workdir" "-e" "CARGO_TARGET_DIR=/opt/rustwide/target" "-e" "CARGO_INCREMENTAL=0" "-e" "RUST_BACKTRACE=full" "-e" "RUSTFLAGS=--cap-lints=warn" "-e" "RUSTDOCFLAGS=--cap-lints=warn" "-e" "CARGO_HOME=/opt/rustwide/cargo-home" "-e" "RUSTUP_HOME=/opt/rustwide/rustup-home" "-w" "/opt/rustwide/workdir" "-m" "1610612736" "--user" "0:0" "--network" "none" "ghcr.io/rust-lang/crates-build-env/linux@sha256:5ff2268d62e97bff2cde7d5815dd6ed5b47097566f13b8d0ca110b04b60e07ed" "/opt/rustwide/cargo-home/bin/cargo" "+1.69.0" "test" "--frozen", kill_on_drop: false }`
[INFO] [stdout] 155354ce66e2c1af299af0212b221123a35202b8d760b8aeaf1e409348b81316
[INFO] running `Command { std: "docker" "start" "-a" "155354ce66e2c1af299af0212b221123a35202b8d760b8aeaf1e409348b81316", kill_on_drop: false }`
[INFO] [stderr]     Finished test [unoptimized + debuginfo] target(s) in 0.03s
[INFO] [stderr]      Running unittests src/lib.rs (/opt/rustwide/target/debug/deps/fltk_evented-cc3c2d4645fe60df)
[INFO] [stdout] 
[INFO] [stdout] running 0 tests
[INFO] [stdout] 
[INFO] [stdout] test result: ok. 0 passed; 0 failed; 0 ignored; 0 measured; 0 filtered out; finished in 0.00s
[INFO] [stdout] 
[INFO] [stderr]    Doc-tests fltk-evented
[INFO] [stdout] 
[INFO] [stdout] running 2 tests
[INFO] [stdout] test src/lib.rs - (line 57) ... FAILED
[INFO] [stdout] test src/lib.rs - (line 14) ... FAILED
[INFO] [stdout] 
[INFO] [stdout] failures:
[INFO] [stdout] 
[INFO] [stdout] ---- src/lib.rs - (line 57) stdout ----
[INFO] [stdout] error[E0432]: unresolved import `fltk_evented::AsyncListener`
[INFO] [stdout]  --> src/lib.rs:59:5
[INFO] [stdout]   |
[INFO] [stdout] 4 | use fltk_evented::AsyncListener;
[INFO] [stdout]   |     ^^^^^^^^^^^^^^^^^^^^^^^^^^^ no `AsyncListener` in the root
[INFO] [stdout] 
[INFO] [stdout] error[E0433]: failed to resolve: use of undeclared crate or module `tokio`
[INFO] [stdout]  --> src/lib.rs:61:3
[INFO] [stdout]   |
[INFO] [stdout] 6 | #[tokio::main]
[INFO] [stdout]   |   ^^^^^ use of undeclared crate or module `tokio`
[INFO] [stdout] 
[INFO] [stdout] error[E0433]: failed to resolve: use of undeclared crate or module `reqwest`
[INFO] [stdout]  --> src/lib.rs:62:31
[INFO] [stdout]   |
[INFO] [stdout] 7 | async fn main() -> Result<(), reqwest::Error> {
[INFO] [stdout]   |                               ^^^^^^^ use of undeclared crate or module `reqwest`
[INFO] [stdout] 
[INFO] [stdout] error[E0433]: failed to resolve: use of undeclared crate or module `reqwest`
[INFO] [stdout]   --> src/lib.rs:87:24
[INFO] [stdout]    |
[INFO] [stdout] 32 |             let text = reqwest::get("https://www.rust-lang.org")
[INFO] [stdout]    |                        ^^^^^^^ use of undeclared crate or module `reqwest`
[INFO] [stdout] 
[INFO] [stdout] error[E0277]: the size for values of type `str` cannot be known at compilation time
[INFO] [stdout]   --> src/lib.rs:87:17
[INFO] [stdout]    |
[INFO] [stdout] 32 |             let text = reqwest::get("https://www.rust-lang.org")
[INFO] [stdout]    |                 ^^^^ doesn't have a size known at compile-time
[INFO] [stdout]    |
[INFO] [stdout]    = help: the trait `Sized` is not implemented for `str`
[INFO] [stdout]    = note: all local variables must have a statically known size
[INFO] [stdout]    = help: unsized locals are gated as an unstable feature
[INFO] [stdout] 
[INFO] [stdout] error[E0277]: the size for values of type `str` cannot be known at compilation time
[INFO] [stdout]   --> src/lib.rs:87:24
[INFO] [stdout]    |
[INFO] [stdout] 32 |               let text = reqwest::get("https://www.rust-lang.org")
[INFO] [stdout]    |  ________________________^
[INFO] [stdout] 33 | |                 .await?
[INFO] [stdout] 34 | |                 .text()
[INFO] [stdout] 35 | |                 .await?;
[INFO] [stdout]    | |_______________________^ doesn't have a size known at compile-time
[INFO] [stdout]    |
[INFO] [stdout]    = help: the trait `Sized` is not implemented for `str`
[INFO] [stdout]    = note: all local variables must have a statically known size
[INFO] [stdout]    = help: unsized locals are gated as an unstable feature
[INFO] [stdout] 
[INFO] [stdout] error[E0277]: the size for values of type `str` cannot be known at compilation time
[INFO] [stdout]   --> src/lib.rs:90:23
[INFO] [stdout]    |
[INFO] [stdout] 35 |                 .await?;
[INFO] [stdout]    |                       ^ doesn't have a size known at compile-time
[INFO] [stdout]    |
[INFO] [stdout]    = help: the trait `Sized` is not implemented for `str`
[INFO] [stdout] note: required by a bound in `Break`
[INFO] [stdout]   --> /rustc/84c898d65adf2f39a5a98507f1fe0ce10a2b8dbc/library/core/src/ops/control_flow.rs:93:5
[INFO] [stdout] 
[INFO] [stdout] error[E0752]: `main` function is not allowed to be `async`
[INFO] [stdout]  --> src/lib.rs:62:1
[INFO] [stdout]   |
[INFO] [stdout] 7 | async fn main() -> Result<(), reqwest::Error> {
[INFO] [stdout]   | ^^^^^^^^^^^^^^^^^^^^^^^^^^^^^^^^^^^^^^^^^^^^^ `main` function is not allowed to be `async`
[INFO] [stdout] 
[INFO] [stdout] error: aborting due to 8 previous errors
[INFO] [stdout] 
[INFO] [stdout] Some errors have detailed explanations: E0277, E0432, E0433, E0752.
[INFO] [stdout] For more information about an error, try `rustc --explain E0277`.
[INFO] [stdout] Couldn't compile the test.
[INFO] [stdout] ---- src/lib.rs - (line 14) stdout ----
[INFO] [stdout] Test executable failed (exit status: 1).
[INFO] [stdout] 
[INFO] [stdout] stderr:
[INFO] [stdout] Can't open display: 
[INFO] [stdout] 
[INFO] [stdout] 
[INFO] [stdout] 
[INFO] [stdout] failures:
[INFO] [stdout]     src/lib.rs - (line 14)
[INFO] [stdout]     src/lib.rs - (line 57)
[INFO] [stdout] 
[INFO] [stdout] test result: FAILED. 0 passed; 2 failed; 0 ignored; 0 measured; 0 filtered out; finished in 1.14s
[INFO] [stdout] 
[INFO] [stderr] error: doctest failed, to rerun pass `--doc`
[INFO] running `Command { std: "docker" "inspect" "155354ce66e2c1af299af0212b221123a35202b8d760b8aeaf1e409348b81316", kill_on_drop: false }`
[INFO] running `Command { std: "docker" "rm" "-f" "155354ce66e2c1af299af0212b221123a35202b8d760b8aeaf1e409348b81316", kill_on_drop: false }`
[INFO] [stdout] 155354ce66e2c1af299af0212b221123a35202b8d760b8aeaf1e409348b81316
