[INFO] fetching crate flowgger 0.3.1...
[INFO] testing flowgger-0.3.1 against beta-2023-04-20 for beta-1.70-1
[INFO] extracting crate flowgger 0.3.1 into /workspace/builds/worker-5-tc2/source
[INFO] validating manifest of crates.io crate flowgger 0.3.1 on toolchain beta-2023-04-20
[INFO] running `Command { std: CARGO_HOME="/workspace/cargo-home" RUSTUP_HOME="/workspace/rustup-home" "/workspace/cargo-home/bin/cargo" "+beta-2023-04-20" "metadata" "--manifest-path" "Cargo.toml" "--no-deps", kill_on_drop: false }`
[INFO] started tweaking crates.io crate flowgger 0.3.1
[INFO] finished tweaking crates.io crate flowgger 0.3.1
[INFO] tweaked toml for crates.io crate flowgger 0.3.1 written to /workspace/builds/worker-5-tc2/source/Cargo.toml
[INFO] crate crates.io crate flowgger 0.3.1 already has a lockfile, it will not be regenerated
[INFO] running `Command { std: CARGO_HOME="/workspace/cargo-home" RUSTUP_HOME="/workspace/rustup-home" "/workspace/cargo-home/bin/cargo" "+beta-2023-04-20" "fetch" "--manifest-path" "Cargo.toml", kill_on_drop: false }`
[INFO] [stderr]     Updating crates.io index
[INFO] [stderr]  Downloading crates ...
[INFO] [stderr]   Downloaded serde_json v0.8.6
[INFO] [stderr]   Downloaded dtoa v0.2.2
[INFO] [stderr]   Downloaded itoa v0.1.1
[INFO] [stderr]   Downloaded notify v4.0.17
[INFO] [stderr]   Downloaded ref_slice v1.2.1
[INFO] [stderr]   Downloaded generator v0.7.2
[INFO] [stderr]   Downloaded redis v0.21.7
[INFO] [stderr]   Downloaded byteorder v0.5.3
[INFO] [stderr]   Downloaded flate2 v0.2.20
[INFO] [stderr]   Downloaded miniz-sys v0.1.12
[INFO] [stderr]   Downloaded error-chain v0.10.0
[INFO] [stderr]   Downloaded serde-xml-rs v0.5.1
[INFO] [stderr]   Downloaded nix v0.26.1
[INFO] [stderr]   Downloaded capnp v0.14.11
[INFO] [stderr]   Downloaded capnpc v0.10.2
[INFO] [stderr]   Downloaded kafka v0.8.0
[INFO] [stderr]   Downloaded build_const v0.2.2
[INFO] [stderr]   Downloaded inotify v0.7.1
[INFO] [stderr]   Downloaded snap v0.2.5
[INFO] [stderr]   Downloaded time-tz v0.3.1
[INFO] [stderr]   Downloaded core_affinity v0.7.6
[INFO] [stderr]   Downloaded may_queue v0.1.10
[INFO] [stderr]   Downloaded may v0.3.31
[INFO] [stderr]   Downloaded filetime v0.2.19
[INFO] [stderr]   Downloaded capnp v0.10.3
[INFO] [stderr]   Downloaded miow v0.5.0
[INFO] [stderr]   Downloaded fsevent v0.4.0
[INFO] [stderr]   Downloaded fsevent-sys v2.0.1
[INFO] [stderr]   Downloaded net2 v0.2.38
[INFO] [stderr]   Downloaded mio-extras v2.0.6
[INFO] running `Command { std: "docker" "create" "-v" "/var/lib/crater-agent-workspace/builds/worker-5-tc2/target:/opt/rustwide/target:rw,Z" "-v" "/var/lib/crater-agent-workspace/builds/worker-5-tc2/source:/opt/rustwide/workdir:ro,Z" "-v" "/var/lib/crater-agent-workspace/cargo-home:/opt/rustwide/cargo-home:ro,Z" "-v" "/var/lib/crater-agent-workspace/rustup-home:/opt/rustwide/rustup-home:ro,Z" "-e" "SOURCE_DIR=/opt/rustwide/workdir" "-e" "CARGO_TARGET_DIR=/opt/rustwide/target" "-e" "CARGO_HOME=/opt/rustwide/cargo-home" "-e" "RUSTUP_HOME=/opt/rustwide/rustup-home" "-w" "/opt/rustwide/workdir" "-m" "1610612736" "--user" "0:0" "--network" "none" "ghcr.io/rust-lang/crates-build-env/linux@sha256:97d61d7686bf65f8ecb15491ab51835e82dc9176a96a831f143a431b191fc501" "/opt/rustwide/cargo-home/bin/cargo" "+beta-2023-04-20" "metadata" "--no-deps" "--format-version=1", kill_on_drop: false }`
[INFO] [stdout] e61ae383332cec2e54f1b9732ee738d03f619e51f58b423414a676298da38f33
[INFO] running `Command { std: "docker" "start" "-a" "e61ae383332cec2e54f1b9732ee738d03f619e51f58b423414a676298da38f33", kill_on_drop: false }`
[INFO] running `Command { std: "docker" "inspect" "e61ae383332cec2e54f1b9732ee738d03f619e51f58b423414a676298da38f33", kill_on_drop: false }`
[INFO] running `Command { std: "docker" "rm" "-f" "e61ae383332cec2e54f1b9732ee738d03f619e51f58b423414a676298da38f33", kill_on_drop: false }`
[INFO] [stdout] e61ae383332cec2e54f1b9732ee738d03f619e51f58b423414a676298da38f33
[INFO] running `Command { std: "docker" "create" "-v" "/var/lib/crater-agent-workspace/builds/worker-5-tc2/target:/opt/rustwide/target:rw,Z" "-v" "/var/lib/crater-agent-workspace/builds/worker-5-tc2/source:/opt/rustwide/workdir:ro,Z" "-v" "/var/lib/crater-agent-workspace/cargo-home:/opt/rustwide/cargo-home:ro,Z" "-v" "/var/lib/crater-agent-workspace/rustup-home:/opt/rustwide/rustup-home:ro,Z" "-e" "SOURCE_DIR=/opt/rustwide/workdir" "-e" "CARGO_TARGET_DIR=/opt/rustwide/target" "-e" "CARGO_INCREMENTAL=0" "-e" "RUST_BACKTRACE=full" "-e" "RUSTFLAGS=--cap-lints=warn" "-e" "RUSTDOCFLAGS=--cap-lints=warn" "-e" "CARGO_HOME=/opt/rustwide/cargo-home" "-e" "RUSTUP_HOME=/opt/rustwide/rustup-home" "-w" "/opt/rustwide/workdir" "-m" "1610612736" "--user" "0:0" "--network" "none" "ghcr.io/rust-lang/crates-build-env/linux@sha256:97d61d7686bf65f8ecb15491ab51835e82dc9176a96a831f143a431b191fc501" "/opt/rustwide/cargo-home/bin/cargo" "+beta-2023-04-20" "build" "--frozen" "--message-format=json", kill_on_drop: false }`
[INFO] [stdout] 91df1dfd501cbb134a9581c564e26ebabbd8f225031810640c3b9d9aa0309383
[INFO] running `Command { std: "docker" "start" "-a" "91df1dfd501cbb134a9581c564e26ebabbd8f225031810640c3b9d9aa0309383", kill_on_drop: false }`
[INFO] [stderr]    Compiling libc v0.2.139
[INFO] [stderr]    Compiling autocfg v1.1.0
[INFO] [stderr]    Compiling proc-macro2 v1.0.49
[INFO] [stderr]    Compiling unicode-ident v1.0.6
[INFO] [stderr]    Compiling quote v1.0.23
[INFO] [stderr]    Compiling syn v1.0.107
[INFO] [stderr]    Compiling cc v1.0.78
[INFO] [stderr]    Compiling ppv-lite86 v0.2.17
[INFO] [stderr]    Compiling serde_derive v1.0.152
[INFO] [stderr]    Compiling serde v1.0.152
[INFO] [stderr]    Compiling siphasher v0.3.10
[INFO] [stderr]    Compiling pkg-config v0.3.26
[INFO] [stderr]    Compiling thiserror v1.0.38
[INFO] [stderr]    Compiling slab v0.4.7
[INFO] [stderr]    Compiling phf_shared v0.10.0
[INFO] [stderr]    Compiling adler v1.0.2
[INFO] [stderr]    Compiling tinyvec_macros v0.1.0
[INFO] [stderr]    Compiling regex-syntax v0.6.28
[INFO] [stderr]    Compiling tinyvec v1.6.0
[INFO] [stderr]    Compiling miniz_oxide v0.6.2
[INFO] [stderr]    Compiling getrandom v0.2.8
[INFO] [stderr]    Compiling num-traits v0.2.15
[INFO] [stderr]    Compiling rand_core v0.6.4
[INFO] [stderr]    Compiling openssl-sys v0.9.80
[INFO] [stderr]    Compiling backtrace v0.3.67
[INFO] [stderr]    Compiling miniz-sys v0.1.12
[INFO] [stderr]    Compiling rand_chacha v0.3.1
[INFO] [stderr]    Compiling cfg-if v0.1.10
[INFO] [stderr]    Compiling gimli v0.27.0
[INFO] [stderr]    Compiling rand v0.8.5
[INFO] [stderr]    Compiling xml-rs v0.8.4
[INFO] [stderr]    Compiling regex v1.7.0
[INFO] [stderr]    Compiling build_const v0.2.2
[INFO] [stderr]    Compiling net2 v0.2.38
[INFO] [stderr]    Compiling phf_generator v0.10.0
[INFO] [stderr]    Compiling phf_codegen v0.10.0
[INFO] [stderr]    Compiling crc v1.8.1
[INFO] [stderr]    Compiling unicode-normalization v0.1.22
[INFO] [stderr]    Compiling parse-zoneinfo v0.3.0
[INFO] [stderr]    Compiling iovec v0.1.4
[INFO] [stderr]    Compiling object v0.30.0
[INFO] [stderr]    Compiling indexmap v1.9.2
[INFO] [stderr]    Compiling itoa v1.0.5
[INFO] [stderr]    Compiling async-trait v0.1.60
[INFO] [stderr]    Compiling capnp v0.10.3
[INFO] [stderr]    Compiling crc32fast v1.3.2
[INFO] [stderr]    Compiling openssl v0.10.45
[INFO] [stderr]    Compiling unicode-bidi v0.3.8
[INFO] [stderr]    Compiling foreign-types-shared v0.1.1
[INFO] [stderr]    Compiling percent-encoding v2.2.0
[INFO] [stderr]    Compiling rustc-demangle v0.1.21
[INFO] [stderr]    Compiling addr2line v0.19.0
[INFO] [stderr]    Compiling capnpc v0.10.2
[INFO] [stderr]    Compiling idna v0.3.0
[INFO] [stderr]    Compiling form_urlencoded v1.1.0
[INFO] [stderr]    Compiling foreign-types v0.3.2
[INFO] [stderr]    Compiling mio v0.6.23
[INFO] [stderr]    Compiling inotify-sys v0.1.5
[INFO] [stderr]    Compiling static_assertions v1.1.0
[INFO] [stderr]    Compiling once_cell v1.17.0
[INFO] [stderr]    Compiling lazycell v1.3.0
[INFO] [stderr]    Compiling hashbrown v0.12.3
[INFO] [stderr]    Compiling sha1_smol v1.0.0
[INFO] [stderr]    Compiling same-file v1.0.6
[INFO] [stderr]    Compiling num_threads v0.1.6
[INFO] [stderr]    Compiling time-macros v0.2.4
[INFO] [stderr]    Compiling bytes v1.3.0
[INFO] [stderr]    Compiling clap_lex v0.2.4
[INFO] [stderr]    Compiling flowgger v0.3.1 (/opt/rustwide/workdir)
[INFO] [stderr]    Compiling thiserror-impl v1.0.38
[INFO] [stderr]    Compiling openssl-macros v0.1.0
[INFO] [stderr]    Compiling error-chain v0.10.0
[INFO] [stderr]    Compiling combine v4.6.6
[INFO] [stderr]    Compiling snap v0.2.5
[INFO] [stderr]    Compiling time v0.3.15
[INFO] [stderr]    Compiling walkdir v2.3.2
[INFO] [stderr]    Compiling sha1 v0.6.1
[INFO] [stderr]    Compiling mio-extras v2.0.6
[INFO] [stderr]    Compiling num-traits v0.1.43
[INFO] [stderr]    Compiling twox-hash v1.6.3
[INFO] [stderr]    Compiling inotify v0.7.1
[INFO] [stderr]    Compiling url v2.3.1
[INFO] [stderr]    Compiling flate2 v0.2.20
[INFO] [stderr]    Compiling atty v0.2.14
[INFO] [stderr]    Compiling filetime v0.2.19
[INFO] [stderr]    Compiling phf v0.10.1
[INFO] [stderr]    Compiling log v0.3.9
[INFO] [stderr]    Compiling ryu v1.0.12
[INFO] [stderr]    Compiling byteorder v0.5.3
[INFO] [stderr]    Compiling textwrap v0.16.0
[INFO] [stderr]    Compiling itoa v0.1.1
[INFO] [stderr]    Compiling ref_slice v1.2.1
[INFO] [stderr]    Compiling dtoa v0.2.2
[INFO] [stderr]    Compiling fnv v1.0.7
[INFO] [stderr]    Compiling serde v0.8.23
[INFO] [stderr]    Compiling clap v3.2.23
[INFO] [stderr]    Compiling kafka v0.8.0
[INFO] [stderr]    Compiling notify v4.0.17
[INFO] [stderr]    Compiling flate2 v1.0.25
[INFO] [stderr]    Compiling glob v0.3.0
[INFO] [stderr]    Compiling capnp v0.14.11
[INFO] [stderr]    Compiling redis v0.21.7
[INFO] [stderr]    Compiling serde_json v0.8.6
[INFO] [stderr]    Compiling serde-xml-rs v0.5.1
[INFO] [stderr]    Compiling toml v0.5.10
[INFO] [stderr]    Compiling time-tz v0.3.1
[INFO] [stdout] warning: field `threads` is never read
[INFO] [stdout]   --> src/flowgger/input/tcp/mod.rs:18:5
[INFO] [stdout]    |
[INFO] [stdout] 16 | pub struct TcpConfig {
[INFO] [stdout]    |            --------- field in this struct
[INFO] [stdout] 17 |     framing: String,
[INFO] [stdout] 18 |     threads: usize,
[INFO] [stdout]    |     ^^^^^^^
[INFO] [stdout]    |
[INFO] [stdout]    = note: `TcpConfig` has a derived impl for the trait `Clone`, but this is intentionally ignored during dead code analysis
[INFO] [stdout]    = note: `#[warn(dead_code)]` on by default
[INFO] [stdout] 
[INFO] [stdout] 
[INFO] [stdout] warning: field `threads` is never read
[INFO] [stdout]   --> src/flowgger/input/tls/mod.rs:37:5
[INFO] [stdout]    |
[INFO] [stdout] 35 | pub struct TlsConfig {
[INFO] [stdout]    |            --------- field in this struct
[INFO] [stdout] 36 |     framing: String,
[INFO] [stdout] 37 |     threads: usize,
[INFO] [stdout]    |     ^^^^^^^
[INFO] [stdout]    |
[INFO] [stdout]    = note: `TlsConfig` has a derived impl for the trait `Clone`, but this is intentionally ignored during dead code analysis
[INFO] [stdout] 
[INFO] [stdout] 
[INFO] [stdout] warning: field `timeout` is never read
[INFO] [stdout]   --> src/flowgger/output/tls_output.rs:52:5
[INFO] [stdout]    |
[INFO] [stdout] 51 | struct TlsConfig {
[INFO] [stdout]    |        --------- field in this struct
[INFO] [stdout] 52 |     timeout: Option<Duration>,
[INFO] [stdout]    |     ^^^^^^^
[INFO] [stdout]    |
[INFO] [stdout]    = note: `TlsConfig` has a derived impl for the trait `Clone`, but this is intentionally ignored during dead code analysis
[INFO] [stdout] 
[INFO] [stdout] 
[INFO] [stdout] warning: 3 warnings emitted
[INFO] [stdout] 
[INFO] [stdout] 
[INFO] [stderr]     Finished dev [unoptimized + debuginfo] target(s) in 44.41s
[INFO] [stderr] warning: the following packages contain code that will be rejected by a future version of Rust: snap v0.2.5
[INFO] [stderr]     Blocking waiting for file lock on package cache
[INFO] [stderr] note: to see what the problems were, use the option `--future-incompat-report`, or run `cargo report future-incompatibilities --id 1`
[INFO] running `Command { std: "docker" "inspect" "91df1dfd501cbb134a9581c564e26ebabbd8f225031810640c3b9d9aa0309383", kill_on_drop: false }`
[INFO] running `Command { std: "docker" "rm" "-f" "91df1dfd501cbb134a9581c564e26ebabbd8f225031810640c3b9d9aa0309383", kill_on_drop: false }`
[INFO] [stdout] 91df1dfd501cbb134a9581c564e26ebabbd8f225031810640c3b9d9aa0309383
[INFO] running `Command { std: "docker" "create" "-v" "/var/lib/crater-agent-workspace/builds/worker-5-tc2/target:/opt/rustwide/target:rw,Z" "-v" "/var/lib/crater-agent-workspace/builds/worker-5-tc2/source:/opt/rustwide/workdir:ro,Z" "-v" "/var/lib/crater-agent-workspace/cargo-home:/opt/rustwide/cargo-home:ro,Z" "-v" "/var/lib/crater-agent-workspace/rustup-home:/opt/rustwide/rustup-home:ro,Z" "-e" "SOURCE_DIR=/opt/rustwide/workdir" "-e" "CARGO_TARGET_DIR=/opt/rustwide/target" "-e" "CARGO_INCREMENTAL=0" "-e" "RUST_BACKTRACE=full" "-e" "RUSTFLAGS=--cap-lints=warn" "-e" "RUSTDOCFLAGS=--cap-lints=warn" "-e" "CARGO_HOME=/opt/rustwide/cargo-home" "-e" "RUSTUP_HOME=/opt/rustwide/rustup-home" "-w" "/opt/rustwide/workdir" "-m" "1610612736" "--user" "0:0" "--network" "none" "ghcr.io/rust-lang/crates-build-env/linux@sha256:97d61d7686bf65f8ecb15491ab51835e82dc9176a96a831f143a431b191fc501" "/opt/rustwide/cargo-home/bin/cargo" "+beta-2023-04-20" "test" "--frozen" "--no-run" "--message-format=json", kill_on_drop: false }`
[INFO] [stdout] 91496c663dd95b06cc4abac7cc5fdfcad3adecff8fbb8da72d0aded88a4dcdad
[INFO] running `Command { std: "docker" "start" "-a" "91496c663dd95b06cc4abac7cc5fdfcad3adecff8fbb8da72d0aded88a4dcdad", kill_on_drop: false }`
[INFO] [stderr]    Compiling rand v0.4.6
[INFO] [stdout] warning: field `threads` is never read
[INFO] [stdout]   --> src/flowgger/input/tcp/mod.rs:18:5
[INFO] [stdout]    |
[INFO] [stdout] 16 | pub struct TcpConfig {
[INFO] [stdout]    |            --------- field in this struct
[INFO] [stdout] 17 |     framing: String,
[INFO] [stdout] 18 |     threads: usize,
[INFO] [stdout]    |     ^^^^^^^
[INFO] [stdout]    |
[INFO] [stdout]    = note: `TcpConfig` has a derived impl for the trait `Clone`, but this is intentionally ignored during dead code analysis
[INFO] [stdout]    = note: `#[warn(dead_code)]` on by default
[INFO] [stdout] 
[INFO] [stdout] 
[INFO] [stdout] warning: field `threads` is never read
[INFO] [stdout]   --> src/flowgger/input/tls/mod.rs:37:5
[INFO] [stdout]    |
[INFO] [stdout] 35 | pub struct TlsConfig {
[INFO] [stdout]    |            --------- field in this struct
[INFO] [stdout] 36 |     framing: String,
[INFO] [stdout] 37 |     threads: usize,
[INFO] [stdout]    |     ^^^^^^^
[INFO] [stdout]    |
[INFO] [stdout]    = note: `TlsConfig` has a derived impl for the trait `Clone`, but this is intentionally ignored during dead code analysis
[INFO] [stdout] 
[INFO] [stdout] 
[INFO] [stdout] warning: field `timeout` is never read
[INFO] [stdout]   --> src/flowgger/output/tls_output.rs:52:5
[INFO] [stdout]    |
[INFO] [stdout] 51 | struct TlsConfig {
[INFO] [stdout]    |        --------- field in this struct
[INFO] [stdout] 52 |     timeout: Option<Duration>,
[INFO] [stdout]    |     ^^^^^^^
[INFO] [stdout]    |
[INFO] [stdout]    = note: `TlsConfig` has a derived impl for the trait `Clone`, but this is intentionally ignored during dead code analysis
[INFO] [stdout] 
[INFO] [stdout] 
[INFO] [stdout] warning: 3 warnings emitted
[INFO] [stdout] 
[INFO] [stdout] 
[INFO] [stderr]    Compiling tempdir v0.3.7
[INFO] [stderr]    Compiling flowgger v0.3.1 (/opt/rustwide/workdir)
[INFO] [stdout] warning: field `threads` is never read
[INFO] [stdout]   --> src/flowgger/input/tcp/mod.rs:18:5
[INFO] [stdout]    |
[INFO] [stdout] 16 | pub struct TcpConfig {
[INFO] [stdout]    |            --------- field in this struct
[INFO] [stdout] 17 |     framing: String,
[INFO] [stdout] 18 |     threads: usize,
[INFO] [stdout]    |     ^^^^^^^
[INFO] [stdout]    |
[INFO] [stdout]    = note: `TcpConfig` has a derived impl for the trait `Clone`, but this is intentionally ignored during dead code analysis
[INFO] [stdout]    = note: `#[warn(dead_code)]` on by default
[INFO] [stdout] 
[INFO] [stdout] 
[INFO] [stdout] warning: field `threads` is never read
[INFO] [stdout]   --> src/flowgger/input/tls/mod.rs:37:5
[INFO] [stdout]    |
[INFO] [stdout] 35 | pub struct TlsConfig {
[INFO] [stdout]    |            --------- field in this struct
[INFO] [stdout] 36 |     framing: String,
[INFO] [stdout] 37 |     threads: usize,
[INFO] [stdout]    |     ^^^^^^^
[INFO] [stdout]    |
[INFO] [stdout]    = note: `TlsConfig` has a derived impl for the trait `Clone`, but this is intentionally ignored during dead code analysis
[INFO] [stdout] 
[INFO] [stdout] 
[INFO] [stdout] warning: field `timeout` is never read
[INFO] [stdout]   --> src/flowgger/output/tls_output.rs:52:5
[INFO] [stdout]    |
[INFO] [stdout] 51 | struct TlsConfig {
[INFO] [stdout]    |        --------- field in this struct
[INFO] [stdout] 52 |     timeout: Option<Duration>,
[INFO] [stdout]    |     ^^^^^^^
[INFO] [stdout]    |
[INFO] [stdout]    = note: `TlsConfig` has a derived impl for the trait `Clone`, but this is intentionally ignored during dead code analysis
[INFO] [stdout] 
[INFO] [stdout] 
[INFO] [stdout] warning: 3 warnings emitted
[INFO] [stdout] 
[INFO] [stdout] 
[INFO] [stderr]     Finished test [unoptimized + debuginfo] target(s) in 3.25s
[INFO] [stderr] warning: the following packages contain code that will be rejected by a future version of Rust: snap v0.2.5
[INFO] [stderr] note: to see what the problems were, use the option `--future-incompat-report`, or run `cargo report future-incompatibilities --id 1`
[INFO] running `Command { std: "docker" "inspect" "91496c663dd95b06cc4abac7cc5fdfcad3adecff8fbb8da72d0aded88a4dcdad", kill_on_drop: false }`
[INFO] running `Command { std: "docker" "rm" "-f" "91496c663dd95b06cc4abac7cc5fdfcad3adecff8fbb8da72d0aded88a4dcdad", kill_on_drop: false }`
[INFO] [stdout] 91496c663dd95b06cc4abac7cc5fdfcad3adecff8fbb8da72d0aded88a4dcdad
[INFO] running `Command { std: "docker" "create" "-v" "/var/lib/crater-agent-workspace/builds/worker-5-tc2/target:/opt/rustwide/target:rw,Z" "-v" "/var/lib/crater-agent-workspace/builds/worker-5-tc2/source:/opt/rustwide/workdir:ro,Z" "-v" "/var/lib/crater-agent-workspace/cargo-home:/opt/rustwide/cargo-home:ro,Z" "-v" "/var/lib/crater-agent-workspace/rustup-home:/opt/rustwide/rustup-home:ro,Z" "-e" "SOURCE_DIR=/opt/rustwide/workdir" "-e" "CARGO_TARGET_DIR=/opt/rustwide/target" "-e" "CARGO_INCREMENTAL=0" "-e" "RUST_BACKTRACE=full" "-e" "RUSTFLAGS=--cap-lints=warn" "-e" "RUSTDOCFLAGS=--cap-lints=warn" "-e" "CARGO_HOME=/opt/rustwide/cargo-home" "-e" "RUSTUP_HOME=/opt/rustwide/rustup-home" "-w" "/opt/rustwide/workdir" "-m" "1610612736" "--user" "0:0" "--network" "none" "ghcr.io/rust-lang/crates-build-env/linux@sha256:97d61d7686bf65f8ecb15491ab51835e82dc9176a96a831f143a431b191fc501" "/opt/rustwide/cargo-home/bin/cargo" "+beta-2023-04-20" "test" "--frozen", kill_on_drop: false }`
[INFO] [stdout] bbf4308fd14dbe1234e646253d6641bff63c729b7c4ae08c568f53016d73e546
[INFO] running `Command { std: "docker" "start" "-a" "bbf4308fd14dbe1234e646253d6641bff63c729b7c4ae08c568f53016d73e546", kill_on_drop: false }`
[INFO] [stderr] warning: field `threads` is never read
[INFO] [stderr]   --> src/flowgger/input/tcp/mod.rs:18:5
[INFO] [stderr]    |
[INFO] [stderr] 16 | pub struct TcpConfig {
[INFO] [stderr]    |            --------- field in this struct
[INFO] [stderr] 17 |     framing: String,
[INFO] [stderr] 18 |     threads: usize,
[INFO] [stderr]    |     ^^^^^^^
[INFO] [stderr]    |
[INFO] [stderr]    = note: `TcpConfig` has a derived impl for the trait `Clone`, but this is intentionally ignored during dead code analysis
[INFO] [stderr]    = note: `#[warn(dead_code)]` on by default
[INFO] [stderr] 
[INFO] [stderr] warning: field `threads` is never read
[INFO] [stderr]   --> src/flowgger/input/tls/mod.rs:37:5
[INFO] [stderr]    |
[INFO] [stderr] 35 | pub struct TlsConfig {
[INFO] [stderr]    |            --------- field in this struct
[INFO] [stderr] 36 |     framing: String,
[INFO] [stderr] 37 |     threads: usize,
[INFO] [stderr]    |     ^^^^^^^
[INFO] [stderr]    |
[INFO] [stderr]    = note: `TlsConfig` has a derived impl for the trait `Clone`, but this is intentionally ignored during dead code analysis
[INFO] [stderr] 
[INFO] [stderr] warning: field `timeout` is never read
[INFO] [stderr]   --> src/flowgger/output/tls_output.rs:52:5
[INFO] [stderr]    |
[INFO] [stderr] 51 | struct TlsConfig {
[INFO] [stderr]    |        --------- field in this struct
[INFO] [stderr] 52 |     timeout: Option<Duration>,
[INFO] [stderr]    |     ^^^^^^^
[INFO] [stderr]    |
[INFO] [stderr]    = note: `TlsConfig` has a derived impl for the trait `Clone`, but this is intentionally ignored during dead code analysis
[INFO] [stderr] 
[INFO] [stderr] warning: `flowgger` (lib) generated 3 warnings
[INFO] [stderr] warning: `flowgger` (lib test) generated 3 warnings (3 duplicates)
[INFO] [stderr]     Finished test [unoptimized + debuginfo] target(s) in 0.09s
[INFO] [stderr] warning: the following packages contain code that will be rejected by a future version of Rust: snap v0.2.5
[INFO] [stderr] note: to see what the problems were, use the option `--future-incompat-report`, or run `cargo report future-incompatibilities --id 1`
[INFO] [stderr]      Running unittests src/lib.rs (/opt/rustwide/target/debug/deps/flowgger-ccc940e9e3146b17)
[INFO] [stdout] 
[INFO] [stdout] running 89 tests
[INFO] [stdout] test flowgger::config::test::test_config_clone ... ok
[INFO] [stdout] test flowgger::decoder::gelf_decoder::test::test_gelf_decoder ... ok
[INFO] [stdout] test flowgger::config::test::test_config_from_path ... ok
[INFO] [stdout] test flowgger::config::test::test_config_from_string ... ok
[INFO] [stdout] test flowgger::config::test::test_config_from_path_no_file - should panic ... ok
[INFO] [stdout] test flowgger::decoder::gelf_decoder::test::test_gelf_decoder_bad_timestamp - should panic ... ok
[INFO] [stdout] test flowgger::config::test::test_config_from_string_bad - should panic ... ok
[INFO] [stdout] test flowgger::decoder::ltsv_decoder::test_ltsv ... ok
[INFO] [stdout] test flowgger::decoder::gelf_decoder::test::test_gelf_decoder_invalid_input - should panic ... ok
[INFO] [stdout] test flowgger::decoder::gelf_decoder::test::test_gelf_decoder_bad_key - should panic ... ok
[INFO] [stdout] test flowgger::decoder::ltsv_decoder::test_ltsv2 ... ok
[INFO] [stdout] test flowgger::config::test::test_config_from_path_bad_format - should panic ... ok
[INFO] [stdout] test flowgger::decoder::gelf_decoder::test::test_gelf_decoder_severity_to_high - should panic ... ok
[INFO] [stdout] test flowgger::decoder::gelf_decoder::test::test_gelf_decoder_wrong_version - should panic ... ok
[INFO] [stdout] test flowgger::decoder::ltsv_decoder::test_ltsv4 ... ok
[INFO] [stderr] Unable to parse the rfc3164 input: 'test message'
[INFO] [stdout] test flowgger::decoder::ltsv_decoder::test_ltsv_3 ... ok
[INFO] [stdout] test flowgger::decoder::ltsv_decoder::test_ltsv_suffixes ... ok
[INFO] [stdout] test flowgger::decoder::rfc3164_decoder::test_rfc3164_decode_custom_trimed ... ok
[INFO] [stdout] test flowgger::decoder::rfc3164_decoder::test_rfc3164_decode_custom_with_year ... ok
[INFO] [stdout] test flowgger::decoder::ltsv_decoder::test_ltsv_suffixes_2 ... ok
[INFO] [stdout] test flowgger::decoder::rfc3164_decoder::test_rfc3164_decode_custom_with_year_notz ... ok
[INFO] [stdout] test flowgger::decoder::rfc3164_decoder::test_rfc3164_decode_invalid_event ... ok
[INFO] [stdout] test flowgger::decoder::rfc3164_decoder::test_rfc3164_decode_nopri ... ok
[INFO] [stdout] test flowgger::decoder::rfc3164_decoder::test_rfc3164_decode_with_pri_year_tz ... ok
[INFO] [stdout] test flowgger::decoder::rfc5424_decoder::test_rfc5424 ... ok
[INFO] [stdout] test flowgger::decoder::rfc5424_decoder::test_rfc5424_multiple_sd ... ok
[INFO] [stdout] test flowgger::encoder::capnp_encoder::tests::test_add_extra_fields ... ok
[INFO] [stdout] test flowgger::encoder::capnp_encoder::tests::test_capnp_encode ... ok
[INFO] [stdout] test flowgger::decoder::rfc3164_decoder::test_rfc3164_decode_custom_with_pri ... ok
[INFO] [stdout] test flowgger::decoder::rfc3164_decoder::test_rfc3164_decode_with_pri_year ... ok
[INFO] [stdout] test flowgger::decoder::rfc3164_decoder::test_rfc3164_decode_invalid_date ... ok
[INFO] [stderr] Unable to parse the rfc3164 input: 'Aug  36 11:15:24 testhostname appname 69 42 [origin@123 software="te\st sc\"ript" swVersion="0.0.1"] test message'
[INFO] [stdout] test flowgger::encoder::capnp_encoder::tests::test_capnp_encode_multiple_sd ... ok
[INFO] [stdout] test flowgger::encoder::gelf_encoder::tests::test_gelf_encode_empty_hostname ... ok
[INFO] [stdout] test flowgger::encoder::gelf_encoder::tests::test_gelf_encode_replace_extra ... ok
[INFO] [stdout] test flowgger::encoder::gelf_encoder::tests::test_gelf_encode ... ok
[INFO] [stdout] test flowgger::decoder::rfc3164_decoder::test_rfc3164_decode_with_pri ... ok
[INFO] [stdout] test flowgger::decoder::rfc3164_decoder::test_rfc3164_decode_tz_no_year ... ok
[INFO] [stdout] test flowgger::encoder::passthrough_encoder::test_passthrough_encode ... ok
[INFO] [stdout] test flowgger::encoder::capnp_encoder::tests::test_wrong_extra_field_value_type_config - should panic ... ok
[INFO] [stdout] test flowgger::encoder::gelf_encoder::tests::test_gelf_encode_multiple_sd ... ok
[INFO] [stdout] test flowgger::encoder::ltsv_encoder::test_ltsv_full_encode_no_sd ... FAILED
[INFO] [stdout] test flowgger::encoder::ltsv_encoder::test_ltsv_full_encode_multiple_sd ... FAILED
[INFO] [stdout] test flowgger::encoder::rfc3164_encoder::test_rfc3164_full_encode ... ok
[INFO] [stderr] WARNING: Wrong syslog_prepend_timestamp value received: [%Y-%m-%dT%H:%MZ].
[INFO] [stdout] test flowgger::encoder::rfc3164_encoder::test_rfc3164_encode ... ok
[INFO] [stderr] From version "0.3.0" forward the time format needs to be compliant with:
[INFO] [stdout] test flowgger::encoder::passthrough_encoder::test_passthrough_encode_with_prepend ... ok
[INFO] [stderr] https://docs.rs/time/0.3.7/time/format_description/index.html 
[INFO] [stderr] Will use the default one: [year][month][day]T[hour][minute][second]Z. If you want to use %, you need to escape it (\\%)
[INFO] [stderr] 
[INFO] [stdout] test flowgger::encoder::rfc3164_encoder::test_rfc3164_withpri_encode ... ok
[INFO] [stdout] test flowgger::encoder::rfc3164_encoder::test_rfc3164_full_encode_multiple_sd ... ok
[INFO] [stdout] test flowgger::encoder::rfc5424_encoder::test_rfc5424_encode ... ok
[INFO] [stdout] test flowgger::encoder::passthrough_encoder::test_passthrough_encode_no_msg - should panic ... ok
[INFO] [stdout] test flowgger::encoder::rfc3164_encoder::test_rfc3164_invalid_prepend - should panic ... ok
[INFO] [stdout] test flowgger::encoder::rfc3164_encoder::test_rfc3164_encode_with_prepend ... ok
[INFO] [stdout] test flowgger::encoder::passthrough_encoder::test_passthrough_encode_invalid_prepend - should panic ... ok
[INFO] [stdout] test flowgger::encoder::rfc5424_encoder::test_rfc5424_full_encode ... ok
[INFO] [stdout] test flowgger::input::file::discovery::test_should_be_watched ... ok
[INFO] [stdout] test flowgger::encoder::rfc5424_encoder::test_rfc5424_full_encode_multiple_sd ... ok
[INFO] [stdout] test flowgger::encoder::gelf_encoder::tests::test_gelf_encoder_config_extra_bad_type - should panic ... ok
[INFO] [stdout] test flowgger::input::udp_input::test::test_udp_input_constructor_bad_input - should panic ... ok
[INFO] [stdout] test flowgger::output::file_output::tests::test_invalid_buffer_size - should panic ... ok
[INFO] [stdout] test flowgger::input::udp_input::test::test_udp_input_default_constructor ... ok
[INFO] [stdout] test flowgger::input::udp_input::test::test_udp_input_constructor ... ok
[INFO] [stdout] test flowgger::output::file_output::tests::test_invalid_file_path - should panic ... ok
[INFO] [stdout] test flowgger::encoder::gelf_encoder::tests::test_gelf_encoder_config_extra_should_be_section - should panic ... ok
[INFO] [stdout] test flowgger::output::file_output::tests::test_invalid_rotation_maxfiles - should panic ... ok
[INFO] [stdout] test flowgger::output::file_output::tests::test_invalid_rotation_size - should panic ... ok
[INFO] [stdout] test flowgger::output::file_output::tests::test_invalid_rotation_time - should panic ... ok
[INFO] [stderr] Unable to open file /wrong/path/test_log_rotate_buf: No such file or directory (os error 2)
[INFO] [stdout] test flowgger::output::file_output::tests::test_log_norotate_nofile ... ok
[INFO] [stdout] test flowgger::output::file_output::tests::test_invalid_time_format - should panic ... ok
[INFO] [stdout] test flowgger::output::file_output::tests::test_log_norotate_buf ... ok
[INFO] [stderr] File /tmp/test_file_output.5V3kKpoqkdJo/test_log_rotate_nobuf reached size limit 15, rotating
[INFO] [stdout] test flowgger::output::file_output::tests::test_log_norotate_nobuf ... ok
[INFO] [stdout] test flowgger::output::file_output::tests::test_log_rotate_nobuf ... ok
[INFO] [stderr] File /tmp/test_file_output.5blWW5MjJEXi/test_log_rotate_buf reached size limit 15, rotating
[INFO] [stderr] Unable to open rotating file /wrong/path/test_log_rotate_buf: No such file or directory (os error 2)
[INFO] [stdout] test flowgger::output::file_output::tests::test_log_rotate_buf ... ok
[INFO] [stdout] test flowgger::output::file_output::tests::test_log_rotate_nofile ... ok
[INFO] [stdout] test flowgger::output::file_output::tests::test_log_rotate_time_nobuf ... ok
[INFO] [stderr] Unable to open file /wrong/path/test_start_nofile: No such file or directory (os error 2)
[INFO] [stdout] test flowgger::output::file_output::tests::test_start_nofile - should panic ... ok
[INFO] [stdout] test flowgger::record::test_record_display ... ok
[INFO] [stdout] test flowgger::splitter::capnp_splitter::tests::test_decode_message ... ok
[INFO] [stderr] WARNING: Wrong file_rotation_timeformat value received: %Y%M.
[INFO] [stderr] From version "0.3.0" forward the time format needs to be compliant with:
[INFO] [stderr] https://docs.rs/time/0.3.7/time/format_description/index.html 
[INFO] [stderr] Will use the default one: DEFAULT VALUE. If you want to use %, you need to escape it (\\%)
[INFO] [stderr] 
[INFO] [stdout] test flowgger::tests::test_invalid_time_format ... ok
[INFO] [stdout] test flowgger::record::test_structured_data_display ... ok
[INFO] [stdout] test flowgger::tests::test_valid_time_format ... ok
[INFO] [stdout] test flowgger::output::file_output::tests::test_start_no_merger ... ok
[INFO] [stdout] test flowgger::tests::test_valid_time_format_escaped ... ok
[INFO] [stdout] test flowgger::utils::rotating_file::tests::test_file_invalid_path ... ok
[INFO] [stderr] File /tmp/test_rotation_time_files_time.dTTANRsmRbc2/test_log.log reached time/size limit 5min/16bytes, rotating
[INFO] [stderr] File /tmp/test_rotation_time_files_time.dTTANRsmRbc2/test_log.log reached time/size limit 5min/16bytes, rotating
[INFO] [stderr] File /tmp/test_rotation_time_files_time.dTTANRsmRbc2/test_log.log reached time/size limit 5min/16bytes, rotating
[INFO] [stderr] File /tmp/test_rotation_time_files_time.dTTANRsmRbc2/test_log.log reached time/size limit 5min/16bytes, rotating
[INFO] [stderr] File /tmp/test_rotation_time_files_time.dTTANRsmRbc2/test_log.log reached time/size limit 5min/16bytes, rotating
[INFO] [stdout] test flowgger::utils::rotating_file::tests::test_rotation_time_files_time ... ok
[INFO] [stderr] File /tmp/test_rotation_files_size.By9wXizN8H5m/test_log.log reached size limit 16, rotating
[INFO] [stderr] File /tmp/test_rotation_files_size.By9wXizN8H5m/test_log.log reached size limit 16, rotating
[INFO] [stderr] File /tmp/test_rotation_files_size.By9wXizN8H5m/test_log.log reached size limit 16, rotating
[INFO] [stdout] test flowgger::output::file_output::tests::test_start_with_merger ... ok
[INFO] [stdout] test flowgger::utils::rotating_file::tests::test_rotation_files_size ... ok
[INFO] [stdout] test flowgger::input::udp_input::test::test_handle_record_compressed_gz ... ok
[INFO] [stdout] test flowgger::input::udp_input::test::test_handle_record_compressed_zlib ... ok
[INFO] [stdout] test flowgger::input::udp_input::test::test_udp_input_handle_record_uncompressed ... ok
[INFO] [stdout] test flowgger::input::udp_input::test::test_handle_record_bad_record - should panic ... ok
[INFO] [stdout] 
[INFO] [stdout] failures:
[INFO] [stdout] 
[INFO] [stdout] ---- flowgger::encoder::ltsv_encoder::test_ltsv_full_encode_no_sd stdout ----
[INFO] [stdout] thread 'flowgger::encoder::ltsv_encoder::test_ltsv_full_encode_no_sd' panicked at 'assertion failed: `(left == right)`
[INFO] [stdout]   left: `"host:testhostname\ttime:1691320524\tmessage:some test message\tfull_message:<23>Aug  6 11:15:24 testhostname appname[69]: 42 - some test message\tlevel:7\tfacility:2\tappname:appname\tprocid:69\tmsgid:42"`,
[INFO] [stdout]  right: `"host:testhostname\ttime:1659784524\tmessage:some test message\tfull_message:<23>Aug  6 11:15:24 testhostname appname[69]: 42 - some test message\tlevel:7\tfacility:2\tappname:appname\tprocid:69\tmsgid:42"`', src/flowgger/encoder/ltsv_encoder.rs:156:5
[INFO] [stdout] stack backtrace:
[INFO] [stdout]    0:     0x5617d0e41c3a - std::backtrace_rs::backtrace::libunwind::trace::h2f05d0192276a8f6
[INFO] [stdout]                                at /rustc/1b7dd2252b99671ce5d1cb9664c5f8636329436d/library/std/src/../../backtrace/src/backtrace/libunwind.rs:93:5
[INFO] [stdout]    1:     0x5617d0e41c3a - std::backtrace_rs::backtrace::trace_unsynchronized::hedc23dff7a1af150
[INFO] [stdout]                                at /rustc/1b7dd2252b99671ce5d1cb9664c5f8636329436d/library/std/src/../../backtrace/src/backtrace/mod.rs:66:5
[INFO] [stdout]    2:     0x5617d0e41c3a - std::sys_common::backtrace::_print_fmt::h17541ef7592f3ce2
[INFO] [stdout]                                at /rustc/1b7dd2252b99671ce5d1cb9664c5f8636329436d/library/std/src/sys_common/backtrace.rs:65:5
[INFO] [stdout]    3:     0x5617d0e41c3a - <std::sys_common::backtrace::_print::DisplayBacktrace as core::fmt::Display>::fmt::h20f75df5ab0c0792
[INFO] [stdout]                                at /rustc/1b7dd2252b99671ce5d1cb9664c5f8636329436d/library/std/src/sys_common/backtrace.rs:44:22
[INFO] [stdout]    4:     0x5617d0e6ad5f - core::fmt::write::h78109e6f466b3af6
[INFO] [stdout]                                at /rustc/1b7dd2252b99671ce5d1cb9664c5f8636329436d/library/core/src/fmt/mod.rs:1254:17
[INFO] [stdout]    5:     0x5617d0e3e825 - std::io::Write::write_fmt::hd24bfb68a1b35a25
[INFO] [stdout]                                at /rustc/1b7dd2252b99671ce5d1cb9664c5f8636329436d/library/std/src/io/mod.rs:1698:15
[INFO] [stdout]    6:     0x5617d0e41a05 - std::sys_common::backtrace::_print::h8dac57a9f8fbf9a5
[INFO] [stdout]                                at /rustc/1b7dd2252b99671ce5d1cb9664c5f8636329436d/library/std/src/sys_common/backtrace.rs:47:5
[INFO] [stdout]    7:     0x5617d0e41a05 - std::sys_common::backtrace::print::hf9ecbf41d1aa712f
[INFO] [stdout]                                at /rustc/1b7dd2252b99671ce5d1cb9664c5f8636329436d/library/std/src/sys_common/backtrace.rs:34:9
[INFO] [stdout]    8:     0x5617d0e436be - std::panicking::default_hook::{{closure}}::h04c07acfc84ca028
[INFO] [stdout]                                at /rustc/1b7dd2252b99671ce5d1cb9664c5f8636329436d/library/std/src/panicking.rs:269:22
[INFO] [stdout]    9:     0x5617d0e433f1 - std::panicking::default_hook::h01f6bb23e1eceb2c
[INFO] [stdout]                                at /rustc/1b7dd2252b99671ce5d1cb9664c5f8636329436d/library/std/src/panicking.rs:285:9
[INFO] [stdout]   10:     0x5617d0ce240b - <alloc::boxed::Box<F,A> as core::ops::function::Fn<Args>>::call::h87fe9f7b2fd49e4c
[INFO] [stdout]                                at /rustc/1b7dd2252b99671ce5d1cb9664c5f8636329436d/library/alloc/src/boxed.rs:1987:9
[INFO] [stdout]   11:     0x5617d0ce240b - test::test_main::{{closure}}::he94d679243a7531b
[INFO] [stdout]                                at /rustc/1b7dd2252b99671ce5d1cb9664c5f8636329436d/library/test/src/lib.rs:134:21
[INFO] [stdout]   12:     0x5617d0e43da4 - <alloc::boxed::Box<F,A> as core::ops::function::Fn<Args>>::call::h3f2d6d8b14c4769f
[INFO] [stdout]                                at /rustc/1b7dd2252b99671ce5d1cb9664c5f8636329436d/library/alloc/src/boxed.rs:1987:9
[INFO] [stdout]   13:     0x5617d0e43da4 - std::panicking::rust_panic_with_hook::h2bb3722bbaf2f6df
[INFO] [stdout]                                at /rustc/1b7dd2252b99671ce5d1cb9664c5f8636329436d/library/std/src/panicking.rs:695:13
[INFO] [stdout]   14:     0x5617d0e43b19 - std::panicking::begin_panic_handler::{{closure}}::h91bc7f36a4be011b
[INFO] [stdout]                                at /rustc/1b7dd2252b99671ce5d1cb9664c5f8636329436d/library/std/src/panicking.rs:582:13
[INFO] [stdout]   15:     0x5617d0e420a6 - std::sys_common::backtrace::__rust_end_short_backtrace::h8b3d3717114f9e59
[INFO] [stdout]                                at /rustc/1b7dd2252b99671ce5d1cb9664c5f8636329436d/library/std/src/sys_common/backtrace.rs:150:18
[INFO] [stdout]   16:     0x5617d0e43872 - rust_begin_unwind
[INFO] [stdout]                                at /rustc/1b7dd2252b99671ce5d1cb9664c5f8636329436d/library/std/src/panicking.rs:578:5
[INFO] [stdout]   17:     0x5617d0c16603 - core::panicking::panic_fmt::hfd368e3fbdabea26
[INFO] [stdout]                                at /rustc/1b7dd2252b99671ce5d1cb9664c5f8636329436d/library/core/src/panicking.rs:67:14
[INFO] [stdout]   18:     0x5617d0c16a2f - core::panicking::assert_failed_inner::haef49168e1798a91
[INFO] [stdout]   19:     0x5617d0c1817e - core::panicking::assert_failed::h624a49e118f330f0
[INFO] [stdout]                                at /rustc/1b7dd2252b99671ce5d1cb9664c5f8636329436d/library/core/src/panicking.rs:228:5
[INFO] [stdout]   20:     0x5617d0c2208d - flowgger::flowgger::encoder::ltsv_encoder::test_ltsv_full_encode_no_sd::hd8813531a56d0a4c
[INFO] [stdout]                                at /opt/rustwide/workdir/src/flowgger/encoder/ltsv_encoder.rs:156:5
[INFO] [stdout]   21:     0x5617d0c21a27 - flowgger::flowgger::encoder::ltsv_encoder::test_ltsv_full_encode_no_sd::{{closure}}::h2c915f1defd6ad64
[INFO] [stdout]                                at /opt/rustwide/workdir/src/flowgger/encoder/ltsv_encoder.rs:135:34
[INFO] [stdout]   22:     0x5617d0c30c05 - core::ops::function::FnOnce::call_once::hed7fb20abe9ca689
[INFO] [stdout]                                at /rustc/1b7dd2252b99671ce5d1cb9664c5f8636329436d/library/core/src/ops/function.rs:250:5
[INFO] [stdout]   23:     0x5617d0ce72df - core::ops::function::FnOnce::call_once::ha6a70e79f7481a7e
[INFO] [stdout]                                at /rustc/1b7dd2252b99671ce5d1cb9664c5f8636329436d/library/core/src/ops/function.rs:250:5
[INFO] [stdout]   24:     0x5617d0ce72df - test::__rust_begin_short_backtrace::hce33033019b61e69
[INFO] [stdout]                                at /rustc/1b7dd2252b99671ce5d1cb9664c5f8636329436d/library/test/src/lib.rs:655:18
[INFO] [stdout]   25:     0x5617d0cb4acc - test::run_test::{{closure}}::h858d3528838ae3e5
[INFO] [stdout]                                at /rustc/1b7dd2252b99671ce5d1cb9664c5f8636329436d/library/test/src/lib.rs:646:30
[INFO] [stdout]   26:     0x5617d0cb4acc - core::ops::function::FnOnce::call_once{{vtable.shim}}::he8ac2b00f01ae79e
[INFO] [stdout]                                at /rustc/1b7dd2252b99671ce5d1cb9664c5f8636329436d/library/core/src/ops/function.rs:250:5
[INFO] [stdout]   27:     0x5617d0ce63b6 - <alloc::boxed::Box<F,A> as core::ops::function::FnOnce<Args>>::call_once::h8093d25b522725ef
[INFO] [stdout]                                at /rustc/1b7dd2252b99671ce5d1cb9664c5f8636329436d/library/alloc/src/boxed.rs:1973:9
[INFO] [stdout]   28:     0x5617d0ce63b6 - <core::panic::unwind_safe::AssertUnwindSafe<F> as core::ops::function::FnOnce<()>>::call_once::h5c334c204e4a3913
[INFO] [stdout]                                at /rustc/1b7dd2252b99671ce5d1cb9664c5f8636329436d/library/core/src/panic/unwind_safe.rs:271:9
[INFO] [stdout]   29:     0x5617d0ce63b6 - std::panicking::try::do_call::ha8b740c7b9478074
[INFO] [stdout]                                at /rustc/1b7dd2252b99671ce5d1cb9664c5f8636329436d/library/std/src/panicking.rs:485:40
[INFO] [stdout]   30:     0x5617d0ce63b6 - std::panicking::try::h5d34f63d0e41b64e
[INFO] [stdout]                                at /rustc/1b7dd2252b99671ce5d1cb9664c5f8636329436d/library/std/src/panicking.rs:449:19
[INFO] [stdout]   31:     0x5617d0ce63b6 - std::panic::catch_unwind::hcfbb511e1aa7fc67
[INFO] [stdout]                                at /rustc/1b7dd2252b99671ce5d1cb9664c5f8636329436d/library/std/src/panic.rs:140:14
[INFO] [stdout]   32:     0x5617d0ce63b6 - test::run_test_in_process::h9abda90f802eaf21
[INFO] [stdout]                                at /rustc/1b7dd2252b99671ce5d1cb9664c5f8636329436d/library/test/src/lib.rs:678:27
[INFO] [stdout]   33:     0x5617d0ce63b6 - test::run_test::run_test_inner::{{closure}}::h0f058de91f6c6edf
[INFO] [stdout]                                at /rustc/1b7dd2252b99671ce5d1cb9664c5f8636329436d/library/test/src/lib.rs:572:39
[INFO] [stdout]   34:     0x5617d0caf2d5 - test::run_test::run_test_inner::{{closure}}::h5ca48a4c59c6c1fb
[INFO] [stdout]                                at /rustc/1b7dd2252b99671ce5d1cb9664c5f8636329436d/library/test/src/lib.rs:599:37
[INFO] [stdout]   35:     0x5617d0caf2d5 - std::sys_common::backtrace::__rust_begin_short_backtrace::h32bd51e1495d4a33
[INFO] [stdout]                                at /rustc/1b7dd2252b99671ce5d1cb9664c5f8636329436d/library/std/src/sys_common/backtrace.rs:134:18
[INFO] [stdout]   36:     0x5617d0cb4811 - std::thread::Builder::spawn_unchecked_::{{closure}}::{{closure}}::hc086fae9b128b2db
[INFO] [stdout]                                at /rustc/1b7dd2252b99671ce5d1cb9664c5f8636329436d/library/std/src/thread/mod.rs:526:17
[INFO] [stdout]   37:     0x5617d0cb4811 - <core::panic::unwind_safe::AssertUnwindSafe<F> as core::ops::function::FnOnce<()>>::call_once::hb66571888d270d43
[INFO] [stdout]                                at /rustc/1b7dd2252b99671ce5d1cb9664c5f8636329436d/library/core/src/panic/unwind_safe.rs:271:9
[INFO] [stdout]   38:     0x5617d0cb4811 - std::panicking::try::do_call::h4fa2ef4f6e51fecf
[INFO] [stdout]                                at /rustc/1b7dd2252b99671ce5d1cb9664c5f8636329436d/library/std/src/panicking.rs:485:40
[INFO] [stdout]   39:     0x5617d0cb4811 - std::panicking::try::h1e9e22b8584489b5
[INFO] [stdout]                                at /rustc/1b7dd2252b99671ce5d1cb9664c5f8636329436d/library/std/src/panicking.rs:449:19
[INFO] [stdout]   40:     0x5617d0cb4811 - std::panic::catch_unwind::h44698a3de0e0769e
[INFO] [stdout]                                at /rustc/1b7dd2252b99671ce5d1cb9664c5f8636329436d/library/std/src/panic.rs:140:14
[INFO] [stdout]   41:     0x5617d0cb4811 - std::thread::Builder::spawn_unchecked_::{{closure}}::h50153abde3fe239e
[INFO] [stdout]                                at /rustc/1b7dd2252b99671ce5d1cb9664c5f8636329436d/library/std/src/thread/mod.rs:525:30
[INFO] [stdout]   42:     0x5617d0cb4811 - core::ops::function::FnOnce::call_once{{vtable.shim}}::hbe5bbf6f38394364
[INFO] [stdout]                                at /rustc/1b7dd2252b99671ce5d1cb9664c5f8636329436d/library/core/src/ops/function.rs:250:5
[INFO] [stdout]   43:     0x5617d0e48cc5 - <alloc::boxed::Box<F,A> as core::ops::function::FnOnce<Args>>::call_once::h0d83cb2920a49046
[INFO] [stdout]                                at /rustc/1b7dd2252b99671ce5d1cb9664c5f8636329436d/library/alloc/src/boxed.rs:1973:9
[INFO] [stdout]   44:     0x5617d0e48cc5 - <alloc::boxed::Box<F,A> as core::ops::function::FnOnce<Args>>::call_once::hbe0a008aa7d9ef59
[INFO] [stdout]                                at /rustc/1b7dd2252b99671ce5d1cb9664c5f8636329436d/library/alloc/src/boxed.rs:1973:9
[INFO] [stdout]   45:     0x5617d0e48cc5 - std::sys::unix::thread::Thread::new::thread_start::h3a466996bdf6b1f9
[INFO] [stdout]                                at /rustc/1b7dd2252b99671ce5d1cb9664c5f8636329436d/library/std/src/sys/unix/thread.rs:108:17
[INFO] [stdout]   46:     0x7f97c2009b43 - <unknown>
[INFO] [stdout]   47:     0x7f97c209abb4 - __clone
[INFO] [stdout]   48:                0x0 - <unknown>
[INFO] [stdout] 
[INFO] [stdout] ---- flowgger::encoder::ltsv_encoder::test_ltsv_full_encode_multiple_sd stdout ----
[INFO] [stdout] thread 'flowgger::encoder::ltsv_encoder::test_ltsv_full_encode_multiple_sd' panicked at 'assertion failed: `(left == right)`
[INFO] [stdout]   left: `"a:b\tc:123456\ta2:b2\tc2:123456\thost:testhostname\ttime:1691320524\tmessage:some test message\tfull_message:<23>Aug  6 11:15:24 testhostname appname[69]: 42 [someid a=\"b\" c=\"123456\"][someid2 a2=\"b2\" c2=\"123456\"] some test message\tlevel:7\tfacility:2\tappname:appname\tprocid:69\tmsgid:42"`,
[INFO] [stdout]  right: `"a:b\tc:123456\ta2:b2\tc2:123456\thost:testhostname\ttime:1659784524\tmessage:some test message\tfull_message:<23>Aug  6 11:15:24 testhostname appname[69]: 42 [someid a=\"b\" c=\"123456\"][someid2 a2=\"b2\" c2=\"123456\"] some test message\tlevel:7\tfacility:2\tappname:appname\tprocid:69\tmsgid:42"`', src/flowgger/encoder/ltsv_encoder.rs:196:5
[INFO] [stdout] stack backtrace:
[INFO] [stdout]    0:     0x5617d0e41c3a - std::backtrace_rs::backtrace::libunwind::trace::h2f05d0192276a8f6
[INFO] [stdout]                                at /rustc/1b7dd2252b99671ce5d1cb9664c5f8636329436d/library/std/src/../../backtrace/src/backtrace/libunwind.rs:93:5
[INFO] [stdout]    1:     0x5617d0e41c3a - std::backtrace_rs::backtrace::trace_unsynchronized::hedc23dff7a1af150
[INFO] [stdout]                                at /rustc/1b7dd2252b99671ce5d1cb9664c5f8636329436d/library/std/src/../../backtrace/src/backtrace/mod.rs:66:5
[INFO] [stdout]    2:     0x5617d0e41c3a - std::sys_common::backtrace::_print_fmt::h17541ef7592f3ce2
[INFO] [stdout]                                at /rustc/1b7dd2252b99671ce5d1cb9664c5f8636329436d/library/std/src/sys_common/backtrace.rs:65:5
[INFO] [stdout]    3:     0x5617d0e41c3a - <std::sys_common::backtrace::_print::DisplayBacktrace as core::fmt::Display>::fmt::h20f75df5ab0c0792
[INFO] [stdout]                                at /rustc/1b7dd2252b99671ce5d1cb9664c5f8636329436d/library/std/src/sys_common/backtrace.rs:44:22
[INFO] [stdout]    4:     0x5617d0e6ad5f - core::fmt::write::h78109e6f466b3af6
[INFO] [stdout]                                at /rustc/1b7dd2252b99671ce5d1cb9664c5f8636329436d/library/core/src/fmt/mod.rs:1254:17
[INFO] [stdout]    5:     0x5617d0e3e825 - std::io::Write::write_fmt::hd24bfb68a1b35a25
[INFO] [stdout]                                at /rustc/1b7dd2252b99671ce5d1cb9664c5f8636329436d/library/std/src/io/mod.rs:1698:15
[INFO] [stdout]    6:     0x5617d0e41a05 - std::sys_common::backtrace::_print::h8dac57a9f8fbf9a5
[INFO] [stdout]                                at /rustc/1b7dd2252b99671ce5d1cb9664c5f8636329436d/library/std/src/sys_common/backtrace.rs:47:5
[INFO] [stdout]    7:     0x5617d0e41a05 - std::sys_common::backtrace::print::hf9ecbf41d1aa712f
[INFO] [stdout]                                at /rustc/1b7dd2252b99671ce5d1cb9664c5f8636329436d/library/std/src/sys_common/backtrace.rs:34:9
[INFO] [stdout]    8:     0x5617d0e436be - std::panicking::default_hook::{{closure}}::h04c07acfc84ca028
[INFO] [stdout]                                at /rustc/1b7dd2252b99671ce5d1cb9664c5f8636329436d/library/std/src/panicking.rs:269:22
[INFO] [stdout]    9:     0x5617d0e433f1 - std::panicking::default_hook::h01f6bb23e1eceb2c
[INFO] [stdout]                                at /rustc/1b7dd2252b99671ce5d1cb9664c5f8636329436d/library/std/src/panicking.rs:285:9
[INFO] [stdout]   10:     0x5617d0ce240b - <alloc::boxed::Box<F,A> as core::ops::function::Fn<Args>>::call::h87fe9f7b2fd49e4c
[INFO] [stdout]                                at /rustc/1b7dd2252b99671ce5d1cb9664c5f8636329436d/library/alloc/src/boxed.rs:1987:9
[INFO] [stdout]   11:     0x5617d0ce240b - test::test_main::{{closure}}::he94d679243a7531b
[INFO] [stdout]                                at /rustc/1b7dd2252b99671ce5d1cb9664c5f8636329436d/library/test/src/lib.rs:134:21
[INFO] [stdout]   12:     0x5617d0e43da4 - <alloc::boxed::Box<F,A> as core::ops::function::Fn<Args>>::call::h3f2d6d8b14c4769f
[INFO] [stdout]                                at /rustc/1b7dd2252b99671ce5d1cb9664c5f8636329436d/library/alloc/src/boxed.rs:1987:9
[INFO] [stdout]   13:     0x5617d0e43da4 - std::panicking::rust_panic_with_hook::h2bb3722bbaf2f6df
[INFO] [stdout]                                at /rustc/1b7dd2252b99671ce5d1cb9664c5f8636329436d/library/std/src/panicking.rs:695:13
[INFO] [stdout]   14:     0x5617d0e43b19 - std::panicking::begin_panic_handler::{{closure}}::h91bc7f36a4be011b
[INFO] [stdout]                                at /rustc/1b7dd2252b99671ce5d1cb9664c5f8636329436d/library/std/src/panicking.rs:582:13
[INFO] [stdout]   15:     0x5617d0e420a6 - std::sys_common::backtrace::__rust_end_short_backtrace::h8b3d3717114f9e59
[INFO] [stdout]                                at /rustc/1b7dd2252b99671ce5d1cb9664c5f8636329436d/library/std/src/sys_common/backtrace.rs:150:18
[INFO] [stdout]   16:     0x5617d0e43872 - rust_begin_unwind
[INFO] [stdout]                                at /rustc/1b7dd2252b99671ce5d1cb9664c5f8636329436d/library/std/src/panicking.rs:578:5
[INFO] [stdout]   17:     0x5617d0c16603 - core::panicking::panic_fmt::hfd368e3fbdabea26
[INFO] [stdout]                                at /rustc/1b7dd2252b99671ce5d1cb9664c5f8636329436d/library/core/src/panicking.rs:67:14
[INFO] [stdout]   18:     0x5617d0c16a2f - core::panicking::assert_failed_inner::haef49168e1798a91
[INFO] [stdout]   19:     0x5617d0c1817e - core::panicking::assert_failed::h624a49e118f330f0
[INFO] [stdout]                                at /rustc/1b7dd2252b99671ce5d1cb9664c5f8636329436d/library/core/src/panicking.rs:228:5
[INFO] [stdout]   20:     0x5617d0c22f05 - flowgger::flowgger::encoder::ltsv_encoder::test_ltsv_full_encode_multiple_sd::hb1f23505615a50ca
[INFO] [stdout]                                at /opt/rustwide/workdir/src/flowgger/encoder/ltsv_encoder.rs:196:5
[INFO] [stdout]   21:     0x5617d0c22107 - flowgger::flowgger::encoder::ltsv_encoder::test_ltsv_full_encode_multiple_sd::{{closure}}::h2cd1838aac676440
[INFO] [stdout]                                at /opt/rustwide/workdir/src/flowgger/encoder/ltsv_encoder.rs:160:40
[INFO] [stdout]   22:     0x5617d0c30d85 - core::ops::function::FnOnce::call_once::hfc23f2fb5deea0f0
[INFO] [stdout]                                at /rustc/1b7dd2252b99671ce5d1cb9664c5f8636329436d/library/core/src/ops/function.rs:250:5
[INFO] [stdout]   23:     0x5617d0ce72df - core::ops::function::FnOnce::call_once::ha6a70e79f7481a7e
[INFO] [stdout]                                at /rustc/1b7dd2252b99671ce5d1cb9664c5f8636329436d/library/core/src/ops/function.rs:250:5
[INFO] [stdout]   24:     0x5617d0ce72df - test::__rust_begin_short_backtrace::hce33033019b61e69
[INFO] [stdout]                                at /rustc/1b7dd2252b99671ce5d1cb9664c5f8636329436d/library/test/src/lib.rs:655:18
[INFO] [stdout]   25:     0x5617d0cb4acc - test::run_test::{{closure}}::h858d3528838ae3e5
[INFO] [stdout]                                at /rustc/1b7dd2252b99671ce5d1cb9664c5f8636329436d/library/test/src/lib.rs:646:30
[INFO] [stdout]   26:     0x5617d0cb4acc - core::ops::function::FnOnce::call_once{{vtable.shim}}::he8ac2b00f01ae79e
[INFO] [stdout]                                at /rustc/1b7dd2252b99671ce5d1cb9664c5f8636329436d/library/core/src/ops/function.rs:250:5
[INFO] [stdout]   27:     0x5617d0ce63b6 - <alloc::boxed::Box<F,A> as core::ops::function::FnOnce<Args>>::call_once::h8093d25b522725ef
[INFO] [stdout]                                at /rustc/1b7dd2252b99671ce5d1cb9664c5f8636329436d/library/alloc/src/boxed.rs:1973:9
[INFO] [stdout]   28:     0x5617d0ce63b6 - <core::panic::unwind_safe::AssertUnwindSafe<F> as core::ops::function::FnOnce<()>>::call_once::h5c334c204e4a3913
[INFO] [stdout]                                at /rustc/1b7dd2252b99671ce5d1cb9664c5f8636329436d/library/core/src/panic/unwind_safe.rs:271:9
[INFO] [stdout]   29:     0x5617d0ce63b6 - std::panicking::try::do_call::ha8b740c7b9478074
[INFO] [stdout]                                at /rustc/1b7dd2252b99671ce5d1cb9664c5f8636329436d/library/std/src/panicking.rs:485:40
[INFO] [stdout]   30:     0x5617d0ce63b6 - std::panicking::try::h5d34f63d0e41b64e
[INFO] [stdout]                                at /rustc/1b7dd2252b99671ce5d1cb9664c5f8636329436d/library/std/src/panicking.rs:449:19
[INFO] [stdout]   31:     0x5617d0ce63b6 - std::panic::catch_unwind::hcfbb511e1aa7fc67
[INFO] [stdout]                                at /rustc/1b7dd2252b99671ce5d1cb9664c5f8636329436d/library/std/src/panic.rs:140:14
[INFO] [stdout]   32:     0x5617d0ce63b6 - test::run_test_in_process::h9abda90f802eaf21
[INFO] [stdout]                                at /rustc/1b7dd2252b99671ce5d1cb9664c5f8636329436d/library/test/src/lib.rs:678:27
[INFO] [stdout]   33:     0x5617d0ce63b6 - test::run_test::run_test_inner::{{closure}}::h0f058de91f6c6edf
[INFO] [stdout]                                at /rustc/1b7dd2252b99671ce5d1cb9664c5f8636329436d/library/test/src/lib.rs:572:39
[INFO] [stdout]   34:     0x5617d0caf2d5 - test::run_test::run_test_inner::{{closure}}::h5ca48a4c59c6c1fb
[INFO] [stdout]                                at /rustc/1b7dd2252b99671ce5d1cb9664c5f8636329436d/library/test/src/lib.rs:599:37
[INFO] [stdout]   35:     0x5617d0caf2d5 - std::sys_common::backtrace::__rust_begin_short_backtrace::h32bd51e1495d4a33
[INFO] [stdout]                                at /rustc/1b7dd2252b99671ce5d1cb9664c5f8636329436d/library/std/src/sys_common/backtrace.rs:134:18
[INFO] [stdout]   36:     0x5617d0cb4811 - std::thread::Builder::spawn_unchecked_::{{closure}}::{{closure}}::hc086fae9b128b2db
[INFO] [stdout]                                at /rustc/1b7dd2252b99671ce5d1cb9664c5f8636329436d/library/std/src/thread/mod.rs:526:17
[INFO] [stdout]   37:     0x5617d0cb4811 - <core::panic::unwind_safe::AssertUnwindSafe<F> as core::ops::function::FnOnce<()>>::call_once::hb66571888d270d43
[INFO] [stdout]                                at /rustc/1b7dd2252b99671ce5d1cb9664c5f8636329436d/library/core/src/panic/unwind_safe.rs:271:9
[INFO] [stdout]   38:     0x5617d0cb4811 - std::panicking::try::do_call::h4fa2ef4f6e51fecf
[INFO] [stdout]                                at /rustc/1b7dd2252b99671ce5d1cb9664c5f8636329436d/library/std/src/panicking.rs:485:40
[INFO] [stdout]   39:     0x5617d0cb4811 - std::panicking::try::h1e9e22b8584489b5
[INFO] [stdout]                                at /rustc/1b7dd2252b99671ce5d1cb9664c5f8636329436d/library/std/src/panicking.rs:449:19
[INFO] [stdout]   40:     0x5617d0cb4811 - std::panic::catch_unwind::h44698a3de0e0769e
[INFO] [stdout]                                at /rustc/1b7dd2252b99671ce5d1cb9664c5f8636329436d/library/std/src/panic.rs:140:14
[INFO] [stdout]   41:     0x5617d0cb4811 - std::thread::Builder::spawn_unchecked_::{{closure}}::h50153abde3fe239e
[INFO] [stdout]                                at /rustc/1b7dd2252b99671ce5d1cb9664c5f8636329436d/library/std/src/thread/mod.rs:525:30
[INFO] [stdout]   42:     0x5617d0cb4811 - core::ops::function::FnOnce::call_once{{vtable.shim}}::hbe5bbf6f38394364
[INFO] [stdout]                                at /rustc/1b7dd2252b99671ce5d1cb9664c5f8636329436d/library/core/src/ops/function.rs:250:5
[INFO] [stdout]   43:     0x5617d0e48cc5 - <alloc::boxed::Box<F,A> as core::ops::function::FnOnce<Args>>::call_once::h0d83cb2920a49046
[INFO] [stdout]                                at /rustc/1b7dd2252b99671ce5d1cb9664c5f8636329436d/library/alloc/src/boxed.rs:1973:9
[INFO] [stdout]   44:     0x5617d0e48cc5 - <alloc::boxed::Box<F,A> as core::ops::function::FnOnce<Args>>::call_once::hbe0a008aa7d9ef59
[INFO] [stdout]                                at /rustc/1b7dd2252b99671ce5d1cb9664c5f8636329436d/library/alloc/src/boxed.rs:1973:9
[INFO] [stdout]   45:     0x5617d0e48cc5 - std::sys::unix::thread::Thread::new::thread_start::h3a466996bdf6b1f9
[INFO] [stdout]                                at /rustc/1b7dd2252b99671ce5d1cb9664c5f8636329436d/library/std/src/sys/unix/thread.rs:108:17
[INFO] [stdout]   46:     0x7f97c2009b43 - <unknown>
[INFO] [stdout]   47:     0x7f97c209abb4 - __clone
[INFO] [stdout]   48:                0x0 - <unknown>
[INFO] [stdout] 
[INFO] [stdout] 
[INFO] [stdout] failures:
[INFO] [stdout]     flowgger::encoder::ltsv_encoder::test_ltsv_full_encode_multiple_sd
[INFO] [stdout]     flowgger::encoder::ltsv_encoder::test_ltsv_full_encode_no_sd
[INFO] [stdout] 
[INFO] [stdout] test result: FAILED. 87 passed; 2 failed; 0 ignored; 0 measured; 0 filtered out; finished in 1.04s
[INFO] [stdout] 
[INFO] [stderr] error: test failed, to rerun pass `--lib`
[INFO] running `Command { std: "docker" "inspect" "bbf4308fd14dbe1234e646253d6641bff63c729b7c4ae08c568f53016d73e546", kill_on_drop: false }`
[INFO] running `Command { std: "docker" "rm" "-f" "bbf4308fd14dbe1234e646253d6641bff63c729b7c4ae08c568f53016d73e546", kill_on_drop: false }`
[INFO] [stdout] bbf4308fd14dbe1234e646253d6641bff63c729b7c4ae08c568f53016d73e546
