[INFO] fetching crate float_to_int 0.1.0...
[INFO] testing float_to_int-0.1.0 against beta-2023-04-20 for beta-1.70-1
[INFO] extracting crate float_to_int 0.1.0 into /workspace/builds/worker-6-tc2/source
[INFO] validating manifest of crates.io crate float_to_int 0.1.0 on toolchain beta-2023-04-20
[INFO] running `Command { std: CARGO_HOME="/workspace/cargo-home" RUSTUP_HOME="/workspace/rustup-home" "/workspace/cargo-home/bin/cargo" "+beta-2023-04-20" "metadata" "--manifest-path" "Cargo.toml" "--no-deps", kill_on_drop: false }`
[INFO] started tweaking crates.io crate float_to_int 0.1.0
[INFO] finished tweaking crates.io crate float_to_int 0.1.0
[INFO] tweaked toml for crates.io crate float_to_int 0.1.0 written to /workspace/builds/worker-6-tc2/source/Cargo.toml
[INFO] running `Command { std: CARGO_HOME="/workspace/cargo-home" RUSTUP_HOME="/workspace/rustup-home" __CARGO_TEST_CHANNEL_OVERRIDE_DO_NOT_USE_THIS="nightly" "/workspace/cargo-home/bin/cargo" "+beta-2023-04-20" "generate-lockfile" "--manifest-path" "Cargo.toml" "-Zno-index-update", kill_on_drop: false }`
[INFO] [stderr]     Blocking waiting for file lock on package cache
[INFO] running `Command { std: CARGO_HOME="/workspace/cargo-home" RUSTUP_HOME="/workspace/rustup-home" "/workspace/cargo-home/bin/cargo" "+beta-2023-04-20" "fetch" "--manifest-path" "Cargo.toml", kill_on_drop: false }`
[INFO] running `Command { std: "docker" "create" "-v" "/var/lib/crater-agent-workspace/builds/worker-6-tc2/target:/opt/rustwide/target:rw,Z" "-v" "/var/lib/crater-agent-workspace/builds/worker-6-tc2/source:/opt/rustwide/workdir:ro,Z" "-v" "/var/lib/crater-agent-workspace/cargo-home:/opt/rustwide/cargo-home:ro,Z" "-v" "/var/lib/crater-agent-workspace/rustup-home:/opt/rustwide/rustup-home:ro,Z" "-e" "SOURCE_DIR=/opt/rustwide/workdir" "-e" "CARGO_TARGET_DIR=/opt/rustwide/target" "-e" "CARGO_HOME=/opt/rustwide/cargo-home" "-e" "RUSTUP_HOME=/opt/rustwide/rustup-home" "-w" "/opt/rustwide/workdir" "-m" "1610612736" "--user" "0:0" "--network" "none" "ghcr.io/rust-lang/crates-build-env/linux@sha256:5ff2268d62e97bff2cde7d5815dd6ed5b47097566f13b8d0ca110b04b60e07ed" "/opt/rustwide/cargo-home/bin/cargo" "+beta-2023-04-20" "metadata" "--no-deps" "--format-version=1", kill_on_drop: false }`
[INFO] [stdout] 9d91a42c28c2a87ad6b9b180fdb8ecb9a610fadeea53ebdea4d71d3fcee70006
[INFO] running `Command { std: "docker" "start" "-a" "9d91a42c28c2a87ad6b9b180fdb8ecb9a610fadeea53ebdea4d71d3fcee70006", kill_on_drop: false }`
[INFO] running `Command { std: "docker" "inspect" "9d91a42c28c2a87ad6b9b180fdb8ecb9a610fadeea53ebdea4d71d3fcee70006", kill_on_drop: false }`
[INFO] running `Command { std: "docker" "rm" "-f" "9d91a42c28c2a87ad6b9b180fdb8ecb9a610fadeea53ebdea4d71d3fcee70006", kill_on_drop: false }`
[INFO] [stdout] 9d91a42c28c2a87ad6b9b180fdb8ecb9a610fadeea53ebdea4d71d3fcee70006
[INFO] running `Command { std: "docker" "create" "-v" "/var/lib/crater-agent-workspace/builds/worker-6-tc2/target:/opt/rustwide/target:rw,Z" "-v" "/var/lib/crater-agent-workspace/builds/worker-6-tc2/source:/opt/rustwide/workdir:ro,Z" "-v" "/var/lib/crater-agent-workspace/cargo-home:/opt/rustwide/cargo-home:ro,Z" "-v" "/var/lib/crater-agent-workspace/rustup-home:/opt/rustwide/rustup-home:ro,Z" "-e" "SOURCE_DIR=/opt/rustwide/workdir" "-e" "CARGO_TARGET_DIR=/opt/rustwide/target" "-e" "CARGO_INCREMENTAL=0" "-e" "RUST_BACKTRACE=full" "-e" "RUSTFLAGS=--cap-lints=warn" "-e" "RUSTDOCFLAGS=--cap-lints=warn" "-e" "CARGO_HOME=/opt/rustwide/cargo-home" "-e" "RUSTUP_HOME=/opt/rustwide/rustup-home" "-w" "/opt/rustwide/workdir" "-m" "1610612736" "--user" "0:0" "--network" "none" "ghcr.io/rust-lang/crates-build-env/linux@sha256:5ff2268d62e97bff2cde7d5815dd6ed5b47097566f13b8d0ca110b04b60e07ed" "/opt/rustwide/cargo-home/bin/cargo" "+beta-2023-04-20" "build" "--frozen" "--message-format=json", kill_on_drop: false }`
[INFO] [stdout] c4627d1002df75123374d62df72034833ad320fcf4b4bf649634f808daa8ff42
[INFO] running `Command { std: "docker" "start" "-a" "c4627d1002df75123374d62df72034833ad320fcf4b4bf649634f808daa8ff42", kill_on_drop: false }`
[INFO] [stderr]    Compiling cfg-if v1.0.0
[INFO] [stderr]    Compiling float_to_int v0.1.0 (/opt/rustwide/workdir)
[INFO] [stderr]     Finished dev [unoptimized + debuginfo] target(s) in 0.28s
[INFO] running `Command { std: "docker" "inspect" "c4627d1002df75123374d62df72034833ad320fcf4b4bf649634f808daa8ff42", kill_on_drop: false }`
[INFO] running `Command { std: "docker" "rm" "-f" "c4627d1002df75123374d62df72034833ad320fcf4b4bf649634f808daa8ff42", kill_on_drop: false }`
[INFO] [stdout] c4627d1002df75123374d62df72034833ad320fcf4b4bf649634f808daa8ff42
[INFO] running `Command { std: "docker" "create" "-v" "/var/lib/crater-agent-workspace/builds/worker-6-tc2/target:/opt/rustwide/target:rw,Z" "-v" "/var/lib/crater-agent-workspace/builds/worker-6-tc2/source:/opt/rustwide/workdir:ro,Z" "-v" "/var/lib/crater-agent-workspace/cargo-home:/opt/rustwide/cargo-home:ro,Z" "-v" "/var/lib/crater-agent-workspace/rustup-home:/opt/rustwide/rustup-home:ro,Z" "-e" "SOURCE_DIR=/opt/rustwide/workdir" "-e" "CARGO_TARGET_DIR=/opt/rustwide/target" "-e" "CARGO_INCREMENTAL=0" "-e" "RUST_BACKTRACE=full" "-e" "RUSTFLAGS=--cap-lints=warn" "-e" "RUSTDOCFLAGS=--cap-lints=warn" "-e" "CARGO_HOME=/opt/rustwide/cargo-home" "-e" "RUSTUP_HOME=/opt/rustwide/rustup-home" "-w" "/opt/rustwide/workdir" "-m" "1610612736" "--user" "0:0" "--network" "none" "ghcr.io/rust-lang/crates-build-env/linux@sha256:5ff2268d62e97bff2cde7d5815dd6ed5b47097566f13b8d0ca110b04b60e07ed" "/opt/rustwide/cargo-home/bin/cargo" "+beta-2023-04-20" "test" "--frozen" "--no-run" "--message-format=json", kill_on_drop: false }`
[INFO] [stdout] fcf90c895d4e546b923637889496d855ca15f415ff1753410a14534523ab73cf
[INFO] running `Command { std: "docker" "start" "-a" "fcf90c895d4e546b923637889496d855ca15f415ff1753410a14534523ab73cf", kill_on_drop: false }`
[INFO] [stderr]    Compiling libc v0.2.142
[INFO] [stderr]    Compiling autocfg v1.1.0
[INFO] [stderr]    Compiling ppv-lite86 v0.2.17
[INFO] [stderr]    Compiling num-traits v0.2.15
[INFO] [stderr]    Compiling getrandom v0.2.9
[INFO] [stderr]    Compiling rand_core v0.6.4
[INFO] [stderr]    Compiling rand_chacha v0.3.1
[INFO] [stderr]    Compiling rand v0.8.5
[INFO] [stderr]    Compiling float_to_int v0.1.0 (/opt/rustwide/workdir)
[INFO] [stderr]     Finished test [unoptimized + debuginfo] target(s) in 2.68s
[INFO] running `Command { std: "docker" "inspect" "fcf90c895d4e546b923637889496d855ca15f415ff1753410a14534523ab73cf", kill_on_drop: false }`
[INFO] running `Command { std: "docker" "rm" "-f" "fcf90c895d4e546b923637889496d855ca15f415ff1753410a14534523ab73cf", kill_on_drop: false }`
[INFO] [stdout] fcf90c895d4e546b923637889496d855ca15f415ff1753410a14534523ab73cf
[INFO] running `Command { std: "docker" "create" "-v" "/var/lib/crater-agent-workspace/builds/worker-6-tc2/target:/opt/rustwide/target:rw,Z" "-v" "/var/lib/crater-agent-workspace/builds/worker-6-tc2/source:/opt/rustwide/workdir:ro,Z" "-v" "/var/lib/crater-agent-workspace/cargo-home:/opt/rustwide/cargo-home:ro,Z" "-v" "/var/lib/crater-agent-workspace/rustup-home:/opt/rustwide/rustup-home:ro,Z" "-e" "SOURCE_DIR=/opt/rustwide/workdir" "-e" "CARGO_TARGET_DIR=/opt/rustwide/target" "-e" "CARGO_INCREMENTAL=0" "-e" "RUST_BACKTRACE=full" "-e" "RUSTFLAGS=--cap-lints=warn" "-e" "RUSTDOCFLAGS=--cap-lints=warn" "-e" "CARGO_HOME=/opt/rustwide/cargo-home" "-e" "RUSTUP_HOME=/opt/rustwide/rustup-home" "-w" "/opt/rustwide/workdir" "-m" "1610612736" "--user" "0:0" "--network" "none" "ghcr.io/rust-lang/crates-build-env/linux@sha256:5ff2268d62e97bff2cde7d5815dd6ed5b47097566f13b8d0ca110b04b60e07ed" "/opt/rustwide/cargo-home/bin/cargo" "+beta-2023-04-20" "test" "--frozen", kill_on_drop: false }`
[INFO] [stdout] 8a4678367a963db789ea05c2efd0f28c11ed97c3850666c713afcf6caee1118f
[INFO] running `Command { std: "docker" "start" "-a" "8a4678367a963db789ea05c2efd0f28c11ed97c3850666c713afcf6caee1118f", kill_on_drop: false }`
[INFO] [stderr]     Finished test [unoptimized + debuginfo] target(s) in 0.01s
[INFO] [stderr]      Running unittests src/lib.rs (/opt/rustwide/target/debug/deps/float_to_int-937555a9244b3183)
[INFO] [stdout] 
[INFO] [stdout] running 2 tests
[INFO] [stdout] test float::tests::test_f32 ... ok
[INFO] [stdout] test float::tests::test_f64 ... ok
[INFO] [stdout] 
[INFO] [stdout] test result: ok. 2 passed; 0 failed; 0 ignored; 0 measured; 0 filtered out; finished in 0.02s
[INFO] [stdout] 
[INFO] [stderr]    Doc-tests float_to_int
[INFO] [stdout] 
[INFO] [stdout] running 2 tests
[INFO] [stdout] test src/float.rs - float::FloatExt::is_integer (line 14) ... FAILED
[INFO] [stdout] test src/float.rs - float::FloatExt::integer_classify (line 5) ... FAILED
[INFO] [stdout] 
[INFO] [stdout] failures:
[INFO] [stdout] 
[INFO] [stdout] ---- src/float.rs - float::FloatExt::is_integer (line 14) stdout ----
[INFO] [stdout] error[E0599]: no method named `is_integer` found for type `f32` in the current scope
[INFO] [stdout]  --> src/float.rs:15:14
[INFO] [stdout]   |
[INFO] [stdout] 3 | assert!(1f32.is_integer());
[INFO] [stdout]   |              ^^^^^^^^^^ method not found in `f32`
[INFO] [stdout] 
[INFO] [stdout] error[E0599]: no method named `is_integer` found for type `f64` in the current scope
[INFO] [stdout]  --> src/float.rs:16:18
[INFO] [stdout]   |
[INFO] [stdout] 4 | assert!(!3.14f64.is_integer());
[INFO] [stdout]   |                  ^^^^^^^^^^ method not found in `f64`
[INFO] [stdout] 
[INFO] [stdout] error: aborting due to 2 previous errors
[INFO] [stdout] 
[INFO] [stdout] For more information about this error, try `rustc --explain E0599`.
[INFO] [stdout] Couldn't compile the test.
[INFO] [stdout] ---- src/float.rs - float::FloatExt::integer_classify (line 5) stdout ----
[INFO] [stdout] error: format argument must be a string literal
[INFO] [stdout]  --> src/float.rs:7:38
[INFO] [stdout]   |
[INFO] [stdout] 4 | assert!(!3.14f64.integer_classify(), Err(FpCategory::Normal));
[INFO] [stdout]   |                                      ^^^^^^^^^^^^^^^^^^^^^^^
[INFO] [stdout]   |
[INFO] [stdout] help: you might be missing a string literal to format with
[INFO] [stdout]   |
[INFO] [stdout] 4 | assert!(!3.14f64.integer_classify(), "{}", Err(FpCategory::Normal));
[INFO] [stdout]   |                                      +++++
[INFO] [stdout] 
[INFO] [stdout] error[E0599]: no method named `integer_classify` found for type `f32` in the current scope
[INFO] [stdout]  --> src/float.rs:6:17
[INFO] [stdout]   |
[INFO] [stdout] 3 | assert_eq!(1f32.integer_classify(), Ok(()));
[INFO] [stdout]   |                 ^^^^^^^^^^^^^^^^ help: there is a method with a similar name: `classify`
[INFO] [stdout] 
[INFO] [stdout] error[E0599]: no method named `integer_classify` found for type `f64` in the current scope
[INFO] [stdout]  --> src/float.rs:7:18
[INFO] [stdout]   |
[INFO] [stdout] 4 | assert!(!3.14f64.integer_classify(), Err(FpCategory::Normal));
[INFO] [stdout]   |                  ^^^^^^^^^^^^^^^^ help: there is a method with a similar name: `classify`
[INFO] [stdout] 
[INFO] [stdout] error: aborting due to 3 previous errors
[INFO] [stdout] 
[INFO] [stdout] For more information about this error, try `rustc --explain E0599`.
[INFO] [stdout] Couldn't compile the test.
[INFO] [stdout] 
[INFO] [stdout] failures:
[INFO] [stdout]     src/float.rs - float::FloatExt::integer_classify (line 5)
[INFO] [stdout]     src/float.rs - float::FloatExt::is_integer (line 14)
[INFO] [stdout] 
[INFO] [stdout] test result: FAILED. 0 passed; 2 failed; 0 ignored; 0 measured; 0 filtered out; finished in 0.04s
[INFO] [stdout] 
[INFO] [stderr] error: doctest failed, to rerun pass `--doc`
[INFO] running `Command { std: "docker" "inspect" "8a4678367a963db789ea05c2efd0f28c11ed97c3850666c713afcf6caee1118f", kill_on_drop: false }`
[INFO] running `Command { std: "docker" "rm" "-f" "8a4678367a963db789ea05c2efd0f28c11ed97c3850666c713afcf6caee1118f", kill_on_drop: false }`
[INFO] [stdout] 8a4678367a963db789ea05c2efd0f28c11ed97c3850666c713afcf6caee1118f
