[INFO] fetching crate flexi_config 0.1.0...
[INFO] testing flexi_config-0.1.0 against beta-2023-04-20 for beta-1.70-1
[INFO] extracting crate flexi_config 0.1.0 into /workspace/builds/worker-2-tc2/source
[INFO] validating manifest of crates.io crate flexi_config 0.1.0 on toolchain beta-2023-04-20
[INFO] running `Command { std: CARGO_HOME="/workspace/cargo-home" RUSTUP_HOME="/workspace/rustup-home" "/workspace/cargo-home/bin/cargo" "+beta-2023-04-20" "metadata" "--manifest-path" "Cargo.toml" "--no-deps", kill_on_drop: false }`
[INFO] started tweaking crates.io crate flexi_config 0.1.0
[INFO] finished tweaking crates.io crate flexi_config 0.1.0
[INFO] tweaked toml for crates.io crate flexi_config 0.1.0 written to /workspace/builds/worker-2-tc2/source/Cargo.toml
[INFO] running `Command { std: CARGO_HOME="/workspace/cargo-home" RUSTUP_HOME="/workspace/rustup-home" __CARGO_TEST_CHANNEL_OVERRIDE_DO_NOT_USE_THIS="nightly" "/workspace/cargo-home/bin/cargo" "+beta-2023-04-20" "generate-lockfile" "--manifest-path" "Cargo.toml" "-Zno-index-update", kill_on_drop: false }`
[INFO] [stderr]     Blocking waiting for file lock on package cache
[INFO] running `Command { std: CARGO_HOME="/workspace/cargo-home" RUSTUP_HOME="/workspace/rustup-home" "/workspace/cargo-home/bin/cargo" "+beta-2023-04-20" "fetch" "--manifest-path" "Cargo.toml", kill_on_drop: false }`
[INFO] [stderr]  Downloading crates ...
[INFO] [stderr]   Downloaded memchr v0.1.11
[INFO] [stderr]   Downloaded thread-id v2.0.0
[INFO] [stderr]   Downloaded regex v0.1.80
[INFO] [stderr]   Downloaded aho-corasick v0.5.3
[INFO] [stderr]   Downloaded chrono v0.2.25
[INFO] [stderr]   Downloaded regex-syntax v0.3.9
[INFO] [stderr]   Downloaded thread_local v0.2.7
[INFO] [stderr]   Downloaded utf8-ranges v0.1.3
[INFO] [stderr]   Downloaded toml v0.1.30
[INFO] [stderr]   Downloaded flexi_logger v0.5.2
[INFO] running `Command { std: "docker" "create" "-v" "/var/lib/crater-agent-workspace/builds/worker-2-tc2/target:/opt/rustwide/target:rw,Z" "-v" "/var/lib/crater-agent-workspace/builds/worker-2-tc2/source:/opt/rustwide/workdir:ro,Z" "-v" "/var/lib/crater-agent-workspace/cargo-home:/opt/rustwide/cargo-home:ro,Z" "-v" "/var/lib/crater-agent-workspace/rustup-home:/opt/rustwide/rustup-home:ro,Z" "-e" "SOURCE_DIR=/opt/rustwide/workdir" "-e" "CARGO_TARGET_DIR=/opt/rustwide/target" "-e" "CARGO_HOME=/opt/rustwide/cargo-home" "-e" "RUSTUP_HOME=/opt/rustwide/rustup-home" "-w" "/opt/rustwide/workdir" "-m" "1610612736" "--user" "0:0" "--network" "none" "ghcr.io/rust-lang/crates-build-env/linux@sha256:5ff2268d62e97bff2cde7d5815dd6ed5b47097566f13b8d0ca110b04b60e07ed" "/opt/rustwide/cargo-home/bin/cargo" "+beta-2023-04-20" "metadata" "--no-deps" "--format-version=1", kill_on_drop: false }`
[INFO] [stdout] 2dda16068574351fe70cb27623cca76caa4e106b8e873c4addc87d7e3c57ef09
[INFO] running `Command { std: "docker" "start" "-a" "2dda16068574351fe70cb27623cca76caa4e106b8e873c4addc87d7e3c57ef09", kill_on_drop: false }`
[INFO] running `Command { std: "docker" "inspect" "2dda16068574351fe70cb27623cca76caa4e106b8e873c4addc87d7e3c57ef09", kill_on_drop: false }`
[INFO] running `Command { std: "docker" "rm" "-f" "2dda16068574351fe70cb27623cca76caa4e106b8e873c4addc87d7e3c57ef09", kill_on_drop: false }`
[INFO] [stdout] 2dda16068574351fe70cb27623cca76caa4e106b8e873c4addc87d7e3c57ef09
[INFO] running `Command { std: "docker" "create" "-v" "/var/lib/crater-agent-workspace/builds/worker-2-tc2/target:/opt/rustwide/target:rw,Z" "-v" "/var/lib/crater-agent-workspace/builds/worker-2-tc2/source:/opt/rustwide/workdir:ro,Z" "-v" "/var/lib/crater-agent-workspace/cargo-home:/opt/rustwide/cargo-home:ro,Z" "-v" "/var/lib/crater-agent-workspace/rustup-home:/opt/rustwide/rustup-home:ro,Z" "-e" "SOURCE_DIR=/opt/rustwide/workdir" "-e" "CARGO_TARGET_DIR=/opt/rustwide/target" "-e" "CARGO_INCREMENTAL=0" "-e" "RUST_BACKTRACE=full" "-e" "RUSTFLAGS=--cap-lints=warn" "-e" "RUSTDOCFLAGS=--cap-lints=warn" "-e" "CARGO_HOME=/opt/rustwide/cargo-home" "-e" "RUSTUP_HOME=/opt/rustwide/rustup-home" "-w" "/opt/rustwide/workdir" "-m" "1610612736" "--user" "0:0" "--network" "none" "ghcr.io/rust-lang/crates-build-env/linux@sha256:5ff2268d62e97bff2cde7d5815dd6ed5b47097566f13b8d0ca110b04b60e07ed" "/opt/rustwide/cargo-home/bin/cargo" "+beta-2023-04-20" "build" "--frozen" "--message-format=json", kill_on_drop: false }`
[INFO] [stdout] 2790a47034dd3643bf9bf01352c8ac15fb2506f70970f17adbc3a6e2a8f38966
[INFO] running `Command { std: "docker" "start" "-a" "2790a47034dd3643bf9bf01352c8ac15fb2506f70970f17adbc3a6e2a8f38966", kill_on_drop: false }`
[INFO] [stderr]    Compiling autocfg v1.1.0
[INFO] [stderr]    Compiling winapi-build v0.1.1
[INFO] [stderr]    Compiling winapi v0.2.8
[INFO] [stderr]    Compiling regex-syntax v0.3.9
[INFO] [stderr]    Compiling utf8-ranges v0.1.3
[INFO] [stderr]    Compiling rustc-serialize v0.3.24
[INFO] [stderr]    Compiling glob v0.2.11
[INFO] [stderr]    Compiling lazy_static v0.2.11
[INFO] [stderr]    Compiling memchr v0.1.11
[INFO] [stderr]    Compiling time v0.1.45
[INFO] [stderr]    Compiling log v0.3.9
[INFO] [stderr]    Compiling aho-corasick v0.5.3
[INFO] [stderr]    Compiling kernel32-sys v0.2.2
[INFO] [stderr]    Compiling num-traits v0.2.15
[INFO] [stderr]    Compiling num-integer v0.1.45
[INFO] [stderr]    Compiling num-iter v0.1.43
[INFO] [stderr]    Compiling thread-id v2.0.0
[INFO] [stderr]    Compiling thread_local v0.2.7
[INFO] [stderr]    Compiling regex v0.1.80
[INFO] [stderr]    Compiling toml v0.1.30
[INFO] [stderr]    Compiling num v0.1.42
[INFO] [stderr]    Compiling chrono v0.2.25
[INFO] [stderr]    Compiling flexi_logger v0.5.2
[INFO] [stderr]    Compiling flexi_config v0.1.0 (/opt/rustwide/workdir)
[INFO] [stdout] warning: unnecessary parentheses around match arm expression
[INFO] [stdout]    --> src/config/log_format.rs:200:71
[INFO] [stdout]     |
[INFO] [stdout] 200 |             (&LogFormat::Custom(ref a), &LogFormat::Custom(ref b)) => (a == b),
[INFO] [stdout]     |                                                                       ^      ^
[INFO] [stdout]     |
[INFO] [stdout]     = note: `#[warn(unused_parens)]` on by default
[INFO] [stdout] help: remove these parentheses
[INFO] [stdout]     |
[INFO] [stdout] 200 -             (&LogFormat::Custom(ref a), &LogFormat::Custom(ref b)) => (a == b),
[INFO] [stdout] 200 +             (&LogFormat::Custom(ref a), &LogFormat::Custom(ref b)) => a == b,
[INFO] [stdout]     |
[INFO] [stdout] 
[INFO] [stdout] 
[INFO] [stdout] warning: unnecessary parentheses around match arm expression
[INFO] [stdout]    --> src/config/log_format.rs:201:71
[INFO] [stdout]     |
[INFO] [stdout] 201 |             (&LogFormat::CustomStr(a),  &LogFormat::CustomStr(b))  => (a == b),
[INFO] [stdout]     |                                                                       ^      ^
[INFO] [stdout]     |
[INFO] [stdout] help: remove these parentheses
[INFO] [stdout]     |
[INFO] [stdout] 201 -             (&LogFormat::CustomStr(a),  &LogFormat::CustomStr(b))  => (a == b),
[INFO] [stdout] 201 +             (&LogFormat::CustomStr(a),  &LogFormat::CustomStr(b))  => a == b,
[INFO] [stdout]     |
[INFO] [stdout] 
[INFO] [stdout] 
[INFO] [stdout] warning: unnecessary parentheses around match arm expression
[INFO] [stdout]    --> src/config/log_format.rs:202:71
[INFO] [stdout]     |
[INFO] [stdout] 202 |             (&LogFormat::Custom(ref a), &LogFormat::CustomStr(b))  => (a == b),
[INFO] [stdout]     |                                                                       ^      ^
[INFO] [stdout]     |
[INFO] [stdout] help: remove these parentheses
[INFO] [stdout]     |
[INFO] [stdout] 202 -             (&LogFormat::Custom(ref a), &LogFormat::CustomStr(b))  => (a == b),
[INFO] [stdout] 202 +             (&LogFormat::Custom(ref a), &LogFormat::CustomStr(b))  => a == b,
[INFO] [stdout]     |
[INFO] [stdout] 
[INFO] [stdout] 
[INFO] [stdout] warning: unnecessary parentheses around match arm expression
[INFO] [stdout]    --> src/config/log_format.rs:203:71
[INFO] [stdout]     |
[INFO] [stdout] 203 |             (&LogFormat::CustomStr(a),  &LogFormat::Custom(ref b)) => (a == b),
[INFO] [stdout]     |                                                                       ^      ^
[INFO] [stdout]     |
[INFO] [stdout] help: remove these parentheses
[INFO] [stdout]     |
[INFO] [stdout] 203 -             (&LogFormat::CustomStr(a),  &LogFormat::Custom(ref b)) => (a == b),
[INFO] [stdout] 203 +             (&LogFormat::CustomStr(a),  &LogFormat::Custom(ref b)) => a == b,
[INFO] [stdout]     |
[INFO] [stdout] 
[INFO] [stdout] 
[INFO] [stdout] warning: unnecessary parentheses around function argument
[INFO] [stdout]    --> src/flexi_config_cargo.rs:176:41
[INFO] [stdout]     |
[INFO] [stdout] 176 |         Err(Issues::single(String::from(("Error parsing cargo file."))))
[INFO] [stdout]     |                                         ^                           ^
[INFO] [stdout]     |
[INFO] [stdout] help: remove these parentheses
[INFO] [stdout]     |
[INFO] [stdout] 176 -         Err(Issues::single(String::from(("Error parsing cargo file."))))
[INFO] [stdout] 176 +         Err(Issues::single(String::from("Error parsing cargo file.")))
[INFO] [stdout]     |
[INFO] [stdout] 
[INFO] [stdout] 
[INFO] [stdout] warning: use of deprecated macro `try`: use the `?` operator instead
[INFO] [stdout]    --> src/lib.rs:430:40
[INFO] [stdout]     |
[INFO] [stdout] 430 |                 config.format        = try!(self.stderr_format.format_function());
[INFO] [stdout]     |                                        ^^^
[INFO] [stdout]     |
[INFO] [stdout]     = note: `#[warn(deprecated)]` on by default
[INFO] [stdout] 
[INFO] [stdout] 
[INFO] [stdout] warning: use of deprecated macro `try`: use the `?` operator instead
[INFO] [stdout]    --> src/lib.rs:435:43
[INFO] [stdout]     |
[INFO] [stdout] 435 |                 config.format           = try!(self.disk_format.format_function());
[INFO] [stdout]     |                                           ^^^
[INFO] [stdout] 
[INFO] [stdout] 
[INFO] [stdout] warning: use of deprecated constant `std::sync::ONCE_INIT`: the `new` function is now preferred
[INFO] [stdout]   --> src/config/log_formatter.rs:16:1
[INFO] [stdout]    |
[INFO] [stdout] 16 | / lazy_static!{
[INFO] [stdout] 17 | |     //*********************************************************************************************
[INFO] [stdout] 18 | |     /// This static holds the appenders we're going to use in a writable container.  This is just
[INFO] [stdout] 19 | |     /// used so the APPENDERS static can be initialized from it.
[INFO] [stdout] ...  |
[INFO] [stdout] 29 | |     };
[INFO] [stdout] 30 | | }
[INFO] [stdout]    | |_^
[INFO] [stdout]    |
[INFO] [stdout]    = note: this warning originates in the macro `__lazy_static_create` which comes from the expansion of the macro `lazy_static` (in Nightly builds, run with -Z macro-backtrace for more info)
[INFO] [stdout] 
[INFO] [stdout] 
[INFO] [stdout] warning: use of deprecated constant `std::sync::ONCE_INIT`: the `new` function is now preferred
[INFO] [stdout]   --> src/config/log_formatter.rs:16:1
[INFO] [stdout]    |
[INFO] [stdout] 16 | / lazy_static!{
[INFO] [stdout] 17 | |     //*********************************************************************************************
[INFO] [stdout] 18 | |     /// This static holds the appenders we're going to use in a writable container.  This is just
[INFO] [stdout] 19 | |     /// used so the APPENDERS static can be initialized from it.
[INFO] [stdout] ...  |
[INFO] [stdout] 29 | |     };
[INFO] [stdout] 30 | | }
[INFO] [stdout]    | |_^
[INFO] [stdout]    |
[INFO] [stdout]    = note: this warning originates in the macro `__lazy_static_create` which comes from the expansion of the macro `lazy_static` (in Nightly builds, run with -Z macro-backtrace for more info)
[INFO] [stdout] 
[INFO] [stdout] 
[INFO] [stdout] warning: trait objects without an explicit `dyn` are deprecated
[INFO] [stdout]   --> src/appender/time/time_format.rs:52:22
[INFO] [stdout]    |
[INFO] [stdout] 52 |     pieces : Vec<Box<TimeAppender>>
[INFO] [stdout]    |                      ^^^^^^^^^^^^
[INFO] [stdout]    |
[INFO] [stdout]    = warning: this is accepted in the current edition (Rust 2015) but is a hard error in Rust 2021!
[INFO] [stdout]    = note: for more information, see <https://doc.rust-lang.org/nightly/edition-guide/rust-2021/warnings-promoted-to-error.html>
[INFO] [stdout]    = note: `#[warn(bare_trait_objects)]` on by default
[INFO] [stdout] help: use `dyn`
[INFO] [stdout]    |
[INFO] [stdout] 52 |     pieces : Vec<Box<dyn TimeAppender>>
[INFO] [stdout]    |                      +++
[INFO] [stdout] 
[INFO] [stdout] 
[INFO] [stdout] warning: trait objects without an explicit `dyn` are deprecated
[INFO] [stdout]   --> src/appender/mod.rs:65:12
[INFO] [stdout]    |
[INFO] [stdout] 65 |     Ok(Box<Appender>),
[INFO] [stdout]    |            ^^^^^^^^
[INFO] [stdout]    |
[INFO] [stdout]    = warning: this is accepted in the current edition (Rust 2015) but is a hard error in Rust 2021!
[INFO] [stdout]    = note: for more information, see <https://doc.rust-lang.org/nightly/edition-guide/rust-2021/warnings-promoted-to-error.html>
[INFO] [stdout] help: use `dyn`
[INFO] [stdout]    |
[INFO] [stdout] 65 |     Ok(Box<dyn Appender>),
[INFO] [stdout]    |            +++
[INFO] [stdout] 
[INFO] [stdout] 
[INFO] [stdout] warning: trait objects without an explicit `dyn` are deprecated
[INFO] [stdout]   --> src/config/log_format_parser.rs:97:29
[INFO] [stdout]    |
[INFO] [stdout] 97 |     pieces : LinkedList<Box<Appender>>
[INFO] [stdout]    |                             ^^^^^^^^
[INFO] [stdout]    |
[INFO] [stdout]    = warning: this is accepted in the current edition (Rust 2015) but is a hard error in Rust 2021!
[INFO] [stdout]    = note: for more information, see <https://doc.rust-lang.org/nightly/edition-guide/rust-2021/warnings-promoted-to-error.html>
[INFO] [stdout] help: use `dyn`
[INFO] [stdout]    |
[INFO] [stdout] 97 |     pieces : LinkedList<Box<dyn Appender>>
[INFO] [stdout]    |                             +++
[INFO] [stdout] 
[INFO] [stdout] 
[INFO] [stdout] warning: trait objects without an explicit `dyn` are deprecated
[INFO] [stdout]   --> src/config/log_formatter.rs:42:18
[INFO] [stdout]    |
[INFO] [stdout] 42 |     Full(Vec<Box<Appender>>),
[INFO] [stdout]    |                  ^^^^^^^^
[INFO] [stdout]    |
[INFO] [stdout]    = warning: this is accepted in the current edition (Rust 2015) but is a hard error in Rust 2021!
[INFO] [stdout]    = note: for more information, see <https://doc.rust-lang.org/nightly/edition-guide/rust-2021/warnings-promoted-to-error.html>
[INFO] [stdout] help: use `dyn`
[INFO] [stdout]    |
[INFO] [stdout] 42 |     Full(Vec<Box<dyn Appender>>),
[INFO] [stdout]    |                  +++
[INFO] [stdout] 
[INFO] [stdout] 
[INFO] [stdout] warning: trait objects without an explicit `dyn` are deprecated
[INFO] [stdout]   --> src/appender/time/am_pm.rs:55:18
[INFO] [stdout]    |
[INFO] [stdout] 55 |         ) -> Box<TimeAppender>
[INFO] [stdout]    |                  ^^^^^^^^^^^^
[INFO] [stdout]    |
[INFO] [stdout]    = warning: this is accepted in the current edition (Rust 2015) but is a hard error in Rust 2021!
[INFO] [stdout]    = note: for more information, see <https://doc.rust-lang.org/nightly/edition-guide/rust-2021/warnings-promoted-to-error.html>
[INFO] [stdout] help: use `dyn`
[INFO] [stdout]    |
[INFO] [stdout] 55 |         ) -> Box<dyn TimeAppender>
[INFO] [stdout]    |                  +++
[INFO] [stdout] 
[INFO] [stdout] 
[INFO] [stdout] warning: trait objects without an explicit `dyn` are deprecated
[INFO] [stdout]   --> src/appender/time/hour.rs:56:18
[INFO] [stdout]    |
[INFO] [stdout] 56 |         ) -> Box<TimeAppender>
[INFO] [stdout]    |                  ^^^^^^^^^^^^
[INFO] [stdout]    |
[INFO] [stdout]    = warning: this is accepted in the current edition (Rust 2015) but is a hard error in Rust 2021!
[INFO] [stdout]    = note: for more information, see <https://doc.rust-lang.org/nightly/edition-guide/rust-2021/warnings-promoted-to-error.html>
[INFO] [stdout] help: use `dyn`
[INFO] [stdout]    |
[INFO] [stdout] 56 |         ) -> Box<dyn TimeAppender>
[INFO] [stdout]    |                  +++
[INFO] [stdout] 
[INFO] [stdout] 
[INFO] [stdout] warning: trait objects without an explicit `dyn` are deprecated
[INFO] [stdout]   --> src/appender/time/month.rs:65:14
[INFO] [stdout]    |
[INFO] [stdout] 65 |     ) -> Box<TimeAppender>
[INFO] [stdout]    |              ^^^^^^^^^^^^
[INFO] [stdout]    |
[INFO] [stdout]    = warning: this is accepted in the current edition (Rust 2015) but is a hard error in Rust 2021!
[INFO] [stdout]    = note: for more information, see <https://doc.rust-lang.org/nightly/edition-guide/rust-2021/warnings-promoted-to-error.html>
[INFO] [stdout] help: use `dyn`
[INFO] [stdout]    |
[INFO] [stdout] 65 |     ) -> Box<dyn TimeAppender>
[INFO] [stdout]    |              +++
[INFO] [stdout] 
[INFO] [stdout] 
[INFO] [stdout] warning: trait objects without an explicit `dyn` are deprecated
[INFO] [stdout]   --> src/appender/time/year.rs:44:18
[INFO] [stdout]    |
[INFO] [stdout] 44 |         ) -> Box<TimeAppender>
[INFO] [stdout]    |                  ^^^^^^^^^^^^
[INFO] [stdout]    |
[INFO] [stdout]    = warning: this is accepted in the current edition (Rust 2015) but is a hard error in Rust 2021!
[INFO] [stdout]    = note: for more information, see <https://doc.rust-lang.org/nightly/edition-guide/rust-2021/warnings-promoted-to-error.html>
[INFO] [stdout] help: use `dyn`
[INFO] [stdout]    |
[INFO] [stdout] 44 |         ) -> Box<dyn TimeAppender>
[INFO] [stdout]    |                  +++
[INFO] [stdout] 
[INFO] [stdout] 
[INFO] [stdout] warning: trait objects without an explicit `dyn` are deprecated
[INFO] [stdout]    --> src/config/log_format_parser.rs:108:29
[INFO] [stdout]     |
[INFO] [stdout] 108 |         ) -> Result<Vec<Box<Appender>>, String>
[INFO] [stdout]     |                             ^^^^^^^^
[INFO] [stdout]     |
[INFO] [stdout]     = warning: this is accepted in the current edition (Rust 2015) but is a hard error in Rust 2021!
[INFO] [stdout]     = note: for more information, see <https://doc.rust-lang.org/nightly/edition-guide/rust-2021/warnings-promoted-to-error.html>
[INFO] [stdout] help: use `dyn`
[INFO] [stdout]     |
[INFO] [stdout] 108 |         ) -> Result<Vec<Box<dyn Appender>>, String>
[INFO] [stdout]     |                             +++
[INFO] [stdout] 
[INFO] [stdout] 
[INFO] [stdout] warning: trait objects without an explicit `dyn` are deprecated
[INFO] [stdout]   --> src/config/log_formatter.rs:25:36
[INFO] [stdout]    |
[INFO] [stdout] 25 |     static ref APPENDERS : Vec<Box<Appender>> = {
[INFO] [stdout]    |                                    ^^^^^^^^
[INFO] [stdout]    |
[INFO] [stdout]    = warning: this is accepted in the current edition (Rust 2015) but is a hard error in Rust 2021!
[INFO] [stdout]    = note: for more information, see <https://doc.rust-lang.org/nightly/edition-guide/rust-2021/warnings-promoted-to-error.html>
[INFO] [stdout] help: use `dyn`
[INFO] [stdout]    |
[INFO] [stdout] 25 |     static ref APPENDERS : Vec<Box<dyn Appender>> = {
[INFO] [stdout]    |                                    +++
[INFO] [stdout] 
[INFO] [stdout] 
[INFO] [stdout] warning: trait objects without an explicit `dyn` are deprecated
[INFO] [stdout]   --> src/config/log_formatter.rs:79:25
[INFO] [stdout]    |
[INFO] [stdout] 79 |     appenders : Vec<Box<Appender>>
[INFO] [stdout]    |                         ^^^^^^^^
[INFO] [stdout]    |
[INFO] [stdout]    = warning: this is accepted in the current edition (Rust 2015) but is a hard error in Rust 2021!
[INFO] [stdout]    = note: for more information, see <https://doc.rust-lang.org/nightly/edition-guide/rust-2021/warnings-promoted-to-error.html>
[INFO] [stdout] help: use `dyn`
[INFO] [stdout]    |
[INFO] [stdout] 79 |     appenders : Vec<Box<dyn Appender>>
[INFO] [stdout]    |                         +++
[INFO] [stdout] 
[INFO] [stdout] 
[INFO] [stdout] warning: trait objects without an explicit `dyn` are deprecated
[INFO] [stdout]   --> src/config/log_formatter.rs:57:35
[INFO] [stdout]    |
[INFO] [stdout] 57 |     fn take(&mut self) -> Vec<Box<Appender>>
[INFO] [stdout]    |                                   ^^^^^^^^
[INFO] [stdout]    |
[INFO] [stdout]    = warning: this is accepted in the current edition (Rust 2015) but is a hard error in Rust 2021!
[INFO] [stdout]    = note: for more information, see <https://doc.rust-lang.org/nightly/edition-guide/rust-2021/warnings-promoted-to-error.html>
[INFO] [stdout] help: use `dyn`
[INFO] [stdout]    |
[INFO] [stdout] 57 |     fn take(&mut self) -> Vec<Box<dyn Appender>>
[INFO] [stdout]    |                                   +++
[INFO] [stdout] 
[INFO] [stdout] 
[INFO] [stdout] warning: trait objects without an explicit `dyn` are deprecated
[INFO] [stdout]   --> src/appender/time/time_format.rs:66:41
[INFO] [stdout]    |
[INFO] [stdout] 66 |         let mut format : LinkedList<Box<TimeAppender>> = LinkedList::new();
[INFO] [stdout]    |                                         ^^^^^^^^^^^^
[INFO] [stdout]    |
[INFO] [stdout]    = warning: this is accepted in the current edition (Rust 2015) but is a hard error in Rust 2021!
[INFO] [stdout]    = note: for more information, see <https://doc.rust-lang.org/nightly/edition-guide/rust-2021/warnings-promoted-to-error.html>
[INFO] [stdout] help: use `dyn`
[INFO] [stdout]    |
[INFO] [stdout] 66 |         let mut format : LinkedList<Box<dyn TimeAppender>> = LinkedList::new();
[INFO] [stdout]    |                                         +++
[INFO] [stdout] 
[INFO] [stdout] 
[INFO] [stdout] warning: 22 warnings emitted
[INFO] [stdout] 
[INFO] [stdout] 
[INFO] [stderr]     Finished dev [unoptimized + debuginfo] target(s) in 3.59s
[INFO] [stderr] warning: the following packages contain code that will be rejected by a future version of Rust: rustc-serialize v0.3.24
[INFO] [stderr]     Blocking waiting for file lock on package cache
[INFO] [stderr] note: to see what the problems were, use the option `--future-incompat-report`, or run `cargo report future-incompatibilities --id 2`
[INFO] running `Command { std: "docker" "inspect" "2790a47034dd3643bf9bf01352c8ac15fb2506f70970f17adbc3a6e2a8f38966", kill_on_drop: false }`
[INFO] running `Command { std: "docker" "rm" "-f" "2790a47034dd3643bf9bf01352c8ac15fb2506f70970f17adbc3a6e2a8f38966", kill_on_drop: false }`
[INFO] [stdout] 2790a47034dd3643bf9bf01352c8ac15fb2506f70970f17adbc3a6e2a8f38966
[INFO] running `Command { std: "docker" "create" "-v" "/var/lib/crater-agent-workspace/builds/worker-2-tc2/target:/opt/rustwide/target:rw,Z" "-v" "/var/lib/crater-agent-workspace/builds/worker-2-tc2/source:/opt/rustwide/workdir:ro,Z" "-v" "/var/lib/crater-agent-workspace/cargo-home:/opt/rustwide/cargo-home:ro,Z" "-v" "/var/lib/crater-agent-workspace/rustup-home:/opt/rustwide/rustup-home:ro,Z" "-e" "SOURCE_DIR=/opt/rustwide/workdir" "-e" "CARGO_TARGET_DIR=/opt/rustwide/target" "-e" "CARGO_INCREMENTAL=0" "-e" "RUST_BACKTRACE=full" "-e" "RUSTFLAGS=--cap-lints=warn" "-e" "RUSTDOCFLAGS=--cap-lints=warn" "-e" "CARGO_HOME=/opt/rustwide/cargo-home" "-e" "RUSTUP_HOME=/opt/rustwide/rustup-home" "-w" "/opt/rustwide/workdir" "-m" "1610612736" "--user" "0:0" "--network" "none" "ghcr.io/rust-lang/crates-build-env/linux@sha256:5ff2268d62e97bff2cde7d5815dd6ed5b47097566f13b8d0ca110b04b60e07ed" "/opt/rustwide/cargo-home/bin/cargo" "+beta-2023-04-20" "test" "--frozen" "--no-run" "--message-format=json", kill_on_drop: false }`
[INFO] [stdout] 26d7eeebb080b4f11f731f71718666fe886e0a479531ee5dc1b8e1b9197069f4
[INFO] running `Command { std: "docker" "start" "-a" "26d7eeebb080b4f11f731f71718666fe886e0a479531ee5dc1b8e1b9197069f4", kill_on_drop: false }`
[INFO] [stderr]    Compiling unicode-width v0.1.10
[INFO] [stderr]    Compiling ansi_term v0.12.1
[INFO] [stdout] warning: unnecessary parentheses around match arm expression
[INFO] [stdout]    --> src/config/log_format.rs:200:71
[INFO] [stdout]     |
[INFO] [stdout] 200 |             (&LogFormat::Custom(ref a), &LogFormat::Custom(ref b)) => (a == b),
[INFO] [stdout]     |                                                                       ^      ^
[INFO] [stdout]     |
[INFO] [stdout]     = note: `#[warn(unused_parens)]` on by default
[INFO] [stdout] help: remove these parentheses
[INFO] [stdout]     |
[INFO] [stdout] 200 -             (&LogFormat::Custom(ref a), &LogFormat::Custom(ref b)) => (a == b),
[INFO] [stdout] 200 +             (&LogFormat::Custom(ref a), &LogFormat::Custom(ref b)) => a == b,
[INFO] [stdout]     |
[INFO] [stdout] 
[INFO] [stdout] 
[INFO] [stdout] warning: unnecessary parentheses around match arm expression
[INFO] [stdout]    --> src/config/log_format.rs:201:71
[INFO] [stdout]     |
[INFO] [stdout] 201 |             (&LogFormat::CustomStr(a),  &LogFormat::CustomStr(b))  => (a == b),
[INFO] [stdout]     |                                                                       ^      ^
[INFO] [stdout]     |
[INFO] [stdout] help: remove these parentheses
[INFO] [stdout]     |
[INFO] [stdout] 201 -             (&LogFormat::CustomStr(a),  &LogFormat::CustomStr(b))  => (a == b),
[INFO] [stdout] 201 +             (&LogFormat::CustomStr(a),  &LogFormat::CustomStr(b))  => a == b,
[INFO] [stdout]     |
[INFO] [stdout] 
[INFO] [stdout] 
[INFO] [stdout] warning: unnecessary parentheses around match arm expression
[INFO] [stdout]    --> src/config/log_format.rs:202:71
[INFO] [stdout]     |
[INFO] [stdout] 202 |             (&LogFormat::Custom(ref a), &LogFormat::CustomStr(b))  => (a == b),
[INFO] [stdout]     |                                                                       ^      ^
[INFO] [stdout]     |
[INFO] [stdout] help: remove these parentheses
[INFO] [stdout]     |
[INFO] [stdout] 202 -             (&LogFormat::Custom(ref a), &LogFormat::CustomStr(b))  => (a == b),
[INFO] [stdout] 202 +             (&LogFormat::Custom(ref a), &LogFormat::CustomStr(b))  => a == b,
[INFO] [stdout]     |
[INFO] [stdout] 
[INFO] [stdout] 
[INFO] [stdout] warning: unnecessary parentheses around match arm expression
[INFO] [stdout]    --> src/config/log_format.rs:203:71
[INFO] [stdout]     |
[INFO] [stdout] 203 |             (&LogFormat::CustomStr(a),  &LogFormat::Custom(ref b)) => (a == b),
[INFO] [stdout]     |                                                                       ^      ^
[INFO] [stdout]     |
[INFO] [stdout] help: remove these parentheses
[INFO] [stdout]     |
[INFO] [stdout] 203 -             (&LogFormat::CustomStr(a),  &LogFormat::Custom(ref b)) => (a == b),
[INFO] [stdout] 203 +             (&LogFormat::CustomStr(a),  &LogFormat::Custom(ref b)) => a == b,
[INFO] [stdout]     |
[INFO] [stdout] 
[INFO] [stdout] 
[INFO] [stdout] warning: unnecessary parentheses around function argument
[INFO] [stdout]    --> src/flexi_config_cargo.rs:176:41
[INFO] [stdout]     |
[INFO] [stdout] 176 |         Err(Issues::single(String::from(("Error parsing cargo file."))))
[INFO] [stdout]     |                                         ^                           ^
[INFO] [stdout]     |
[INFO] [stdout] help: remove these parentheses
[INFO] [stdout]     |
[INFO] [stdout] 176 -         Err(Issues::single(String::from(("Error parsing cargo file."))))
[INFO] [stdout] 176 +         Err(Issues::single(String::from("Error parsing cargo file.")))
[INFO] [stdout]     |
[INFO] [stdout] 
[INFO] [stdout] 
[INFO] [stdout] warning: use of deprecated macro `try`: use the `?` operator instead
[INFO] [stdout]    --> src/lib.rs:430:40
[INFO] [stdout]     |
[INFO] [stdout] 430 |                 config.format        = try!(self.stderr_format.format_function());
[INFO] [stdout]     |                                        ^^^
[INFO] [stdout]     |
[INFO] [stdout]     = note: `#[warn(deprecated)]` on by default
[INFO] [stdout] 
[INFO] [stdout] 
[INFO] [stdout] warning: use of deprecated macro `try`: use the `?` operator instead
[INFO] [stdout]    --> src/lib.rs:435:43
[INFO] [stdout]     |
[INFO] [stdout] 435 |                 config.format           = try!(self.disk_format.format_function());
[INFO] [stdout]     |                                           ^^^
[INFO] [stdout] 
[INFO] [stdout] 
[INFO] [stdout] warning: use of deprecated constant `std::sync::ONCE_INIT`: the `new` function is now preferred
[INFO] [stdout]   --> src/config/log_formatter.rs:16:1
[INFO] [stdout]    |
[INFO] [stdout] 16 | / lazy_static!{
[INFO] [stdout] 17 | |     //*********************************************************************************************
[INFO] [stdout] 18 | |     /// This static holds the appenders we're going to use in a writable container.  This is just
[INFO] [stdout] 19 | |     /// used so the APPENDERS static can be initialized from it.
[INFO] [stdout] ...  |
[INFO] [stdout] 29 | |     };
[INFO] [stdout] 30 | | }
[INFO] [stdout]    | |_^
[INFO] [stdout]    |
[INFO] [stdout]    = note: this warning originates in the macro `__lazy_static_create` which comes from the expansion of the macro `lazy_static` (in Nightly builds, run with -Z macro-backtrace for more info)
[INFO] [stdout] 
[INFO] [stdout] 
[INFO] [stdout] warning: use of deprecated constant `std::sync::ONCE_INIT`: the `new` function is now preferred
[INFO] [stdout]   --> src/config/log_formatter.rs:16:1
[INFO] [stdout]    |
[INFO] [stdout] 16 | / lazy_static!{
[INFO] [stdout] 17 | |     //*********************************************************************************************
[INFO] [stdout] 18 | |     /// This static holds the appenders we're going to use in a writable container.  This is just
[INFO] [stdout] 19 | |     /// used so the APPENDERS static can be initialized from it.
[INFO] [stdout] ...  |
[INFO] [stdout] 29 | |     };
[INFO] [stdout] 30 | | }
[INFO] [stdout]    | |_^
[INFO] [stdout]    |
[INFO] [stdout]    = note: this warning originates in the macro `__lazy_static_create` which comes from the expansion of the macro `lazy_static` (in Nightly builds, run with -Z macro-backtrace for more info)
[INFO] [stdout] 
[INFO] [stdout] 
[INFO] [stdout] warning: trait objects without an explicit `dyn` are deprecated
[INFO] [stdout]   --> src/appender/time/time_format.rs:52:22
[INFO] [stdout]    |
[INFO] [stdout] 52 |     pieces : Vec<Box<TimeAppender>>
[INFO] [stdout]    |                      ^^^^^^^^^^^^
[INFO] [stdout]    |
[INFO] [stdout]    = warning: this is accepted in the current edition (Rust 2015) but is a hard error in Rust 2021!
[INFO] [stdout]    = note: for more information, see <https://doc.rust-lang.org/nightly/edition-guide/rust-2021/warnings-promoted-to-error.html>
[INFO] [stdout]    = note: `#[warn(bare_trait_objects)]` on by default
[INFO] [stdout] help: use `dyn`
[INFO] [stdout]    |
[INFO] [stdout] 52 |     pieces : Vec<Box<dyn TimeAppender>>
[INFO] [stdout]    |                      +++
[INFO] [stdout] 
[INFO] [stdout] 
[INFO] [stdout] warning: trait objects without an explicit `dyn` are deprecated
[INFO] [stdout]   --> src/appender/mod.rs:65:12
[INFO] [stdout]    |
[INFO] [stdout] 65 |     Ok(Box<Appender>),
[INFO] [stdout]    |            ^^^^^^^^
[INFO] [stdout]    |
[INFO] [stdout]    = warning: this is accepted in the current edition (Rust 2015) but is a hard error in Rust 2021!
[INFO] [stdout]    = note: for more information, see <https://doc.rust-lang.org/nightly/edition-guide/rust-2021/warnings-promoted-to-error.html>
[INFO] [stdout] help: use `dyn`
[INFO] [stdout]    |
[INFO] [stdout] 65 |     Ok(Box<dyn Appender>),
[INFO] [stdout]    |            +++
[INFO] [stdout] 
[INFO] [stdout] 
[INFO] [stdout] warning: trait objects without an explicit `dyn` are deprecated
[INFO] [stdout]   --> src/config/log_format_parser.rs:97:29
[INFO] [stdout]    |
[INFO] [stdout] 97 |     pieces : LinkedList<Box<Appender>>
[INFO] [stdout]    |                             ^^^^^^^^
[INFO] [stdout]    |
[INFO] [stdout]    = warning: this is accepted in the current edition (Rust 2015) but is a hard error in Rust 2021!
[INFO] [stdout]    = note: for more information, see <https://doc.rust-lang.org/nightly/edition-guide/rust-2021/warnings-promoted-to-error.html>
[INFO] [stdout] help: use `dyn`
[INFO] [stdout]    |
[INFO] [stdout] 97 |     pieces : LinkedList<Box<dyn Appender>>
[INFO] [stdout]    |                             +++
[INFO] [stdout] 
[INFO] [stdout] 
[INFO] [stdout] warning: trait objects without an explicit `dyn` are deprecated
[INFO] [stdout]   --> src/config/log_formatter.rs:42:18
[INFO] [stdout]    |
[INFO] [stdout] 42 |     Full(Vec<Box<Appender>>),
[INFO] [stdout]    |                  ^^^^^^^^
[INFO] [stdout]    |
[INFO] [stdout]    = warning: this is accepted in the current edition (Rust 2015) but is a hard error in Rust 2021!
[INFO] [stdout]    = note: for more information, see <https://doc.rust-lang.org/nightly/edition-guide/rust-2021/warnings-promoted-to-error.html>
[INFO] [stdout] help: use `dyn`
[INFO] [stdout]    |
[INFO] [stdout] 42 |     Full(Vec<Box<dyn Appender>>),
[INFO] [stdout]    |                  +++
[INFO] [stdout] 
[INFO] [stdout] 
[INFO] [stdout] warning: trait objects without an explicit `dyn` are deprecated
[INFO] [stdout]   --> src/appender/time/am_pm.rs:55:18
[INFO] [stdout]    |
[INFO] [stdout] 55 |         ) -> Box<TimeAppender>
[INFO] [stdout]    |                  ^^^^^^^^^^^^
[INFO] [stdout]    |
[INFO] [stdout]    = warning: this is accepted in the current edition (Rust 2015) but is a hard error in Rust 2021!
[INFO] [stdout]    = note: for more information, see <https://doc.rust-lang.org/nightly/edition-guide/rust-2021/warnings-promoted-to-error.html>
[INFO] [stdout] help: use `dyn`
[INFO] [stdout]    |
[INFO] [stdout] 55 |         ) -> Box<dyn TimeAppender>
[INFO] [stdout]    |                  +++
[INFO] [stdout] 
[INFO] [stdout] 
[INFO] [stdout] warning: trait objects without an explicit `dyn` are deprecated
[INFO] [stdout]   --> src/appender/time/hour.rs:56:18
[INFO] [stdout]    |
[INFO] [stdout] 56 |         ) -> Box<TimeAppender>
[INFO] [stdout]    |                  ^^^^^^^^^^^^
[INFO] [stdout]    |
[INFO] [stdout]    = warning: this is accepted in the current edition (Rust 2015) but is a hard error in Rust 2021!
[INFO] [stdout]    = note: for more information, see <https://doc.rust-lang.org/nightly/edition-guide/rust-2021/warnings-promoted-to-error.html>
[INFO] [stdout] help: use `dyn`
[INFO] [stdout]    |
[INFO] [stdout] 56 |         ) -> Box<dyn TimeAppender>
[INFO] [stdout]    |                  +++
[INFO] [stdout] 
[INFO] [stdout] 
[INFO] [stdout] warning: trait objects without an explicit `dyn` are deprecated
[INFO] [stdout]   --> src/appender/time/month.rs:65:14
[INFO] [stdout]    |
[INFO] [stdout] 65 |     ) -> Box<TimeAppender>
[INFO] [stdout]    |              ^^^^^^^^^^^^
[INFO] [stdout]    |
[INFO] [stdout]    = warning: this is accepted in the current edition (Rust 2015) but is a hard error in Rust 2021!
[INFO] [stdout]    = note: for more information, see <https://doc.rust-lang.org/nightly/edition-guide/rust-2021/warnings-promoted-to-error.html>
[INFO] [stdout] help: use `dyn`
[INFO] [stdout]    |
[INFO] [stdout] 65 |     ) -> Box<dyn TimeAppender>
[INFO] [stdout]    |              +++
[INFO] [stdout] 
[INFO] [stdout] 
[INFO] [stdout] warning: trait objects without an explicit `dyn` are deprecated
[INFO] [stdout]   --> src/appender/time/year.rs:44:18
[INFO] [stdout]    |
[INFO] [stdout] 44 |         ) -> Box<TimeAppender>
[INFO] [stdout]    |                  ^^^^^^^^^^^^
[INFO] [stdout]    |
[INFO] [stdout]    = warning: this is accepted in the current edition (Rust 2015) but is a hard error in Rust 2021!
[INFO] [stdout]    = note: for more information, see <https://doc.rust-lang.org/nightly/edition-guide/rust-2021/warnings-promoted-to-error.html>
[INFO] [stdout] help: use `dyn`
[INFO] [stdout]    |
[INFO] [stdout] 44 |         ) -> Box<dyn TimeAppender>
[INFO] [stdout]    |                  +++
[INFO] [stdout] 
[INFO] [stdout] 
[INFO] [stdout] warning: trait objects without an explicit `dyn` are deprecated
[INFO] [stdout]    --> src/config/log_format_parser.rs:108:29
[INFO] [stdout]     |
[INFO] [stdout] 108 |         ) -> Result<Vec<Box<Appender>>, String>
[INFO] [stdout]     |                             ^^^^^^^^
[INFO] [stdout]     |
[INFO] [stdout]     = warning: this is accepted in the current edition (Rust 2015) but is a hard error in Rust 2021!
[INFO] [stdout]     = note: for more information, see <https://doc.rust-lang.org/nightly/edition-guide/rust-2021/warnings-promoted-to-error.html>
[INFO] [stdout] help: use `dyn`
[INFO] [stdout]     |
[INFO] [stdout] 108 |         ) -> Result<Vec<Box<dyn Appender>>, String>
[INFO] [stdout]     |                             +++
[INFO] [stdout] 
[INFO] [stdout] 
[INFO] [stdout] warning: trait objects without an explicit `dyn` are deprecated
[INFO] [stdout]   --> src/config/log_formatter.rs:25:36
[INFO] [stdout]    |
[INFO] [stdout] 25 |     static ref APPENDERS : Vec<Box<Appender>> = {
[INFO] [stdout]    |                                    ^^^^^^^^
[INFO] [stdout]    |
[INFO] [stdout]    = warning: this is accepted in the current edition (Rust 2015) but is a hard error in Rust 2021!
[INFO] [stdout]    = note: for more information, see <https://doc.rust-lang.org/nightly/edition-guide/rust-2021/warnings-promoted-to-error.html>
[INFO] [stdout] help: use `dyn`
[INFO] [stdout]    |
[INFO] [stdout] 25 |     static ref APPENDERS : Vec<Box<dyn Appender>> = {
[INFO] [stdout]    |                                    +++
[INFO] [stdout] 
[INFO] [stdout] 
[INFO] [stdout] warning: trait objects without an explicit `dyn` are deprecated
[INFO] [stdout]   --> src/config/log_formatter.rs:79:25
[INFO] [stdout]    |
[INFO] [stdout] 79 |     appenders : Vec<Box<Appender>>
[INFO] [stdout]    |                         ^^^^^^^^
[INFO] [stdout]    |
[INFO] [stdout]    = warning: this is accepted in the current edition (Rust 2015) but is a hard error in Rust 2021!
[INFO] [stdout]    = note: for more information, see <https://doc.rust-lang.org/nightly/edition-guide/rust-2021/warnings-promoted-to-error.html>
[INFO] [stdout] help: use `dyn`
[INFO] [stdout]    |
[INFO] [stdout] 79 |     appenders : Vec<Box<dyn Appender>>
[INFO] [stdout]    |                         +++
[INFO] [stdout] 
[INFO] [stdout] 
[INFO] [stdout] warning: trait objects without an explicit `dyn` are deprecated
[INFO] [stdout]   --> src/config/log_formatter.rs:57:35
[INFO] [stdout]    |
[INFO] [stdout] 57 |     fn take(&mut self) -> Vec<Box<Appender>>
[INFO] [stdout]    |                                   ^^^^^^^^
[INFO] [stdout]    |
[INFO] [stdout]    = warning: this is accepted in the current edition (Rust 2015) but is a hard error in Rust 2021!
[INFO] [stdout]    = note: for more information, see <https://doc.rust-lang.org/nightly/edition-guide/rust-2021/warnings-promoted-to-error.html>
[INFO] [stdout] help: use `dyn`
[INFO] [stdout]    |
[INFO] [stdout] 57 |     fn take(&mut self) -> Vec<Box<dyn Appender>>
[INFO] [stdout]    |                                   +++
[INFO] [stdout] 
[INFO] [stdout] 
[INFO] [stderr]    Compiling rand v0.4.6
[INFO] [stdout] warning: trait objects without an explicit `dyn` are deprecated
[INFO] [stdout]   --> src/appender/time/time_format.rs:66:41
[INFO] [stdout]    |
[INFO] [stdout] 66 |         let mut format : LinkedList<Box<TimeAppender>> = LinkedList::new();
[INFO] [stdout]    |                                         ^^^^^^^^^^^^
[INFO] [stdout]    |
[INFO] [stdout]    = warning: this is accepted in the current edition (Rust 2015) but is a hard error in Rust 2021!
[INFO] [stdout]    = note: for more information, see <https://doc.rust-lang.org/nightly/edition-guide/rust-2021/warnings-promoted-to-error.html>
[INFO] [stdout] help: use `dyn`
[INFO] [stdout]    |
[INFO] [stdout] 66 |         let mut format : LinkedList<Box<dyn TimeAppender>> = LinkedList::new();
[INFO] [stdout]    |                                         +++
[INFO] [stdout] 
[INFO] [stdout] 
[INFO] [stderr]    Compiling atty v0.2.14
[INFO] [stdout] warning: 22 warnings emitted
[INFO] [stdout] 
[INFO] [stdout] 
[INFO] [stderr]    Compiling textwrap v0.11.0
[INFO] [stderr]    Compiling clap v2.34.0
[INFO] [stderr]    Compiling rand v0.3.23
[INFO] [stderr]    Compiling flexi_config v0.1.0 (/opt/rustwide/workdir)
[INFO] [stdout] warning: unnecessary parentheses around match arm expression
[INFO] [stdout]    --> src/config/log_format.rs:200:71
[INFO] [stdout]     |
[INFO] [stdout] 200 |             (&LogFormat::Custom(ref a), &LogFormat::Custom(ref b)) => (a == b),
[INFO] [stdout]     |                                                                       ^      ^
[INFO] [stdout]     |
[INFO] [stdout]     = note: `#[warn(unused_parens)]` on by default
[INFO] [stdout] help: remove these parentheses
[INFO] [stdout]     |
[INFO] [stdout] 200 -             (&LogFormat::Custom(ref a), &LogFormat::Custom(ref b)) => (a == b),
[INFO] [stdout] 200 +             (&LogFormat::Custom(ref a), &LogFormat::Custom(ref b)) => a == b,
[INFO] [stdout]     |
[INFO] [stdout] 
[INFO] [stdout] 
[INFO] [stdout] warning: unnecessary parentheses around match arm expression
[INFO] [stdout]    --> src/config/log_format.rs:201:71
[INFO] [stdout]     |
[INFO] [stdout] 201 |             (&LogFormat::CustomStr(a),  &LogFormat::CustomStr(b))  => (a == b),
[INFO] [stdout]     |                                                                       ^      ^
[INFO] [stdout]     |
[INFO] [stdout] help: remove these parentheses
[INFO] [stdout]     |
[INFO] [stdout] 201 -             (&LogFormat::CustomStr(a),  &LogFormat::CustomStr(b))  => (a == b),
[INFO] [stdout] 201 +             (&LogFormat::CustomStr(a),  &LogFormat::CustomStr(b))  => a == b,
[INFO] [stdout]     |
[INFO] [stdout] 
[INFO] [stdout] 
[INFO] [stdout] warning: unnecessary parentheses around match arm expression
[INFO] [stdout]    --> src/config/log_format.rs:202:71
[INFO] [stdout]     |
[INFO] [stdout] 202 |             (&LogFormat::Custom(ref a), &LogFormat::CustomStr(b))  => (a == b),
[INFO] [stdout]     |                                                                       ^      ^
[INFO] [stdout]     |
[INFO] [stdout] help: remove these parentheses
[INFO] [stdout]     |
[INFO] [stdout] 202 -             (&LogFormat::Custom(ref a), &LogFormat::CustomStr(b))  => (a == b),
[INFO] [stdout] 202 +             (&LogFormat::Custom(ref a), &LogFormat::CustomStr(b))  => a == b,
[INFO] [stdout]     |
[INFO] [stdout] 
[INFO] [stdout] 
[INFO] [stdout] warning: unnecessary parentheses around match arm expression
[INFO] [stdout]    --> src/config/log_format.rs:203:71
[INFO] [stdout]     |
[INFO] [stdout] 203 |             (&LogFormat::CustomStr(a),  &LogFormat::Custom(ref b)) => (a == b),
[INFO] [stdout]     |                                                                       ^      ^
[INFO] [stdout]     |
[INFO] [stdout] help: remove these parentheses
[INFO] [stdout]     |
[INFO] [stdout] 203 -             (&LogFormat::CustomStr(a),  &LogFormat::Custom(ref b)) => (a == b),
[INFO] [stdout] 203 +             (&LogFormat::CustomStr(a),  &LogFormat::Custom(ref b)) => a == b,
[INFO] [stdout]     |
[INFO] [stdout] 
[INFO] [stdout] 
[INFO] [stdout] warning: unnecessary parentheses around function argument
[INFO] [stdout]    --> src/flexi_config_cargo.rs:176:41
[INFO] [stdout]     |
[INFO] [stdout] 176 |         Err(Issues::single(String::from(("Error parsing cargo file."))))
[INFO] [stdout]     |                                         ^                           ^
[INFO] [stdout]     |
[INFO] [stdout] help: remove these parentheses
[INFO] [stdout]     |
[INFO] [stdout] 176 -         Err(Issues::single(String::from(("Error parsing cargo file."))))
[INFO] [stdout] 176 +         Err(Issues::single(String::from("Error parsing cargo file.")))
[INFO] [stdout]     |
[INFO] [stdout] 
[INFO] [stdout] 
[INFO] [stdout] warning: use of deprecated macro `try`: use the `?` operator instead
[INFO] [stdout]    --> src/lib.rs:430:40
[INFO] [stdout]     |
[INFO] [stdout] 430 |                 config.format        = try!(self.stderr_format.format_function());
[INFO] [stdout]     |                                        ^^^
[INFO] [stdout]     |
[INFO] [stdout]     = note: `#[warn(deprecated)]` on by default
[INFO] [stdout] 
[INFO] [stdout] 
[INFO] [stdout] warning: use of deprecated macro `try`: use the `?` operator instead
[INFO] [stdout]    --> src/lib.rs:435:43
[INFO] [stdout]     |
[INFO] [stdout] 435 |                 config.format           = try!(self.disk_format.format_function());
[INFO] [stdout]     |                                           ^^^
[INFO] [stdout] 
[INFO] [stdout] 
[INFO] [stdout] warning: use of deprecated constant `std::sync::ONCE_INIT`: the `new` function is now preferred
[INFO] [stdout]   --> src/config/log_formatter.rs:16:1
[INFO] [stdout]    |
[INFO] [stdout] 16 | / lazy_static!{
[INFO] [stdout] 17 | |     //*********************************************************************************************
[INFO] [stdout] 18 | |     /// This static holds the appenders we're going to use in a writable container.  This is just
[INFO] [stdout] 19 | |     /// used so the APPENDERS static can be initialized from it.
[INFO] [stdout] ...  |
[INFO] [stdout] 29 | |     };
[INFO] [stdout] 30 | | }
[INFO] [stdout]    | |_^
[INFO] [stdout]    |
[INFO] [stdout]    = note: this warning originates in the macro `__lazy_static_create` which comes from the expansion of the macro `lazy_static` (in Nightly builds, run with -Z macro-backtrace for more info)
[INFO] [stdout] 
[INFO] [stdout] 
[INFO] [stdout] warning: use of deprecated constant `std::sync::ONCE_INIT`: the `new` function is now preferred
[INFO] [stdout]   --> src/config/log_formatter.rs:16:1
[INFO] [stdout]    |
[INFO] [stdout] 16 | / lazy_static!{
[INFO] [stdout] 17 | |     //*********************************************************************************************
[INFO] [stdout] 18 | |     /// This static holds the appenders we're going to use in a writable container.  This is just
[INFO] [stdout] 19 | |     /// used so the APPENDERS static can be initialized from it.
[INFO] [stdout] ...  |
[INFO] [stdout] 29 | |     };
[INFO] [stdout] 30 | | }
[INFO] [stdout]    | |_^
[INFO] [stdout]    |
[INFO] [stdout]    = note: this warning originates in the macro `__lazy_static_create` which comes from the expansion of the macro `lazy_static` (in Nightly builds, run with -Z macro-backtrace for more info)
[INFO] [stdout] 
[INFO] [stdout] 
[INFO] [stdout] warning: trait objects without an explicit `dyn` are deprecated
[INFO] [stdout]   --> src/appender/time/time_format.rs:52:22
[INFO] [stdout]    |
[INFO] [stdout] 52 |     pieces : Vec<Box<TimeAppender>>
[INFO] [stdout]    |                      ^^^^^^^^^^^^
[INFO] [stdout]    |
[INFO] [stdout]    = warning: this is accepted in the current edition (Rust 2015) but is a hard error in Rust 2021!
[INFO] [stdout]    = note: for more information, see <https://doc.rust-lang.org/nightly/edition-guide/rust-2021/warnings-promoted-to-error.html>
[INFO] [stdout]    = note: `#[warn(bare_trait_objects)]` on by default
[INFO] [stdout] help: use `dyn`
[INFO] [stdout]    |
[INFO] [stdout] 52 |     pieces : Vec<Box<dyn TimeAppender>>
[INFO] [stdout]    |                      +++
[INFO] [stdout] 
[INFO] [stdout] 
[INFO] [stdout] warning: trait objects without an explicit `dyn` are deprecated
[INFO] [stdout]   --> src/appender/mod.rs:65:12
[INFO] [stdout]    |
[INFO] [stdout] 65 |     Ok(Box<Appender>),
[INFO] [stdout]    |            ^^^^^^^^
[INFO] [stdout]    |
[INFO] [stdout]    = warning: this is accepted in the current edition (Rust 2015) but is a hard error in Rust 2021!
[INFO] [stdout]    = note: for more information, see <https://doc.rust-lang.org/nightly/edition-guide/rust-2021/warnings-promoted-to-error.html>
[INFO] [stdout] help: use `dyn`
[INFO] [stdout]    |
[INFO] [stdout] 65 |     Ok(Box<dyn Appender>),
[INFO] [stdout]    |            +++
[INFO] [stdout] 
[INFO] [stdout] 
[INFO] [stdout] warning: trait objects without an explicit `dyn` are deprecated
[INFO] [stdout]   --> src/config/log_format_parser.rs:97:29
[INFO] [stdout]    |
[INFO] [stdout] 97 |     pieces : LinkedList<Box<Appender>>
[INFO] [stdout]    |                             ^^^^^^^^
[INFO] [stdout]    |
[INFO] [stdout]    = warning: this is accepted in the current edition (Rust 2015) but is a hard error in Rust 2021!
[INFO] [stdout]    = note: for more information, see <https://doc.rust-lang.org/nightly/edition-guide/rust-2021/warnings-promoted-to-error.html>
[INFO] [stdout] help: use `dyn`
[INFO] [stdout]    |
[INFO] [stdout] 97 |     pieces : LinkedList<Box<dyn Appender>>
[INFO] [stdout]    |                             +++
[INFO] [stdout] 
[INFO] [stdout] 
[INFO] [stdout] warning: trait objects without an explicit `dyn` are deprecated
[INFO] [stdout]   --> src/config/log_formatter.rs:42:18
[INFO] [stdout]    |
[INFO] [stdout] 42 |     Full(Vec<Box<Appender>>),
[INFO] [stdout]    |                  ^^^^^^^^
[INFO] [stdout]    |
[INFO] [stdout]    = warning: this is accepted in the current edition (Rust 2015) but is a hard error in Rust 2021!
[INFO] [stdout]    = note: for more information, see <https://doc.rust-lang.org/nightly/edition-guide/rust-2021/warnings-promoted-to-error.html>
[INFO] [stdout] help: use `dyn`
[INFO] [stdout]    |
[INFO] [stdout] 42 |     Full(Vec<Box<dyn Appender>>),
[INFO] [stdout]    |                  +++
[INFO] [stdout] 
[INFO] [stdout] 
[INFO] [stdout] warning: trait objects without an explicit `dyn` are deprecated
[INFO] [stdout]   --> src/appender/mod.rs:82:32
[INFO] [stdout]    |
[INFO] [stdout] 82 |     pub fn unwrap(self) -> Box<Appender>
[INFO] [stdout]    |                                ^^^^^^^^
[INFO] [stdout]    |
[INFO] [stdout]    = warning: this is accepted in the current edition (Rust 2015) but is a hard error in Rust 2021!
[INFO] [stdout]    = note: for more information, see <https://doc.rust-lang.org/nightly/edition-guide/rust-2021/warnings-promoted-to-error.html>
[INFO] [stdout] help: use `dyn`
[INFO] [stdout]    |
[INFO] [stdout] 82 |     pub fn unwrap(self) -> Box<dyn Appender>
[INFO] [stdout]    |                                +++
[INFO] [stdout] 
[INFO] [stdout] 
[INFO] [stdout] warning: trait objects without an explicit `dyn` are deprecated
[INFO] [stdout]   --> src/appender/time/am_pm.rs:55:18
[INFO] [stdout]    |
[INFO] [stdout] 55 |         ) -> Box<TimeAppender>
[INFO] [stdout]    |                  ^^^^^^^^^^^^
[INFO] [stdout]    |
[INFO] [stdout]    = warning: this is accepted in the current edition (Rust 2015) but is a hard error in Rust 2021!
[INFO] [stdout]    = note: for more information, see <https://doc.rust-lang.org/nightly/edition-guide/rust-2021/warnings-promoted-to-error.html>
[INFO] [stdout] help: use `dyn`
[INFO] [stdout]    |
[INFO] [stdout] 55 |         ) -> Box<dyn TimeAppender>
[INFO] [stdout]    |                  +++
[INFO] [stdout] 
[INFO] [stdout] 
[INFO] [stdout] warning: trait objects without an explicit `dyn` are deprecated
[INFO] [stdout]   --> src/appender/time/hour.rs:56:18
[INFO] [stdout]    |
[INFO] [stdout] 56 |         ) -> Box<TimeAppender>
[INFO] [stdout]    |                  ^^^^^^^^^^^^
[INFO] [stdout]    |
[INFO] [stdout]    = warning: this is accepted in the current edition (Rust 2015) but is a hard error in Rust 2021!
[INFO] [stdout]    = note: for more information, see <https://doc.rust-lang.org/nightly/edition-guide/rust-2021/warnings-promoted-to-error.html>
[INFO] [stdout] help: use `dyn`
[INFO] [stdout]    |
[INFO] [stdout] 56 |         ) -> Box<dyn TimeAppender>
[INFO] [stdout]    |                  +++
[INFO] [stdout] 
[INFO] [stdout] 
[INFO] [stdout] warning: trait objects without an explicit `dyn` are deprecated
[INFO] [stdout]   --> src/appender/time/month.rs:65:14
[INFO] [stdout]    |
[INFO] [stdout] 65 |     ) -> Box<TimeAppender>
[INFO] [stdout]    |              ^^^^^^^^^^^^
[INFO] [stdout]    |
[INFO] [stdout]    = warning: this is accepted in the current edition (Rust 2015) but is a hard error in Rust 2021!
[INFO] [stdout]    = note: for more information, see <https://doc.rust-lang.org/nightly/edition-guide/rust-2021/warnings-promoted-to-error.html>
[INFO] [stdout] help: use `dyn`
[INFO] [stdout]    |
[INFO] [stdout] 65 |     ) -> Box<dyn TimeAppender>
[INFO] [stdout]    |              +++
[INFO] [stdout] 
[INFO] [stdout] 
[INFO] [stdout] warning: trait objects without an explicit `dyn` are deprecated
[INFO] [stdout]   --> src/appender/time/year.rs:44:18
[INFO] [stdout]    |
[INFO] [stdout] 44 |         ) -> Box<TimeAppender>
[INFO] [stdout]    |                  ^^^^^^^^^^^^
[INFO] [stdout]    |
[INFO] [stdout]    = warning: this is accepted in the current edition (Rust 2015) but is a hard error in Rust 2021!
[INFO] [stdout]    = note: for more information, see <https://doc.rust-lang.org/nightly/edition-guide/rust-2021/warnings-promoted-to-error.html>
[INFO] [stdout] help: use `dyn`
[INFO] [stdout]    |
[INFO] [stdout] 44 |         ) -> Box<dyn TimeAppender>
[INFO] [stdout]    |                  +++
[INFO] [stdout] 
[INFO] [stdout] 
[INFO] [stdout] warning: trait objects without an explicit `dyn` are deprecated
[INFO] [stdout]    --> src/config/log_format_parser.rs:108:29
[INFO] [stdout]     |
[INFO] [stdout] 108 |         ) -> Result<Vec<Box<Appender>>, String>
[INFO] [stdout]     |                             ^^^^^^^^
[INFO] [stdout]     |
[INFO] [stdout]     = warning: this is accepted in the current edition (Rust 2015) but is a hard error in Rust 2021!
[INFO] [stdout]     = note: for more information, see <https://doc.rust-lang.org/nightly/edition-guide/rust-2021/warnings-promoted-to-error.html>
[INFO] [stdout] help: use `dyn`
[INFO] [stdout]     |
[INFO] [stdout] 108 |         ) -> Result<Vec<Box<dyn Appender>>, String>
[INFO] [stdout]     |                             +++
[INFO] [stdout] 
[INFO] [stdout] 
[INFO] [stdout] warning: trait objects without an explicit `dyn` are deprecated
[INFO] [stdout]   --> src/config/log_formatter.rs:25:36
[INFO] [stdout]    |
[INFO] [stdout] 25 |     static ref APPENDERS : Vec<Box<Appender>> = {
[INFO] [stdout]    |                                    ^^^^^^^^
[INFO] [stdout]    |
[INFO] [stdout]    = warning: this is accepted in the current edition (Rust 2015) but is a hard error in Rust 2021!
[INFO] [stdout]    = note: for more information, see <https://doc.rust-lang.org/nightly/edition-guide/rust-2021/warnings-promoted-to-error.html>
[INFO] [stdout] help: use `dyn`
[INFO] [stdout]    |
[INFO] [stdout] 25 |     static ref APPENDERS : Vec<Box<dyn Appender>> = {
[INFO] [stdout]    |                                    +++
[INFO] [stdout] 
[INFO] [stdout] 
[INFO] [stdout] warning: trait objects without an explicit `dyn` are deprecated
[INFO] [stdout]   --> src/config/log_formatter.rs:79:25
[INFO] [stdout]    |
[INFO] [stdout] 79 |     appenders : Vec<Box<Appender>>
[INFO] [stdout]    |                         ^^^^^^^^
[INFO] [stdout]    |
[INFO] [stdout]    = warning: this is accepted in the current edition (Rust 2015) but is a hard error in Rust 2021!
[INFO] [stdout]    = note: for more information, see <https://doc.rust-lang.org/nightly/edition-guide/rust-2021/warnings-promoted-to-error.html>
[INFO] [stdout] help: use `dyn`
[INFO] [stdout]    |
[INFO] [stdout] 79 |     appenders : Vec<Box<dyn Appender>>
[INFO] [stdout]    |                         +++
[INFO] [stdout] 
[INFO] [stdout] 
[INFO] [stdout] warning: trait objects without an explicit `dyn` are deprecated
[INFO] [stdout]   --> src/config/log_formatter.rs:57:35
[INFO] [stdout]    |
[INFO] [stdout] 57 |     fn take(&mut self) -> Vec<Box<Appender>>
[INFO] [stdout]    |                                   ^^^^^^^^
[INFO] [stdout]    |
[INFO] [stdout]    = warning: this is accepted in the current edition (Rust 2015) but is a hard error in Rust 2021!
[INFO] [stdout]    = note: for more information, see <https://doc.rust-lang.org/nightly/edition-guide/rust-2021/warnings-promoted-to-error.html>
[INFO] [stdout] help: use `dyn`
[INFO] [stdout]    |
[INFO] [stdout] 57 |     fn take(&mut self) -> Vec<Box<dyn Appender>>
[INFO] [stdout]    |                                   +++
[INFO] [stdout] 
[INFO] [stdout] 
[INFO] [stdout] warning: trait objects without an explicit `dyn` are deprecated
[INFO] [stdout]   --> src/appender/time/time_format.rs:66:41
[INFO] [stdout]    |
[INFO] [stdout] 66 |         let mut format : LinkedList<Box<TimeAppender>> = LinkedList::new();
[INFO] [stdout]    |                                         ^^^^^^^^^^^^
[INFO] [stdout]    |
[INFO] [stdout]    = warning: this is accepted in the current edition (Rust 2015) but is a hard error in Rust 2021!
[INFO] [stdout]    = note: for more information, see <https://doc.rust-lang.org/nightly/edition-guide/rust-2021/warnings-promoted-to-error.html>
[INFO] [stdout] help: use `dyn`
[INFO] [stdout]    |
[INFO] [stdout] 66 |         let mut format : LinkedList<Box<dyn TimeAppender>> = LinkedList::new();
[INFO] [stdout]    |                                         +++
[INFO] [stdout] 
[INFO] [stdout] 
[INFO] [stdout] warning: unused import: `appender::time::TimeAppender`
[INFO] [stdout]   --> src/appender/time/am_pm.rs:84:9
[INFO] [stdout]    |
[INFO] [stdout] 84 |     use appender::time::TimeAppender;
[INFO] [stdout]    |         ^^^^^^^^^^^^^^^^^^^^^^^^^^^^
[INFO] [stdout]    |
[INFO] [stdout]    = note: `#[warn(unused_imports)]` on by default
[INFO] [stdout] 
[INFO] [stdout] 
[INFO] [stdout] warning: unused import: `appender::time::TimeAppender`
[INFO] [stdout]   --> src/appender/time/hour.rs:85:9
[INFO] [stdout]    |
[INFO] [stdout] 85 |     use appender::time::TimeAppender;
[INFO] [stdout]    |         ^^^^^^^^^^^^^^^^^^^^^^^^^^^^
[INFO] [stdout] 
[INFO] [stdout] 
[INFO] [stdout] warning: unused import: `appender::time::TimeAppender`
[INFO] [stdout]   --> src/appender/time/month.rs:95:9
[INFO] [stdout]    |
[INFO] [stdout] 95 |     use appender::time::TimeAppender;
[INFO] [stdout]    |         ^^^^^^^^^^^^^^^^^^^^^^^^^^^^
[INFO] [stdout] 
[INFO] [stdout] 
[INFO] [stdout] warning: unused import: `appender::Appender`
[INFO] [stdout]    --> src/appender/time/time_format.rs:185:9
[INFO] [stdout]     |
[INFO] [stdout] 185 |     use appender::Appender;
[INFO] [stdout]     |         ^^^^^^^^^^^^^^^^^^
[INFO] [stdout] 
[INFO] [stdout] 
[INFO] [stdout] warning: unused import: `appender::time::TimeAppender`
[INFO] [stdout]   --> src/appender/time/year.rs:79:9
[INFO] [stdout]    |
[INFO] [stdout] 79 |     use appender::time::TimeAppender;
[INFO] [stdout]    |         ^^^^^^^^^^^^^^^^^^^^^^^^^^^^
[INFO] [stdout] 
[INFO] [stdout] 
[INFO] [stdout] warning: 28 warnings emitted
[INFO] [stdout] 
[INFO] [stdout] 
[INFO] [stderr]     Finished test [unoptimized + debuginfo] target(s) in 8.29s
[INFO] [stderr] warning: the following packages contain code that will be rejected by a future version of Rust: rustc-serialize v0.3.24
[INFO] [stderr] note: to see what the problems were, use the option `--future-incompat-report`, or run `cargo report future-incompatibilities --id 2`
[INFO] running `Command { std: "docker" "inspect" "26d7eeebb080b4f11f731f71718666fe886e0a479531ee5dc1b8e1b9197069f4", kill_on_drop: false }`
[INFO] running `Command { std: "docker" "rm" "-f" "26d7eeebb080b4f11f731f71718666fe886e0a479531ee5dc1b8e1b9197069f4", kill_on_drop: false }`
[INFO] [stdout] 26d7eeebb080b4f11f731f71718666fe886e0a479531ee5dc1b8e1b9197069f4
[INFO] running `Command { std: "docker" "create" "-v" "/var/lib/crater-agent-workspace/builds/worker-2-tc2/target:/opt/rustwide/target:rw,Z" "-v" "/var/lib/crater-agent-workspace/builds/worker-2-tc2/source:/opt/rustwide/workdir:ro,Z" "-v" "/var/lib/crater-agent-workspace/cargo-home:/opt/rustwide/cargo-home:ro,Z" "-v" "/var/lib/crater-agent-workspace/rustup-home:/opt/rustwide/rustup-home:ro,Z" "-e" "SOURCE_DIR=/opt/rustwide/workdir" "-e" "CARGO_TARGET_DIR=/opt/rustwide/target" "-e" "CARGO_INCREMENTAL=0" "-e" "RUST_BACKTRACE=full" "-e" "RUSTFLAGS=--cap-lints=warn" "-e" "RUSTDOCFLAGS=--cap-lints=warn" "-e" "CARGO_HOME=/opt/rustwide/cargo-home" "-e" "RUSTUP_HOME=/opt/rustwide/rustup-home" "-w" "/opt/rustwide/workdir" "-m" "1610612736" "--user" "0:0" "--network" "none" "ghcr.io/rust-lang/crates-build-env/linux@sha256:5ff2268d62e97bff2cde7d5815dd6ed5b47097566f13b8d0ca110b04b60e07ed" "/opt/rustwide/cargo-home/bin/cargo" "+beta-2023-04-20" "test" "--frozen", kill_on_drop: false }`
[INFO] [stdout] bebf44268c0fe8374771f55dda511bff351ec6f07baa89732c8c2664138907e0
[INFO] running `Command { std: "docker" "start" "-a" "bebf44268c0fe8374771f55dda511bff351ec6f07baa89732c8c2664138907e0", kill_on_drop: false }`
[INFO] [stderr] warning: unnecessary parentheses around match arm expression
[INFO] [stderr]    --> src/config/log_format.rs:200:71
[INFO] [stderr]     |
[INFO] [stderr] 200 |             (&LogFormat::Custom(ref a), &LogFormat::Custom(ref b)) => (a == b),
[INFO] [stderr]     |                                                                       ^      ^
[INFO] [stderr]     |
[INFO] [stderr]     = note: `#[warn(unused_parens)]` on by default
[INFO] [stderr] help: remove these parentheses
[INFO] [stderr]     |
[INFO] [stderr] 200 -             (&LogFormat::Custom(ref a), &LogFormat::Custom(ref b)) => (a == b),
[INFO] [stderr] 200 +             (&LogFormat::Custom(ref a), &LogFormat::Custom(ref b)) => a == b,
[INFO] [stderr]     |
[INFO] [stderr] 
[INFO] [stderr] warning: unnecessary parentheses around match arm expression
[INFO] [stderr]    --> src/config/log_format.rs:201:71
[INFO] [stderr]     |
[INFO] [stderr] 201 |             (&LogFormat::CustomStr(a),  &LogFormat::CustomStr(b))  => (a == b),
[INFO] [stderr]     |                                                                       ^      ^
[INFO] [stderr]     |
[INFO] [stderr] help: remove these parentheses
[INFO] [stderr]     |
[INFO] [stderr] 201 -             (&LogFormat::CustomStr(a),  &LogFormat::CustomStr(b))  => (a == b),
[INFO] [stderr] 201 +             (&LogFormat::CustomStr(a),  &LogFormat::CustomStr(b))  => a == b,
[INFO] [stderr]     |
[INFO] [stderr] 
[INFO] [stderr] warning: unnecessary parentheses around match arm expression
[INFO] [stderr]    --> src/config/log_format.rs:202:71
[INFO] [stderr]     |
[INFO] [stderr] 202 |             (&LogFormat::Custom(ref a), &LogFormat::CustomStr(b))  => (a == b),
[INFO] [stderr]     |                                                                       ^      ^
[INFO] [stderr]     |
[INFO] [stderr] help: remove these parentheses
[INFO] [stderr]     |
[INFO] [stderr] 202 -             (&LogFormat::Custom(ref a), &LogFormat::CustomStr(b))  => (a == b),
[INFO] [stderr] 202 +             (&LogFormat::Custom(ref a), &LogFormat::CustomStr(b))  => a == b,
[INFO] [stderr]     |
[INFO] [stderr] 
[INFO] [stderr] warning: unnecessary parentheses around match arm expression
[INFO] [stderr]    --> src/config/log_format.rs:203:71
[INFO] [stderr]     |
[INFO] [stderr] 203 |             (&LogFormat::CustomStr(a),  &LogFormat::Custom(ref b)) => (a == b),
[INFO] [stderr]     |                                                                       ^      ^
[INFO] [stderr]     |
[INFO] [stderr] help: remove these parentheses
[INFO] [stderr]     |
[INFO] [stderr] 203 -             (&LogFormat::CustomStr(a),  &LogFormat::Custom(ref b)) => (a == b),
[INFO] [stderr] 203 +             (&LogFormat::CustomStr(a),  &LogFormat::Custom(ref b)) => a == b,
[INFO] [stderr]     |
[INFO] [stderr] 
[INFO] [stderr] warning: unnecessary parentheses around function argument
[INFO] [stderr]    --> src/flexi_config_cargo.rs:176:41
[INFO] [stderr]     |
[INFO] [stderr] 176 |         Err(Issues::single(String::from(("Error parsing cargo file."))))
[INFO] [stderr]     |                                         ^                           ^
[INFO] [stderr]     |
[INFO] [stderr] help: remove these parentheses
[INFO] [stderr]     |
[INFO] [stderr] 176 -         Err(Issues::single(String::from(("Error parsing cargo file."))))
[INFO] [stderr] 176 +         Err(Issues::single(String::from("Error parsing cargo file.")))
[INFO] [stderr]     |
[INFO] [stderr] 
[INFO] [stderr] warning: use of deprecated macro `try`: use the `?` operator instead
[INFO] [stderr]    --> src/lib.rs:430:40
[INFO] [stderr]     |
[INFO] [stderr] 430 |                 config.format        = try!(self.stderr_format.format_function());
[INFO] [stderr]     |                                        ^^^
[INFO] [stderr]     |
[INFO] [stderr]     = note: `#[warn(deprecated)]` on by default
[INFO] [stderr] 
[INFO] [stderr] warning: use of deprecated macro `try`: use the `?` operator instead
[INFO] [stderr]    --> src/lib.rs:435:43
[INFO] [stderr]     |
[INFO] [stderr] 435 |                 config.format           = try!(self.disk_format.format_function());
[INFO] [stderr]     |                                           ^^^
[INFO] [stderr] 
[INFO] [stderr] warning: use of deprecated constant `std::sync::ONCE_INIT`: the `new` function is now preferred
[INFO] [stderr]   --> src/config/log_formatter.rs:16:1
[INFO] [stderr]    |
[INFO] [stderr] 16 | / lazy_static!{
[INFO] [stderr] 17 | |     //*********************************************************************************************
[INFO] [stderr] 18 | |     /// This static holds the appenders we're going to use in a writable container.  This is just
[INFO] [stderr] 19 | |     /// used so the APPENDERS static can be initialized from it.
[INFO] [stderr] ...  |
[INFO] [stderr] 29 | |     };
[INFO] [stderr] 30 | | }
[INFO] [stderr]    | |_^
[INFO] [stderr]    |
[INFO] [stderr]    = note: this warning originates in the macro `__lazy_static_create` which comes from the expansion of the macro `lazy_static` (in Nightly builds, run with -Z macro-backtrace for more info)
[INFO] [stderr] 
[INFO] [stderr] warning: trait objects without an explicit `dyn` are deprecated
[INFO] [stderr]   --> src/appender/time/time_format.rs:52:22
[INFO] [stderr]    |
[INFO] [stderr] 52 |     pieces : Vec<Box<TimeAppender>>
[INFO] [stderr]    |                      ^^^^^^^^^^^^
[INFO] [stderr]    |
[INFO] [stderr]    = warning: this is accepted in the current edition (Rust 2015) but is a hard error in Rust 2021!
[INFO] [stderr]    = note: for more information, see <https://doc.rust-lang.org/nightly/edition-guide/rust-2021/warnings-promoted-to-error.html>
[INFO] [stderr]    = note: `#[warn(bare_trait_objects)]` on by default
[INFO] [stderr] help: use `dyn`
[INFO] [stderr]    |
[INFO] [stderr] 52 |     pieces : Vec<Box<dyn TimeAppender>>
[INFO] [stderr]    |                      +++
[INFO] [stderr] 
[INFO] [stderr] warning: trait objects without an explicit `dyn` are deprecated
[INFO] [stderr]   --> src/appender/mod.rs:65:12
[INFO] [stderr]    |
[INFO] [stderr] 65 |     Ok(Box<Appender>),
[INFO] [stderr]    |            ^^^^^^^^
[INFO] [stderr]    |
[INFO] [stderr]    = warning: this is accepted in the current edition (Rust 2015) but is a hard error in Rust 2021!
[INFO] [stderr]    = note: for more information, see <https://doc.rust-lang.org/nightly/edition-guide/rust-2021/warnings-promoted-to-error.html>
[INFO] [stderr] help: use `dyn`
[INFO] [stderr]    |
[INFO] [stderr] 65 |     Ok(Box<dyn Appender>),
[INFO] [stderr]    |            +++
[INFO] [stderr] 
[INFO] [stderr] warning: trait objects without an explicit `dyn` are deprecated
[INFO] [stderr]   --> src/config/log_format_parser.rs:97:29
[INFO] [stderr]    |
[INFO] [stderr] 97 |     pieces : LinkedList<Box<Appender>>
[INFO] [stderr]    |                             ^^^^^^^^
[INFO] [stderr]    |
[INFO] [stderr]    = warning: this is accepted in the current edition (Rust 2015) but is a hard error in Rust 2021!
[INFO] [stderr]    = note: for more information, see <https://doc.rust-lang.org/nightly/edition-guide/rust-2021/warnings-promoted-to-error.html>
[INFO] [stderr] help: use `dyn`
[INFO] [stderr]    |
[INFO] [stderr] 97 |     pieces : LinkedList<Box<dyn Appender>>
[INFO] [stderr]    |                             +++
[INFO] [stderr] 
[INFO] [stderr] warning: trait objects without an explicit `dyn` are deprecated
[INFO] [stderr]   --> src/config/log_formatter.rs:42:18
[INFO] [stderr]    |
[INFO] [stderr] 42 |     Full(Vec<Box<Appender>>),
[INFO] [stderr]    |                  ^^^^^^^^
[INFO] [stderr]    |
[INFO] [stderr]    = warning: this is accepted in the current edition (Rust 2015) but is a hard error in Rust 2021!
[INFO] [stderr]    = note: for more information, see <https://doc.rust-lang.org/nightly/edition-guide/rust-2021/warnings-promoted-to-error.html>
[INFO] [stderr] help: use `dyn`
[INFO] [stderr]    |
[INFO] [stderr] 42 |     Full(Vec<Box<dyn Appender>>),
[INFO] [stderr]    |                  +++
[INFO] [stderr] 
[INFO] [stderr] warning: trait objects without an explicit `dyn` are deprecated
[INFO] [stderr]   --> src/appender/time/am_pm.rs:55:18
[INFO] [stderr]    |
[INFO] [stderr] 55 |         ) -> Box<TimeAppender>
[INFO] [stderr]    |                  ^^^^^^^^^^^^
[INFO] [stderr]    |
[INFO] [stderr]    = warning: this is accepted in the current edition (Rust 2015) but is a hard error in Rust 2021!
[INFO] [stderr]    = note: for more information, see <https://doc.rust-lang.org/nightly/edition-guide/rust-2021/warnings-promoted-to-error.html>
[INFO] [stderr] help: use `dyn`
[INFO] [stderr]    |
[INFO] [stderr] 55 |         ) -> Box<dyn TimeAppender>
[INFO] [stderr]    |                  +++
[INFO] [stderr] 
[INFO] [stderr] warning: trait objects without an explicit `dyn` are deprecated
[INFO] [stderr]   --> src/appender/time/hour.rs:56:18
[INFO] [stderr]    |
[INFO] [stderr] 56 |         ) -> Box<TimeAppender>
[INFO] [stderr]    |                  ^^^^^^^^^^^^
[INFO] [stderr]    |
[INFO] [stderr]    = warning: this is accepted in the current edition (Rust 2015) but is a hard error in Rust 2021!
[INFO] [stderr]    = note: for more information, see <https://doc.rust-lang.org/nightly/edition-guide/rust-2021/warnings-promoted-to-error.html>
[INFO] [stderr] help: use `dyn`
[INFO] [stderr]    |
[INFO] [stderr] 56 |         ) -> Box<dyn TimeAppender>
[INFO] [stderr]    |                  +++
[INFO] [stderr] 
[INFO] [stderr] warning: trait objects without an explicit `dyn` are deprecated
[INFO] [stderr]   --> src/appender/time/month.rs:65:14
[INFO] [stderr]    |
[INFO] [stderr] 65 |     ) -> Box<TimeAppender>
[INFO] [stderr]    |              ^^^^^^^^^^^^
[INFO] [stderr]    |
[INFO] [stderr]    = warning: this is accepted in the current edition (Rust 2015) but is a hard error in Rust 2021!
[INFO] [stderr]    = note: for more information, see <https://doc.rust-lang.org/nightly/edition-guide/rust-2021/warnings-promoted-to-error.html>
[INFO] [stderr] help: use `dyn`
[INFO] [stderr]    |
[INFO] [stderr] 65 |     ) -> Box<dyn TimeAppender>
[INFO] [stderr]    |              +++
[INFO] [stderr] 
[INFO] [stderr] warning: trait objects without an explicit `dyn` are deprecated
[INFO] [stderr]   --> src/appender/time/year.rs:44:18
[INFO] [stderr]    |
[INFO] [stderr] 44 |         ) -> Box<TimeAppender>
[INFO] [stderr]    |                  ^^^^^^^^^^^^
[INFO] [stderr]    |
[INFO] [stderr]    = warning: this is accepted in the current edition (Rust 2015) but is a hard error in Rust 2021!
[INFO] [stderr]    = note: for more information, see <https://doc.rust-lang.org/nightly/edition-guide/rust-2021/warnings-promoted-to-error.html>
[INFO] [stderr] help: use `dyn`
[INFO] [stderr]    |
[INFO] [stderr] 44 |         ) -> Box<dyn TimeAppender>
[INFO] [stderr]    |                  +++
[INFO] [stderr] 
[INFO] [stderr] warning: trait objects without an explicit `dyn` are deprecated
[INFO] [stderr]    --> src/config/log_format_parser.rs:108:29
[INFO] [stderr]     |
[INFO] [stderr] 108 |         ) -> Result<Vec<Box<Appender>>, String>
[INFO] [stderr]     |                             ^^^^^^^^
[INFO] [stderr]     |
[INFO] [stderr]     = warning: this is accepted in the current edition (Rust 2015) but is a hard error in Rust 2021!
[INFO] [stderr]     = note: for more information, see <https://doc.rust-lang.org/nightly/edition-guide/rust-2021/warnings-promoted-to-error.html>
[INFO] [stderr] help: use `dyn`
[INFO] [stderr]     |
[INFO] [stderr] 108 |         ) -> Result<Vec<Box<dyn Appender>>, String>
[INFO] [stderr]     |                             +++
[INFO] [stderr] 
[INFO] [stderr] warning: trait objects without an explicit `dyn` are deprecated
[INFO] [stderr]   --> src/config/log_formatter.rs:25:36
[INFO] [stderr]    |
[INFO] [stderr] 25 |     static ref APPENDERS : Vec<Box<Appender>> = {
[INFO] [stderr]    |                                    ^^^^^^^^
[INFO] [stderr]    |
[INFO] [stderr]    = warning: this is accepted in the current edition (Rust 2015) but is a hard error in Rust 2021!
[INFO] [stderr]    = note: for more information, see <https://doc.rust-lang.org/nightly/edition-guide/rust-2021/warnings-promoted-to-error.html>
[INFO] [stderr] help: use `dyn`
[INFO] [stderr]    |
[INFO] [stderr] 25 |     static ref APPENDERS : Vec<Box<dyn Appender>> = {
[INFO] [stderr]    |                                    +++
[INFO] [stderr] 
[INFO] [stderr] warning: trait objects without an explicit `dyn` are deprecated
[INFO] [stderr]   --> src/config/log_formatter.rs:79:25
[INFO] [stderr]    |
[INFO] [stderr] 79 |     appenders : Vec<Box<Appender>>
[INFO] [stderr]    |                         ^^^^^^^^
[INFO] [stderr]    |
[INFO] [stderr]    = warning: this is accepted in the current edition (Rust 2015) but is a hard error in Rust 2021!
[INFO] [stderr]    = note: for more information, see <https://doc.rust-lang.org/nightly/edition-guide/rust-2021/warnings-promoted-to-error.html>
[INFO] [stderr] help: use `dyn`
[INFO] [stderr]    |
[INFO] [stderr] 79 |     appenders : Vec<Box<dyn Appender>>
[INFO] [stderr]    |                         +++
[INFO] [stderr] 
[INFO] [stderr] warning: trait objects without an explicit `dyn` are deprecated
[INFO] [stderr]   --> src/config/log_formatter.rs:57:35
[INFO] [stderr]    |
[INFO] [stderr] 57 |     fn take(&mut self) -> Vec<Box<Appender>>
[INFO] [stderr]    |                                   ^^^^^^^^
[INFO] [stderr]    |
[INFO] [stderr]    = warning: this is accepted in the current edition (Rust 2015) but is a hard error in Rust 2021!
[INFO] [stderr]    = note: for more information, see <https://doc.rust-lang.org/nightly/edition-guide/rust-2021/warnings-promoted-to-error.html>
[INFO] [stderr] help: use `dyn`
[INFO] [stderr]    |
[INFO] [stderr] 57 |     fn take(&mut self) -> Vec<Box<dyn Appender>>
[INFO] [stderr]    |                                   +++
[INFO] [stderr] 
[INFO] [stderr] warning: trait objects without an explicit `dyn` are deprecated
[INFO] [stderr]   --> src/appender/time/time_format.rs:66:41
[INFO] [stderr]    |
[INFO] [stderr] 66 |         let mut format : LinkedList<Box<TimeAppender>> = LinkedList::new();
[INFO] [stderr]    |                                         ^^^^^^^^^^^^
[INFO] [stderr]    |
[INFO] [stderr]    = warning: this is accepted in the current edition (Rust 2015) but is a hard error in Rust 2021!
[INFO] [stderr]    = note: for more information, see <https://doc.rust-lang.org/nightly/edition-guide/rust-2021/warnings-promoted-to-error.html>
[INFO] [stderr] help: use `dyn`
[INFO] [stderr]    |
[INFO] [stderr] 66 |         let mut format : LinkedList<Box<dyn TimeAppender>> = LinkedList::new();
[INFO] [stderr]    |                                         +++
[INFO] [stderr] 
[INFO] [stderr] warning: trait objects without an explicit `dyn` are deprecated
[INFO] [stderr]   --> src/appender/mod.rs:82:32
[INFO] [stderr]    |
[INFO] [stderr] 82 |     pub fn unwrap(self) -> Box<Appender>
[INFO] [stderr]    |                                ^^^^^^^^
[INFO] [stderr]    |
[INFO] [stderr]    = warning: this is accepted in the current edition (Rust 2015) but is a hard error in Rust 2021!
[INFO] [stderr]    = note: for more information, see <https://doc.rust-lang.org/nightly/edition-guide/rust-2021/warnings-promoted-to-error.html>
[INFO] [stderr] help: use `dyn`
[INFO] [stderr]    |
[INFO] [stderr] 82 |     pub fn unwrap(self) -> Box<dyn Appender>
[INFO] [stderr]    |                                +++
[INFO] [stderr] 
[INFO] [stderr] warning: unused import: `appender::time::TimeAppender`
[INFO] [stderr]   --> src/appender/time/am_pm.rs:84:9
[INFO] [stderr]    |
[INFO] [stderr] 84 |     use appender::time::TimeAppender;
[INFO] [stderr]    |         ^^^^^^^^^^^^^^^^^^^^^^^^^^^^
[INFO] [stderr]    |
[INFO] [stderr]    = note: `#[warn(unused_imports)]` on by default
[INFO] [stderr] 
[INFO] [stderr] warning: unused import: `appender::time::TimeAppender`
[INFO] [stderr]   --> src/appender/time/hour.rs:85:9
[INFO] [stderr]    |
[INFO] [stderr] 85 |     use appender::time::TimeAppender;
[INFO] [stderr]    |         ^^^^^^^^^^^^^^^^^^^^^^^^^^^^
[INFO] [stderr] 
[INFO] [stderr] warning: unused import: `appender::time::TimeAppender`
[INFO] [stderr]   --> src/appender/time/month.rs:95:9
[INFO] [stderr]    |
[INFO] [stderr] 95 |     use appender::time::TimeAppender;
[INFO] [stderr]    |         ^^^^^^^^^^^^^^^^^^^^^^^^^^^^
[INFO] [stderr] 
[INFO] [stderr] warning: unused import: `appender::Appender`
[INFO] [stderr]    --> src/appender/time/time_format.rs:185:9
[INFO] [stderr]     |
[INFO] [stderr] 185 |     use appender::Appender;
[INFO] [stderr]     |         ^^^^^^^^^^^^^^^^^^
[INFO] [stderr] 
[INFO] [stderr] warning: unused import: `appender::time::TimeAppender`
[INFO] [stderr]   --> src/appender/time/year.rs:79:9
[INFO] [stderr]    |
[INFO] [stderr] 79 |     use appender::time::TimeAppender;
[INFO] [stderr]    |         ^^^^^^^^^^^^^^^^^^^^^^^^^^^^
[INFO] [stderr] 
[INFO] [stderr] warning: `flexi_config` (lib) generated 22 warnings (1 duplicate) (run `cargo fix --lib -p flexi_config` to apply 18 suggestions)
[INFO] [stderr] warning: `flexi_config` (lib test) generated 28 warnings (22 duplicates) (run `cargo fix --lib -p flexi_config --tests` to apply 1 suggestion)
[INFO] [stderr]     Finished test [unoptimized + debuginfo] target(s) in 0.06s
[INFO] [stderr] warning: the following packages contain code that will be rejected by a future version of Rust: rustc-serialize v0.3.24
[INFO] [stderr] note: to see what the problems were, use the option `--future-incompat-report`, or run `cargo report future-incompatibilities --id 2`
[INFO] [stderr]      Running unittests src/lib.rs (/opt/rustwide/target/debug/deps/flexi_config-8ec72fbfccc759b8)
[INFO] [stdout] 
[INFO] [stdout] running 177 tests
[INFO] [stdout] test appender::event::test::no_formatting ... ok
[INFO] [stdout] test appender::event::test::truncate ... ok
[INFO] [stdout] test appender::event::test::right_align_trunc ... ok
[INFO] [stdout] test appender::event::test::right_align ... ok
[INFO] [stdout] test appender::event::test::left_align_trunc ... ok
[INFO] [stdout] test appender::file::test::left_align_trunc ... ok
[INFO] [stdout] test appender::file::test::no_formatting ... ok
[INFO] [stdout] test appender::event::test::left_align ... ok
[INFO] [stdout] test appender::file::test::right_align ... ok
[INFO] [stdout] test appender::file::test::left_align ... ok
[INFO] [stdout] test appender::file::test::truncate ... ok
[INFO] [stdout] test appender::file::test::right_align_trunc ... ok
[INFO] [stdout] test appender::line::test::no_formatting ... ok
[INFO] [stdout] test appender::formatter::test::left_align_trunc ... ok
[INFO] [stdout] test appender::formatter::test::right_align_trunc ... ok
[INFO] [stdout] test appender::formatter::test::right_align ... ok
[INFO] [stdout] test appender::formatter::test::left_align ... ok
[INFO] [stdout] test appender::module::test::right_align_trunc ... ok
[INFO] [stdout] test appender::module::test::truncate ... ok
[INFO] [stdout] test appender::line::test::truncate ... ok
[INFO] [stdout] test appender::line::test::left_align_trunc ... ok
[INFO] [stdout] test appender::module::test::left_align ... ok
[INFO] [stdout] test appender::formatter::test::truncate ... ok
[INFO] [stdout] test appender::module::test::no_formatting ... ok
[INFO] [stdout] test appender::module::test::right_align ... ok
[INFO] [stdout] test appender::formatter::test::no_formatting ... ok
[INFO] [stdout] test appender::module::test::left_align_trunc ... ok
[INFO] [stdout] test appender::line::test::right_align ... ok
[INFO] [stdout] test appender::line::test::left_align ... ok
[INFO] [stdout] test appender::target::test::no_formatting ... ok
[INFO] [stdout] test appender::target::test::left_align ... ok
[INFO] [stdout] test appender::time::hour::tests::test_long ... ok
[INFO] [stdout] test appender::time::millisecond::tests::test ... ok
[INFO] [stdout] test appender::target::test::truncate ... ok
[INFO] [stdout] test appender::priority::test::long_lower ... ok
[INFO] [stdout] test appender::time::am_pm::tests::test_lowercase ... ok
[INFO] [stdout] test appender::time::minute::tests::test ... ok
[INFO] [stdout] test appender::text::test::test ... ok
[INFO] [stdout] test appender::time::hour::tests::test_12 ... ok
[INFO] [stdout] test appender::time::day::tests::test ... ok
[INFO] [stdout] test appender::target::test::right_align ... ok
[INFO] [stdout] test appender::priority::test::long_upper ... ok
[INFO] [stdout] test appender::priority::test::short_lower ... ok
[INFO] [stdout] test appender::target::test::right_align_trunc ... ok
[INFO] [stdout] test appender::time::am_pm::tests::test_uppercase ... ok
[INFO] [stdout] test appender::target::test::left_align_trunc ... ok
[INFO] [stdout] test appender::time::month::tests::current_lowercase ... ok
[INFO] [stdout] test appender::time::month::tests::current_numbers ... ok
[INFO] [stdout] test appender::time::month::tests::current_uppercase ... ok
[INFO] [stdout] test appender::time::second::tests::test ... ok
[INFO] [stdout] test appender::priority::test::short_upper ... ok
[INFO] [stdout] test appender::time::time_format::tests::test_static ... ok
[INFO] [stdout] test appender::time::time_format::tests::test_am_pm ... ok
[INFO] [stdout] test appender::time::time_format::tests::test_complex ... ok
[INFO] [stdout] test appender::time::time_format::tests::test_minute ... ok
[INFO] [stdout] test appender::time::time_format::tests::test_hour ... ok
[INFO] [stdout] test config::issues_builder::tests::error_if_missing_true ... ok
[INFO] [stdout] test config::issues_builder::tests::expect_boolean_false ... ok
[INFO] [stdout] test config::issues_builder::tests::expect_boolean_missing ... ok
[INFO] [stdout] test appender::time::time_format::tests::test_second ... ok
[INFO] [stdout] test appender::time::year::tests::test_long ... ok
[INFO] [stdout] test config::issues_builder::tests::expect_decodable_bad ... ok
[INFO] [stdout] test config::issues_builder::tests::expect_boolean_true ... ok
[INFO] [stdout] test appender::time::year::tests::test_short ... ok
[INFO] [stdout] test config::issues_builder::tests::error_if_missing_false ... ok
[INFO] [stdout] test appender::line::test::right_align_trunc ... ok
[INFO] [stdout] test config::issues_builder::tests::expect_number_or_false_false ... ok
[INFO] [stdout] test config::issues_builder::tests::expect_decodable_false ... ok
[INFO] [stdout] test config::issues_builder::tests::expect_number_or_false_missing ... ok
[INFO] [stdout] test config::issues_builder::tests::expect_decodable_non_string ... ok
[INFO] [stdout] test config::issues_builder::tests::expect_number_or_false_negative ... ok
[INFO] [stdout] test config::issues_builder::tests::expect_decodable_error ... ok
[INFO] [stdout] test config::issues_builder::tests::expect_number_or_false_true ... ok
[INFO] [stdout] test config::issues_builder::tests::expect_number_or_false_huge ... ok
[INFO] [stdout] test config::issues_builder::tests::expect_number_or_false_number ... ok
[INFO] [stdout] test config::issues_builder::tests::expect_number_or_false_string ... ok
[INFO] [stdout] test config::issues_builder::tests::expect_decodable_missing ... ok
[INFO] [stdout] test appender::time::time_format::tests::test_month ... ok
[INFO] [stdout] test appender::time::time_format::tests::test_year ... ok
[INFO] [stdout] test config::issues_builder::tests::expect_string_false ... ok
[INFO] [stdout] test config::issues_builder::tests::expect_string_missing ... ok
[INFO] [stdout] test config::issues_builder::tests::warn_if_missing_false ... ok
[INFO] [stdout] test config::issues_builder::tests::warn_if_missing_true ... ok
[INFO] [stdout] test config::log_format::tests::decode ... ok
[INFO] [stdout] test config::log_format::tests::encode ... ok
[INFO] [stdout] test config::log_format::tests::equal ... ok
[INFO] [stdout] test config::issues_builder::tests::expect_string_true ... ok
[INFO] [stdout] test config::issues_builder::tests::expect_string_or_false_number ... ok
[INFO] [stdout] test config::issues_builder::tests::expect_values_false ... ok
[INFO] [stdout] test config::issues_builder::tests::expect_string_or_false_string ... ok
[INFO] [stdout] test config::issues_builder::tests::expect_string_or_false_true ... ok
[INFO] [stdout] test config::issues_builder::tests::expect_values_missing ... ok
[INFO] [stdout] test config::issues_builder::tests::expect_string_or_false_false ... ok
[INFO] [stdout] test config::issues_builder::tests::report_unused_true ... ok
[INFO] [stdout] test config::issues_builder::tests::report_unused_false ... ok
[INFO] [stdout] test config::log_format_parser::tests::event ... ok
[INFO] [stdout] test config::log_format_parser::tests::module ... ok
[INFO] [stdout] test config::log_format_parser::tests::priority ... ok
[INFO] [stdout] test config::target::tests::decode ... ok
[INFO] [stdout] test config::target::tests::encode ... ok
[INFO] [stdout] test config::toml_common::tests::disk_good ... ok
[INFO] [stdout] test config::log_format_parser::tests::file ... ok
[INFO] [stdout] test config::issues_builder::tests::expect_string_or_false_missing ... ok
[INFO] [stdout] test config::log_format_parser::tests::full ... ok
[INFO] [stdout] test config::log_format_parser::tests::time ... ok
[INFO] [stdout] test config::log_format::tests::not_equal ... ok
[INFO] [stdout] test config::log_format_parser::tests::target ... ok
[INFO] [stdout] test config::log_format_parser::tests::line ... ok
[INFO] [stdout] test config::toml_common::tests::application_good ... ok
[INFO] [stdout] test config::toml_common::tests::disk_absent ... ok
[INFO] [stdout] test config::toml_common::tests::set_application ... ok
[INFO] [stdout] test config::toml_common::tests::set_priority ... ok
[INFO] [stdout] test config::toml_common::tests::priority_absent ... ok
[INFO] [stdout] test config::issues_builder::tests::expect_values_non_string ... ok
[INFO] [stdout] test config::issues_builder::tests::expect_values_true ... ok
[INFO] [stdout] test config::toml_common::tests::set_disk ... ok
[INFO] [stdout] test config::toml_common::tests::set_stderr ... ok
[INFO] [stdout] test appender::time::time_format::tests::test_day ... ok
[INFO] [stdout] test config::toml_common::tests::priority_good ... ok
[INFO] [stdout] test config::toml_common::tests::stderr_absent ... ok
[INFO] [stdout] test config::toml_common::tests::stderr_good ... ok
[INFO] [stdout] test config::toml_common::tests::target_absent ... ok
[INFO] [stdout] test config::toml_common::tests::set_target ... ok
[INFO] [stdout] test config::toml_common::tests::verify ... ok
[INFO] [stdout] test config::toml_common::tests::target_good ... ok
[INFO] [stdout] test config::toml_depends::tests::set_priority_some ... ok
[INFO] [stdout] test config::toml_depends::tests::priority_some ... ok
[INFO] [stdout] test config::toml_depends::tests::set_priority_none ... ok
[INFO] [stdout] test config::toml_disk::tests::dir ... ok
[INFO] [stdout] test config::toml_disk::tests::dir_absent ... ok
[INFO] [stdout] test config::toml_depends::tests::verify_good ... ok
[INFO] [stdout] test config::toml_depends::tests::verify_bad ... ok
[INFO] [stdout] test appender::time::time_format::tests::test_milli ... ok
[INFO] [stdout] test config::toml_disk::tests::dup_err ... ok
[INFO] [stdout] test config::toml_disk::tests::dup_err_absent ... ok
[INFO] [stdout] test config::toml_disk::tests::dup_info_absent ... ok
[INFO] [stdout] test config::toml_disk::tests::dup_info ... ok
[INFO] [stdout] test config::toml_disk::tests::extension ... ok
[INFO] [stdout] test config::toml_common::tests::application_invalid - should panic ... ok
[INFO] [stdout] test config::toml_common::tests::disk_wrong - should panic ... ok
[INFO] [stdout] test config::toml_disk::tests::extension_absent ... ok
[INFO] [stdout] test config::toml_common::tests::application_absent - should panic ... ok
[INFO] [stdout] test config::toml_common::tests::disk_invalid - should panic ... ok
[INFO] [stdout] test config::toml_common::tests::priority_invalid - should panic ... ok
[INFO] [stdout] test config::toml_common::tests::level_wrong - should panic ... ok
[INFO] [stdout] test config::toml_disk::tests::max_size_huge - should panic ... ok
[INFO] [stdout] test config::toml_disk::tests::max_size ... ok
[INFO] [stdout] test config::toml_common::tests::stderr_wrong - should panic ... ok
[INFO] [stdout] test config::toml_common::tests::stderr_invalid - should panic ... ok
[INFO] [stdout] test config::toml_depends::tests::priority_panic - should panic ... ok
[INFO] [stdout] test config::toml_common::tests::target_invalid - should panic ... ok
[INFO] [stdout] test config::toml_disk::tests::name_suffix ... ok
[INFO] [stdout] test config::toml_common::tests::target_wrong - should panic ... ok
[INFO] [stdout] test config::toml_disk::tests::name_suffix_absent ... ok
[INFO] [stdout] test config::toml_disk::tests::name_suffix_invalid - should panic ... ok
[INFO] [stdout] test config::toml_disk::tests::set_dir_some ... ok
[INFO] [stdout] test config::toml_disk::tests::set_dup_err ... ok
[INFO] [stdout] test config::toml_disk::tests::set_extension ... ok
[INFO] [stdout] test config::toml_disk::tests::extension_invalid - should panic ... ok
[INFO] [stdout] test config::toml_disk::tests::max_size_absent ... ok
[INFO] [stdout] test config::toml_disk::tests::set_dir_none ... ok
[INFO] [stdout] test config::toml_disk::tests::timestamp_invalid - should panic ... ok
[INFO] [stdout] test tests::test ... ok
[INFO] [stdout] test config::toml_disk::tests::timestamp ... ok
[INFO] [stdout] test config::toml_disk::tests::max_size_invalid - should panic ... ok
[INFO] [stdout] test config::toml_disk::tests::set_max_size_none ... ok
[INFO] [stdout] test config::toml_disk::tests::set_name_suffix_none ... ok
[INFO] [stdout] test config::toml_disk::tests::set_name_suffix_some ... ok
[INFO] [stdout] test config::toml_disk::tests::timestamp_absent ... ok
[INFO] [stdout] test config::toml_disk::tests::verify ... ok
[INFO] [stdout] test config::toml_disk::tests::set_max_size_some ... ok
[INFO] [stdout] test config::toml_disk::tests::set_timestamp ... ok
[INFO] [stdout] test config::toml_disk::tests::dir_invalid - should panic ... ok
[INFO] [stdout] test config::toml_disk::tests::dup_err_invalid - should panic ... ok
[INFO] [stdout] test config::toml_disk::tests::dup_info_invalid - should panic ... ok
[INFO] [stdout] test config::toml_disk::tests::set_dup_info ... ok
[INFO] [stdout] test config::toml_disk::tests::max_size_negative - should panic ... ok
[INFO] [stdout] 
[INFO] [stderr]    Doc-tests flexi_config
[INFO] [stdout] test result: ok. 177 passed; 0 failed; 0 ignored; 0 measured; 0 filtered out; finished in 0.33s
[INFO] [stdout] 
[INFO] [stderr] warning: unnecessary parentheses around match arm expression
[INFO] [stderr]    --> /opt/rustwide/workdir/src/config/log_format.rs:200:71
[INFO] [stderr]     |
[INFO] [stderr] 200 |             (&LogFormat::Custom(ref a), &LogFormat::Custom(ref b)) => (a == b),
[INFO] [stderr]     |                                                                       ^      ^
[INFO] [stderr]     |
[INFO] [stderr]     = note: `#[warn(unused_parens)]` on by default
[INFO] [stderr] help: remove these parentheses
[INFO] [stderr]     |
[INFO] [stderr] 200 -             (&LogFormat::Custom(ref a), &LogFormat::Custom(ref b)) => (a == b),
[INFO] [stderr] 200 +             (&LogFormat::Custom(ref a), &LogFormat::Custom(ref b)) => a == b,
[INFO] [stderr]     |
[INFO] [stderr] 
[INFO] [stderr] warning: unnecessary parentheses around match arm expression
[INFO] [stderr]    --> /opt/rustwide/workdir/src/config/log_format.rs:201:71
[INFO] [stderr]     |
[INFO] [stderr] 201 |             (&LogFormat::CustomStr(a),  &LogFormat::CustomStr(b))  => (a == b),
[INFO] [stderr]     |                                                                       ^      ^
[INFO] [stderr]     |
[INFO] [stderr] help: remove these parentheses
[INFO] [stderr]     |
[INFO] [stderr] 201 -             (&LogFormat::CustomStr(a),  &LogFormat::CustomStr(b))  => (a == b),
[INFO] [stderr] 201 +             (&LogFormat::CustomStr(a),  &LogFormat::CustomStr(b))  => a == b,
[INFO] [stderr]     |
[INFO] [stderr] 
[INFO] [stderr] warning: unnecessary parentheses around match arm expression
[INFO] [stderr]    --> /opt/rustwide/workdir/src/config/log_format.rs:202:71
[INFO] [stderr]     |
[INFO] [stderr] 202 |             (&LogFormat::Custom(ref a), &LogFormat::CustomStr(b))  => (a == b),
[INFO] [stderr]     |                                                                       ^      ^
[INFO] [stderr]     |
[INFO] [stderr] help: remove these parentheses
[INFO] [stderr]     |
[INFO] [stderr] 202 -             (&LogFormat::Custom(ref a), &LogFormat::CustomStr(b))  => (a == b),
[INFO] [stderr] 202 +             (&LogFormat::Custom(ref a), &LogFormat::CustomStr(b))  => a == b,
[INFO] [stderr]     |
[INFO] [stderr] 
[INFO] [stderr] warning: unnecessary parentheses around match arm expression
[INFO] [stderr]    --> /opt/rustwide/workdir/src/config/log_format.rs:203:71
[INFO] [stderr]     |
[INFO] [stderr] 203 |             (&LogFormat::CustomStr(a),  &LogFormat::Custom(ref b)) => (a == b),
[INFO] [stderr]     |                                                                       ^      ^
[INFO] [stderr]     |
[INFO] [stderr] help: remove these parentheses
[INFO] [stderr]     |
[INFO] [stderr] 203 -             (&LogFormat::CustomStr(a),  &LogFormat::Custom(ref b)) => (a == b),
[INFO] [stderr] 203 +             (&LogFormat::CustomStr(a),  &LogFormat::Custom(ref b)) => a == b,
[INFO] [stderr]     |
[INFO] [stderr] 
[INFO] [stderr] warning: unnecessary parentheses around function argument
[INFO] [stderr]    --> /opt/rustwide/workdir/src/flexi_config_cargo.rs:176:41
[INFO] [stderr]     |
[INFO] [stderr] 176 |         Err(Issues::single(String::from(("Error parsing cargo file."))))
[INFO] [stderr]     |                                         ^                           ^
[INFO] [stderr]     |
[INFO] [stderr] help: remove these parentheses
[INFO] [stderr]     |
[INFO] [stderr] 176 -         Err(Issues::single(String::from(("Error parsing cargo file."))))
[INFO] [stderr] 176 +         Err(Issues::single(String::from("Error parsing cargo file.")))
[INFO] [stderr]     |
[INFO] [stderr] 
[INFO] [stderr] warning: 5 warnings emitted
[INFO] [stderr] 
[INFO] [stdout] 
[INFO] [stdout] running 15 tests
[INFO] [stdout] test src/flexi_config_cargo.rs - flexi_config_cargo::FlexiConfig::from_cargo_file (line 40) ... FAILED
[INFO] [stdout] test src/flexi_config_cargo.rs - flexi_config_cargo::FlexiConfig::from_cargo (line 68) ... FAILED
[INFO] [stdout] test src/lib.rs - (line 14) ... FAILED
[INFO] [stdout] test src/lib.rs - (line 30) ... FAILED
[INFO] [stdout] test src/lib.rs - FlexiConfig::apply (line 398) ... ok
[INFO] [stdout] test src/lib.rs - FlexiConfig::new (line 335) ... ok
[INFO] [stdout] test src/lib.rs - FlexiConfig::apply (line 414) ... FAILED
[INFO] [stdout] test src/flexi_config_from_toml.rs - flexi_config_from_toml::FlexiConfig::from_toml_string (line 97) ... ok
[INFO] [stdout] test src/lib.rs - FlexiConfig::new (line 351) ... ok
[INFO] [stdout] test src/config/log_format.rs - config::log_format::LogFormat (line 62) ... ok
[INFO] [stdout] test src/flexi_config_cargo.rs - flexi_config_cargo::FlexiConfig::from_cargo_file (line 29) ... FAILED
[INFO] [stdout] test src/flexi_config_to_toml.rs - flexi_config_to_toml::FlexiConfig::to_toml_string (line 58) ... ok
[INFO] [stdout] test src/flexi_config_to_toml.rs - flexi_config_to_toml::FlexiConfig::to_toml_file (line 77) ... FAILED
[INFO] [stdout] test src/flexi_config_from_toml.rs - flexi_config_from_toml::FlexiConfig::from_toml_file (line 58) ... FAILED
[INFO] [stderr] error: doctest failed, to rerun pass `--doc`
[INFO] [stdout] test src/config/issues.rs - config::issues::Issues (line 20) ... ok
[INFO] [stdout] 
[INFO] [stdout] failures:
[INFO] [stdout] 
[INFO] [stdout] ---- src/flexi_config_cargo.rs - flexi_config_cargo::FlexiConfig::from_cargo_file (line 40) stdout ----
[INFO] [stdout] Test executable failed (exit status: 101).
[INFO] [stdout] 
[INFO] [stdout] stderr:
[INFO] [stdout] thread 'main' panicked at 'called `Result::unwrap()` on an `Err` value: "Could not create file: Read-only file system (os error 30)"', src/flexi_config_cargo.rs:11:33
[INFO] [stdout] stack backtrace:
[INFO] [stdout]    0:     0x556d8f4d4cfa - std::backtrace_rs::backtrace::libunwind::trace::h2f05d0192276a8f6
[INFO] [stdout]                                at /rustc/1b7dd2252b99671ce5d1cb9664c5f8636329436d/library/std/src/../../backtrace/src/backtrace/libunwind.rs:93:5
[INFO] [stdout]    1:     0x556d8f4d4cfa - std::backtrace_rs::backtrace::trace_unsynchronized::hedc23dff7a1af150
[INFO] [stdout]                                at /rustc/1b7dd2252b99671ce5d1cb9664c5f8636329436d/library/std/src/../../backtrace/src/backtrace/mod.rs:66:5
[INFO] [stdout]    2:     0x556d8f4d4cfa - std::sys_common::backtrace::_print_fmt::h17541ef7592f3ce2
[INFO] [stdout]                                at /rustc/1b7dd2252b99671ce5d1cb9664c5f8636329436d/library/std/src/sys_common/backtrace.rs:65:5
[INFO] [stdout]    3:     0x556d8f4d4cfa - <std::sys_common::backtrace::_print::DisplayBacktrace as core::fmt::Display>::fmt::h20f75df5ab0c0792
[INFO] [stdout]                                at /rustc/1b7dd2252b99671ce5d1cb9664c5f8636329436d/library/std/src/sys_common/backtrace.rs:44:22
[INFO] [stdout]    4:     0x556d8f4f3d5f - core::fmt::write::h78109e6f466b3af6
[INFO] [stdout]                                at /rustc/1b7dd2252b99671ce5d1cb9664c5f8636329436d/library/core/src/fmt/mod.rs:1254:17
[INFO] [stdout]    5:     0x556d8f4d2af5 - std::io::Write::write_fmt::hc59e1b02dd273c8a
[INFO] [stdout]                                at /rustc/1b7dd2252b99671ce5d1cb9664c5f8636329436d/library/std/src/io/mod.rs:1698:15
[INFO] [stdout]    6:     0x556d8f4d4ac5 - std::sys_common::backtrace::_print::h8dac57a9f8fbf9a5
[INFO] [stdout]                                at /rustc/1b7dd2252b99671ce5d1cb9664c5f8636329436d/library/std/src/sys_common/backtrace.rs:47:5
[INFO] [stdout]    7:     0x556d8f4d4ac5 - std::sys_common::backtrace::print::hf9ecbf41d1aa712f
[INFO] [stdout]                                at /rustc/1b7dd2252b99671ce5d1cb9664c5f8636329436d/library/std/src/sys_common/backtrace.rs:34:9
[INFO] [stdout]    8:     0x556d8f4d604e - std::panicking::default_hook::{{closure}}::h04c07acfc84ca028
[INFO] [stdout]                                at /rustc/1b7dd2252b99671ce5d1cb9664c5f8636329436d/library/std/src/panicking.rs:269:22
[INFO] [stdout]    9:     0x556d8f4d5df5 - std::panicking::default_hook::h01f6bb23e1eceb2c
[INFO] [stdout]                                at /rustc/1b7dd2252b99671ce5d1cb9664c5f8636329436d/library/std/src/panicking.rs:288:9
[INFO] [stdout]   10:     0x556d8f4d65ae - std::panicking::rust_panic_with_hook::h2bb3722bbaf2f6df
[INFO] [stdout]                                at /rustc/1b7dd2252b99671ce5d1cb9664c5f8636329436d/library/std/src/panicking.rs:691:13
[INFO] [stdout]   11:     0x556d8f4d64a9 - std::panicking::begin_panic_handler::{{closure}}::h91bc7f36a4be011b
[INFO] [stdout]                                at /rustc/1b7dd2252b99671ce5d1cb9664c5f8636329436d/library/std/src/panicking.rs:582:13
[INFO] [stdout]   12:     0x556d8f4d5166 - std::sys_common::backtrace::__rust_end_short_backtrace::h8b3d3717114f9e59
[INFO] [stdout]                                at /rustc/1b7dd2252b99671ce5d1cb9664c5f8636329436d/library/std/src/sys_common/backtrace.rs:150:18
[INFO] [stdout]   13:     0x556d8f4d6202 - rust_begin_unwind
[INFO] [stdout]                                at /rustc/1b7dd2252b99671ce5d1cb9664c5f8636329436d/library/std/src/panicking.rs:578:5
[INFO] [stdout]   14:     0x556d8f469f33 - core::panicking::panic_fmt::hfd368e3fbdabea26
[INFO] [stdout]                                at /rustc/1b7dd2252b99671ce5d1cb9664c5f8636329436d/library/core/src/panicking.rs:67:14
[INFO] [stdout]   15:     0x556d8f46a383 - core::result::unwrap_failed::he54eb4b2f125b26f
[INFO] [stdout]                                at /rustc/1b7dd2252b99671ce5d1cb9664c5f8636329436d/library/core/src/result.rs:1687:5
[INFO] [stdout]   16:     0x556d8f46bbd6 - core::result::Result<T,E>::unwrap::h829e455ba9ac77a1
[INFO] [stdout]   17:     0x556d8f46c097 - rust_out::main::_doctest_main_src_flexi_config_cargo_rs_40_0::hee8808d273e7c40a
[INFO] [stdout]   18:     0x556d8f46bec6 - rust_out::main::h2731449a68dfa004
[INFO] [stdout]   19:     0x556d8f46b753 - core::ops::function::FnOnce::call_once::hd1715aa1b26fc35c
[INFO] [stdout]   20:     0x556d8f46aee6 - std::sys_common::backtrace::__rust_begin_short_backtrace::h8d2b4d09ce515535
[INFO] [stdout]   21:     0x556d8f46b449 - std::rt::lang_start::{{closure}}::hc9a918c63b0dc835
[INFO] [stdout]   22:     0x556d8f4d0a9e - core::ops::function::impls::<impl core::ops::function::FnOnce<A> for &F>::call_once::h2eb19b8ce4148df4
[INFO] [stdout]                                at /rustc/1b7dd2252b99671ce5d1cb9664c5f8636329436d/library/core/src/ops/function.rs:287:13
[INFO] [stdout]   23:     0x556d8f4d0a9e - std::panicking::try::do_call::h2e900feff5d504c5
[INFO] [stdout]                                at /rustc/1b7dd2252b99671ce5d1cb9664c5f8636329436d/library/std/src/panicking.rs:485:40
[INFO] [stdout]   24:     0x556d8f4d0a9e - std::panicking::try::h8854836cb85aa9f2
[INFO] [stdout]                                at /rustc/1b7dd2252b99671ce5d1cb9664c5f8636329436d/library/std/src/panicking.rs:449:19
[INFO] [stdout]   25:     0x556d8f4d0a9e - std::panic::catch_unwind::h706025dd4c48f64b
[INFO] [stdout]                                at /rustc/1b7dd2252b99671ce5d1cb9664c5f8636329436d/library/std/src/panic.rs:140:14
[INFO] [stdout]   26:     0x556d8f4d0a9e - std::rt::lang_start_internal::{{closure}}::h7be5b97f4a07a91a
[INFO] [stdout]                                at /rustc/1b7dd2252b99671ce5d1cb9664c5f8636329436d/library/std/src/rt.rs:148:48
[INFO] [stdout]   27:     0x556d8f4d0a9e - std::panicking::try::do_call::h59847e9d0a176965
[INFO] [stdout]                                at /rustc/1b7dd2252b99671ce5d1cb9664c5f8636329436d/library/std/src/panicking.rs:485:40
[INFO] [stdout]   28:     0x556d8f4d0a9e - std::panicking::try::h399a918ba8522823
[INFO] [stdout]                                at /rustc/1b7dd2252b99671ce5d1cb9664c5f8636329436d/library/std/src/panicking.rs:449:19
[INFO] [stdout]   29:     0x556d8f4d0a9e - std::panic::catch_unwind::hca7ca6c55b2a2e26
[INFO] [stdout]                                at /rustc/1b7dd2252b99671ce5d1cb9664c5f8636329436d/library/std/src/panic.rs:140:14
[INFO] [stdout]   30:     0x556d8f4d0a9e - std::rt::lang_start_internal::h2c807a81560459eb
[INFO] [stdout]                                at /rustc/1b7dd2252b99671ce5d1cb9664c5f8636329436d/library/std/src/rt.rs:148:20
[INFO] [stdout]   31:     0x556d8f46b427 - std::rt::lang_start::hc4bd3329ce767e23
[INFO] [stdout]   32:     0x556d8f46c1c5 - main
[INFO] [stdout]   33:     0x7fa2f3afbd90 - <unknown>
[INFO] [stdout]   34:     0x7fa2f3afbe40 - __libc_start_main
[INFO] [stdout]   35:     0x556d8f46a515 - _start
[INFO] [stdout]   36:                0x0 - <unknown>
[INFO] [stdout] 
[INFO] [stdout] 
[INFO] [stdout] ---- src/flexi_config_cargo.rs - flexi_config_cargo::FlexiConfig::from_cargo (line 68) stdout ----
[INFO] [stdout] Test executable failed (exit status: 101).
[INFO] [stdout] 
[INFO] [stdout] stderr:
[INFO] [stdout] thread 'main' panicked at 'called `Result::unwrap()` on an `Err` value: "Could not create file: Read-only file system (os error 30)"', src/flexi_config_cargo.rs:14:33
[INFO] [stdout] stack backtrace:
[INFO] [stdout]    0:     0x5618e7291e5a - std::backtrace_rs::backtrace::libunwind::trace::h2f05d0192276a8f6
[INFO] [stdout]                                at /rustc/1b7dd2252b99671ce5d1cb9664c5f8636329436d/library/std/src/../../backtrace/src/backtrace/libunwind.rs:93:5
[INFO] [stdout]    1:     0x5618e7291e5a - std::backtrace_rs::backtrace::trace_unsynchronized::hedc23dff7a1af150
[INFO] [stdout]                                at /rustc/1b7dd2252b99671ce5d1cb9664c5f8636329436d/library/std/src/../../backtrace/src/backtrace/mod.rs:66:5
[INFO] [stdout]    2:     0x5618e7291e5a - std::sys_common::backtrace::_print_fmt::h17541ef7592f3ce2
[INFO] [stdout]                                at /rustc/1b7dd2252b99671ce5d1cb9664c5f8636329436d/library/std/src/sys_common/backtrace.rs:65:5
[INFO] [stdout]    3:     0x5618e7291e5a - <std::sys_common::backtrace::_print::DisplayBacktrace as core::fmt::Display>::fmt::h20f75df5ab0c0792
[INFO] [stdout]                                at /rustc/1b7dd2252b99671ce5d1cb9664c5f8636329436d/library/std/src/sys_common/backtrace.rs:44:22
[INFO] [stdout]    4:     0x5618e72b0ebf - core::fmt::write::h78109e6f466b3af6
[INFO] [stdout]                                at /rustc/1b7dd2252b99671ce5d1cb9664c5f8636329436d/library/core/src/fmt/mod.rs:1254:17
[INFO] [stdout]    5:     0x5618e728fc55 - std::io::Write::write_fmt::hc59e1b02dd273c8a
[INFO] [stdout]                                at /rustc/1b7dd2252b99671ce5d1cb9664c5f8636329436d/library/std/src/io/mod.rs:1698:15
[INFO] [stdout]    6:     0x5618e7291c25 - std::sys_common::backtrace::_print::h8dac57a9f8fbf9a5
[INFO] [stdout]                                at /rustc/1b7dd2252b99671ce5d1cb9664c5f8636329436d/library/std/src/sys_common/backtrace.rs:47:5
[INFO] [stdout]    7:     0x5618e7291c25 - std::sys_common::backtrace::print::hf9ecbf41d1aa712f
[INFO] [stdout]                                at /rustc/1b7dd2252b99671ce5d1cb9664c5f8636329436d/library/std/src/sys_common/backtrace.rs:34:9
[INFO] [stdout]    8:     0x5618e72931ae - std::panicking::default_hook::{{closure}}::h04c07acfc84ca028
[INFO] [stdout]                                at /rustc/1b7dd2252b99671ce5d1cb9664c5f8636329436d/library/std/src/panicking.rs:269:22
[INFO] [stdout]    9:     0x5618e7292f55 - std::panicking::default_hook::h01f6bb23e1eceb2c
[INFO] [stdout]                                at /rustc/1b7dd2252b99671ce5d1cb9664c5f8636329436d/library/std/src/panicking.rs:288:9
[INFO] [stdout]   10:     0x5618e729370e - std::panicking::rust_panic_with_hook::h2bb3722bbaf2f6df
[INFO] [stdout]                                at /rustc/1b7dd2252b99671ce5d1cb9664c5f8636329436d/library/std/src/panicking.rs:691:13
[INFO] [stdout]   11:     0x5618e7293609 - std::panicking::begin_panic_handler::{{closure}}::h91bc7f36a4be011b
[INFO] [stdout]                                at /rustc/1b7dd2252b99671ce5d1cb9664c5f8636329436d/library/std/src/panicking.rs:582:13
[INFO] [stdout]   12:     0x5618e72922c6 - std::sys_common::backtrace::__rust_end_short_backtrace::h8b3d3717114f9e59
[INFO] [stdout]                                at /rustc/1b7dd2252b99671ce5d1cb9664c5f8636329436d/library/std/src/sys_common/backtrace.rs:150:18
[INFO] [stdout]   13:     0x5618e7293362 - rust_begin_unwind
[INFO] [stdout]                                at /rustc/1b7dd2252b99671ce5d1cb9664c5f8636329436d/library/std/src/panicking.rs:578:5
[INFO] [stdout]   14:     0x5618e7227f33 - core::panicking::panic_fmt::hfd368e3fbdabea26
[INFO] [stdout]                                at /rustc/1b7dd2252b99671ce5d1cb9664c5f8636329436d/library/core/src/panicking.rs:67:14
[INFO] [stdout]   15:     0x5618e7228383 - core::result::unwrap_failed::he54eb4b2f125b26f
[INFO] [stdout]                                at /rustc/1b7dd2252b99671ce5d1cb9664c5f8636329436d/library/core/src/result.rs:1687:5
[INFO] [stdout]   16:     0x5618e7229656 - core::result::Result<T,E>::unwrap::h829e455ba9ac77a1
[INFO] [stdout]   17:     0x5618e72298e6 - rust_out::main::_doctest_main_src_flexi_config_cargo_rs_68_0::hb7f73e7783a2ff2d
[INFO] [stdout]   18:     0x5618e7229856 - rust_out::main::h2731449a68dfa004
[INFO] [stdout]   19:     0x5618e72291d3 - core::ops::function::FnOnce::call_once::hd1715aa1b26fc35c
[INFO] [stdout]   20:     0x5618e7228a06 - std::sys_common::backtrace::__rust_begin_short_backtrace::h8d2b4d09ce515535
[INFO] [stdout]   21:     0x5618e7228ec9 - std::rt::lang_start::{{closure}}::hc9a918c63b0dc835
[INFO] [stdout]   22:     0x5618e728e13e - core::ops::function::impls::<impl core::ops::function::FnOnce<A> for &F>::call_once::h2eb19b8ce4148df4
[INFO] [stdout]                                at /rustc/1b7dd2252b99671ce5d1cb9664c5f8636329436d/library/core/src/ops/function.rs:287:13
[INFO] [stdout]   23:     0x5618e728e13e - std::panicking::try::do_call::h2e900feff5d504c5
[INFO] [stdout]                                at /rustc/1b7dd2252b99671ce5d1cb9664c5f8636329436d/library/std/src/panicking.rs:485:40
[INFO] [stdout]   24:     0x5618e728e13e - std::panicking::try::h8854836cb85aa9f2
[INFO] [stdout]                                at /rustc/1b7dd2252b99671ce5d1cb9664c5f8636329436d/library/std/src/panicking.rs:449:19
[INFO] [stdout]   25:     0x5618e728e13e - std::panic::catch_unwind::h706025dd4c48f64b
[INFO] [stdout]                                at /rustc/1b7dd2252b99671ce5d1cb9664c5f8636329436d/library/std/src/panic.rs:140:14
[INFO] [stdout]   26:     0x5618e728e13e - std::rt::lang_start_internal::{{closure}}::h7be5b97f4a07a91a
[INFO] [stdout]                                at /rustc/1b7dd2252b99671ce5d1cb9664c5f8636329436d/library/std/src/rt.rs:148:48
[INFO] [stdout]   27:     0x5618e728e13e - std::panicking::try::do_call::h59847e9d0a176965
[INFO] [stdout]                                at /rustc/1b7dd2252b99671ce5d1cb9664c5f8636329436d/library/std/src/panicking.rs:485:40
[INFO] [stdout]   28:     0x5618e728e13e - std::panicking::try::h399a918ba8522823
[INFO] [stdout]                                at /rustc/1b7dd2252b99671ce5d1cb9664c5f8636329436d/library/std/src/panicking.rs:449:19
[INFO] [stdout]   29:     0x5618e728e13e - std::panic::catch_unwind::hca7ca6c55b2a2e26
[INFO] [stdout]                                at /rustc/1b7dd2252b99671ce5d1cb9664c5f8636329436d/library/std/src/panic.rs:140:14
[INFO] [stdout]   30:     0x5618e728e13e - std::rt::lang_start_internal::h2c807a81560459eb
[INFO] [stdout]                                at /rustc/1b7dd2252b99671ce5d1cb9664c5f8636329436d/library/std/src/rt.rs:148:20
[INFO] [stdout]   31:     0x5618e7228ea7 - std::rt::lang_start::hc4bd3329ce767e23
[INFO] [stdout]   32:     0x5618e7229905 - main
[INFO] [stdout]   33:     0x7f0bbc5e4d90 - <unknown>
[INFO] [stdout]   34:     0x7f0bbc5e4e40 - __libc_start_main
[INFO] [stdout]   35:     0x5618e7228515 - _start
[INFO] [stdout]   36:                0x0 - <unknown>
[INFO] [stdout] 
[INFO] [stdout] 
[INFO] [stdout] ---- src/lib.rs - (line 14) stdout ----
[INFO] [stdout] Test executable failed (exit status: 101).
[INFO] [stdout] 
[INFO] [stdout] stderr:
[INFO] [stdout] thread 'main' panicked at 'called `Result::unwrap()` on an `Err` value: "Could not create file: Read-only file system (os error 30)"', src/lib.rs:13:33
[INFO] [stdout] stack backtrace:
[INFO] [stdout]    0:     0x560d0df7acea - std::backtrace_rs::backtrace::libunwind::trace::h2f05d0192276a8f6
[INFO] [stdout]                                at /rustc/1b7dd2252b99671ce5d1cb9664c5f8636329436d/library/std/src/../../backtrace/src/backtrace/libunwind.rs:93:5
[INFO] [stdout]    1:     0x560d0df7acea - std::backtrace_rs::backtrace::trace_unsynchronized::hedc23dff7a1af150
[INFO] [stdout]                                at /rustc/1b7dd2252b99671ce5d1cb9664c5f8636329436d/library/std/src/../../backtrace/src/backtrace/mod.rs:66:5
[INFO] [stdout]    2:     0x560d0df7acea - std::sys_common::backtrace::_print_fmt::h17541ef7592f3ce2
[INFO] [stdout]                                at /rustc/1b7dd2252b99671ce5d1cb9664c5f8636329436d/library/std/src/sys_common/backtrace.rs:65:5
[INFO] [stdout]    3:     0x560d0df7acea - <std::sys_common::backtrace::_print::DisplayBacktrace as core::fmt::Display>::fmt::h20f75df5ab0c0792
[INFO] [stdout]                                at /rustc/1b7dd2252b99671ce5d1cb9664c5f8636329436d/library/std/src/sys_common/backtrace.rs:44:22
[INFO] [stdout]    4:     0x560d0df99d4f - core::fmt::write::h78109e6f466b3af6
[INFO] [stdout]                                at /rustc/1b7dd2252b99671ce5d1cb9664c5f8636329436d/library/core/src/fmt/mod.rs:1254:17
[INFO] [stdout]    5:     0x560d0df78ae5 - std::io::Write::write_fmt::hc59e1b02dd273c8a
[INFO] [stdout]                                at /rustc/1b7dd2252b99671ce5d1cb9664c5f8636329436d/library/std/src/io/mod.rs:1698:15
[INFO] [stdout]    6:     0x560d0df7aab5 - std::sys_common::backtrace::_print::h8dac57a9f8fbf9a5
[INFO] [stdout]                                at /rustc/1b7dd2252b99671ce5d1cb9664c5f8636329436d/library/std/src/sys_common/backtrace.rs:47:5
[INFO] [stdout]    7:     0x560d0df7aab5 - std::sys_common::backtrace::print::hf9ecbf41d1aa712f
[INFO] [stdout]                                at /rustc/1b7dd2252b99671ce5d1cb9664c5f8636329436d/library/std/src/sys_common/backtrace.rs:34:9
[INFO] [stdout]    8:     0x560d0df7c03e - std::panicking::default_hook::{{closure}}::h04c07acfc84ca028
[INFO] [stdout]                                at /rustc/1b7dd2252b99671ce5d1cb9664c5f8636329436d/library/std/src/panicking.rs:269:22
[INFO] [stdout]    9:     0x560d0df7bde5 - std::panicking::default_hook::h01f6bb23e1eceb2c
[INFO] [stdout]                                at /rustc/1b7dd2252b99671ce5d1cb9664c5f8636329436d/library/std/src/panicking.rs:288:9
[INFO] [stdout]   10:     0x560d0df7c59e - std::panicking::rust_panic_with_hook::h2bb3722bbaf2f6df
[INFO] [stdout]                                at /rustc/1b7dd2252b99671ce5d1cb9664c5f8636329436d/library/std/src/panicking.rs:691:13
[INFO] [stdout]   11:     0x560d0df7c499 - std::panicking::begin_panic_handler::{{closure}}::h91bc7f36a4be011b
[INFO] [stdout]                                at /rustc/1b7dd2252b99671ce5d1cb9664c5f8636329436d/library/std/src/panicking.rs:582:13
[INFO] [stdout]   12:     0x560d0df7b156 - std::sys_common::backtrace::__rust_end_short_backtrace::h8b3d3717114f9e59
[INFO] [stdout]                                at /rustc/1b7dd2252b99671ce5d1cb9664c5f8636329436d/library/std/src/sys_common/backtrace.rs:150:18
[INFO] [stdout]   13:     0x560d0df7c1f2 - rust_begin_unwind
[INFO] [stdout]                                at /rustc/1b7dd2252b99671ce5d1cb9664c5f8636329436d/library/std/src/panicking.rs:578:5
[INFO] [stdout]   14:     0x560d0df0ff33 - core::panicking::panic_fmt::hfd368e3fbdabea26
[INFO] [stdout]                                at /rustc/1b7dd2252b99671ce5d1cb9664c5f8636329436d/library/core/src/panicking.rs:67:14
[INFO] [stdout]   15:     0x560d0df10383 - core::result::unwrap_failed::he54eb4b2f125b26f
[INFO] [stdout]                                at /rustc/1b7dd2252b99671ce5d1cb9664c5f8636329436d/library/core/src/result.rs:1687:5
[INFO] [stdout]   16:     0x560d0df11bd6 - core::result::Result<T,E>::unwrap::h829e455ba9ac77a1
[INFO] [stdout]   17:     0x560d0df1207f - rust_out::main::_doctest_main_src_lib_rs_14_0::h1de8e4d31ac9440b
[INFO] [stdout]   18:     0x560d0df11ec6 - rust_out::main::h2731449a68dfa004
[INFO] [stdout]   19:     0x560d0df11753 - core::ops::function::FnOnce::call_once::hd1715aa1b26fc35c
[INFO] [stdout]   20:     0x560d0df10ee6 - std::sys_common::backtrace::__rust_begin_short_backtrace::h8d2b4d09ce515535
[INFO] [stdout]   21:     0x560d0df11449 - std::rt::lang_start::{{closure}}::hc9a918c63b0dc835
[INFO] [stdout]   22:     0x560d0df76a8e - core::ops::function::impls::<impl core::ops::function::FnOnce<A> for &F>::call_once::h2eb19b8ce4148df4
[INFO] [stdout]                                at /rustc/1b7dd2252b99671ce5d1cb9664c5f8636329436d/library/core/src/ops/function.rs:287:13
[INFO] [stdout]   23:     0x560d0df76a8e - std::panicking::try::do_call::h2e900feff5d504c5
[INFO] [stdout]                                at /rustc/1b7dd2252b99671ce5d1cb9664c5f8636329436d/library/std/src/panicking.rs:485:40
[INFO] [stdout]   24:     0x560d0df76a8e - std::panicking::try::h8854836cb85aa9f2
[INFO] [stdout]                                at /rustc/1b7dd2252b99671ce5d1cb9664c5f8636329436d/library/std/src/panicking.rs:449:19
[INFO] [stdout]   25:     0x560d0df76a8e - std::panic::catch_unwind::h706025dd4c48f64b
[INFO] [stdout]                                at /rustc/1b7dd2252b99671ce5d1cb9664c5f8636329436d/library/std/src/panic.rs:140:14
[INFO] [stdout]   26:     0x560d0df76a8e - std::rt::lang_start_internal::{{closure}}::h7be5b97f4a07a91a
[INFO] [stdout]                                at /rustc/1b7dd2252b99671ce5d1cb9664c5f8636329436d/library/std/src/rt.rs:148:48
[INFO] [stdout]   27:     0x560d0df76a8e - std::panicking::try::do_call::h59847e9d0a176965
[INFO] [stdout]                                at /rustc/1b7dd2252b99671ce5d1cb9664c5f8636329436d/library/std/src/panicking.rs:485:40
[INFO] [stdout]   28:     0x560d0df76a8e - std::panicking::try::h399a918ba8522823
[INFO] [stdout]                                at /rustc/1b7dd2252b99671ce5d1cb9664c5f8636329436d/library/std/src/panicking.rs:449:19
[INFO] [stdout]   29:     0x560d0df76a8e - std::panic::catch_unwind::hca7ca6c55b2a2e26
[INFO] [stdout]                                at /rustc/1b7dd2252b99671ce5d1cb9664c5f8636329436d/library/std/src/panic.rs:140:14
[INFO] [stdout]   30:     0x560d0df76a8e - std::rt::lang_start_internal::h2c807a81560459eb
[INFO] [stdout]                                at /rustc/1b7dd2252b99671ce5d1cb9664c5f8636329436d/library/std/src/rt.rs:148:20
[INFO] [stdout]   31:     0x560d0df11427 - std::rt::lang_start::hc4bd3329ce767e23
[INFO] [stdout]   32:     0x560d0df121b5 - main
[INFO] [stdout]   33:     0x7f33d09eed90 - <unknown>
[INFO] [stdout]   34:     0x7f33d09eee40 - __libc_start_main
[INFO] [stdout]   35:     0x560d0df10515 - _start
[INFO] [stdout]   36:                0x0 - <unknown>
[INFO] [stdout] 
[INFO] [stdout] 
[INFO] [stdout] ---- src/lib.rs - (line 30) stdout ----
[INFO] [stdout] Test executable failed (exit status: 101).
[INFO] [stdout] 
[INFO] [stdout] stderr:
[INFO] [stdout] thread 'main' panicked at 'called `Result::unwrap()` on an `Err` value: Issues { errors: ["Could not open cargo file: No such file or directory (os error 2)"], warnings: [] }', src/lib.rs:7:58
[INFO] [stdout] stack backtrace:
[INFO] [stdout]    0:     0x561b4a3d9baa - std::backtrace_rs::backtrace::libunwind::trace::h2f05d0192276a8f6
[INFO] [stdout]                                at /rustc/1b7dd2252b99671ce5d1cb9664c5f8636329436d/library/std/src/../../backtrace/src/backtrace/libunwind.rs:93:5
[INFO] [stdout]    1:     0x561b4a3d9baa - std::backtrace_rs::backtrace::trace_unsynchronized::hedc23dff7a1af150
[INFO] [stdout]                                at /rustc/1b7dd2252b99671ce5d1cb9664c5f8636329436d/library/std/src/../../backtrace/src/backtrace/mod.rs:66:5
[INFO] [stdout]    2:     0x561b4a3d9baa - std::sys_common::backtrace::_print_fmt::h17541ef7592f3ce2
[INFO] [stdout]                                at /rustc/1b7dd2252b99671ce5d1cb9664c5f8636329436d/library/std/src/sys_common/backtrace.rs:65:5
[INFO] [stdout]    3:     0x561b4a3d9baa - <std::sys_common::backtrace::_print::DisplayBacktrace as core::fmt::Display>::fmt::h20f75df5ab0c0792
[INFO] [stdout]                                at /rustc/1b7dd2252b99671ce5d1cb9664c5f8636329436d/library/std/src/sys_common/backtrace.rs:44:22
[INFO] [stdout]    4:     0x561b4a3f663f - core::fmt::write::h78109e6f466b3af6
[INFO] [stdout]                                at /rustc/1b7dd2252b99671ce5d1cb9664c5f8636329436d/library/core/src/fmt/mod.rs:1254:17
[INFO] [stdout]    5:     0x561b4a3d7355 - std::io::Write::write_fmt::hc59e1b02dd273c8a
[INFO] [stdout]                                at /rustc/1b7dd2252b99671ce5d1cb9664c5f8636329436d/library/std/src/io/mod.rs:1698:15
[INFO] [stdout]    6:     0x561b4a3d9975 - std::sys_common::backtrace::_print::h8dac57a9f8fbf9a5
[INFO] [stdout]                                at /rustc/1b7dd2252b99671ce5d1cb9664c5f8636329436d/library/std/src/sys_common/backtrace.rs:47:5
[INFO] [stdout]    7:     0x561b4a3d9975 - std::sys_common::backtrace::print::hf9ecbf41d1aa712f
[INFO] [stdout]                                at /rustc/1b7dd2252b99671ce5d1cb9664c5f8636329436d/library/std/src/sys_common/backtrace.rs:34:9
[INFO] [stdout]    8:     0x561b4a3daefe - std::panicking::default_hook::{{closure}}::h04c07acfc84ca028
[INFO] [stdout]                                at /rustc/1b7dd2252b99671ce5d1cb9664c5f8636329436d/library/std/src/panicking.rs:269:22
[INFO] [stdout]    9:     0x561b4a3daca5 - std::panicking::default_hook::h01f6bb23e1eceb2c
[INFO] [stdout]                                at /rustc/1b7dd2252b99671ce5d1cb9664c5f8636329436d/library/std/src/panicking.rs:288:9
[INFO] [stdout]   10:     0x561b4a3db45e - std::panicking::rust_panic_with_hook::h2bb3722bbaf2f6df
[INFO] [stdout]                                at /rustc/1b7dd2252b99671ce5d1cb9664c5f8636329436d/library/std/src/panicking.rs:691:13
[INFO] [stdout]   11:     0x561b4a3db359 - std::panicking::begin_panic_handler::{{closure}}::h91bc7f36a4be011b
[INFO] [stdout]                                at /rustc/1b7dd2252b99671ce5d1cb9664c5f8636329436d/library/std/src/panicking.rs:582:13
[INFO] [stdout]   12:     0x561b4a3da016 - std::sys_common::backtrace::__rust_end_short_backtrace::h8b3d3717114f9e59
[INFO] [stdout]                                at /rustc/1b7dd2252b99671ce5d1cb9664c5f8636329436d/library/std/src/sys_common/backtrace.rs:150:18
[INFO] [stdout]   13:     0x561b4a3db0b2 - rust_begin_unwind
[INFO] [stdout]                                at /rustc/1b7dd2252b99671ce5d1cb9664c5f8636329436d/library/std/src/panicking.rs:578:5
[INFO] [stdout]   14:     0x561b4a26e743 - core::panicking::panic_fmt::hfd368e3fbdabea26
[INFO] [stdout]                                at /rustc/1b7dd2252b99671ce5d1cb9664c5f8636329436d/library/core/src/panicking.rs:67:14
[INFO] [stdout]   15:     0x561b4a26ec83 - core::result::unwrap_failed::he54eb4b2f125b26f
[INFO] [stdout]                                at /rustc/1b7dd2252b99671ce5d1cb9664c5f8636329436d/library/core/src/result.rs:1687:5
[INFO] [stdout]   16:     0x561b4a26f72f - core::result::Result<T,E>::unwrap::h1d89d3ce3ee38862
[INFO] [stdout]   17:     0x561b4a26f8c9 - rust_out::main::_doctest_main_src_lib_rs_30_0::h9ecb3348f43a3556
[INFO] [stdout]   18:     0x561b4a26f886 - rust_out::main::h2731449a68dfa004
[INFO] [stdout]   19:     0x561b4a26f653 - core::ops::function::FnOnce::call_once::hd1715aa1b26fc35c
[INFO] [stdout]   20:     0x561b4a26f2e6 - std::sys_common::backtrace::__rust_begin_short_backtrace::h8d2b4d09ce515535
[INFO] [stdout]   21:     0x561b4a26f3d9 - std::rt::lang_start::{{closure}}::hc9a918c63b0dc835
[INFO] [stdout]   22:     0x561b4a3d39de - core::ops::function::impls::<impl core::ops::function::FnOnce<A> for &F>::call_once::h2eb19b8ce4148df4
[INFO] [stdout]                                at /rustc/1b7dd2252b99671ce5d1cb9664c5f8636329436d/library/core/src/ops/function.rs:287:13
[INFO] [stdout]   23:     0x561b4a3d39de - std::panicking::try::do_call::h2e900feff5d504c5
[INFO] [stdout]                                at /rustc/1b7dd2252b99671ce5d1cb9664c5f8636329436d/library/std/src/panicking.rs:485:40
[INFO] [stdout]   24:     0x561b4a3d39de - std::panicking::try::h8854836cb85aa9f2
[INFO] [stdout]                                at /rustc/1b7dd2252b99671ce5d1cb9664c5f8636329436d/library/std/src/panicking.rs:449:19
[INFO] [stdout]   25:     0x561b4a3d39de - std::panic::catch_unwind::h706025dd4c48f64b
[INFO] [stdout]                                at /rustc/1b7dd2252b99671ce5d1cb9664c5f8636329436d/library/std/src/panic.rs:140:14
[INFO] [stdout]   26:     0x561b4a3d39de - std::rt::lang_start_internal::{{closure}}::h7be5b97f4a07a91a
[INFO] [stdout]                                at /rustc/1b7dd2252b99671ce5d1cb9664c5f8636329436d/library/std/src/rt.rs:148:48
[INFO] [stdout]   27:     0x561b4a3d39de - std::panicking::try::do_call::h59847e9d0a176965
[INFO] [stdout]                                at /rustc/1b7dd2252b99671ce5d1cb9664c5f8636329436d/library/std/src/panicking.rs:485:40
[INFO] [stdout]   28:     0x561b4a3d39de - std::panicking::try::h399a918ba8522823
[INFO] [stdout]                                at /rustc/1b7dd2252b99671ce5d1cb9664c5f8636329436d/library/std/src/panicking.rs:449:19
[INFO] [stdout]   29:     0x561b4a3d39de - std::panic::catch_unwind::hca7ca6c55b2a2e26
[INFO] [stdout]                                at /rustc/1b7dd2252b99671ce5d1cb9664c5f8636329436d/library/std/src/panic.rs:140:14
[INFO] [stdout]   30:     0x561b4a3d39de - std::rt::lang_start_internal::h2c807a81560459eb
[INFO] [stdout]                                at /rustc/1b7dd2252b99671ce5d1cb9664c5f8636329436d/library/std/src/rt.rs:148:20
[INFO] [stdout]   31:     0x561b4a26f3b7 - std::rt::lang_start::hc4bd3329ce767e23
[INFO] [stdout]   32:     0x561b4a26f955 - main
[INFO] [stdout]   33:     0x7f0d4c3f5d90 - <unknown>
[INFO] [stdout]   34:     0x7f0d4c3f5e40 - __libc_start_main
[INFO] [stdout]   35:     0x561b4a26ee65 - _start
[INFO] [stdout]   36:                0x0 - <unknown>
[INFO] [stdout] 
[INFO] [stdout] 
[INFO] [stdout] ---- src/lib.rs - FlexiConfig::apply (line 414) stdout ----
[INFO] [stdout] Test executable failed (exit status: 101).
[INFO] [stdout] 
[INFO] [stdout] stderr:
[INFO] [stdout] thread 'main' panicked at 'called `Result::unwrap()` on an `Err` value: Issues { errors: ["Could not open cargo file: No such file or directory (os error 2)"], warnings: [] }', src/lib.rs:6:54
[INFO] [stdout] stack backtrace:
[INFO] [stdout]    0:     0x55d623776c1a - std::backtrace_rs::backtrace::libunwind::trace::h2f05d0192276a8f6
[INFO] [stdout]                                at /rustc/1b7dd2252b99671ce5d1cb9664c5f8636329436d/library/std/src/../../backtrace/src/backtrace/libunwind.rs:93:5
[INFO] [stdout]    1:     0x55d623776c1a - std::backtrace_rs::backtrace::trace_unsynchronized::hedc23dff7a1af150
[INFO] [stdout]                                at /rustc/1b7dd2252b99671ce5d1cb9664c5f8636329436d/library/std/src/../../backtrace/src/backtrace/mod.rs:66:5
[INFO] [stdout]    2:     0x55d623776c1a - std::sys_common::backtrace::_print_fmt::h17541ef7592f3ce2
[INFO] [stdout]                                at /rustc/1b7dd2252b99671ce5d1cb9664c5f8636329436d/library/std/src/sys_common/backtrace.rs:65:5
[INFO] [stdout]    3:     0x55d623776c1a - <std::sys_common::backtrace::_print::DisplayBacktrace as core::fmt::Display>::fmt::h20f75df5ab0c0792
[INFO] [stdout]                                at /rustc/1b7dd2252b99671ce5d1cb9664c5f8636329436d/library/std/src/sys_common/backtrace.rs:44:22
[INFO] [stdout]    4:     0x55d6237936af - core::fmt::write::h78109e6f466b3af6
[INFO] [stdout]                                at /rustc/1b7dd2252b99671ce5d1cb9664c5f8636329436d/library/core/src/fmt/mod.rs:1254:17
[INFO] [stdout]    5:     0x55d6237743c5 - std::io::Write::write_fmt::hc59e1b02dd273c8a
[INFO] [stdout]                                at /rustc/1b7dd2252b99671ce5d1cb9664c5f8636329436d/library/std/src/io/mod.rs:1698:15
[INFO] [stdout]    6:     0x55d6237769e5 - std::sys_common::backtrace::_print::h8dac57a9f8fbf9a5
[INFO] [stdout]                                at /rustc/1b7dd2252b99671ce5d1cb9664c5f8636329436d/library/std/src/sys_common/backtrace.rs:47:5
[INFO] [stdout]    7:     0x55d6237769e5 - std::sys_common::backtrace::print::hf9ecbf41d1aa712f
[INFO] [stdout]                                at /rustc/1b7dd2252b99671ce5d1cb9664c5f8636329436d/library/std/src/sys_common/backtrace.rs:34:9
[INFO] [stdout]    8:     0x55d623777f6e - std::panicking::default_hook::{{closure}}::h04c07acfc84ca028
[INFO] [stdout]                                at /rustc/1b7dd2252b99671ce5d1cb9664c5f8636329436d/library/std/src/panicking.rs:269:22
[INFO] [stdout]    9:     0x55d623777d15 - std::panicking::default_hook::h01f6bb23e1eceb2c
[INFO] [stdout]                                at /rustc/1b7dd2252b99671ce5d1cb9664c5f8636329436d/library/std/src/panicking.rs:288:9
[INFO] [stdout]   10:     0x55d6237784ce - std::panicking::rust_panic_with_hook::h2bb3722bbaf2f6df
[INFO] [stdout]                                at /rustc/1b7dd2252b99671ce5d1cb9664c5f8636329436d/library/std/src/panicking.rs:691:13
[INFO] [stdout]   11:     0x55d6237783c9 - std::panicking::begin_panic_handler::{{closure}}::h91bc7f36a4be011b
[INFO] [stdout]                                at /rustc/1b7dd2252b99671ce5d1cb9664c5f8636329436d/library/std/src/panicking.rs:582:13
[INFO] [stdout]   12:     0x55d623777086 - std::sys_common::backtrace::__rust_end_short_backtrace::h8b3d3717114f9e59
[INFO] [stdout]                                at /rustc/1b7dd2252b99671ce5d1cb9664c5f8636329436d/library/std/src/sys_common/backtrace.rs:150:18
[INFO] [stdout]   13:     0x55d623778122 - rust_begin_unwind
[INFO] [stdout]                                at /rustc/1b7dd2252b99671ce5d1cb9664c5f8636329436d/library/std/src/panicking.rs:578:5
[INFO] [stdout]   14:     0x55d62360b743 - core::panicking::panic_fmt::hfd368e3fbdabea26
[INFO] [stdout]                                at /rustc/1b7dd2252b99671ce5d1cb9664c5f8636329436d/library/core/src/panicking.rs:67:14
[INFO] [stdout]   15:     0x55d62360bc83 - core::result::unwrap_failed::he54eb4b2f125b26f
[INFO] [stdout]                                at /rustc/1b7dd2252b99671ce5d1cb9664c5f8636329436d/library/core/src/result.rs:1687:5
[INFO] [stdout]   16:     0x55d62360c6ff - core::result::Result<T,E>::unwrap::h1d89d3ce3ee38862
[INFO] [stdout]   17:     0x55d62360c999 - rust_out::main::_doctest_main_src_lib_rs_414_0::h3a0ae5c5e66ee744
[INFO] [stdout]   18:     0x55d62360c956 - rust_out::main::h2731449a68dfa004
[INFO] [stdout]   19:     0x55d62360c653 - core::ops::function::FnOnce::call_once::hd1715aa1b26fc35c
[INFO] [stdout]   20:     0x55d62360c2e6 - std::sys_common::backtrace::__rust_begin_short_backtrace::h8d2b4d09ce515535
[INFO] [stdout]   21:     0x55d62360c3d9 - std::rt::lang_start::{{closure}}::hc9a918c63b0dc835
[INFO] [stdout]   22:     0x55d623770a4e - core::ops::function::impls::<impl core::ops::function::FnOnce<A> for &F>::call_once::h2eb19b8ce4148df4
[INFO] [stdout]                                at /rustc/1b7dd2252b99671ce5d1cb9664c5f8636329436d/library/core/src/ops/function.rs:287:13
[INFO] [stdout]   23:     0x55d623770a4e - std::panicking::try::do_call::h2e900feff5d504c5
[INFO] [stdout]                                at /rustc/1b7dd2252b99671ce5d1cb9664c5f8636329436d/library/std/src/panicking.rs:485:40
[INFO] [stdout]   24:     0x55d623770a4e - std::panicking::try::h8854836cb85aa9f2
[INFO] [stdout]                                at /rustc/1b7dd2252b99671ce5d1cb9664c5f8636329436d/library/std/src/panicking.rs:449:19
[INFO] [stdout]   25:     0x55d623770a4e - std::panic::catch_unwind::h706025dd4c48f64b
[INFO] [stdout]                                at /rustc/1b7dd2252b99671ce5d1cb9664c5f8636329436d/library/std/src/panic.rs:140:14
[INFO] [stdout]   26:     0x55d623770a4e - std::rt::lang_start_internal::{{closure}}::h7be5b97f4a07a91a
[INFO] [stdout]                                at /rustc/1b7dd2252b99671ce5d1cb9664c5f8636329436d/library/std/src/rt.rs:148:48
[INFO] [stdout]   27:     0x55d623770a4e - std::panicking::try::do_call::h59847e9d0a176965
[INFO] [stdout]                                at /rustc/1b7dd2252b99671ce5d1cb9664c5f8636329436d/library/std/src/panicking.rs:485:40
[INFO] [stdout]   28:     0x55d623770a4e - std::panicking::try::h399a918ba8522823
[INFO] [stdout]                                at /rustc/1b7dd2252b99671ce5d1cb9664c5f8636329436d/library/std/src/panicking.rs:449:19
[INFO] [stdout]   29:     0x55d623770a4e - std::panic::catch_unwind::hca7ca6c55b2a2e26
[INFO] [stdout]                                at /rustc/1b7dd2252b99671ce5d1cb9664c5f8636329436d/library/std/src/panic.rs:140:14
[INFO] [stdout]   30:     0x55d623770a4e - std::rt::lang_start_internal::h2c807a81560459eb
[INFO] [stdout]                                at /rustc/1b7dd2252b99671ce5d1cb9664c5f8636329436d/library/std/src/rt.rs:148:20
[INFO] [stdout]   31:     0x55d62360c3b7 - std::rt::lang_start::hc4bd3329ce767e23
[INFO] [stdout]   32:     0x55d62360ca05 - main
[INFO] [stdout]   33:     0x7fd0205ccd90 - <unknown>
[INFO] [stdout]   34:     0x7fd0205cce40 - __libc_start_main
[INFO] [stdout]   35:     0x55d62360be65 - _start
[INFO] [stdout]   36:                0x0 - <unknown>
[INFO] [stdout] 
[INFO] [stdout] 
[INFO] [stdout] ---- src/flexi_config_cargo.rs - flexi_config_cargo::FlexiConfig::from_cargo_file (line 29) stdout ----
[INFO] [stdout] Test executable failed (exit status: 101).
[INFO] [stdout] 
[INFO] [stdout] stderr:
[INFO] [stdout] thread 'main' panicked at 'called `Result::unwrap()` on an `Err` value: "Could not create file: Read-only file system (os error 30)"', src/flexi_config_cargo.rs:8:33
[INFO] [stdout] stack backtrace:
[INFO] [stdout]    0:     0x5603dc1bba6a - std::backtrace_rs::backtrace::libunwind::trace::h2f05d0192276a8f6
[INFO] [stdout]                                at /rustc/1b7dd2252b99671ce5d1cb9664c5f8636329436d/library/std/src/../../backtrace/src/backtrace/libunwind.rs:93:5
[INFO] [stdout]    1:     0x5603dc1bba6a - std::backtrace_rs::backtrace::trace_unsynchronized::hedc23dff7a1af150
[INFO] [stdout]                                at /rustc/1b7dd2252b99671ce5d1cb9664c5f8636329436d/library/std/src/../../backtrace/src/backtrace/mod.rs:66:5
[INFO] [stdout]    2:     0x5603dc1bba6a - std::sys_common::backtrace::_print_fmt::h17541ef7592f3ce2
[INFO] [stdout]                                at /rustc/1b7dd2252b99671ce5d1cb9664c5f8636329436d/library/std/src/sys_common/backtrace.rs:65:5
[INFO] [stdout]    3:     0x5603dc1bba6a - <std::sys_common::backtrace::_print::DisplayBacktrace as core::fmt::Display>::fmt::h20f75df5ab0c0792
[INFO] [stdout]                                at /rustc/1b7dd2252b99671ce5d1cb9664c5f8636329436d/library/std/src/sys_common/backtrace.rs:44:22
[INFO] [stdout]    4:     0x5603dc1daacf - core::fmt::write::h78109e6f466b3af6
[INFO] [stdout]                                at /rustc/1b7dd2252b99671ce5d1cb9664c5f8636329436d/library/core/src/fmt/mod.rs:1254:17
[INFO] [stdout]    5:     0x5603dc1b9865 - std::io::Write::write_fmt::hc59e1b02dd273c8a
[INFO] [stdout]                                at /rustc/1b7dd2252b99671ce5d1cb9664c5f8636329436d/library/std/src/io/mod.rs:1698:15
[INFO] [stdout]    6:     0x5603dc1bb835 - std::sys_common::backtrace::_print::h8dac57a9f8fbf9a5
[INFO] [stdout]                                at /rustc/1b7dd2252b99671ce5d1cb9664c5f8636329436d/library/std/src/sys_common/backtrace.rs:47:5
[INFO] [stdout]    7:     0x5603dc1bb835 - std::sys_common::backtrace::print::hf9ecbf41d1aa712f
[INFO] [stdout]                                at /rustc/1b7dd2252b99671ce5d1cb9664c5f8636329436d/library/std/src/sys_common/backtrace.rs:34:9
[INFO] [stdout]    8:     0x5603dc1bcdbe - std::panicking::default_hook::{{closure}}::h04c07acfc84ca028
[INFO] [stdout]                                at /rustc/1b7dd2252b99671ce5d1cb9664c5f8636329436d/library/std/src/panicking.rs:269:22
[INFO] [stdout]    9:     0x5603dc1bcb65 - std::panicking::default_hook::h01f6bb23e1eceb2c
[INFO] [stdout]                                at /rustc/1b7dd2252b99671ce5d1cb9664c5f8636329436d/library/std/src/panicking.rs:288:9
[INFO] [stdout]   10:     0x5603dc1bd31e - std::panicking::rust_panic_with_hook::h2bb3722bbaf2f6df
[INFO] [stdout]                                at /rustc/1b7dd2252b99671ce5d1cb9664c5f8636329436d/library/std/src/panicking.rs:691:13
[INFO] [stdout]   11:     0x5603dc1bd219 - std::panicking::begin_panic_handler::{{closure}}::h91bc7f36a4be011b
[INFO] [stdout]                                at /rustc/1b7dd2252b99671ce5d1cb9664c5f8636329436d/library/std/src/panicking.rs:582:13
[INFO] [stdout]   12:     0x5603dc1bbed6 - std::sys_common::backtrace::__rust_end_short_backtrace::h8b3d3717114f9e59
[INFO] [stdout]                                at /rustc/1b7dd2252b99671ce5d1cb9664c5f8636329436d/library/std/src/sys_common/backtrace.rs:150:18
[INFO] [stdout]   13:     0x5603dc1bcf72 - rust_begin_unwind
[INFO] [stdout]                                at /rustc/1b7dd2252b99671ce5d1cb9664c5f8636329436d/library/std/src/panicking.rs:578:5
[INFO] [stdout]   14:     0x5603dc150f33 - core::panicking::panic_fmt::hfd368e3fbdabea26
[INFO] [stdout]                                at /rustc/1b7dd2252b99671ce5d1cb9664c5f8636329436d/library/core/src/panicking.rs:67:14
[INFO] [stdout]   15:     0x5603dc151383 - core::result::unwrap_failed::he54eb4b2f125b26f
[INFO] [stdout]                                at /rustc/1b7dd2252b99671ce5d1cb9664c5f8636329436d/library/core/src/result.rs:1687:5
[INFO] [stdout]   16:     0x5603dc152bd6 - core::result::Result<T,E>::unwrap::h829e455ba9ac77a1
[INFO] [stdout]   17:     0x5603dc152f15 - rust_out::main::_doctest_main_src_flexi_config_cargo_rs_29_0::he54b8d88ee2f09f9
[INFO] [stdout]   18:     0x5603dc152e86 - rust_out::main::h2731449a68dfa004
[INFO] [stdout]   19:     0x5603dc152753 - core::ops::function::FnOnce::call_once::hd1715aa1b26fc35c
[INFO] [stdout]   20:     0x5603dc151ee6 - std::sys_common::backtrace::__rust_begin_short_backtrace::h8d2b4d09ce515535
[INFO] [stdout]   21:     0x5603dc152449 - std::rt::lang_start::{{closure}}::hc9a918c63b0dc835
[INFO] [stdout]   22:     0x5603dc1b780e - core::ops::function::impls::<impl core::ops::function::FnOnce<A> for &F>::call_once::h2eb19b8ce4148df4
[INFO] [stdout]                                at /rustc/1b7dd2252b99671ce5d1cb9664c5f8636329436d/library/core/src/ops/function.rs:287:13
[INFO] [stdout]   23:     0x5603dc1b780e - std::panicking::try::do_call::h2e900feff5d504c5
[INFO] [stdout]                                at /rustc/1b7dd2252b99671ce5d1cb9664c5f8636329436d/library/std/src/panicking.rs:485:40
[INFO] [stdout]   24:     0x5603dc1b780e - std::panicking::try::h8854836cb85aa9f2
[INFO] [stdout]                                at /rustc/1b7dd2252b99671ce5d1cb9664c5f8636329436d/library/std/src/panicking.rs:449:19
[INFO] [stdout]   25:     0x5603dc1b780e - std::panic::catch_unwind::h706025dd4c48f64b
[INFO] [stdout]                                at /rustc/1b7dd2252b99671ce5d1cb9664c5f8636329436d/library/std/src/panic.rs:140:14
[INFO] [stdout]   26:     0x5603dc1b780e - std::rt::lang_start_internal::{{closure}}::h7be5b97f4a07a91a
[INFO] [stdout]                                at /rustc/1b7dd2252b99671ce5d1cb9664c5f8636329436d/library/std/src/rt.rs:148:48
[INFO] [stdout]   27:     0x5603dc1b780e - std::panicking::try::do_call::h59847e9d0a176965
[INFO] [stdout]                                at /rustc/1b7dd2252b99671ce5d1cb9664c5f8636329436d/library/std/src/panicking.rs:485:40
[INFO] [stdout]   28:     0x5603dc1b780e - std::panicking::try::h399a918ba8522823
[INFO] [stdout]                                at /rustc/1b7dd2252b99671ce5d1cb9664c5f8636329436d/library/std/src/panicking.rs:449:19
[INFO] [stdout]   29:     0x5603dc1b780e - std::panic::catch_unwind::hca7ca6c55b2a2e26
[INFO] [stdout]                                at /rustc/1b7dd2252b99671ce5d1cb9664c5f8636329436d/library/std/src/panic.rs:140:14
[INFO] [stdout]   30:     0x5603dc1b780e - std::rt::lang_start_internal::h2c807a81560459eb
[INFO] [stdout]                                at /rustc/1b7dd2252b99671ce5d1cb9664c5f8636329436d/library/std/src/rt.rs:148:20
[INFO] [stdout]   31:     0x5603dc152427 - std::rt::lang_start::hc4bd3329ce767e23
[INFO] [stdout]   32:     0x5603dc152f35 - main
[INFO] [stdout]   33:     0x7f97979c7d90 - <unknown>
[INFO] [stdout]   34:     0x7f97979c7e40 - __libc_start_main
[INFO] [stdout]   35:     0x5603dc151515 - _start
[INFO] [stdout]   36:                0x0 - <unknown>
[INFO] [stdout] 
[INFO] [stdout] 
[INFO] [stdout] ---- src/flexi_config_to_toml.rs - flexi_config_to_toml::FlexiConfig::to_toml_file (line 77) stdout ----
[INFO] [stdout] Test executable failed (exit status: 101).
[INFO] [stdout] 
[INFO] [stdout] stderr:
[INFO] [stdout] thread 'main' panicked at 'called `Result::unwrap()` on an `Err` value: "Could not create file: Read-only file system (os error 30)"', src/flexi_config_to_toml.rs:8:33
[INFO] [stdout] stack backtrace:
[INFO] [stdout]    0:     0x5590f18c3a6a - std::backtrace_rs::backtrace::libunwind::trace::h2f05d0192276a8f6
[INFO] [stdout]                                at /rustc/1b7dd2252b99671ce5d1cb9664c5f8636329436d/library/std/src/../../backtrace/src/backtrace/libunwind.rs:93:5
[INFO] [stdout]    1:     0x5590f18c3a6a - std::backtrace_rs::backtrace::trace_unsynchronized::hedc23dff7a1af150
[INFO] [stdout]                                at /rustc/1b7dd2252b99671ce5d1cb9664c5f8636329436d/library/std/src/../../backtrace/src/backtrace/mod.rs:66:5
[INFO] [stdout]    2:     0x5590f18c3a6a - std::sys_common::backtrace::_print_fmt::h17541ef7592f3ce2
[INFO] [stdout]                                at /rustc/1b7dd2252b99671ce5d1cb9664c5f8636329436d/library/std/src/sys_common/backtrace.rs:65:5
[INFO] [stdout]    3:     0x5590f18c3a6a - <std::sys_common::backtrace::_print::DisplayBacktrace as core::fmt::Display>::fmt::h20f75df5ab0c0792
[INFO] [stdout]                                at /rustc/1b7dd2252b99671ce5d1cb9664c5f8636329436d/library/std/src/sys_common/backtrace.rs:44:22
[INFO] [stdout]    4:     0x5590f18e2acf - core::fmt::write::h78109e6f466b3af6
[INFO] [stdout]                                at /rustc/1b7dd2252b99671ce5d1cb9664c5f8636329436d/library/core/src/fmt/mod.rs:1254:17
[INFO] [stdout]    5:     0x5590f18c1865 - std::io::Write::write_fmt::hc59e1b02dd273c8a
[INFO] [stdout]                                at /rustc/1b7dd2252b99671ce5d1cb9664c5f8636329436d/library/std/src/io/mod.rs:1698:15
[INFO] [stdout]    6:     0x5590f18c3835 - std::sys_common::backtrace::_print::h8dac57a9f8fbf9a5
[INFO] [stdout]                                at /rustc/1b7dd2252b99671ce5d1cb9664c5f8636329436d/library/std/src/sys_common/backtrace.rs:47:5
[INFO] [stdout]    7:     0x5590f18c3835 - std::sys_common::backtrace::print::hf9ecbf41d1aa712f
[INFO] [stdout]                                at /rustc/1b7dd2252b99671ce5d1cb9664c5f8636329436d/library/std/src/sys_common/backtrace.rs:34:9
[INFO] [stdout]    8:     0x5590f18c4dbe - std::panicking::default_hook::{{closure}}::h04c07acfc84ca028
[INFO] [stdout]                                at /rustc/1b7dd2252b99671ce5d1cb9664c5f8636329436d/library/std/src/panicking.rs:269:22
[INFO] [stdout]    9:     0x5590f18c4b65 - std::panicking::default_hook::h01f6bb23e1eceb2c
[INFO] [stdout]                                at /rustc/1b7dd2252b99671ce5d1cb9664c5f8636329436d/library/std/src/panicking.rs:288:9
[INFO] [stdout]   10:     0x5590f18c531e - std::panicking::rust_panic_with_hook::h2bb3722bbaf2f6df
[INFO] [stdout]                                at /rustc/1b7dd2252b99671ce5d1cb9664c5f8636329436d/library/std/src/panicking.rs:691:13
[INFO] [stdout]   11:     0x5590f18c5219 - std::panicking::begin_panic_handler::{{closure}}::h91bc7f36a4be011b
[INFO] [stdout]                                at /rustc/1b7dd2252b99671ce5d1cb9664c5f8636329436d/library/std/src/panicking.rs:582:13
[INFO] [stdout]   12:     0x5590f18c3ed6 - std::sys_common::backtrace::__rust_end_short_backtrace::h8b3d3717114f9e59
[INFO] [stdout]                                at /rustc/1b7dd2252b99671ce5d1cb9664c5f8636329436d/library/std/src/sys_common/backtrace.rs:150:18
[INFO] [stdout]   13:     0x5590f18c4f72 - rust_begin_unwind
[INFO] [stdout]                                at /rustc/1b7dd2252b99671ce5d1cb9664c5f8636329436d/library/std/src/panicking.rs:578:5
[INFO] [stdout]   14:     0x5590f1858f33 - core::panicking::panic_fmt::hfd368e3fbdabea26
[INFO] [stdout]                                at /rustc/1b7dd2252b99671ce5d1cb9664c5f8636329436d/library/core/src/panicking.rs:67:14
[INFO] [stdout]   15:     0x5590f1859383 - core::result::unwrap_failed::he54eb4b2f125b26f
[INFO] [stdout]                                at /rustc/1b7dd2252b99671ce5d1cb9664c5f8636329436d/library/core/src/result.rs:1687:5
[INFO] [stdout]   16:     0x5590f185abd6 - core::result::Result<T,E>::unwrap::h829e455ba9ac77a1
[INFO] [stdout]   17:     0x5590f185af15 - rust_out::main::_doctest_main_src_flexi_config_to_toml_rs_77_0::hf063b90f1d0fab19
[INFO] [stdout]   18:     0x5590f185ae86 - rust_out::main::h2731449a68dfa004
[INFO] [stdout]   19:     0x5590f185a753 - core::ops::function::FnOnce::call_once::hd1715aa1b26fc35c
[INFO] [stdout]   20:     0x5590f1859ee6 - std::sys_common::backtrace::__rust_begin_short_backtrace::h8d2b4d09ce515535
[INFO] [stdout]   21:     0x5590f185a449 - std::rt::lang_start::{{closure}}::hc9a918c63b0dc835
[INFO] [stdout]   22:     0x5590f18bf80e - core::ops::function::impls::<impl core::ops::function::FnOnce<A> for &F>::call_once::h2eb19b8ce4148df4
[INFO] [stdout]                                at /rustc/1b7dd2252b99671ce5d1cb9664c5f8636329436d/library/core/src/ops/function.rs:287:13
[INFO] [stdout]   23:     0x5590f18bf80e - std::panicking::try::do_call::h2e900feff5d504c5
[INFO] [stdout]                                at /rustc/1b7dd2252b99671ce5d1cb9664c5f8636329436d/library/std/src/panicking.rs:485:40
[INFO] [stdout]   24:     0x5590f18bf80e - std::panicking::try::h8854836cb85aa9f2
[INFO] [stdout]                                at /rustc/1b7dd2252b99671ce5d1cb9664c5f8636329436d/library/std/src/panicking.rs:449:19
[INFO] [stdout]   25:     0x5590f18bf80e - std::panic::catch_unwind::h706025dd4c48f64b
[INFO] [stdout]                                at /rustc/1b7dd2252b99671ce5d1cb9664c5f8636329436d/library/std/src/panic.rs:140:14
[INFO] [stdout]   26:     0x5590f18bf80e - std::rt::lang_start_internal::{{closure}}::h7be5b97f4a07a91a
[INFO] [stdout]                                at /rustc/1b7dd2252b99671ce5d1cb9664c5f8636329436d/library/std/src/rt.rs:148:48
[INFO] [stdout]   27:     0x5590f18bf80e - std::panicking::try::do_call::h59847e9d0a176965
[INFO] [stdout]                                at /rustc/1b7dd2252b99671ce5d1cb9664c5f8636329436d/library/std/src/panicking.rs:485:40
[INFO] [stdout]   28:     0x5590f18bf80e - std::panicking::try::h399a918ba8522823
[INFO] [stdout]                                at /rustc/1b7dd2252b99671ce5d1cb9664c5f8636329436d/library/std/src/panicking.rs:449:19
[INFO] [stdout]   29:     0x5590f18bf80e - std::panic::catch_unwind::hca7ca6c55b2a2e26
[INFO] [stdout]                                at /rustc/1b7dd2252b99671ce5d1cb9664c5f8636329436d/library/std/src/panic.rs:140:14
[INFO] [stdout]   30:     0x5590f18bf80e - std::rt::lang_start_internal::h2c807a81560459eb
[INFO] [stdout]                                at /rustc/1b7dd2252b99671ce5d1cb9664c5f8636329436d/library/std/src/rt.rs:148:20
[INFO] [stdout]   31:     0x5590f185a427 - std::rt::lang_start::hc4bd3329ce767e23
[INFO] [stdout]   32:     0x5590f185af35 - main
[INFO] [stdout]   33:     0x7ff98ba63d90 - <unknown>
[INFO] [stdout]   34:     0x7ff98ba63e40 - __libc_start_main
[INFO] [stdout]   35:     0x5590f1859515 - _start
[INFO] [stdout]   36:                0x0 - <unknown>
[INFO] [stdout] 
[INFO] [stdout] 
[INFO] [stdout] ---- src/flexi_config_from_toml.rs - flexi_config_from_toml::FlexiConfig::from_toml_file (line 58) stdout ----
[INFO] [stdout] Test executable failed (exit status: 101).
[INFO] [stdout] 
[INFO] [stdout] stderr:
[INFO] [stdout] thread 'main' panicked at 'called `Result::unwrap()` on an `Err` value: Issues { errors: ["Could not open cargo file: No such file or directory (os error 2)"], warnings: [] }', src/flexi_config_from_toml.rs:6:58
[INFO] [stdout] stack backtrace:
[INFO] [stdout]    0:     0x55c4a6748c1a - std::backtrace_rs::backtrace::libunwind::trace::h2f05d0192276a8f6
[INFO] [stdout]                                at /rustc/1b7dd2252b99671ce5d1cb9664c5f8636329436d/library/std/src/../../backtrace/src/backtrace/libunwind.rs:93:5
[INFO] [stdout]    1:     0x55c4a6748c1a - std::backtrace_rs::backtrace::trace_unsynchronized::hedc23dff7a1af150
[INFO] [stdout]                                at /rustc/1b7dd2252b99671ce5d1cb9664c5f8636329436d/library/std/src/../../backtrace/src/backtrace/mod.rs:66:5
[INFO] [stdout]    2:     0x55c4a6748c1a - std::sys_common::backtrace::_print_fmt::h17541ef7592f3ce2
[INFO] [stdout]                                at /rustc/1b7dd2252b99671ce5d1cb9664c5f8636329436d/library/std/src/sys_common/backtrace.rs:65:5
[INFO] [stdout]    3:     0x55c4a6748c1a - <std::sys_common::backtrace::_print::DisplayBacktrace as core::fmt::Display>::fmt::h20f75df5ab0c0792
[INFO] [stdout]                                at /rustc/1b7dd2252b99671ce5d1cb9664c5f8636329436d/library/std/src/sys_common/backtrace.rs:44:22
[INFO] [stdout]    4:     0x55c4a67656af - core::fmt::write::h78109e6f466b3af6
[INFO] [stdout]                                at /rustc/1b7dd2252b99671ce5d1cb9664c5f8636329436d/library/core/src/fmt/mod.rs:1254:17
[INFO] [stdout]    5:     0x55c4a67463c5 - std::io::Write::write_fmt::hc59e1b02dd273c8a
[INFO] [stdout]                                at /rustc/1b7dd2252b99671ce5d1cb9664c5f8636329436d/library/std/src/io/mod.rs:1698:15
[INFO] [stdout]    6:     0x55c4a67489e5 - std::sys_common::backtrace::_print::h8dac57a9f8fbf9a5
[INFO] [stdout]                                at /rustc/1b7dd2252b99671ce5d1cb9664c5f8636329436d/library/std/src/sys_common/backtrace.rs:47:5
[INFO] [stdout]    7:     0x55c4a67489e5 - std::sys_common::backtrace::print::hf9ecbf41d1aa712f
[INFO] [stdout]                                at /rustc/1b7dd2252b99671ce5d1cb9664c5f8636329436d/library/std/src/sys_common/backtrace.rs:34:9
[INFO] [stdout]    8:     0x55c4a6749f6e - std::panicking::default_hook::{{closure}}::h04c07acfc84ca028
[INFO] [stdout]                                at /rustc/1b7dd2252b99671ce5d1cb9664c5f8636329436d/library/std/src/panicking.rs:269:22
[INFO] [stdout]    9:     0x55c4a6749d15 - std::panicking::default_hook::h01f6bb23e1eceb2c
[INFO] [stdout]                                at /rustc/1b7dd2252b99671ce5d1cb9664c5f8636329436d/library/std/src/panicking.rs:288:9
[INFO] [stdout]   10:     0x55c4a674a4ce - std::panicking::rust_panic_with_hook::h2bb3722bbaf2f6df
[INFO] [stdout]                                at /rustc/1b7dd2252b99671ce5d1cb9664c5f8636329436d/library/std/src/panicking.rs:691:13
[INFO] [stdout]   11:     0x55c4a674a3c9 - std::panicking::begin_panic_handler::{{closure}}::h91bc7f36a4be011b
[INFO] [stdout]                                at /rustc/1b7dd2252b99671ce5d1cb9664c5f8636329436d/library/std/src/panicking.rs:582:13
[INFO] [stdout]   12:     0x55c4a6749086 - std::sys_common::backtrace::__rust_end_short_backtrace::h8b3d3717114f9e59
[INFO] [stdout]                                at /rustc/1b7dd2252b99671ce5d1cb9664c5f8636329436d/library/std/src/sys_common/backtrace.rs:150:18
[INFO] [stdout]   13:     0x55c4a674a122 - rust_begin_unwind
[INFO] [stdout]                                at /rustc/1b7dd2252b99671ce5d1cb9664c5f8636329436d/library/std/src/panicking.rs:578:5
[INFO] [stdout]   14:     0x55c4a65dd743 - core::panicking::panic_fmt::hfd368e3fbdabea26
[INFO] [stdout]                                at /rustc/1b7dd2252b99671ce5d1cb9664c5f8636329436d/library/core/src/panicking.rs:67:14
[INFO] [stdout]   15:     0x55c4a65ddc83 - core::result::unwrap_failed::he54eb4b2f125b26f
[INFO] [stdout]                                at /rustc/1b7dd2252b99671ce5d1cb9664c5f8636329436d/library/core/src/result.rs:1687:5
[INFO] [stdout]   16:     0x55c4a65de6ff - core::result::Result<T,E>::unwrap::h1d89d3ce3ee38862
[INFO] [stdout]   17:     0x55c4a65de999 - rust_out::main::_doctest_main_src_flexi_config_from_toml_rs_58_0::h5b9465fc197ec857
[INFO] [stdout]   18:     0x55c4a65de956 - rust_out::main::h2731449a68dfa004
[INFO] [stdout]   19:     0x55c4a65de653 - core::ops::function::FnOnce::call_once::hd1715aa1b26fc35c
[INFO] [stdout]   20:     0x55c4a65de2e6 - std::sys_common::backtrace::__rust_begin_short_backtrace::h8d2b4d09ce515535
[INFO] [stdout]   21:     0x55c4a65de3d9 - std::rt::lang_start::{{closure}}::hc9a918c63b0dc835
[INFO] [stdout]   22:     0x55c4a6742a4e - core::ops::function::impls::<impl core::ops::function::FnOnce<A> for &F>::call_once::h2eb19b8ce4148df4
[INFO] [stdout]                                at /rustc/1b7dd2252b99671ce5d1cb9664c5f8636329436d/library/core/src/ops/function.rs:287:13
[INFO] [stdout]   23:     0x55c4a6742a4e - std::panicking::try::do_call::h2e900feff5d504c5
[INFO] [stdout]                                at /rustc/1b7dd2252b99671ce5d1cb9664c5f8636329436d/library/std/src/panicking.rs:485:40
[INFO] [stdout]   24:     0x55c4a6742a4e - std::panicking::try::h8854836cb85aa9f2
[INFO] [stdout]                                at /rustc/1b7dd2252b99671ce5d1cb9664c5f8636329436d/library/std/src/panicking.rs:449:19
[INFO] [stdout]   25:     0x55c4a6742a4e - std::panic::catch_unwind::h706025dd4c48f64b
[INFO] [stdout]                                at /rustc/1b7dd2252b99671ce5d1cb9664c5f8636329436d/library/std/src/panic.rs:140:14
[INFO] [stdout]   26:     0x55c4a6742a4e - std::rt::lang_start_internal::{{closure}}::h7be5b97f4a07a91a
[INFO] [stdout]                                at /rustc/1b7dd2252b99671ce5d1cb9664c5f8636329436d/library/std/src/rt.rs:148:48
[INFO] [stdout]   27:     0x55c4a6742a4e - std::panicking::try::do_call::h59847e9d0a176965
[INFO] [stdout]                                at /rustc/1b7dd2252b99671ce5d1cb9664c5f8636329436d/library/std/src/panicking.rs:485:40
[INFO] [stdout]   28:     0x55c4a6742a4e - std::panicking::try::h399a918ba8522823
[INFO] [stdout]                                at /rustc/1b7dd2252b99671ce5d1cb9664c5f8636329436d/library/std/src/panicking.rs:449:19
[INFO] [stdout]   29:     0x55c4a6742a4e - std::panic::catch_unwind::hca7ca6c55b2a2e26
[INFO] [stdout]                                at /rustc/1b7dd2252b99671ce5d1cb9664c5f8636329436d/library/std/src/panic.rs:140:14
[INFO] [stdout]   30:     0x55c4a6742a4e - std::rt::lang_start_internal::h2c807a81560459eb
[INFO] [stdout]                                at /rustc/1b7dd2252b99671ce5d1cb9664c5f8636329436d/library/std/src/rt.rs:148:20
[INFO] [stdout]   31:     0x55c4a65de3b7 - std::rt::lang_start::hc4bd3329ce767e23
[INFO] [stdout]   32:     0x55c4a65dea05 - main
[INFO] [stdout]   33:     0x7fad36009d90 - <unknown>
[INFO] [stdout]   34:     0x7fad36009e40 - __libc_start_main
[INFO] [stdout]   35:     0x55c4a65dde65 - _start
[INFO] [stdout]   36:                0x0 - <unknown>
[INFO] [stdout] 
[INFO] [stdout] 
[INFO] [stdout] 
[INFO] [stdout] failures:
[INFO] [stdout]     src/flexi_config_cargo.rs - flexi_config_cargo::FlexiConfig::from_cargo (line 68)
[INFO] [stdout]     src/flexi_config_cargo.rs - flexi_config_cargo::FlexiConfig::from_cargo_file (line 29)
[INFO] [stdout]     src/flexi_config_cargo.rs - flexi_config_cargo::FlexiConfig::from_cargo_file (line 40)
[INFO] [stdout]     src/flexi_config_from_toml.rs - flexi_config_from_toml::FlexiConfig::from_toml_file (line 58)
[INFO] [stdout]     src/flexi_config_to_toml.rs - flexi_config_to_toml::FlexiConfig::to_toml_file (line 77)
[INFO] [stdout]     src/lib.rs - (line 14)
[INFO] [stdout]     src/lib.rs - (line 30)
[INFO] [stdout]     src/lib.rs - FlexiConfig::apply (line 414)
[INFO] [stdout] 
[INFO] [stdout] test result: FAILED. 7 passed; 8 failed; 0 ignored; 0 measured; 0 filtered out; finished in 3.83s
[INFO] [stdout] 
[INFO] running `Command { std: "docker" "inspect" "bebf44268c0fe8374771f55dda511bff351ec6f07baa89732c8c2664138907e0", kill_on_drop: false }`
[INFO] running `Command { std: "docker" "rm" "-f" "bebf44268c0fe8374771f55dda511bff351ec6f07baa89732c8c2664138907e0", kill_on_drop: false }`
[INFO] [stdout] bebf44268c0fe8374771f55dda511bff351ec6f07baa89732c8c2664138907e0
