[INFO] fetching crate flash_rust_ws 0.4.2...
[INFO] testing flash_rust_ws-0.4.2 against beta-2023-04-20 for beta-1.70-1
[INFO] extracting crate flash_rust_ws 0.4.2 into /workspace/builds/worker-7-tc2/source
[INFO] validating manifest of crates.io crate flash_rust_ws 0.4.2 on toolchain beta-2023-04-20
[INFO] running `Command { std: CARGO_HOME="/workspace/cargo-home" RUSTUP_HOME="/workspace/rustup-home" "/workspace/cargo-home/bin/cargo" "+beta-2023-04-20" "metadata" "--manifest-path" "Cargo.toml" "--no-deps", kill_on_drop: false }`
[INFO] started tweaking crates.io crate flash_rust_ws 0.4.2
[INFO] finished tweaking crates.io crate flash_rust_ws 0.4.2
[INFO] tweaked toml for crates.io crate flash_rust_ws 0.4.2 written to /workspace/builds/worker-7-tc2/source/Cargo.toml
[INFO] crate crates.io crate flash_rust_ws 0.4.2 already has a lockfile, it will not be regenerated
[INFO] running `Command { std: CARGO_HOME="/workspace/cargo-home" RUSTUP_HOME="/workspace/rustup-home" "/workspace/cargo-home/bin/cargo" "+beta-2023-04-20" "fetch" "--manifest-path" "Cargo.toml", kill_on_drop: false }`
[INFO] [stderr]     Updating crates.io index
[INFO] [stderr]  Downloading crates ...
[INFO] [stderr]   Downloaded pem v1.1.1
[INFO] [stderr]   Downloaded libsystemd v0.6.0
[INFO] [stderr]   Downloaded http-range v0.1.5
[INFO] [stderr]   Downloaded hyper-staticfile v0.9.5
[INFO] [stderr]   Downloaded users v0.11.0
[INFO] [stderr]   Downloaded websocket-codec v0.5.2
[INFO] [stderr]   Downloaded futures-rustls v0.22.2
[INFO] [stderr]   Downloaded async-fcgi v0.4.0
[INFO] running `Command { std: "docker" "create" "-v" "/var/lib/crater-agent-workspace/builds/worker-7-tc2/target:/opt/rustwide/target:rw,Z" "-v" "/var/lib/crater-agent-workspace/builds/worker-7-tc2/source:/opt/rustwide/workdir:ro,Z" "-v" "/var/lib/crater-agent-workspace/cargo-home:/opt/rustwide/cargo-home:ro,Z" "-v" "/var/lib/crater-agent-workspace/rustup-home:/opt/rustwide/rustup-home:ro,Z" "-e" "SOURCE_DIR=/opt/rustwide/workdir" "-e" "CARGO_TARGET_DIR=/opt/rustwide/target" "-e" "CARGO_HOME=/opt/rustwide/cargo-home" "-e" "RUSTUP_HOME=/opt/rustwide/rustup-home" "-w" "/opt/rustwide/workdir" "-m" "1610612736" "--user" "0:0" "--network" "none" "ghcr.io/rust-lang/crates-build-env/linux@sha256:5ff2268d62e97bff2cde7d5815dd6ed5b47097566f13b8d0ca110b04b60e07ed" "/opt/rustwide/cargo-home/bin/cargo" "+beta-2023-04-20" "metadata" "--no-deps" "--format-version=1", kill_on_drop: false }`
[INFO] [stdout] ec676df58d03c779737b138861e5a402d98fb4773c32fd5273cb33e0a0a3575f
[INFO] running `Command { std: "docker" "start" "-a" "ec676df58d03c779737b138861e5a402d98fb4773c32fd5273cb33e0a0a3575f", kill_on_drop: false }`
[INFO] running `Command { std: "docker" "inspect" "ec676df58d03c779737b138861e5a402d98fb4773c32fd5273cb33e0a0a3575f", kill_on_drop: false }`
[INFO] running `Command { std: "docker" "rm" "-f" "ec676df58d03c779737b138861e5a402d98fb4773c32fd5273cb33e0a0a3575f", kill_on_drop: false }`
[INFO] [stdout] ec676df58d03c779737b138861e5a402d98fb4773c32fd5273cb33e0a0a3575f
[INFO] running `Command { std: "docker" "create" "-v" "/var/lib/crater-agent-workspace/builds/worker-7-tc2/target:/opt/rustwide/target:rw,Z" "-v" "/var/lib/crater-agent-workspace/builds/worker-7-tc2/source:/opt/rustwide/workdir:ro,Z" "-v" "/var/lib/crater-agent-workspace/cargo-home:/opt/rustwide/cargo-home:ro,Z" "-v" "/var/lib/crater-agent-workspace/rustup-home:/opt/rustwide/rustup-home:ro,Z" "-e" "SOURCE_DIR=/opt/rustwide/workdir" "-e" "CARGO_TARGET_DIR=/opt/rustwide/target" "-e" "CARGO_INCREMENTAL=0" "-e" "RUST_BACKTRACE=full" "-e" "RUSTFLAGS=--cap-lints=warn" "-e" "RUSTDOCFLAGS=--cap-lints=warn" "-e" "CARGO_HOME=/opt/rustwide/cargo-home" "-e" "RUSTUP_HOME=/opt/rustwide/rustup-home" "-w" "/opt/rustwide/workdir" "-m" "1610612736" "--user" "0:0" "--network" "none" "ghcr.io/rust-lang/crates-build-env/linux@sha256:5ff2268d62e97bff2cde7d5815dd6ed5b47097566f13b8d0ca110b04b60e07ed" "/opt/rustwide/cargo-home/bin/cargo" "+beta-2023-04-20" "build" "--frozen" "--message-format=json", kill_on_drop: false }`
[INFO] [stdout] 3a2ebba4b0493f066415d2d6db2208c0f3a7df6128865db4ec750719ea96ff6f
[INFO] running `Command { std: "docker" "start" "-a" "3a2ebba4b0493f066415d2d6db2208c0f3a7df6128865db4ec750719ea96ff6f", kill_on_drop: false }`
[INFO] [stderr]    Compiling autocfg v1.1.0
[INFO] [stderr]    Compiling proc-macro2 v1.0.56
[INFO] [stderr]    Compiling unicode-ident v1.0.8
[INFO] [stderr]    Compiling quote v1.0.26
[INFO] [stderr]    Compiling libc v0.2.141
[INFO] [stderr]    Compiling serde_derive v1.0.160
[INFO] [stderr]    Compiling serde v1.0.160
[INFO] [stderr]    Compiling cfg-if v1.0.0
[INFO] [stderr]    Compiling log v0.4.17
[INFO] [stderr]    Compiling once_cell v1.17.1
[INFO] [stderr]    Compiling version_check v0.9.4
[INFO] [stderr]    Compiling memchr v2.5.0
[INFO] [stderr]    Compiling pin-project-lite v0.2.9
[INFO] [stderr]    Compiling cc v1.0.79
[INFO] [stderr]    Compiling futures-core v0.3.28
[INFO] [stderr]    Compiling syn v1.0.109
[INFO] [stderr]    Compiling bytes v1.4.0
[INFO] [stderr]    Compiling itoa v1.0.6
[INFO] [stderr]    Compiling untrusted v0.7.1
[INFO] [stderr]    Compiling spin v0.5.2
[INFO] [stderr]    Compiling futures-task v0.3.28
[INFO] [stderr]    Compiling futures-sink v0.3.28
[INFO] [stderr]    Compiling futures-channel v0.3.28
[INFO] [stderr]    Compiling futures-util v0.3.28
[INFO] [stderr]    Compiling fnv v1.0.7
[INFO] [stderr]    Compiling typenum v1.16.0
[INFO] [stderr]    Compiling futures-io v0.3.28
[INFO] [stderr]    Compiling generic-array v0.14.7
[INFO] [stderr]    Compiling hashbrown v0.12.3
[INFO] [stderr]    Compiling num-traits v0.2.15
[INFO] [stderr]    Compiling num-integer v0.1.45
[INFO] [stderr]    Compiling slab v0.4.8
[INFO] [stderr]    Compiling tokio v1.27.0
[INFO] [stderr]    Compiling indexmap v1.9.3
[INFO] [stderr]    Compiling pin-utils v0.1.0
[INFO] [stderr]    Compiling thiserror v1.0.40
[INFO] [stderr]    Compiling http v0.2.9
[INFO] [stderr]    Compiling num-bigint v0.4.3
[INFO] [stderr]    Compiling tracing-core v0.1.30
[INFO] [stderr]    Compiling percent-encoding v2.2.0
[INFO] [stderr]    Compiling httparse v1.8.0
[INFO] [stderr]    Compiling syn v2.0.15
[INFO] [stderr]    Compiling minimal-lexical v0.2.1
[INFO] [stderr]    Compiling tracing v0.1.37
[INFO] [stderr]    Compiling unicase v2.6.0
[INFO] [stderr]    Compiling rustls v0.20.8
[INFO] [stderr]    Compiling iana-time-zone v0.1.56
[INFO] [stderr]    Compiling ring v0.16.20
[INFO] [stderr]    Compiling nom v7.1.3
[INFO] [stderr]    Compiling form_urlencoded v1.1.0
[INFO] [stderr]    Compiling http-body v0.4.5
[INFO] [stderr]    Compiling signal-hook-registry v1.4.1
[INFO] [stderr]    Compiling socket2 v0.4.9
[INFO] [stderr]    Compiling num_cpus v1.15.0
[INFO] [stderr]    Compiling time v0.1.45
[INFO] [stderr]    Compiling base64 v0.13.1
[INFO] [stderr]    Compiling ryu v1.0.13
[INFO] [stderr]    Compiling tinyvec_macros v0.1.1
[INFO] [stderr]    Compiling try-lock v0.2.4
[INFO] [stderr]    Compiling serde_json v1.0.96
[INFO] [stderr]    Compiling tinyvec v1.6.0
[INFO] [stderr]    Compiling getrandom v0.2.9
[INFO] [stderr]    Compiling memoffset v0.7.1
[INFO] [stderr]    Compiling lock_api v0.4.9
[INFO] [stderr]    Compiling subtle v2.4.1
[INFO] [stderr]    Compiling oid-registry v0.2.0
[INFO] [stderr]    Compiling parking_lot_core v0.9.7
[INFO] [stderr]    Compiling httpdate v1.0.2
[INFO] [stderr]    Compiling tower-service v0.3.2
[INFO] [stderr]    Compiling mime_guess v2.0.4
[INFO] [stderr]    Compiling crypto-common v0.1.6
[INFO] [stderr]    Compiling block-buffer v0.10.4
[INFO] [stderr]    Compiling rand_core v0.6.4
[INFO] [stderr]    Compiling unicode-bidi v0.3.13
[INFO] [stderr]    Compiling destructure_traitobject v0.2.0
[INFO] [stderr]    Compiling digest v0.10.6
[INFO] [stderr]    Compiling async-trait v0.1.68
[INFO] [stderr]    Compiling chrono v0.4.24
[INFO] [stderr]    Compiling ppv-lite86 v0.2.17
[INFO] [stderr]    Compiling scopeguard v1.1.0
[INFO] [stderr]    Compiling smallvec v1.10.0
[INFO] [stderr]    Compiling anyhow v1.0.70
[INFO] [stderr]    Compiling unsafe-any-ors v1.0.0
[INFO] [stderr]    Compiling unicode-normalization v0.1.22
[INFO] [stderr]    Compiling ordered-float v2.10.0
[INFO] [stderr]    Compiling rand_chacha v0.3.1
[INFO] [stderr]    Compiling pem v1.1.1
[INFO] [stderr]    Compiling data-encoding v2.3.3
[INFO] [stderr]    Compiling winnow v0.4.1
[INFO] [stderr]    Compiling cpufeatures v0.2.6
[INFO] [stderr]    Compiling mime v0.3.17
[INFO] [stderr]    Compiling bitflags v1.3.2
[INFO] [stderr]    Compiling rusticata-macros v4.1.0
[INFO] [stderr]    Compiling lazy_static v1.4.0
[INFO] [stderr]    Compiling idna v0.3.0
[INFO] [stderr]    Compiling static_assertions v1.1.0
[INFO] [stderr]    Compiling sha2 v0.10.6
[INFO] [stderr]    Compiling nix v0.26.2
[INFO] [stderr]    Compiling rand v0.8.5
[INFO] [stderr]    Compiling parking_lot v0.12.1
[INFO] [stderr]    Compiling typemap-ors v1.0.0
[INFO] [stderr]    Compiling yasna v0.4.0
[INFO] [stderr]    Compiling hmac v0.12.1
[INFO] [stderr]    Compiling url v2.3.1
[INFO] [stderr]    Compiling rustls-pemfile v0.2.1
[INFO] [stderr]    Compiling thread-id v4.0.0
[INFO] [stderr]    Compiling arc-swap v1.6.0
[INFO] [stderr]    Compiling log-mdc v0.1.0
[INFO] [stderr]    Compiling humantime v2.1.0
[INFO] [stderr]    Compiling base64 v0.21.0
[INFO] [stderr]    Compiling http-range v0.1.5
[INFO] [stderr]    Compiling xml-rs v0.8.4
[INFO] [stderr]    Compiling md5 v0.7.0
[INFO] [stderr]    Compiling rustls-pemfile v1.0.2
[INFO] [stderr]    Compiling webpki v0.22.0
[INFO] [stderr]    Compiling sct v0.7.0
[INFO] [stderr]    Compiling rcgen v0.8.14
[INFO] [stderr]    Compiling tokio-macros v2.0.0
[INFO] [stderr]    Compiling futures-macro v0.3.28
[INFO] [stderr]    Compiling thiserror-impl v1.0.40
[INFO] [stderr]    Compiling webpki-roots v0.22.6
[INFO] [stderr]    Compiling der-oid-macro v0.5.0
[INFO] [stderr]    Compiling pin-project-internal v1.0.12
[INFO] [stderr]    Compiling derivative v2.2.0
[INFO] [stderr]    Compiling der-parser v6.0.1
[INFO] [stderr]    Compiling pin-project v1.0.12
[INFO] [stderr]    Compiling x509-parser v0.12.0
[INFO] [stderr]    Compiling futures-executor v0.3.28
[INFO] [stderr]    Compiling futures v0.3.28
[INFO] [stderr]    Compiling serde_spanned v0.6.1
[INFO] [stderr]    Compiling toml_datetime v0.6.1
[INFO] [stderr]    Compiling serde_urlencoded v0.7.1
[INFO] [stderr]    Compiling serde_qs v0.8.5
[INFO] [stderr]    Compiling serde-value v0.7.0
[INFO] [stderr]    Compiling uuid v1.3.1
[INFO] [stderr]    Compiling toml_edit v0.19.8
[INFO] [stderr]    Compiling mio v0.8.6
[INFO] [stderr]    Compiling want v0.3.0
[INFO] [stderr]    Compiling users v0.11.0
[INFO] [stderr]    Compiling libsystemd v0.6.0
[INFO] [stderr]    Compiling log4rs v1.2.0
[INFO] [stderr]    Compiling toml v0.7.3
[INFO] [stderr]    Compiling futures-rustls v0.22.2
[INFO] [stderr]    Compiling tokio-util v0.7.7
[INFO] [stderr]    Compiling tokio-rustls v0.23.4
[INFO] [stderr]    Compiling async-fcgi v0.4.0
[INFO] [stderr]    Compiling h2 v0.3.17
[INFO] [stderr]    Compiling hyper v0.14.26
[INFO] [stderr]    Compiling generic-async-http-client v0.2.1
[INFO] [stderr]    Compiling hyper-staticfile v0.9.5
[INFO] [stderr]    Compiling async-acme v0.3.1
[INFO] [stderr]    Compiling flash_rust_ws v0.4.2 (/opt/rustwide/workdir)
[INFO] [stdout] warning: method `is_empty` is never used
[INFO] [stdout]    --> src/dispatch/webpath.rs:132:12
[INFO] [stdout]     |
[INFO] [stdout] 73  | impl<'a> WebPath<'a> {
[INFO] [stdout]     | -------------------- method in this implementation
[INFO] [stdout] ...
[INFO] [stdout] 132 |     pub fn is_empty(&self) -> bool {
[INFO] [stdout]     |            ^^^^^^^^
[INFO] [stdout]     |
[INFO] [stdout]     = note: `#[warn(dead_code)]` on by default
[INFO] [stdout] 
[INFO] [stdout] 
[INFO] [stdout] warning: 1 warning emitted
[INFO] [stdout] 
[INFO] [stdout] 
[INFO] [stderr]     Finished dev [unoptimized + debuginfo] target(s) in 43.42s
[INFO] running `Command { std: "docker" "inspect" "3a2ebba4b0493f066415d2d6db2208c0f3a7df6128865db4ec750719ea96ff6f", kill_on_drop: false }`
[INFO] running `Command { std: "docker" "rm" "-f" "3a2ebba4b0493f066415d2d6db2208c0f3a7df6128865db4ec750719ea96ff6f", kill_on_drop: false }`
[INFO] [stdout] 3a2ebba4b0493f066415d2d6db2208c0f3a7df6128865db4ec750719ea96ff6f
[INFO] running `Command { std: "docker" "create" "-v" "/var/lib/crater-agent-workspace/builds/worker-7-tc2/target:/opt/rustwide/target:rw,Z" "-v" "/var/lib/crater-agent-workspace/builds/worker-7-tc2/source:/opt/rustwide/workdir:ro,Z" "-v" "/var/lib/crater-agent-workspace/cargo-home:/opt/rustwide/cargo-home:ro,Z" "-v" "/var/lib/crater-agent-workspace/rustup-home:/opt/rustwide/rustup-home:ro,Z" "-e" "SOURCE_DIR=/opt/rustwide/workdir" "-e" "CARGO_TARGET_DIR=/opt/rustwide/target" "-e" "CARGO_INCREMENTAL=0" "-e" "RUST_BACKTRACE=full" "-e" "RUSTFLAGS=--cap-lints=warn" "-e" "RUSTDOCFLAGS=--cap-lints=warn" "-e" "CARGO_HOME=/opt/rustwide/cargo-home" "-e" "RUSTUP_HOME=/opt/rustwide/rustup-home" "-w" "/opt/rustwide/workdir" "-m" "1610612736" "--user" "0:0" "--network" "none" "ghcr.io/rust-lang/crates-build-env/linux@sha256:5ff2268d62e97bff2cde7d5815dd6ed5b47097566f13b8d0ca110b04b60e07ed" "/opt/rustwide/cargo-home/bin/cargo" "+beta-2023-04-20" "test" "--frozen" "--no-run" "--message-format=json", kill_on_drop: false }`
[INFO] [stdout] b915c7caac22f4f2c5ce80f11ed98eadd8cd3624737421caf9abf1f1fa862d8a
[INFO] running `Command { std: "docker" "start" "-a" "b915c7caac22f4f2c5ce80f11ed98eadd8cd3624737421caf9abf1f1fa862d8a", kill_on_drop: false }`
[INFO] [stderr]    Compiling flash_rust_ws v0.4.2 (/opt/rustwide/workdir)
[INFO] [stdout] warning: method `is_empty` is never used
[INFO] [stdout]    --> src/dispatch/webpath.rs:132:12
[INFO] [stdout]     |
[INFO] [stdout] 73  | impl<'a> WebPath<'a> {
[INFO] [stdout]     | -------------------- method in this implementation
[INFO] [stdout] ...
[INFO] [stdout] 132 |     pub fn is_empty(&self) -> bool {
[INFO] [stdout]     |            ^^^^^^^^
[INFO] [stdout]     |
[INFO] [stdout]     = note: `#[warn(dead_code)]` on by default
[INFO] [stdout] 
[INFO] [stdout] 
[INFO] [stdout] warning: 1 warning emitted
[INFO] [stdout] 
[INFO] [stdout] 
[INFO] [stderr]     Finished test [unoptimized + debuginfo] target(s) in 14.84s
[INFO] running `Command { std: "docker" "inspect" "b915c7caac22f4f2c5ce80f11ed98eadd8cd3624737421caf9abf1f1fa862d8a", kill_on_drop: false }`
[INFO] running `Command { std: "docker" "rm" "-f" "b915c7caac22f4f2c5ce80f11ed98eadd8cd3624737421caf9abf1f1fa862d8a", kill_on_drop: false }`
[INFO] [stdout] b915c7caac22f4f2c5ce80f11ed98eadd8cd3624737421caf9abf1f1fa862d8a
[INFO] running `Command { std: "docker" "create" "-v" "/var/lib/crater-agent-workspace/builds/worker-7-tc2/target:/opt/rustwide/target:rw,Z" "-v" "/var/lib/crater-agent-workspace/builds/worker-7-tc2/source:/opt/rustwide/workdir:ro,Z" "-v" "/var/lib/crater-agent-workspace/cargo-home:/opt/rustwide/cargo-home:ro,Z" "-v" "/var/lib/crater-agent-workspace/rustup-home:/opt/rustwide/rustup-home:ro,Z" "-e" "SOURCE_DIR=/opt/rustwide/workdir" "-e" "CARGO_TARGET_DIR=/opt/rustwide/target" "-e" "CARGO_INCREMENTAL=0" "-e" "RUST_BACKTRACE=full" "-e" "RUSTFLAGS=--cap-lints=warn" "-e" "RUSTDOCFLAGS=--cap-lints=warn" "-e" "CARGO_HOME=/opt/rustwide/cargo-home" "-e" "RUSTUP_HOME=/opt/rustwide/rustup-home" "-w" "/opt/rustwide/workdir" "-m" "1610612736" "--user" "0:0" "--network" "none" "ghcr.io/rust-lang/crates-build-env/linux@sha256:5ff2268d62e97bff2cde7d5815dd6ed5b47097566f13b8d0ca110b04b60e07ed" "/opt/rustwide/cargo-home/bin/cargo" "+beta-2023-04-20" "test" "--frozen", kill_on_drop: false }`
[INFO] [stdout] 4ae9775cea38459c6c7f77a15d869240163556489fcbb0a5a698a5f1f4b478bc
[INFO] running `Command { std: "docker" "start" "-a" "4ae9775cea38459c6c7f77a15d869240163556489fcbb0a5a698a5f1f4b478bc", kill_on_drop: false }`
[INFO] [stderr] warning: method `is_empty` is never used
[INFO] [stderr]    --> src/dispatch/webpath.rs:132:12
[INFO] [stderr]     |
[INFO] [stderr] 73  | impl<'a> WebPath<'a> {
[INFO] [stderr]     | -------------------- method in this implementation
[INFO] [stderr] ...
[INFO] [stderr] 132 |     pub fn is_empty(&self) -> bool {
[INFO] [stderr]     |            ^^^^^^^^
[INFO] [stderr]     |
[INFO] [stderr]     = note: `#[warn(dead_code)]` on by default
[INFO] [stderr] 
[INFO] [stderr] warning: `flash_rust_ws` (bin "flash_rust_ws" test) generated 1 warning
[INFO] [stderr]     Finished test [unoptimized + debuginfo] target(s) in 0.15s
[INFO] [stderr]      Running unittests src/main.rs (/opt/rustwide/target/debug/deps/flash_rust_ws-9f3cd1a9400546c8)
[INFO] [stdout] 
[INFO] [stdout] running 69 tests
[INFO] [stdout] test config::tests::cant_listen ... ok
[INFO] [stdout] test config::tests::bad_header ... ok
[INFO] [stdout] test config::tests::dir_nonexistent ... ok
[INFO] [stdout] test config::tests::keyword_mount ... ok
[INFO] [stdout] test auth::tests::strip_prefix_from_header ... ok
[INFO] [stdout] test auth::tests::get_map_errors ... ok
[INFO] [stdout] test auth::digest::tests::nonce ... ok
[INFO] [stdout] test auth::tests::get_map ... ok
[INFO] [stdout] test auth::digest::tests::auth_wrong_user ... ok
[INFO] [stdout] test config::tests::root_mount ... ok
[INFO] [stdout] test auth::digest::tests::auth_success_qop_auth ... ok
[INFO] [stdout] test config::tests::tls_plain_mix ... ok
[INFO] [stdout] test auth::digest::tests::auth_success ... ok
[INFO] [stdout] test dispatch::dav::tests::dir_nonexistent ... ok
[INFO] [stdout] test auth::digest::tests::auth_success_sess ... ok
[INFO] [stdout] test auth::digest::tests::auth_success_multi ... ok
[INFO] [stdout] test config::tests::wwwroot_parsing ... ok
[INFO] [stdout] test auth::digest::tests::auth_required ... ok
[INFO] [stdout] test auth::digest::tests::auth_wrong_pw ... ok
[INFO] [stdout] test dispatch::dav::tests::options ... ok
[INFO] [stdout] test dispatch::fcgi::tests::basic_config ... ok
[INFO] [stdout] test auth::digest::tests::auth_error ... ok
[INFO] [stdout] test dispatch::fcgi::tests::params_flup_example ... ok
[INFO] [stdout] test dispatch::dav::tests::basic_config ... ok
[INFO] [stdout] test config::tests::toml_to_struct ... ok
[INFO] [stdout] test config::tests::dir_is_file ... ok
[INFO] [stdout] test dispatch::dav::tests::put_move_delete ... ok
[INFO] [stdout] test config::tests::vhost_conflict ... ok
[INFO] [stdout] test dispatch::dav::tests::mkcol_propfind ... ok
[INFO] [stdout] test dispatch::fcgi::tests::params_php_example ... ok
[INFO] [stdout] test dispatch::fcgi::tests::wrong_cfg ... ok
[INFO] [stdout] test dispatch::staticf::tests::basic_config ... ok
[INFO] [stdout] test auth::digest::tests::auth_wrong_realm ... ok
[INFO] [stdout] test dispatch::fcgi::tests::parse_addr ... ok
[INFO] [stdout] test dispatch::staticf::tests::allowlist_blocks ... ok
[INFO] [stdout] test dispatch::fcgi::tests::simple_fcgi_post ... ok
[INFO] [stdout] test dispatch::staticf::tests::redirects_to_sanitized_path ... ok
[INFO] [stdout] test dispatch::staticf::tests::no_index ... ok
[INFO] [stdout] test dispatch::staticf::tests::resolve_nested_file ... ok
[INFO] [stdout] test dispatch::staticf::tests::dir_redir ... ok
[INFO] [stdout] test dispatch::staticf::tests::resolve_file ... ok
[INFO] [stdout] test dispatch::test::mount::test_barely_mounted ... ok
[INFO] [stdout] test dispatch::test::mount::path_trav_outside_webroot ... ok
[INFO] [stdout] test dispatch::staticf::tests::symlink_dir ... ok
[INFO] [stdout] test dispatch::test::mount::rustsec_2022_0072_part2 ... ok
[INFO] [stdout] test dispatch::test::mount::no_mounts ... ok
[INFO] [stdout] test dispatch::test::mount::top_mount ... ok
[INFO] [stdout] test dispatch::test::vhost::specific_vhost ... ok
[INFO] [stdout] test dispatch::test::mount::rustsec_2022_0072_part1 ... ok
[INFO] [stdout] test dispatch::test::mount::webroot ... ok
[INFO] [stdout] test dispatch::webpath::tests::cow ... ok
[INFO] [stdout] test dispatch::webpath::tests::normalize ... ok
[INFO] [stdout] test dispatch::test::vhost::default_vhost ... ok
[INFO] [stdout] test dispatch::fcgi::tests::dont_resolve_file ... ok
[INFO] [stdout] test dispatch::test::vhost::unknown_vhost ... ok
[INFO] [stdout] test dispatch::test::mount::test_mount_params ... ok
[INFO] [stdout] test dispatch::test::mount::uri_encode ... ok
[INFO] [stdout] test transport::tls::rustls::todo ... ok
[INFO] [stdout] test tests::http_get ... ok
[INFO] [stdout] test dispatch::test::mount::path_trav_outside_mounts ... ok
[INFO] [stdout] test dispatch::fcgi::tests::resolve_file ... ok
[INFO] [stdout] test dispatch::test::mount::longest_mount ... ok
[INFO] [stdout] test dispatch::webpath::tests::rustsec_2022_0072 ... ok
[INFO] [stdout] test dispatch::dav::tests::get_file ... ok
[INFO] [stdout] test dispatch::staticf::tests::allowlist_allows ... ok
[INFO] [stdout] test dispatch::test::mount::full_folder_names_as_mounts ... ok
[INFO] [stdout] test dispatch::staticf::tests::index_file ... ok
[INFO] [stdout] test dispatch::staticf::tests::symlink_file ... ok
[INFO] [stdout] test config::tests::config_file ... FAILED
[INFO] [stdout] 
[INFO] [stdout] failures:
[INFO] [stdout] 
[INFO] [stdout] ---- config::tests::config_file stdout ----
[INFO] [stdout] thread 'config::tests::config_file' panicked at 'could not create cfg file: Os { code: 30, kind: ReadOnlyFilesystem, message: "Read-only file system" }', src/config.rs:596:56
[INFO] [stdout] stack backtrace:
[INFO] [stdout]    0:     0x561c63e3249a - std::backtrace_rs::backtrace::libunwind::trace::h2f05d0192276a8f6
[INFO] [stdout]                                at /rustc/1b7dd2252b99671ce5d1cb9664c5f8636329436d/library/std/src/../../backtrace/src/backtrace/libunwind.rs:93:5
[INFO] [stdout]    1:     0x561c63e3249a - std::backtrace_rs::backtrace::trace_unsynchronized::hedc23dff7a1af150
[INFO] [stdout]                                at /rustc/1b7dd2252b99671ce5d1cb9664c5f8636329436d/library/std/src/../../backtrace/src/backtrace/mod.rs:66:5
[INFO] [stdout]    2:     0x561c63e3249a - std::sys_common::backtrace::_print_fmt::h17541ef7592f3ce2
[INFO] [stdout]                                at /rustc/1b7dd2252b99671ce5d1cb9664c5f8636329436d/library/std/src/sys_common/backtrace.rs:65:5
[INFO] [stdout]    3:     0x561c63e3249a - <std::sys_common::backtrace::_print::DisplayBacktrace as core::fmt::Display>::fmt::h20f75df5ab0c0792
[INFO] [stdout]                                at /rustc/1b7dd2252b99671ce5d1cb9664c5f8636329436d/library/std/src/sys_common/backtrace.rs:44:22
[INFO] [stdout]    4:     0x561c63e5e95f - core::fmt::write::h78109e6f466b3af6
[INFO] [stdout]                                at /rustc/1b7dd2252b99671ce5d1cb9664c5f8636329436d/library/core/src/fmt/mod.rs:1254:17
[INFO] [stdout]    5:     0x561c63e2e215 - std::io::Write::write_fmt::hd24bfb68a1b35a25
[INFO] [stdout]                                at /rustc/1b7dd2252b99671ce5d1cb9664c5f8636329436d/library/std/src/io/mod.rs:1698:15
[INFO] [stdout]    6:     0x561c63e32265 - std::sys_common::backtrace::_print::h8dac57a9f8fbf9a5
[INFO] [stdout]                                at /rustc/1b7dd2252b99671ce5d1cb9664c5f8636329436d/library/std/src/sys_common/backtrace.rs:47:5
[INFO] [stdout]    7:     0x561c63e32265 - std::sys_common::backtrace::print::hf9ecbf41d1aa712f
[INFO] [stdout]                                at /rustc/1b7dd2252b99671ce5d1cb9664c5f8636329436d/library/std/src/sys_common/backtrace.rs:34:9
[INFO] [stdout]    8:     0x561c63e33f1e - std::panicking::default_hook::{{closure}}::h04c07acfc84ca028
[INFO] [stdout]                                at /rustc/1b7dd2252b99671ce5d1cb9664c5f8636329436d/library/std/src/panicking.rs:269:22
[INFO] [stdout]    9:     0x561c63e33c51 - std::panicking::default_hook::h01f6bb23e1eceb2c
[INFO] [stdout]                                at /rustc/1b7dd2252b99671ce5d1cb9664c5f8636329436d/library/std/src/panicking.rs:285:9
[INFO] [stdout]   10:     0x561c6377de5b - <alloc::boxed::Box<F,A> as core::ops::function::Fn<Args>>::call::h87fe9f7b2fd49e4c
[INFO] [stdout]                                at /rustc/1b7dd2252b99671ce5d1cb9664c5f8636329436d/library/alloc/src/boxed.rs:1987:9
[INFO] [stdout]   11:     0x561c6377de5b - test::test_main::{{closure}}::he94d679243a7531b
[INFO] [stdout]                                at /rustc/1b7dd2252b99671ce5d1cb9664c5f8636329436d/library/test/src/lib.rs:134:21
[INFO] [stdout]   12:     0x561c63e34604 - <alloc::boxed::Box<F,A> as core::ops::function::Fn<Args>>::call::h3f2d6d8b14c4769f
[INFO] [stdout]                                at /rustc/1b7dd2252b99671ce5d1cb9664c5f8636329436d/library/alloc/src/boxed.rs:1987:9
[INFO] [stdout]   13:     0x561c63e34604 - std::panicking::rust_panic_with_hook::h2bb3722bbaf2f6df
[INFO] [stdout]                                at /rustc/1b7dd2252b99671ce5d1cb9664c5f8636329436d/library/std/src/panicking.rs:695:13
[INFO] [stdout]   14:     0x561c63e34379 - std::panicking::begin_panic_handler::{{closure}}::h91bc7f36a4be011b
[INFO] [stdout]                                at /rustc/1b7dd2252b99671ce5d1cb9664c5f8636329436d/library/std/src/panicking.rs:582:13
[INFO] [stdout]   15:     0x561c63e32906 - std::sys_common::backtrace::__rust_end_short_backtrace::h8b3d3717114f9e59
[INFO] [stdout]                                at /rustc/1b7dd2252b99671ce5d1cb9664c5f8636329436d/library/std/src/sys_common/backtrace.rs:150:18
[INFO] [stdout]   16:     0x561c63e340d2 - rust_begin_unwind
[INFO] [stdout]                                at /rustc/1b7dd2252b99671ce5d1cb9664c5f8636329436d/library/std/src/panicking.rs:578:5
[INFO] [stdout]   17:     0x561c63170cc3 - core::panicking::panic_fmt::hfd368e3fbdabea26
[INFO] [stdout]                                at /rustc/1b7dd2252b99671ce5d1cb9664c5f8636329436d/library/core/src/panicking.rs:67:14
[INFO] [stdout]   18:     0x561c63171263 - core::result::unwrap_failed::he54eb4b2f125b26f
[INFO] [stdout]                                at /rustc/1b7dd2252b99671ce5d1cb9664c5f8636329436d/library/core/src/result.rs:1687:5
[INFO] [stdout]   19:     0x561c63318f4d - core::result::Result<T,E>::expect::h4dff3aa6e0de1617
[INFO] [stdout]                                at /rustc/1b7dd2252b99671ce5d1cb9664c5f8636329436d/library/core/src/result.rs:1046:23
[INFO] [stdout]   20:     0x561c633d53df - flash_rust_ws::config::tests::config_file::h747e75fe9bbbfc03
[INFO] [stdout]                                at /opt/rustwide/workdir/src/config.rs:596:24
[INFO] [stdout]   21:     0x561c633d5387 - flash_rust_ws::config::tests::config_file::{{closure}}::hf7551844cd509c79
[INFO] [stdout]                                at /opt/rustwide/workdir/src/config.rs:593:22
[INFO] [stdout]   22:     0x561c63610a15 - core::ops::function::FnOnce::call_once::h7cd590afd16fd2b1
[INFO] [stdout]                                at /rustc/1b7dd2252b99671ce5d1cb9664c5f8636329436d/library/core/src/ops/function.rs:250:5
[INFO] [stdout]   23:     0x561c63782d2f - core::ops::function::FnOnce::call_once::ha6a70e79f7481a7e
[INFO] [stdout]                                at /rustc/1b7dd2252b99671ce5d1cb9664c5f8636329436d/library/core/src/ops/function.rs:250:5
[INFO] [stdout]   24:     0x561c63782d2f - test::__rust_begin_short_backtrace::hce33033019b61e69
[INFO] [stdout]                                at /rustc/1b7dd2252b99671ce5d1cb9664c5f8636329436d/library/test/src/lib.rs:655:18
[INFO] [stdout]   25:     0x561c6375051c - test::run_test::{{closure}}::h858d3528838ae3e5
[INFO] [stdout]                                at /rustc/1b7dd2252b99671ce5d1cb9664c5f8636329436d/library/test/src/lib.rs:646:30
[INFO] [stdout]   26:     0x561c6375051c - core::ops::function::FnOnce::call_once{{vtable.shim}}::he8ac2b00f01ae79e
[INFO] [stdout]                                at /rustc/1b7dd2252b99671ce5d1cb9664c5f8636329436d/library/core/src/ops/function.rs:250:5
[INFO] [stdout]   27:     0x561c63781e06 - <alloc::boxed::Box<F,A> as core::ops::function::FnOnce<Args>>::call_once::h8093d25b522725ef
[INFO] [stdout]                                at /rustc/1b7dd2252b99671ce5d1cb9664c5f8636329436d/library/alloc/src/boxed.rs:1973:9
[INFO] [stdout]   28:     0x561c63781e06 - <core::panic::unwind_safe::AssertUnwindSafe<F> as core::ops::function::FnOnce<()>>::call_once::h5c334c204e4a3913
[INFO] [stdout]                                at /rustc/1b7dd2252b99671ce5d1cb9664c5f8636329436d/library/core/src/panic/unwind_safe.rs:271:9
[INFO] [stdout]   29:     0x561c63781e06 - std::panicking::try::do_call::ha8b740c7b9478074
[INFO] [stdout]                                at /rustc/1b7dd2252b99671ce5d1cb9664c5f8636329436d/library/std/src/panicking.rs:485:40
[INFO] [stdout]   30:     0x561c63781e06 - std::panicking::try::h5d34f63d0e41b64e
[INFO] [stdout]                                at /rustc/1b7dd2252b99671ce5d1cb9664c5f8636329436d/library/std/src/panicking.rs:449:19
[INFO] [stdout]   31:     0x561c63781e06 - std::panic::catch_unwind::hcfbb511e1aa7fc67
[INFO] [stdout]                                at /rustc/1b7dd2252b99671ce5d1cb9664c5f8636329436d/library/std/src/panic.rs:140:14
[INFO] [stdout]   32:     0x561c63781e06 - test::run_test_in_process::h9abda90f802eaf21
[INFO] [stdout]                                at /rustc/1b7dd2252b99671ce5d1cb9664c5f8636329436d/library/test/src/lib.rs:678:27
[INFO] [stdout]   33:     0x561c63781e06 - test::run_test::run_test_inner::{{closure}}::h0f058de91f6c6edf
[INFO] [stdout]                                at /rustc/1b7dd2252b99671ce5d1cb9664c5f8636329436d/library/test/src/lib.rs:572:39
[INFO] [stdout]   34:     0x561c6374ad25 - test::run_test::run_test_inner::{{closure}}::h5ca48a4c59c6c1fb
[INFO] [stdout]                                at /rustc/1b7dd2252b99671ce5d1cb9664c5f8636329436d/library/test/src/lib.rs:599:37
[INFO] [stdout]   35:     0x561c6374ad25 - std::sys_common::backtrace::__rust_begin_short_backtrace::h32bd51e1495d4a33
[INFO] [stdout]                                at /rustc/1b7dd2252b99671ce5d1cb9664c5f8636329436d/library/std/src/sys_common/backtrace.rs:134:18
[INFO] [stdout]   36:     0x561c63750261 - std::thread::Builder::spawn_unchecked_::{{closure}}::{{closure}}::hc086fae9b128b2db
[INFO] [stdout]                                at /rustc/1b7dd2252b99671ce5d1cb9664c5f8636329436d/library/std/src/thread/mod.rs:526:17
[INFO] [stdout]   37:     0x561c63750261 - <core::panic::unwind_safe::AssertUnwindSafe<F> as core::ops::function::FnOnce<()>>::call_once::hb66571888d270d43
[INFO] [stdout]                                at /rustc/1b7dd2252b99671ce5d1cb9664c5f8636329436d/library/core/src/panic/unwind_safe.rs:271:9
[INFO] [stdout]   38:     0x561c63750261 - std::panicking::try::do_call::h4fa2ef4f6e51fecf
[INFO] [stdout]                                at /rustc/1b7dd2252b99671ce5d1cb9664c5f8636329436d/library/std/src/panicking.rs:485:40
[INFO] [stdout]   39:     0x561c63750261 - std::panicking::try::h1e9e22b8584489b5
[INFO] [stdout]                                at /rustc/1b7dd2252b99671ce5d1cb9664c5f8636329436d/library/std/src/panicking.rs:449:19
[INFO] [stdout]   40:     0x561c63750261 - std::panic::catch_unwind::h44698a3de0e0769e
[INFO] [stdout]                                at /rustc/1b7dd2252b99671ce5d1cb9664c5f8636329436d/library/std/src/panic.rs:140:14
[INFO] [stdout]   41:     0x561c63750261 - std::thread::Builder::spawn_unchecked_::{{closure}}::h50153abde3fe239e
[INFO] [stdout]                                at /rustc/1b7dd2252b99671ce5d1cb9664c5f8636329436d/library/std/src/thread/mod.rs:525:30
[INFO] [stdout]   42:     0x561c63750261 - core::ops::function::FnOnce::call_once{{vtable.shim}}::hbe5bbf6f38394364
[INFO] [stdout]                                at /rustc/1b7dd2252b99671ce5d1cb9664c5f8636329436d/library/core/src/ops/function.rs:250:5
[INFO] [stdout]   43:     0x561c63e3a995 - <alloc::boxed::Box<F,A> as core::ops::function::FnOnce<Args>>::call_once::h0d83cb2920a49046
[INFO] [stdout]                                at /rustc/1b7dd2252b99671ce5d1cb9664c5f8636329436d/library/alloc/src/boxed.rs:1973:9
[INFO] [stdout]   44:     0x561c63e3a995 - <alloc::boxed::Box<F,A> as core::ops::function::FnOnce<Args>>::call_once::hbe0a008aa7d9ef59
[INFO] [stdout]                                at /rustc/1b7dd2252b99671ce5d1cb9664c5f8636329436d/library/alloc/src/boxed.rs:1973:9
[INFO] [stdout]   45:     0x561c63e3a995 - std::sys::unix::thread::Thread::new::thread_start::h3a466996bdf6b1f9
[INFO] [stdout]                                at /rustc/1b7dd2252b99671ce5d1cb9664c5f8636329436d/library/std/src/sys/unix/thread.rs:108:17
[INFO] [stdout]   46:     0x7f8eda6d6b43 - <unknown>
[INFO] [stdout]   47:     0x7f8eda767bb4 - __clone
[INFO] [stdout]   48:                0x0 - <unknown>
[INFO] [stdout] 
[INFO] [stdout] 
[INFO] [stdout] failures:
[INFO] [stdout]     config::tests::config_file
[INFO] [stdout] 
[INFO] [stdout] test result: FAILED. 68 passed; 1 failed; 0 ignored; 0 measured; 0 filtered out; finished in 0.33s
[INFO] [stdout] 
[INFO] [stderr] error: test failed, to rerun pass `--bin flash_rust_ws`
[INFO] running `Command { std: "docker" "inspect" "4ae9775cea38459c6c7f77a15d869240163556489fcbb0a5a698a5f1f4b478bc", kill_on_drop: false }`
[INFO] running `Command { std: "docker" "rm" "-f" "4ae9775cea38459c6c7f77a15d869240163556489fcbb0a5a698a5f1f4b478bc", kill_on_drop: false }`
[INFO] [stdout] 4ae9775cea38459c6c7f77a15d869240163556489fcbb0a5a698a5f1f4b478bc
