[INFO] fetching crate flag_set 0.1.6...
[INFO] testing flag_set-0.1.6 against beta-2023-04-20 for beta-1.70-1
[INFO] extracting crate flag_set 0.1.6 into /workspace/builds/worker-7-tc2/source
[INFO] validating manifest of crates.io crate flag_set 0.1.6 on toolchain beta-2023-04-20
[INFO] running `Command { std: CARGO_HOME="/workspace/cargo-home" RUSTUP_HOME="/workspace/rustup-home" "/workspace/cargo-home/bin/cargo" "+beta-2023-04-20" "metadata" "--manifest-path" "Cargo.toml" "--no-deps", kill_on_drop: false }`
[INFO] started tweaking crates.io crate flag_set 0.1.6
[INFO] finished tweaking crates.io crate flag_set 0.1.6
[INFO] tweaked toml for crates.io crate flag_set 0.1.6 written to /workspace/builds/worker-7-tc2/source/Cargo.toml
[INFO] running `Command { std: CARGO_HOME="/workspace/cargo-home" RUSTUP_HOME="/workspace/rustup-home" __CARGO_TEST_CHANNEL_OVERRIDE_DO_NOT_USE_THIS="nightly" "/workspace/cargo-home/bin/cargo" "+beta-2023-04-20" "generate-lockfile" "--manifest-path" "Cargo.toml" "-Zno-index-update", kill_on_drop: false }`
[INFO] running `Command { std: CARGO_HOME="/workspace/cargo-home" RUSTUP_HOME="/workspace/rustup-home" "/workspace/cargo-home/bin/cargo" "+beta-2023-04-20" "fetch" "--manifest-path" "Cargo.toml", kill_on_drop: false }`
[INFO] running `Command { std: "docker" "create" "-v" "/var/lib/crater-agent-workspace/builds/worker-7-tc2/target:/opt/rustwide/target:rw,Z" "-v" "/var/lib/crater-agent-workspace/builds/worker-7-tc2/source:/opt/rustwide/workdir:ro,Z" "-v" "/var/lib/crater-agent-workspace/cargo-home:/opt/rustwide/cargo-home:ro,Z" "-v" "/var/lib/crater-agent-workspace/rustup-home:/opt/rustwide/rustup-home:ro,Z" "-e" "SOURCE_DIR=/opt/rustwide/workdir" "-e" "CARGO_TARGET_DIR=/opt/rustwide/target" "-e" "CARGO_HOME=/opt/rustwide/cargo-home" "-e" "RUSTUP_HOME=/opt/rustwide/rustup-home" "-w" "/opt/rustwide/workdir" "-m" "1610612736" "--user" "0:0" "--network" "none" "ghcr.io/rust-lang/crates-build-env/linux@sha256:5ff2268d62e97bff2cde7d5815dd6ed5b47097566f13b8d0ca110b04b60e07ed" "/opt/rustwide/cargo-home/bin/cargo" "+beta-2023-04-20" "metadata" "--no-deps" "--format-version=1", kill_on_drop: false }`
[INFO] [stdout] 8f2caf54c0521c628af1650bcb22c7d45c68bd881afd71d3163a7d8d4eaaed7b
[INFO] running `Command { std: "docker" "start" "-a" "8f2caf54c0521c628af1650bcb22c7d45c68bd881afd71d3163a7d8d4eaaed7b", kill_on_drop: false }`
[INFO] running `Command { std: "docker" "inspect" "8f2caf54c0521c628af1650bcb22c7d45c68bd881afd71d3163a7d8d4eaaed7b", kill_on_drop: false }`
[INFO] running `Command { std: "docker" "rm" "-f" "8f2caf54c0521c628af1650bcb22c7d45c68bd881afd71d3163a7d8d4eaaed7b", kill_on_drop: false }`
[INFO] [stdout] 8f2caf54c0521c628af1650bcb22c7d45c68bd881afd71d3163a7d8d4eaaed7b
[INFO] running `Command { std: "docker" "create" "-v" "/var/lib/crater-agent-workspace/builds/worker-7-tc2/target:/opt/rustwide/target:rw,Z" "-v" "/var/lib/crater-agent-workspace/builds/worker-7-tc2/source:/opt/rustwide/workdir:ro,Z" "-v" "/var/lib/crater-agent-workspace/cargo-home:/opt/rustwide/cargo-home:ro,Z" "-v" "/var/lib/crater-agent-workspace/rustup-home:/opt/rustwide/rustup-home:ro,Z" "-e" "SOURCE_DIR=/opt/rustwide/workdir" "-e" "CARGO_TARGET_DIR=/opt/rustwide/target" "-e" "CARGO_INCREMENTAL=0" "-e" "RUST_BACKTRACE=full" "-e" "RUSTFLAGS=--cap-lints=warn" "-e" "RUSTDOCFLAGS=--cap-lints=warn" "-e" "CARGO_HOME=/opt/rustwide/cargo-home" "-e" "RUSTUP_HOME=/opt/rustwide/rustup-home" "-w" "/opt/rustwide/workdir" "-m" "1610612736" "--user" "0:0" "--network" "none" "ghcr.io/rust-lang/crates-build-env/linux@sha256:5ff2268d62e97bff2cde7d5815dd6ed5b47097566f13b8d0ca110b04b60e07ed" "/opt/rustwide/cargo-home/bin/cargo" "+beta-2023-04-20" "build" "--frozen" "--message-format=json", kill_on_drop: false }`
[INFO] [stdout] 8c55f7d14c11981382933ac8ac188b54efda2e863254350daf8dccff93efa0bc
[INFO] running `Command { std: "docker" "start" "-a" "8c55f7d14c11981382933ac8ac188b54efda2e863254350daf8dccff93efa0bc", kill_on_drop: false }`
[INFO] [stderr]    Compiling flag_set v0.1.6 (/opt/rustwide/workdir)
[INFO] [stderr]     Finished dev [unoptimized + debuginfo] target(s) in 0.14s
[INFO] running `Command { std: "docker" "inspect" "8c55f7d14c11981382933ac8ac188b54efda2e863254350daf8dccff93efa0bc", kill_on_drop: false }`
[INFO] running `Command { std: "docker" "rm" "-f" "8c55f7d14c11981382933ac8ac188b54efda2e863254350daf8dccff93efa0bc", kill_on_drop: false }`
[INFO] [stdout] 8c55f7d14c11981382933ac8ac188b54efda2e863254350daf8dccff93efa0bc
[INFO] running `Command { std: "docker" "create" "-v" "/var/lib/crater-agent-workspace/builds/worker-7-tc2/target:/opt/rustwide/target:rw,Z" "-v" "/var/lib/crater-agent-workspace/builds/worker-7-tc2/source:/opt/rustwide/workdir:ro,Z" "-v" "/var/lib/crater-agent-workspace/cargo-home:/opt/rustwide/cargo-home:ro,Z" "-v" "/var/lib/crater-agent-workspace/rustup-home:/opt/rustwide/rustup-home:ro,Z" "-e" "SOURCE_DIR=/opt/rustwide/workdir" "-e" "CARGO_TARGET_DIR=/opt/rustwide/target" "-e" "CARGO_INCREMENTAL=0" "-e" "RUST_BACKTRACE=full" "-e" "RUSTFLAGS=--cap-lints=warn" "-e" "RUSTDOCFLAGS=--cap-lints=warn" "-e" "CARGO_HOME=/opt/rustwide/cargo-home" "-e" "RUSTUP_HOME=/opt/rustwide/rustup-home" "-w" "/opt/rustwide/workdir" "-m" "1610612736" "--user" "0:0" "--network" "none" "ghcr.io/rust-lang/crates-build-env/linux@sha256:5ff2268d62e97bff2cde7d5815dd6ed5b47097566f13b8d0ca110b04b60e07ed" "/opt/rustwide/cargo-home/bin/cargo" "+beta-2023-04-20" "test" "--frozen" "--no-run" "--message-format=json", kill_on_drop: false }`
[INFO] [stdout] eb490ff8504b649961124780cc1be96d6b6be3fd39ca9bfc10000b5039d5961d
[INFO] running `Command { std: "docker" "start" "-a" "eb490ff8504b649961124780cc1be96d6b6be3fd39ca9bfc10000b5039d5961d", kill_on_drop: false }`
[INFO] [stderr]     Blocking waiting for file lock on package cache
[INFO] [stderr]    Compiling flag_set v0.1.6 (/opt/rustwide/workdir)
[INFO] [stderr]     Finished test [unoptimized + debuginfo] target(s) in 0.91s
[INFO] running `Command { std: "docker" "inspect" "eb490ff8504b649961124780cc1be96d6b6be3fd39ca9bfc10000b5039d5961d", kill_on_drop: false }`
[INFO] running `Command { std: "docker" "rm" "-f" "eb490ff8504b649961124780cc1be96d6b6be3fd39ca9bfc10000b5039d5961d", kill_on_drop: false }`
[INFO] [stdout] eb490ff8504b649961124780cc1be96d6b6be3fd39ca9bfc10000b5039d5961d
[INFO] running `Command { std: "docker" "create" "-v" "/var/lib/crater-agent-workspace/builds/worker-7-tc2/target:/opt/rustwide/target:rw,Z" "-v" "/var/lib/crater-agent-workspace/builds/worker-7-tc2/source:/opt/rustwide/workdir:ro,Z" "-v" "/var/lib/crater-agent-workspace/cargo-home:/opt/rustwide/cargo-home:ro,Z" "-v" "/var/lib/crater-agent-workspace/rustup-home:/opt/rustwide/rustup-home:ro,Z" "-e" "SOURCE_DIR=/opt/rustwide/workdir" "-e" "CARGO_TARGET_DIR=/opt/rustwide/target" "-e" "CARGO_INCREMENTAL=0" "-e" "RUST_BACKTRACE=full" "-e" "RUSTFLAGS=--cap-lints=warn" "-e" "RUSTDOCFLAGS=--cap-lints=warn" "-e" "CARGO_HOME=/opt/rustwide/cargo-home" "-e" "RUSTUP_HOME=/opt/rustwide/rustup-home" "-w" "/opt/rustwide/workdir" "-m" "1610612736" "--user" "0:0" "--network" "none" "ghcr.io/rust-lang/crates-build-env/linux@sha256:5ff2268d62e97bff2cde7d5815dd6ed5b47097566f13b8d0ca110b04b60e07ed" "/opt/rustwide/cargo-home/bin/cargo" "+beta-2023-04-20" "test" "--frozen", kill_on_drop: false }`
[INFO] [stdout] d1eb51f8886f88acc682977573399edeae05fe8892985bab4de336f172ec5145
[INFO] running `Command { std: "docker" "start" "-a" "d1eb51f8886f88acc682977573399edeae05fe8892985bab4de336f172ec5145", kill_on_drop: false }`
[INFO] [stderr]     Finished test [unoptimized + debuginfo] target(s) in 0.00s
[INFO] [stderr]      Running unittests src/lib.rs (/opt/rustwide/target/debug/deps/flag_set-3731b6fa0ed6b793)
[INFO] [stdout] 
[INFO] [stdout] running 1 test
[INFO] [stdout] test tests::it_works ... ok
[INFO] [stderr]    Doc-tests flag_set
[INFO] [stdout] 
[INFO] [stdout] test result: ok. 1 passed; 0 failed; 0 ignored; 0 measured; 0 filtered out; finished in 0.00s
[INFO] [stdout] 
[INFO] [stdout] 
[INFO] [stdout] running 1 test
[INFO] [stdout] test src/lib.rs - (line 27) ... FAILED
[INFO] [stdout] 
[INFO] [stdout] failures:
[INFO] [stdout] 
[INFO] [stdout] ---- src/lib.rs - (line 27) stdout ----
[INFO] [stdout] error[E0423]: cannot initialize a tuple struct which contains private fields
[INFO] [stdout]    --> src/lib.rs:34:15
[INFO] [stdout]     |
[INFO] [stdout] 10  | let flag_ap = FlagSet(a.clone(), true);
[INFO] [stdout]     |               ^^^^^^^
[INFO] [stdout]     |
[INFO] [stdout] note: constructor is not visible here due to private fields
[INFO] [stdout]    --> /opt/rustwide/workdir/src/lib.rs:133:34
[INFO] [stdout]     |
[INFO] [stdout] 133 | pub struct FlagSet<T: Eq + Hash>(HashSet<T>, bool);
[INFO] [stdout]     |                                  ^^^^^^^^^^  ^^^^ private field
[INFO] [stdout]     |                                  |
[INFO] [stdout]     |                                  private field
[INFO] [stdout] 
[INFO] [stdout] error[E0423]: cannot initialize a tuple struct which contains private fields
[INFO] [stdout]    --> src/lib.rs:35:15
[INFO] [stdout]     |
[INFO] [stdout] 11  | let flag_an = FlagSet(a.clone(), false);
[INFO] [stdout]     |               ^^^^^^^
[INFO] [stdout]     |
[INFO] [stdout] note: constructor is not visible here due to private fields
[INFO] [stdout]    --> /opt/rustwide/workdir/src/lib.rs:133:34
[INFO] [stdout]     |
[INFO] [stdout] 133 | pub struct FlagSet<T: Eq + Hash>(HashSet<T>, bool);
[INFO] [stdout]     |                                  ^^^^^^^^^^  ^^^^ private field
[INFO] [stdout]     |                                  |
[INFO] [stdout]     |                                  private field
[INFO] [stdout] 
[INFO] [stdout] error[E0423]: cannot initialize a tuple struct which contains private fields
[INFO] [stdout]    --> src/lib.rs:36:15
[INFO] [stdout]     |
[INFO] [stdout] 12  | let flag_bp = FlagSet(b.clone(), true);
[INFO] [stdout]     |               ^^^^^^^
[INFO] [stdout]     |
[INFO] [stdout] note: constructor is not visible here due to private fields
[INFO] [stdout]    --> /opt/rustwide/workdir/src/lib.rs:133:34
[INFO] [stdout]     |
[INFO] [stdout] 133 | pub struct FlagSet<T: Eq + Hash>(HashSet<T>, bool);
[INFO] [stdout]     |                                  ^^^^^^^^^^  ^^^^ private field
[INFO] [stdout]     |                                  |
[INFO] [stdout]     |                                  private field
[INFO] [stdout] 
[INFO] [stdout] error[E0423]: cannot initialize a tuple struct which contains private fields
[INFO] [stdout]    --> src/lib.rs:37:15
[INFO] [stdout]     |
[INFO] [stdout] 13  | let flag_bn = FlagSet(b.clone(), false);
[INFO] [stdout]     |               ^^^^^^^
[INFO] [stdout]     |
[INFO] [stdout] note: constructor is not visible here due to private fields
[INFO] [stdout]    --> /opt/rustwide/workdir/src/lib.rs:133:34
[INFO] [stdout]     |
[INFO] [stdout] 133 | pub struct FlagSet<T: Eq + Hash>(HashSet<T>, bool);
[INFO] [stdout]     |                                  ^^^^^^^^^^  ^^^^ private field
[INFO] [stdout]     |                                  |
[INFO] [stdout]     |                                  private field
[INFO] [stdout] 
[INFO] [stdout] error[E0423]: cannot initialize a tuple struct which contains private fields
[INFO] [stdout]    --> src/lib.rs:66:12
[INFO] [stdout]     |
[INFO] [stdout] 42  | assert_eq!(FlagSet(a.clone(), true), !flag_an.clone());
[INFO] [stdout]     |            ^^^^^^^
[INFO] [stdout]     |
[INFO] [stdout] note: constructor is not visible here due to private fields
[INFO] [stdout]    --> /opt/rustwide/workdir/src/lib.rs:133:34
[INFO] [stdout]     |
[INFO] [stdout] 133 | pub struct FlagSet<T: Eq + Hash>(HashSet<T>, bool);
[INFO] [stdout]     |                                  ^^^^^^^^^^  ^^^^ private field
[INFO] [stdout]     |                                  |
[INFO] [stdout]     |                                  private field
[INFO] [stdout] 
[INFO] [stdout] error: aborting due to 5 previous errors
[INFO] [stdout] 
[INFO] [stdout] For more information about this error, try `rustc --explain E0423`.
[INFO] [stdout] Couldn't compile the test.
[INFO] [stdout] 
[INFO] [stdout] failures:
[INFO] [stdout]     src/lib.rs - (line 27)
[INFO] [stdout] 
[INFO] [stdout] test result: FAILED. 0 passed; 1 failed; 0 ignored; 0 measured; 0 filtered out; finished in 0.08s
[INFO] [stdout] 
[INFO] [stderr] error: doctest failed, to rerun pass `--doc`
[INFO] running `Command { std: "docker" "inspect" "d1eb51f8886f88acc682977573399edeae05fe8892985bab4de336f172ec5145", kill_on_drop: false }`
[INFO] running `Command { std: "docker" "rm" "-f" "d1eb51f8886f88acc682977573399edeae05fe8892985bab4de336f172ec5145", kill_on_drop: false }`
[INFO] [stdout] d1eb51f8886f88acc682977573399edeae05fe8892985bab4de336f172ec5145
