[INFO] fetching crate fixedstr 0.2.11...
[INFO] testing fixedstr-0.2.11 against 1.69.0 for beta-1.70-1
[INFO] extracting crate fixedstr 0.2.11 into /workspace/builds/worker-1-tc1/source
[INFO] validating manifest of crates.io crate fixedstr 0.2.11 on toolchain 1.69.0
[INFO] running `Command { std: CARGO_HOME="/workspace/cargo-home" RUSTUP_HOME="/workspace/rustup-home" "/workspace/cargo-home/bin/cargo" "+1.69.0" "metadata" "--manifest-path" "Cargo.toml" "--no-deps", kill_on_drop: false }`
[INFO] started tweaking crates.io crate fixedstr 0.2.11
[INFO] finished tweaking crates.io crate fixedstr 0.2.11
[INFO] tweaked toml for crates.io crate fixedstr 0.2.11 written to /workspace/builds/worker-1-tc1/source/Cargo.toml
[INFO] crate crates.io crate fixedstr 0.2.11 already has a lockfile, it will not be regenerated
[INFO] running `Command { std: CARGO_HOME="/workspace/cargo-home" RUSTUP_HOME="/workspace/rustup-home" "/workspace/cargo-home/bin/cargo" "+1.69.0" "fetch" "--manifest-path" "Cargo.toml", kill_on_drop: false }`
[INFO] [stderr]     Blocking waiting for file lock on package cache
[INFO] [stderr]     Blocking waiting for file lock on package cache
[INFO] running `Command { std: "docker" "create" "-v" "/var/lib/crater-agent-workspace/builds/worker-1-tc1/target:/opt/rustwide/target:rw,Z" "-v" "/var/lib/crater-agent-workspace/builds/worker-1-tc1/source:/opt/rustwide/workdir:ro,Z" "-v" "/var/lib/crater-agent-workspace/cargo-home:/opt/rustwide/cargo-home:ro,Z" "-v" "/var/lib/crater-agent-workspace/rustup-home:/opt/rustwide/rustup-home:ro,Z" "-e" "SOURCE_DIR=/opt/rustwide/workdir" "-e" "CARGO_TARGET_DIR=/opt/rustwide/target" "-e" "CARGO_HOME=/opt/rustwide/cargo-home" "-e" "RUSTUP_HOME=/opt/rustwide/rustup-home" "-w" "/opt/rustwide/workdir" "-m" "1610612736" "--user" "0:0" "--network" "none" "ghcr.io/rust-lang/crates-build-env/linux@sha256:5ff2268d62e97bff2cde7d5815dd6ed5b47097566f13b8d0ca110b04b60e07ed" "/opt/rustwide/cargo-home/bin/cargo" "+1.69.0" "metadata" "--no-deps" "--format-version=1", kill_on_drop: false }`
[INFO] [stdout] d11193a44e63423579e8d12c7c6b96ad6d1cf42769b30c555b68659a1eaf0b8b
[INFO] running `Command { std: "docker" "start" "-a" "d11193a44e63423579e8d12c7c6b96ad6d1cf42769b30c555b68659a1eaf0b8b", kill_on_drop: false }`
[INFO] running `Command { std: "docker" "inspect" "d11193a44e63423579e8d12c7c6b96ad6d1cf42769b30c555b68659a1eaf0b8b", kill_on_drop: false }`
[INFO] running `Command { std: "docker" "rm" "-f" "d11193a44e63423579e8d12c7c6b96ad6d1cf42769b30c555b68659a1eaf0b8b", kill_on_drop: false }`
[INFO] [stdout] d11193a44e63423579e8d12c7c6b96ad6d1cf42769b30c555b68659a1eaf0b8b
[INFO] running `Command { std: "docker" "create" "-v" "/var/lib/crater-agent-workspace/builds/worker-1-tc1/target:/opt/rustwide/target:rw,Z" "-v" "/var/lib/crater-agent-workspace/builds/worker-1-tc1/source:/opt/rustwide/workdir:ro,Z" "-v" "/var/lib/crater-agent-workspace/cargo-home:/opt/rustwide/cargo-home:ro,Z" "-v" "/var/lib/crater-agent-workspace/rustup-home:/opt/rustwide/rustup-home:ro,Z" "-e" "SOURCE_DIR=/opt/rustwide/workdir" "-e" "CARGO_TARGET_DIR=/opt/rustwide/target" "-e" "CARGO_INCREMENTAL=0" "-e" "RUST_BACKTRACE=full" "-e" "RUSTFLAGS=--cap-lints=warn" "-e" "RUSTDOCFLAGS=--cap-lints=warn" "-e" "CARGO_HOME=/opt/rustwide/cargo-home" "-e" "RUSTUP_HOME=/opt/rustwide/rustup-home" "-w" "/opt/rustwide/workdir" "-m" "1610612736" "--user" "0:0" "--network" "none" "ghcr.io/rust-lang/crates-build-env/linux@sha256:5ff2268d62e97bff2cde7d5815dd6ed5b47097566f13b8d0ca110b04b60e07ed" "/opt/rustwide/cargo-home/bin/cargo" "+1.69.0" "build" "--frozen" "--message-format=json", kill_on_drop: false }`
[INFO] [stdout] e02f34915770e60841998aedbcbf97c7536023a7632d967485a543b834270add
[INFO] running `Command { std: "docker" "start" "-a" "e02f34915770e60841998aedbcbf97c7536023a7632d967485a543b834270add", kill_on_drop: false }`
[INFO] [stderr]    Compiling fixedstr v0.2.11 (/opt/rustwide/workdir)
[INFO] [stderr]     Finished dev [unoptimized + debuginfo] target(s) in 1.04s
[INFO] running `Command { std: "docker" "inspect" "e02f34915770e60841998aedbcbf97c7536023a7632d967485a543b834270add", kill_on_drop: false }`
[INFO] running `Command { std: "docker" "rm" "-f" "e02f34915770e60841998aedbcbf97c7536023a7632d967485a543b834270add", kill_on_drop: false }`
[INFO] [stdout] e02f34915770e60841998aedbcbf97c7536023a7632d967485a543b834270add
[INFO] running `Command { std: "docker" "create" "-v" "/var/lib/crater-agent-workspace/builds/worker-1-tc1/target:/opt/rustwide/target:rw,Z" "-v" "/var/lib/crater-agent-workspace/builds/worker-1-tc1/source:/opt/rustwide/workdir:ro,Z" "-v" "/var/lib/crater-agent-workspace/cargo-home:/opt/rustwide/cargo-home:ro,Z" "-v" "/var/lib/crater-agent-workspace/rustup-home:/opt/rustwide/rustup-home:ro,Z" "-e" "SOURCE_DIR=/opt/rustwide/workdir" "-e" "CARGO_TARGET_DIR=/opt/rustwide/target" "-e" "CARGO_INCREMENTAL=0" "-e" "RUST_BACKTRACE=full" "-e" "RUSTFLAGS=--cap-lints=warn" "-e" "RUSTDOCFLAGS=--cap-lints=warn" "-e" "CARGO_HOME=/opt/rustwide/cargo-home" "-e" "RUSTUP_HOME=/opt/rustwide/rustup-home" "-w" "/opt/rustwide/workdir" "-m" "1610612736" "--user" "0:0" "--network" "none" "ghcr.io/rust-lang/crates-build-env/linux@sha256:5ff2268d62e97bff2cde7d5815dd6ed5b47097566f13b8d0ca110b04b60e07ed" "/opt/rustwide/cargo-home/bin/cargo" "+1.69.0" "test" "--frozen" "--no-run" "--message-format=json", kill_on_drop: false }`
[INFO] [stdout] 8881a778111c105177be95a32b69b313b7b29dbd832e6072b522ebb8bf0f00da
[INFO] running `Command { std: "docker" "start" "-a" "8881a778111c105177be95a32b69b313b7b29dbd832e6072b522ebb8bf0f00da", kill_on_drop: false }`
[INFO] [stderr]    Compiling fixedstr v0.2.11 (/opt/rustwide/workdir)
[INFO] [stderr]     Finished test [unoptimized + debuginfo] target(s) in 0.57s
[INFO] running `Command { std: "docker" "inspect" "8881a778111c105177be95a32b69b313b7b29dbd832e6072b522ebb8bf0f00da", kill_on_drop: false }`
[INFO] running `Command { std: "docker" "rm" "-f" "8881a778111c105177be95a32b69b313b7b29dbd832e6072b522ebb8bf0f00da", kill_on_drop: false }`
[INFO] [stdout] 8881a778111c105177be95a32b69b313b7b29dbd832e6072b522ebb8bf0f00da
[INFO] running `Command { std: "docker" "create" "-v" "/var/lib/crater-agent-workspace/builds/worker-1-tc1/target:/opt/rustwide/target:rw,Z" "-v" "/var/lib/crater-agent-workspace/builds/worker-1-tc1/source:/opt/rustwide/workdir:ro,Z" "-v" "/var/lib/crater-agent-workspace/cargo-home:/opt/rustwide/cargo-home:ro,Z" "-v" "/var/lib/crater-agent-workspace/rustup-home:/opt/rustwide/rustup-home:ro,Z" "-e" "SOURCE_DIR=/opt/rustwide/workdir" "-e" "CARGO_TARGET_DIR=/opt/rustwide/target" "-e" "CARGO_INCREMENTAL=0" "-e" "RUST_BACKTRACE=full" "-e" "RUSTFLAGS=--cap-lints=warn" "-e" "RUSTDOCFLAGS=--cap-lints=warn" "-e" "CARGO_HOME=/opt/rustwide/cargo-home" "-e" "RUSTUP_HOME=/opt/rustwide/rustup-home" "-w" "/opt/rustwide/workdir" "-m" "1610612736" "--user" "0:0" "--network" "none" "ghcr.io/rust-lang/crates-build-env/linux@sha256:5ff2268d62e97bff2cde7d5815dd6ed5b47097566f13b8d0ca110b04b60e07ed" "/opt/rustwide/cargo-home/bin/cargo" "+1.69.0" "test" "--frozen", kill_on_drop: false }`
[INFO] [stdout] bccb3fb179a7c2b6c4af05b405fcdf11b8f4b10deddd186cc4e480a34b0d0bf5
[INFO] running `Command { std: "docker" "start" "-a" "bccb3fb179a7c2b6c4af05b405fcdf11b8f4b10deddd186cc4e480a34b0d0bf5", kill_on_drop: false }`
[INFO] [stderr]     Finished test [unoptimized + debuginfo] target(s) in 0.00s
[INFO] [stderr]      Running unittests src/lib.rs (/opt/rustwide/target/debug/deps/fixedstr-fa3da735f581793e)
[INFO] [stderr]      Running unittests src/main.rs (/opt/rustwide/target/debug/deps/fixedstr-7398d759709fd1aa)
[INFO] [stdout] 
[INFO] [stdout] running 0 tests
[INFO] [stdout] 
[INFO] [stdout] test result: ok. 0 passed; 0 failed; 0 ignored; 0 measured; 0 filtered out; finished in 0.00s
[INFO] [stdout] 
[INFO] [stderr]    Doc-tests fixedstr
[INFO] [stdout] 
[INFO] [stdout] running 0 tests
[INFO] [stdout] 
[INFO] [stdout] test result: ok. 0 passed; 0 failed; 0 ignored; 0 measured; 0 filtered out; finished in 0.00s
[INFO] [stdout] 
[INFO] [stdout] 
[INFO] [stdout] running 11 tests
[INFO] [stdout] test src/lib.rs - fstr<M>::resize (line 403) ... ignored
[INFO] [stdout] test src/tiny_internal.rs - tiny_internal::tstr<M>::resize (line 281) ... ignored
[INFO] [stdout] test src/zero_terminated.rs - zero_terminated::zstr<M>::resize (line 331) ... ignored
[INFO] [stdout] test src/lib.rs - str_format (line 695) ... FAILED
[INFO] [stdout] test src/lib.rs - str8 (line 610) ... FAILED
[INFO] [stdout] test src/zero_terminated.rs - zero_terminated::zstr<N> (line 486) ... FAILED
[INFO] [stdout] test src/lib.rs - str256 (line 641) ... FAILED
[INFO] [stdout] test src/lib.rs - fstr<N> (line 664) ... FAILED
[INFO] [stdout] test src/tiny_internal.rs - tiny_internal::tstr<N> (line 551) ... FAILED
[INFO] [stdout] test src/lib.rs - try_format (line 710) ... FAILED
[INFO] [stdout] test src/lib.rs - (line 46) ... FAILED
[INFO] [stdout] 
[INFO] [stdout] failures:
[INFO] [stdout] 
[INFO] [stdout] ---- src/lib.rs - str_format (line 695) stdout ----
[INFO] [stdout] error: cannot find macro `str_format` in this scope
[INFO] [stdout]  --> src/lib.rs:696:9
[INFO] [stdout]   |
[INFO] [stdout] 3 | let s = str_format!(str8,"abc{}{}{}",1,2,3);
[INFO] [stdout]   |         ^^^^^^^^^^
[INFO] [stdout]   |
[INFO] [stdout]   = help: consider importing this macro:
[INFO] [stdout]           fixedstr::str_format
[INFO] [stdout] 
[INFO] [stdout] error: aborting due to previous error
[INFO] [stdout] 
[INFO] [stdout] Couldn't compile the test.
[INFO] [stdout] ---- src/lib.rs - str8 (line 610) stdout ----
[INFO] [stdout] error[E0433]: failed to resolve: use of undeclared crate or module `str8`
[INFO] [stdout]  --> src/lib.rs:611:13
[INFO] [stdout]   |
[INFO] [stdout] 3 | let mut s = str8::from("aλc");
[INFO] [stdout]   |             ^^^^ use of undeclared crate or module `str8`
[INFO] [stdout]   |
[INFO] [stdout] help: a builtin type with a similar name exists
[INFO] [stdout]   |
[INFO] [stdout] 3 | let mut s = str::from("aλc");
[INFO] [stdout]   |             ~~~
[INFO] [stdout] help: consider importing this type alias
[INFO] [stdout]   |
[INFO] [stdout] 2 | use fixedstr::str8;
[INFO] [stdout]   |
[INFO] [stdout] 
[INFO] [stdout] error: aborting due to previous error
[INFO] [stdout] 
[INFO] [stdout] For more information about this error, try `rustc --explain E0433`.
[INFO] [stdout] Couldn't compile the test.
[INFO] [stdout] ---- src/zero_terminated.rs - zero_terminated::zstr<N> (line 486) stdout ----
[INFO] [stdout] error: cannot find macro `str_format` in this scope
[INFO] [stdout]  --> src/zero_terminated.rs:491:12
[INFO] [stdout]   |
[INFO] [stdout] 7 |   let s2 = str_format!(zstr<16>,"abx{}{}{}",1,2,3);
[INFO] [stdout]   |            ^^^^^^^^^^
[INFO] [stdout]   |
[INFO] [stdout]   = help: consider importing this macro:
[INFO] [stdout]           fixedstr::str_format
[INFO] [stdout] 
[INFO] [stdout] error[E0433]: failed to resolve: use of undeclared crate or module `zstr`
[INFO] [stdout]  --> src/zero_terminated.rs:488:15
[INFO] [stdout]   |
[INFO] [stdout] 4 |   let mut s = zstr::<32>::new();
[INFO] [stdout]   |               ^^^^ use of undeclared crate or module `zstr`
[INFO] [stdout]   |
[INFO] [stdout] help: a builtin type with a similar name exists
[INFO] [stdout]   |
[INFO] [stdout] 4 |   let mut s = str::<32>::new();
[INFO] [stdout]   |               ~~~
[INFO] [stdout] help: consider importing this struct
[INFO] [stdout]   |
[INFO] [stdout] 2 | use fixedstr::zstr;
[INFO] [stdout]   |
[INFO] [stdout] 
[INFO] [stdout] error: aborting due to 2 previous errors
[INFO] [stdout] 
[INFO] [stdout] For more information about this error, try `rustc --explain E0433`.
[INFO] [stdout] Couldn't compile the test.
[INFO] [stdout] ---- src/lib.rs - str256 (line 641) stdout ----
[INFO] [stdout] error[E0433]: failed to resolve: use of undeclared crate or module `str8`
[INFO] [stdout]  --> src/lib.rs:642:10
[INFO] [stdout]   |
[INFO] [stdout] 3 | let c1 = str8::from("abcd");
[INFO] [stdout]   |          ^^^^ use of undeclared crate or module `str8`
[INFO] [stdout]   |
[INFO] [stdout] help: a builtin type with a similar name exists
[INFO] [stdout]   |
[INFO] [stdout] 3 | let c1 = str::from("abcd");
[INFO] [stdout]   |          ~~~
[INFO] [stdout] help: consider importing this type alias
[INFO] [stdout]   |
[INFO] [stdout] 2 | use fixedstr::str8;
[INFO] [stdout]   |
[INFO] [stdout] 
[INFO] [stdout] error[E0433]: failed to resolve: use of undeclared crate or module `str8`
[INFO] [stdout]  --> src/lib.rs:643:12
[INFO] [stdout]   |
[INFO] [stdout] 4 |   let c2 = str8::from("xyz");
[INFO] [stdout]   |            ^^^^ use of undeclared crate or module `str8`
[INFO] [stdout]   |
[INFO] [stdout] help: a builtin type with a similar name exists
[INFO] [stdout]   |
[INFO] [stdout] 4 |   let c2 = str::from("xyz");
[INFO] [stdout]   |            ~~~
[INFO] [stdout] help: consider importing this type alias
[INFO] [stdout]   |
[INFO] [stdout] 2 | use fixedstr::str8;
[INFO] [stdout]   |
[INFO] [stdout] 
[INFO] [stdout] error: aborting due to 2 previous errors
[INFO] [stdout] 
[INFO] [stdout] For more information about this error, try `rustc --explain E0433`.
[INFO] [stdout] Couldn't compile the test.
[INFO] [stdout] ---- src/lib.rs - fstr<N> (line 664) stdout ----
[INFO] [stdout] error: expected one of `!`, `+`, `::`, `>`, or `as`, found `,`
[INFO] [stdout]  --> src/lib.rs:669:32
[INFO] [stdout]   |
[INFO] [stdout] 7 |   let s2 = str_format(<fstr<24>,"hello {}, {}, {}",1,2,3);
[INFO] [stdout]   |                                ^ expected one of `!`, `+`, `::`, `>`, or `as`
[INFO] [stdout] 
[INFO] [stdout] error: expected one of `!`, `+`, `::`, `>`, or `as`, found `,`
[INFO] [stdout]  --> src/lib.rs:670:31
[INFO] [stdout]   |
[INFO] [stdout] 8 |   let s3 = try_format(<fstr<4>,"hello {}, {}, {}",1,2,3); // returns None
[INFO] [stdout]   |                               ^ expected one of `!`, `+`, `::`, `>`, or `as`
[INFO] [stdout] 
[INFO] [stdout] error[E0433]: failed to resolve: use of undeclared crate or module `fstr`
[INFO] [stdout]  --> src/lib.rs:666:15
[INFO] [stdout]   |
[INFO] [stdout] 4 |   let mut s = fstr::<32>::new();
[INFO] [stdout]   |               ^^^^ use of undeclared crate or module `fstr`
[INFO] [stdout]   |
[INFO] [stdout] help: a builtin type with a similar name exists
[INFO] [stdout]   |
[INFO] [stdout] 4 |   let mut s = str::<32>::new();
[INFO] [stdout]   |               ~~~
[INFO] [stdout] help: consider importing this struct
[INFO] [stdout]   |
[INFO] [stdout] 2 | use fixedstr::fstr;
[INFO] [stdout]   |
[INFO] [stdout] 
[INFO] [stdout] error: aborting due to 3 previous errors
[INFO] [stdout] 
[INFO] [stdout] For more information about this error, try `rustc --explain E0433`.
[INFO] [stdout] Couldn't compile the test.
[INFO] [stdout] ---- src/tiny_internal.rs - tiny_internal::tstr<N> (line 551) stdout ----
[INFO] [stdout] error[E0765]: unterminated double quote string
[INFO] [stdout]  --> src/tiny_internal.rs:556:47
[INFO] [stdout]   |
[INFO] [stdout] 5 |   let s2 = str_format!(str32,"abx{}{}{}",1,2,3");
[INFO] [stdout]   |                                               ^^^
[INFO] [stdout] 
[INFO] [stdout] error: aborting due to previous error
[INFO] [stdout] 
[INFO] [stdout] For more information about this error, try `rustc --explain E0765`.
[INFO] [stdout] Couldn't compile the test.
[INFO] [stdout] ---- src/lib.rs - try_format (line 710) stdout ----
[INFO] [stdout] error: cannot find macro `try_format` in this scope
[INFO] [stdout]  --> src/lib.rs:712:11
[INFO] [stdout]   |
[INFO] [stdout] 4 |  let s2 = try_format!(str8,"abcdefg{}","hijklmnop");
[INFO] [stdout]   |           ^^^^^^^^^^
[INFO] [stdout]   |
[INFO] [stdout]   = help: consider importing this macro:
[INFO] [stdout]           fixedstr::try_format
[INFO] [stdout] 
[INFO] [stdout] error: cannot find macro `try_format` in this scope
[INFO] [stdout]  --> src/lib.rs:711:9
[INFO] [stdout]   |
[INFO] [stdout] 3 | let s = try_format!(str32,"abcdefg{}","hijklmnop").unwrap();
[INFO] [stdout]   |         ^^^^^^^^^^
[INFO] [stdout]   |
[INFO] [stdout]   = help: consider importing this macro:
[INFO] [stdout]           fixedstr::try_format
[INFO] [stdout] 
[INFO] [stdout] error: aborting due to 2 previous errors
[INFO] [stdout] 
[INFO] [stdout] Couldn't compile the test.
[INFO] [stdout] ---- src/lib.rs - (line 46) stdout ----
[INFO] [stdout] error: cannot find macro `try_format` in this scope
[INFO] [stdout]   --> src/lib.rs:78:11
[INFO] [stdout]    |
[INFO] [stdout] 34 |  let c5 = try_format!(str8,"abcdef{}","ghijklmn");
[INFO] [stdout]    |           ^^^^^^^^^^
[INFO] [stdout]    |
[INFO] [stdout]    = help: consider importing this macro:
[INFO] [stdout]            fixedstr::try_format
[INFO] [stdout] 
[INFO] [stdout] error: cannot find macro `str_format` in this scope
[INFO] [stdout]   --> src/lib.rs:76:11
[INFO] [stdout]    |
[INFO] [stdout] 32 |  let c4 = str_format!(str16,"abc {}{}{}",1,2,3); // impls std::fmt::Write
[INFO] [stdout]    |           ^^^^^^^^^^
[INFO] [stdout]    |
[INFO] [stdout]    = help: consider importing this macro:
[INFO] [stdout]            fixedstr::str_format
[INFO] [stdout] 
[INFO] [stdout] error[E0412]: cannot find type `fstr` in this scope
[INFO] [stdout]  --> src/lib.rs:47:7
[INFO] [stdout]   |
[INFO] [stdout] 3 | let a:fstr<8> = fstr::from("abcdefg"); //creates fstr from &str
[INFO] [stdout]   |       ^^^^
[INFO] [stdout]   |
[INFO] [stdout] help: a builtin type with a similar name exists
[INFO] [stdout]   |
[INFO] [stdout] 3 | let a:str<8> = fstr::from("abcdefg"); //creates fstr from &str
[INFO] [stdout]   |       ~~~
[INFO] [stdout] help: consider importing this struct
[INFO] [stdout]   |
[INFO] [stdout] 2 | use fixedstr::fstr;
[INFO] [stdout]   |
[INFO] [stdout] 
[INFO] [stdout] error[E0433]: failed to resolve: use of undeclared crate or module `fstr`
[INFO] [stdout]  --> src/lib.rs:47:17
[INFO] [stdout]   |
[INFO] [stdout] 3 | let a:fstr<8> = fstr::from("abcdefg"); //creates fstr from &str
[INFO] [stdout]   |                 ^^^^ use of undeclared crate or module `fstr`
[INFO] [stdout]   |
[INFO] [stdout] help: a builtin type with a similar name exists
[INFO] [stdout]   |
[INFO] [stdout] 3 | let a:fstr<8> = str::from("abcdefg"); //creates fstr from &str
[INFO] [stdout]   |                 ~~~
[INFO] [stdout] help: consider importing this struct
[INFO] [stdout]   |
[INFO] [stdout] 2 | use fixedstr::fstr;
[INFO] [stdout]   |
[INFO] [stdout] 
[INFO] [stdout] error[E0412]: cannot find type `fstr` in this scope
[INFO] [stdout]  --> src/lib.rs:48:9
[INFO] [stdout]   |
[INFO] [stdout] 4 |  let a1:fstr<8> = a; // copied, not moved
[INFO] [stdout]   |         ^^^^
[INFO] [stdout]   |
[INFO] [stdout] help: a builtin type with a similar name exists
[INFO] [stdout]   |
[INFO] [stdout] 4 |  let a1:str<8> = a; // copied, not moved
[INFO] [stdout]   |         ~~~
[INFO] [stdout] help: consider importing this struct
[INFO] [stdout]   |
[INFO] [stdout] 2 | use fixedstr::fstr;
[INFO] [stdout]   |
[INFO] [stdout] 
[INFO] [stdout] error[E0412]: cannot find type `fstr` in this scope
[INFO] [stdout]   --> src/lib.rs:55:12
[INFO] [stdout]    |
[INFO] [stdout] 11 |  let mut u:fstr<8> = fstr::from("aλb"); //unicode support
[INFO] [stdout]    |            ^^^^
[INFO] [stdout]    |
[INFO] [stdout] help: a builtin type with a similar name exists
[INFO] [stdout]    |
[INFO] [stdout] 11 |  let mut u:str<8> = fstr::from("aλb"); //unicode support
[INFO] [stdout]    |            ~~~
[INFO] [stdout] help: consider importing this struct
[INFO] [stdout]    |
[INFO] [stdout] 2  | use fixedstr::fstr;
[INFO] [stdout]    |
[INFO] [stdout] 
[INFO] [stdout] error[E0433]: failed to resolve: use of undeclared crate or module `fstr`
[INFO] [stdout]   --> src/lib.rs:55:22
[INFO] [stdout]    |
[INFO] [stdout] 11 |  let mut u:fstr<8> = fstr::from("aλb"); //unicode support
[INFO] [stdout]    |                      ^^^^ use of undeclared crate or module `fstr`
[INFO] [stdout]    |
[INFO] [stdout] help: a builtin type with a similar name exists
[INFO] [stdout]    |
[INFO] [stdout] 11 |  let mut u:fstr<8> = str::from("aλb"); //unicode support
[INFO] [stdout]    |                      ~~~
[INFO] [stdout] help: consider importing this struct
[INFO] [stdout]    |
[INFO] [stdout] 2  | use fixedstr::fstr;
[INFO] [stdout]    |
[INFO] [stdout] 
[INFO] [stdout] error[E0412]: cannot find type `fstr` in this scope
[INFO] [stdout]   --> src/lib.rs:63:13
[INFO] [stdout]    |
[INFO] [stdout] 19 |  let mut ac:fstr<16> = a.resize(); // copies to larger capacity string
[INFO] [stdout]    |             ^^^^
[INFO] [stdout]    |
[INFO] [stdout] help: a builtin type with a similar name exists
[INFO] [stdout]    |
[INFO] [stdout] 19 |  let mut ac:str<16> = a.resize(); // copies to larger capacity string
[INFO] [stdout]    |             ~~~
[INFO] [stdout] help: consider importing this struct
[INFO] [stdout]    |
[INFO] [stdout] 2  | use fixedstr::fstr;
[INFO] [stdout]    |
[INFO] [stdout] 
[INFO] [stdout] error[E0433]: failed to resolve: use of undeclared crate or module `str8`
[INFO] [stdout]   --> src/lib.rs:69:11
[INFO] [stdout]    |
[INFO] [stdout] 25 |  let c1 = str8::from("abcdef"); // string concatenation with + for strN types  
[INFO] [stdout]    |           ^^^^ use of undeclared crate or module `str8`
[INFO] [stdout]    |
[INFO] [stdout] help: a builtin type with a similar name exists
[INFO] [stdout]    |
[INFO] [stdout] 25 |  let c1 = str::from("abcdef"); // string concatenation with + for strN types  
[INFO] [stdout]    |           ~~~
[INFO] [stdout] help: consider importing this type alias
[INFO] [stdout]    |
[INFO] [stdout] 2  | use fixedstr::str8;
[INFO] [stdout]    |
[INFO] [stdout] 
[INFO] [stdout] error[E0433]: failed to resolve: use of undeclared crate or module `str8`
[INFO] [stdout]   --> src/lib.rs:70:11
[INFO] [stdout]    |
[INFO] [stdout] 26 |  let c2 = str8::from("xyz123"); // this features is not available for fstr and tstr
[INFO] [stdout]    |           ^^^^ use of undeclared crate or module `str8`
[INFO] [stdout]    |
[INFO] [stdout] help: a builtin type with a similar name exists
[INFO] [stdout]    |
[INFO] [stdout] 26 |  let c2 = str::from("xyz123"); // this features is not available for fstr and tstr
[INFO] [stdout]    |           ~~~
[INFO] [stdout] help: consider importing this type alias
[INFO] [stdout]    |
[INFO] [stdout] 2  | use fixedstr::str8;
[INFO] [stdout]    |
[INFO] [stdout] 
[INFO] [stdout] error: aborting due to 10 previous errors
[INFO] [stdout] 
[INFO] [stdout] Some errors have detailed explanations: E0412, E0433.
[INFO] [stdout] For more information about an error, try `rustc --explain E0412`.
[INFO] [stdout] Couldn't compile the test.
[INFO] [stdout] 
[INFO] [stdout] failures:
[INFO] [stdout]     src/lib.rs - (line 46)
[INFO] [stdout]     src/lib.rs - fstr<N> (line 664)
[INFO] [stdout]     src/lib.rs - str256 (line 641)
[INFO] [stdout]     src/lib.rs - str8 (line 610)
[INFO] [stdout]     src/lib.rs - str_format (line 695)
[INFO] [stdout]     src/lib.rs - try_format (line 710)
[INFO] [stdout]     src/tiny_internal.rs - tiny_internal::tstr<N> (line 551)
[INFO] [stdout]     src/zero_terminated.rs - zero_terminated::zstr<N> (line 486)
[INFO] [stdout] 
[INFO] [stdout] test result: FAILED. 0 passed; 8 failed; 3 ignored; 0 measured; 0 filtered out; finished in 0.20s
[INFO] [stdout] 
[INFO] [stderr] error: doctest failed, to rerun pass `--doc`
[INFO] running `Command { std: "docker" "inspect" "bccb3fb179a7c2b6c4af05b405fcdf11b8f4b10deddd186cc4e480a34b0d0bf5", kill_on_drop: false }`
[INFO] running `Command { std: "docker" "rm" "-f" "bccb3fb179a7c2b6c4af05b405fcdf11b8f4b10deddd186cc4e480a34b0d0bf5", kill_on_drop: false }`
[INFO] [stdout] bccb3fb179a7c2b6c4af05b405fcdf11b8f4b10deddd186cc4e480a34b0d0bf5
