[INFO] fetching crate five32-instruction-set 0.1.0...
[INFO] testing five32-instruction-set-0.1.0 against beta-2023-04-20 for beta-1.70-1
[INFO] extracting crate five32-instruction-set 0.1.0 into /workspace/builds/worker-6-tc2/source
[INFO] validating manifest of crates.io crate five32-instruction-set 0.1.0 on toolchain beta-2023-04-20
[INFO] running `Command { std: CARGO_HOME="/workspace/cargo-home" RUSTUP_HOME="/workspace/rustup-home" "/workspace/cargo-home/bin/cargo" "+beta-2023-04-20" "metadata" "--manifest-path" "Cargo.toml" "--no-deps", kill_on_drop: false }`
[INFO] started tweaking crates.io crate five32-instruction-set 0.1.0
[INFO] finished tweaking crates.io crate five32-instruction-set 0.1.0
[INFO] tweaked toml for crates.io crate five32-instruction-set 0.1.0 written to /workspace/builds/worker-6-tc2/source/Cargo.toml
[INFO] running `Command { std: CARGO_HOME="/workspace/cargo-home" RUSTUP_HOME="/workspace/rustup-home" __CARGO_TEST_CHANNEL_OVERRIDE_DO_NOT_USE_THIS="nightly" "/workspace/cargo-home/bin/cargo" "+beta-2023-04-20" "generate-lockfile" "--manifest-path" "Cargo.toml" "-Zno-index-update", kill_on_drop: false }`
[INFO] running `Command { std: CARGO_HOME="/workspace/cargo-home" RUSTUP_HOME="/workspace/rustup-home" "/workspace/cargo-home/bin/cargo" "+beta-2023-04-20" "fetch" "--manifest-path" "Cargo.toml", kill_on_drop: false }`
[INFO] running `Command { std: "docker" "create" "-v" "/var/lib/crater-agent-workspace/builds/worker-6-tc2/target:/opt/rustwide/target:rw,Z" "-v" "/var/lib/crater-agent-workspace/builds/worker-6-tc2/source:/opt/rustwide/workdir:ro,Z" "-v" "/var/lib/crater-agent-workspace/cargo-home:/opt/rustwide/cargo-home:ro,Z" "-v" "/var/lib/crater-agent-workspace/rustup-home:/opt/rustwide/rustup-home:ro,Z" "-e" "SOURCE_DIR=/opt/rustwide/workdir" "-e" "CARGO_TARGET_DIR=/opt/rustwide/target" "-e" "CARGO_HOME=/opt/rustwide/cargo-home" "-e" "RUSTUP_HOME=/opt/rustwide/rustup-home" "-w" "/opt/rustwide/workdir" "-m" "1610612736" "--user" "0:0" "--network" "none" "ghcr.io/rust-lang/crates-build-env/linux@sha256:5ff2268d62e97bff2cde7d5815dd6ed5b47097566f13b8d0ca110b04b60e07ed" "/opt/rustwide/cargo-home/bin/cargo" "+beta-2023-04-20" "metadata" "--no-deps" "--format-version=1", kill_on_drop: false }`
[INFO] [stdout] 32b7e69cf558afd7173b12bf0016b073588e85c17d3859c7529a30714f4f5b9c
[INFO] running `Command { std: "docker" "start" "-a" "32b7e69cf558afd7173b12bf0016b073588e85c17d3859c7529a30714f4f5b9c", kill_on_drop: false }`
[INFO] running `Command { std: "docker" "inspect" "32b7e69cf558afd7173b12bf0016b073588e85c17d3859c7529a30714f4f5b9c", kill_on_drop: false }`
[INFO] running `Command { std: "docker" "rm" "-f" "32b7e69cf558afd7173b12bf0016b073588e85c17d3859c7529a30714f4f5b9c", kill_on_drop: false }`
[INFO] [stdout] 32b7e69cf558afd7173b12bf0016b073588e85c17d3859c7529a30714f4f5b9c
[INFO] running `Command { std: "docker" "create" "-v" "/var/lib/crater-agent-workspace/builds/worker-6-tc2/target:/opt/rustwide/target:rw,Z" "-v" "/var/lib/crater-agent-workspace/builds/worker-6-tc2/source:/opt/rustwide/workdir:ro,Z" "-v" "/var/lib/crater-agent-workspace/cargo-home:/opt/rustwide/cargo-home:ro,Z" "-v" "/var/lib/crater-agent-workspace/rustup-home:/opt/rustwide/rustup-home:ro,Z" "-e" "SOURCE_DIR=/opt/rustwide/workdir" "-e" "CARGO_TARGET_DIR=/opt/rustwide/target" "-e" "CARGO_INCREMENTAL=0" "-e" "RUST_BACKTRACE=full" "-e" "RUSTFLAGS=--cap-lints=warn" "-e" "RUSTDOCFLAGS=--cap-lints=warn" "-e" "CARGO_HOME=/opt/rustwide/cargo-home" "-e" "RUSTUP_HOME=/opt/rustwide/rustup-home" "-w" "/opt/rustwide/workdir" "-m" "1610612736" "--user" "0:0" "--network" "none" "ghcr.io/rust-lang/crates-build-env/linux@sha256:5ff2268d62e97bff2cde7d5815dd6ed5b47097566f13b8d0ca110b04b60e07ed" "/opt/rustwide/cargo-home/bin/cargo" "+beta-2023-04-20" "build" "--frozen" "--message-format=json", kill_on_drop: false }`
[INFO] [stdout] 7281dcba471bb55feff0cef55921590d463c3368c64873c0c6bb6b46a9895118
[INFO] running `Command { std: "docker" "start" "-a" "7281dcba471bb55feff0cef55921590d463c3368c64873c0c6bb6b46a9895118", kill_on_drop: false }`
[INFO] [stderr]    Compiling serde_derive v1.0.160
[INFO] [stderr]    Compiling syn v1.0.109
[INFO] [stderr]    Compiling rustversion v1.0.12
[INFO] [stderr]    Compiling radium v0.7.0
[INFO] [stderr]    Compiling serde v1.0.160
[INFO] [stderr]    Compiling serde_json v1.0.96
[INFO] [stderr]    Compiling tap v1.0.1
[INFO] [stderr]    Compiling paste v1.0.12
[INFO] [stderr]    Compiling heck v0.4.1
[INFO] [stderr]    Compiling ryu v1.0.13
[INFO] [stderr]    Compiling funty v2.0.0
[INFO] [stderr]    Compiling itoa v1.0.6
[INFO] [stderr]    Compiling strum v0.24.1
[INFO] [stderr]    Compiling wyz v0.5.1
[INFO] [stderr]    Compiling bitvec v1.0.1
[INFO] [stderr]    Compiling strum_macros v0.24.3
[INFO] [stderr]    Compiling five32-instruction-set v0.1.0 (/opt/rustwide/workdir)
[INFO] [stderr]     Finished dev [unoptimized + debuginfo] target(s) in 8.91s
[INFO] running `Command { std: "docker" "inspect" "7281dcba471bb55feff0cef55921590d463c3368c64873c0c6bb6b46a9895118", kill_on_drop: false }`
[INFO] running `Command { std: "docker" "rm" "-f" "7281dcba471bb55feff0cef55921590d463c3368c64873c0c6bb6b46a9895118", kill_on_drop: false }`
[INFO] [stdout] 7281dcba471bb55feff0cef55921590d463c3368c64873c0c6bb6b46a9895118
[INFO] running `Command { std: "docker" "create" "-v" "/var/lib/crater-agent-workspace/builds/worker-6-tc2/target:/opt/rustwide/target:rw,Z" "-v" "/var/lib/crater-agent-workspace/builds/worker-6-tc2/source:/opt/rustwide/workdir:ro,Z" "-v" "/var/lib/crater-agent-workspace/cargo-home:/opt/rustwide/cargo-home:ro,Z" "-v" "/var/lib/crater-agent-workspace/rustup-home:/opt/rustwide/rustup-home:ro,Z" "-e" "SOURCE_DIR=/opt/rustwide/workdir" "-e" "CARGO_TARGET_DIR=/opt/rustwide/target" "-e" "CARGO_INCREMENTAL=0" "-e" "RUST_BACKTRACE=full" "-e" "RUSTFLAGS=--cap-lints=warn" "-e" "RUSTDOCFLAGS=--cap-lints=warn" "-e" "CARGO_HOME=/opt/rustwide/cargo-home" "-e" "RUSTUP_HOME=/opt/rustwide/rustup-home" "-w" "/opt/rustwide/workdir" "-m" "1610612736" "--user" "0:0" "--network" "none" "ghcr.io/rust-lang/crates-build-env/linux@sha256:5ff2268d62e97bff2cde7d5815dd6ed5b47097566f13b8d0ca110b04b60e07ed" "/opt/rustwide/cargo-home/bin/cargo" "+beta-2023-04-20" "test" "--frozen" "--no-run" "--message-format=json", kill_on_drop: false }`
[INFO] [stdout] 24b641d7940bf182073dbda3e2835a9cc1dfb4be29174432a074326da863c65b
[INFO] running `Command { std: "docker" "start" "-a" "24b641d7940bf182073dbda3e2835a9cc1dfb4be29174432a074326da863c65b", kill_on_drop: false }`
[INFO] [stderr]    Compiling five32-instruction-set v0.1.0 (/opt/rustwide/workdir)
[INFO] [stderr]     Finished test [unoptimized + debuginfo] target(s) in 0.68s
[INFO] running `Command { std: "docker" "inspect" "24b641d7940bf182073dbda3e2835a9cc1dfb4be29174432a074326da863c65b", kill_on_drop: false }`
[INFO] running `Command { std: "docker" "rm" "-f" "24b641d7940bf182073dbda3e2835a9cc1dfb4be29174432a074326da863c65b", kill_on_drop: false }`
[INFO] [stdout] 24b641d7940bf182073dbda3e2835a9cc1dfb4be29174432a074326da863c65b
[INFO] running `Command { std: "docker" "create" "-v" "/var/lib/crater-agent-workspace/builds/worker-6-tc2/target:/opt/rustwide/target:rw,Z" "-v" "/var/lib/crater-agent-workspace/builds/worker-6-tc2/source:/opt/rustwide/workdir:ro,Z" "-v" "/var/lib/crater-agent-workspace/cargo-home:/opt/rustwide/cargo-home:ro,Z" "-v" "/var/lib/crater-agent-workspace/rustup-home:/opt/rustwide/rustup-home:ro,Z" "-e" "SOURCE_DIR=/opt/rustwide/workdir" "-e" "CARGO_TARGET_DIR=/opt/rustwide/target" "-e" "CARGO_INCREMENTAL=0" "-e" "RUST_BACKTRACE=full" "-e" "RUSTFLAGS=--cap-lints=warn" "-e" "RUSTDOCFLAGS=--cap-lints=warn" "-e" "CARGO_HOME=/opt/rustwide/cargo-home" "-e" "RUSTUP_HOME=/opt/rustwide/rustup-home" "-w" "/opt/rustwide/workdir" "-m" "1610612736" "--user" "0:0" "--network" "none" "ghcr.io/rust-lang/crates-build-env/linux@sha256:5ff2268d62e97bff2cde7d5815dd6ed5b47097566f13b8d0ca110b04b60e07ed" "/opt/rustwide/cargo-home/bin/cargo" "+beta-2023-04-20" "test" "--frozen", kill_on_drop: false }`
[INFO] [stdout] aaaf85641e93e7c426c430ae286677d4fe4aaf78dcf30e08eb7e672e5311e413
[INFO] running `Command { std: "docker" "start" "-a" "aaaf85641e93e7c426c430ae286677d4fe4aaf78dcf30e08eb7e672e5311e413", kill_on_drop: false }`
[INFO] [stderr]     Finished test [unoptimized + debuginfo] target(s) in 0.01s
[INFO] [stderr]      Running unittests src/lib.rs (/opt/rustwide/target/debug/deps/five32_instruction_set-2bcd90233139cf2d)
[INFO] [stdout] 
[INFO] [stdout] running 1 test
[INFO] [stdout] test rv32i::tests::instruction_parsing ... ok
[INFO] [stdout] 
[INFO] [stdout] test result: ok. 1 passed; 0 failed; 0 ignored; 0 measured; 0 filtered out; finished in 0.00s
[INFO] [stdout] 
[INFO] [stderr]      Running tests/test_layout.rs (/opt/rustwide/target/debug/deps/test_layout-7a00ebe79daa275d)
[INFO] [stdout] 
[INFO] [stdout] running 1 test
[INFO] [stdout] test test_parser ... ok
[INFO] [stdout] 
[INFO] [stdout] test result: ok. 1 passed; 0 failed; 0 ignored; 0 measured; 0 filtered out; finished in 0.00s
[INFO] [stdout] 
[INFO] [stderr]    Doc-tests five32-instruction-set
[INFO] [stdout] 
[INFO] [stdout] running 1 test
[INFO] [stdout] test src/rv32i/instr.rs - rv32i::instr::define_instruction_set (line 64) ... FAILED
[INFO] [stdout] 
[INFO] [stdout] failures:
[INFO] [stdout] 
[INFO] [stdout] ---- src/rv32i/instr.rs - rv32i::instr::define_instruction_set (line 64) stdout ----
[INFO] [stdout] error: cannot find macro `define_instruction_set` in this scope
[INFO] [stdout]  --> src/rv32i/instr.rs:65:1
[INFO] [stdout]   |
[INFO] [stdout] 4 | define_instruction_set!((ADD, layout::R));
[INFO] [stdout]   | ^^^^^^^^^^^^^^^^^^^^^^
[INFO] [stdout] 
[INFO] [stdout] error[E0425]: cannot find value `MASK_AND` in this scope
[INFO] [stdout]   --> src/rv32i/instr.rs:74:18
[INFO] [stdout]    |
[INFO] [stdout] 13 |       if (word & MASK_AND) == MATCH_AND {
[INFO] [stdout]    |                  ^^^^^^^^ not found in this scope
[INFO] [stdout] 
[INFO] [stdout] error[E0425]: cannot find value `MATCH_AND` in this scope
[INFO] [stdout]   --> src/rv32i/instr.rs:74:31
[INFO] [stdout]    |
[INFO] [stdout] 13 |       if (word & MASK_AND) == MATCH_AND {
[INFO] [stdout]    |                               ^^^^^^^^^ not found in this scope
[INFO] [stdout] 
[INFO] [stdout] error[E0433]: failed to resolve: could not find `R` in `five32_instruction_set`
[INFO] [stdout]   --> src/rv32i/instr.rs:75:64
[INFO] [stdout]    |
[INFO] [stdout] 14 |           return Some(Instruction::ADD(five32_instruction_set::R::from(word)));
[INFO] [stdout]    |                                                                ^ could not find `R` in `five32_instruction_set`
[INFO] [stdout]    |
[INFO] [stdout] help: consider importing this struct
[INFO] [stdout]    |
[INFO] [stdout] 2  + use five32_instruction_set::layout::R;
[INFO] [stdout]    |
[INFO] [stdout] help: if you import `R`, refer to it directly
[INFO] [stdout]    |
[INFO] [stdout] 14 -           return Some(Instruction::ADD(five32_instruction_set::R::from(word)));
[INFO] [stdout] 14 +           return Some(Instruction::ADD(R::from(word)));
[INFO] [stdout]    |
[INFO] [stdout] 
[INFO] [stdout] error: aborting due to 4 previous errors
[INFO] [stdout] 
[INFO] [stdout] Some errors have detailed explanations: E0425, E0433.
[INFO] [stdout] For more information about an error, try `rustc --explain E0425`.
[INFO] [stdout] Couldn't compile the test.
[INFO] [stdout] 
[INFO] [stdout] failures:
[INFO] [stdout]     src/rv32i/instr.rs - rv32i::instr::define_instruction_set (line 64)
[INFO] [stdout] 
[INFO] [stdout] test result: FAILED. 0 passed; 1 failed; 0 ignored; 0 measured; 0 filtered out; finished in 0.05s
[INFO] [stdout] 
[INFO] [stderr] error: doctest failed, to rerun pass `--doc`
[INFO] running `Command { std: "docker" "inspect" "aaaf85641e93e7c426c430ae286677d4fe4aaf78dcf30e08eb7e672e5311e413", kill_on_drop: false }`
[INFO] running `Command { std: "docker" "rm" "-f" "aaaf85641e93e7c426c430ae286677d4fe4aaf78dcf30e08eb7e672e5311e413", kill_on_drop: false }`
[INFO] [stdout] aaaf85641e93e7c426c430ae286677d4fe4aaf78dcf30e08eb7e672e5311e413
