[INFO] fetching crate fishrock_lambda_runtime 0.3.0-patched.1...
[INFO] testing fishrock_lambda_runtime-0.3.0-patched.1 against 1.69.0 for beta-1.70-1
[INFO] extracting crate fishrock_lambda_runtime 0.3.0-patched.1 into /workspace/builds/worker-0-tc1/source
[INFO] validating manifest of crates.io crate fishrock_lambda_runtime 0.3.0-patched.1 on toolchain 1.69.0
[INFO] running `Command { std: CARGO_HOME="/workspace/cargo-home" RUSTUP_HOME="/workspace/rustup-home" "/workspace/cargo-home/bin/cargo" "+1.69.0" "metadata" "--manifest-path" "Cargo.toml" "--no-deps", kill_on_drop: false }`
[INFO] started tweaking crates.io crate fishrock_lambda_runtime 0.3.0-patched.1
[INFO] finished tweaking crates.io crate fishrock_lambda_runtime 0.3.0-patched.1
[INFO] tweaked toml for crates.io crate fishrock_lambda_runtime 0.3.0-patched.1 written to /workspace/builds/worker-0-tc1/source/Cargo.toml
[INFO] crate crates.io crate fishrock_lambda_runtime 0.3.0-patched.1 already has a lockfile, it will not be regenerated
[INFO] running `Command { std: CARGO_HOME="/workspace/cargo-home" RUSTUP_HOME="/workspace/rustup-home" "/workspace/cargo-home/bin/cargo" "+1.69.0" "fetch" "--manifest-path" "Cargo.toml", kill_on_drop: false }`
[INFO] [stderr]  Downloading crates ...
[INFO] [stderr]   Downloaded futures-io v0.3.15
[INFO] [stderr]   Downloaded futures-macro v0.3.15
[INFO] [stderr]   Downloaded futures v0.3.15
[INFO] [stderr]   Downloaded async-stream v0.3.1
[INFO] [stderr]   Downloaded futures-channel v0.3.15
[INFO] [stderr]   Downloaded tokio-macros v1.2.0
[INFO] [stderr]   Downloaded tokio-stream v0.1.6
[INFO] [stderr]   Downloaded async-stream-impl v0.3.1
[INFO] [stderr]   Downloaded futures-core v0.3.15
[INFO] [stderr]   Downloaded http-body v0.4.2
[INFO] [stderr]   Downloaded simple_logger v1.11.0
[INFO] [stderr]   Downloaded sharded-slab v0.1.1
[INFO] [stderr]   Downloaded futures-sink v0.3.15
[INFO] [stderr]   Downloaded tracing-error v0.1.2
[INFO] [stderr]   Downloaded futures-task v0.3.15
[INFO] [stderr]   Downloaded httparse v1.4.1
[INFO] [stderr]   Downloaded simple-error v0.2.3
[INFO] [stderr]   Downloaded futures-executor v0.3.15
[INFO] [stderr]   Downloaded tracing-subscriber v0.2.18
[INFO] [stderr]   Downloaded regex-automata v0.1.9
[INFO] [stderr]   Downloaded futures-util v0.3.15
[INFO] [stderr]   Downloaded tokio v1.6.0
[INFO] running `Command { std: "docker" "create" "-v" "/var/lib/crater-agent-workspace/builds/worker-0-tc1/target:/opt/rustwide/target:rw,Z" "-v" "/var/lib/crater-agent-workspace/builds/worker-0-tc1/source:/opt/rustwide/workdir:ro,Z" "-v" "/var/lib/crater-agent-workspace/cargo-home:/opt/rustwide/cargo-home:ro,Z" "-v" "/var/lib/crater-agent-workspace/rustup-home:/opt/rustwide/rustup-home:ro,Z" "-e" "SOURCE_DIR=/opt/rustwide/workdir" "-e" "CARGO_TARGET_DIR=/opt/rustwide/target" "-e" "CARGO_HOME=/opt/rustwide/cargo-home" "-e" "RUSTUP_HOME=/opt/rustwide/rustup-home" "-w" "/opt/rustwide/workdir" "-m" "1610612736" "--user" "0:0" "--network" "none" "ghcr.io/rust-lang/crates-build-env/linux@sha256:5ff2268d62e97bff2cde7d5815dd6ed5b47097566f13b8d0ca110b04b60e07ed" "/opt/rustwide/cargo-home/bin/cargo" "+1.69.0" "metadata" "--no-deps" "--format-version=1", kill_on_drop: false }`
[INFO] [stdout] 98b45f353751123329db162e3a93ba8b094d5314e4d59338ef33d562cf283c14
[INFO] running `Command { std: "docker" "start" "-a" "98b45f353751123329db162e3a93ba8b094d5314e4d59338ef33d562cf283c14", kill_on_drop: false }`
[INFO] running `Command { std: "docker" "inspect" "98b45f353751123329db162e3a93ba8b094d5314e4d59338ef33d562cf283c14", kill_on_drop: false }`
[INFO] running `Command { std: "docker" "rm" "-f" "98b45f353751123329db162e3a93ba8b094d5314e4d59338ef33d562cf283c14", kill_on_drop: false }`
[INFO] [stdout] 98b45f353751123329db162e3a93ba8b094d5314e4d59338ef33d562cf283c14
[INFO] running `Command { std: "docker" "create" "-v" "/var/lib/crater-agent-workspace/builds/worker-0-tc1/target:/opt/rustwide/target:rw,Z" "-v" "/var/lib/crater-agent-workspace/builds/worker-0-tc1/source:/opt/rustwide/workdir:ro,Z" "-v" "/var/lib/crater-agent-workspace/cargo-home:/opt/rustwide/cargo-home:ro,Z" "-v" "/var/lib/crater-agent-workspace/rustup-home:/opt/rustwide/rustup-home:ro,Z" "-e" "SOURCE_DIR=/opt/rustwide/workdir" "-e" "CARGO_TARGET_DIR=/opt/rustwide/target" "-e" "CARGO_INCREMENTAL=0" "-e" "RUST_BACKTRACE=full" "-e" "RUSTFLAGS=--cap-lints=warn" "-e" "RUSTDOCFLAGS=--cap-lints=warn" "-e" "CARGO_HOME=/opt/rustwide/cargo-home" "-e" "RUSTUP_HOME=/opt/rustwide/rustup-home" "-w" "/opt/rustwide/workdir" "-m" "1610612736" "--user" "0:0" "--network" "none" "ghcr.io/rust-lang/crates-build-env/linux@sha256:5ff2268d62e97bff2cde7d5815dd6ed5b47097566f13b8d0ca110b04b60e07ed" "/opt/rustwide/cargo-home/bin/cargo" "+1.69.0" "build" "--frozen" "--message-format=json", kill_on_drop: false }`
[INFO] [stdout] b8922ef9cce7a4eba18ef17497fe989f8c2f7fb9d56787ba8573666da115c176
[INFO] running `Command { std: "docker" "start" "-a" "b8922ef9cce7a4eba18ef17497fe989f8c2f7fb9d56787ba8573666da115c176", kill_on_drop: false }`
[INFO] [stderr]    Compiling proc-macro2 v1.0.27
[INFO] [stderr]    Compiling syn v1.0.72
[INFO] [stderr]    Compiling libc v0.2.94
[INFO] [stderr]    Compiling pin-project-lite v0.2.6
[INFO] [stderr]    Compiling futures-core v0.3.15
[INFO] [stderr]    Compiling memchr v2.4.0
[INFO] [stderr]    Compiling proc-macro-hack v0.5.19
[INFO] [stderr]    Compiling serde_derive v1.0.126
[INFO] [stderr]    Compiling proc-macro-nested v0.1.7
[INFO] [stderr]    Compiling futures-task v0.3.15
[INFO] [stderr]    Compiling serde v1.0.126
[INFO] [stderr]    Compiling tracing-core v0.1.18
[INFO] [stderr]    Compiling futures-macro v0.3.15
[INFO] [stderr]    Compiling itoa v0.4.7
[INFO] [stderr]    Compiling futures-channel v0.3.15
[INFO] [stderr]    Compiling futures-util v0.3.15
[INFO] [stderr]    Compiling futures-sink v0.3.15
[INFO] [stderr]    Compiling bytes v1.0.1
[INFO] [stderr]    Compiling tokio v1.6.0
[INFO] [stderr]    Compiling serde_json v1.0.64
[INFO] [stderr]    Compiling futures-io v0.3.15
[INFO] [stderr]    Compiling byteorder v1.4.3
[INFO] [stderr]    Compiling slab v0.4.3
[INFO] [stderr]    Compiling httparse v1.4.1
[INFO] [stderr]    Compiling once_cell v1.7.2
[INFO] [stderr]    Compiling tracing-log v0.1.2
[INFO] [stderr]    Compiling sharded-slab v0.1.1
[INFO] [stderr]    Compiling http v0.2.4
[INFO] [stderr]    Compiling try-lock v0.2.3
[INFO] [stderr]    Compiling smallvec v1.6.1
[INFO] [stderr]    Compiling want v0.3.0
[INFO] [stderr]    Compiling httpdate v1.0.0
[INFO] [stderr]    Compiling regex-automata v0.1.9
[INFO] [stderr]    Compiling thread_local v1.1.3
[INFO] [stderr]    Compiling tower-service v0.3.1
[INFO] [stderr]    Compiling num_cpus v1.13.0
[INFO] [stderr]    Compiling mio v0.7.11
[INFO] [stderr]    Compiling time v0.1.44
[INFO] [stderr]    Compiling quote v1.0.9
[INFO] [stderr]    Compiling socket2 v0.4.0
[INFO] [stderr]    Compiling chrono v0.4.19
[INFO] [stderr]    Compiling matchers v0.0.1
[INFO] [stderr]    Compiling http-body v0.4.2
[INFO] [stderr]    Compiling tracing-attributes v0.1.15
[INFO] [stderr]    Compiling tokio-macros v1.2.0
[INFO] [stderr]    Compiling pin-project-internal v1.0.7
[INFO] [stderr]    Compiling async-stream-impl v0.3.1
[INFO] [stderr]    Compiling async-stream v0.3.1
[INFO] [stderr]    Compiling tracing v0.1.26
[INFO] [stderr]    Compiling pin-project v1.0.7
[INFO] [stderr]    Compiling futures-executor v0.3.15
[INFO] [stderr]    Compiling futures v0.3.15
[INFO] [stderr]    Compiling tokio-stream v0.1.6
[INFO] [stderr]    Compiling hyper v0.14.7
[INFO] [stderr]    Compiling tracing-serde v0.1.2
[INFO] [stderr]    Compiling tracing-subscriber v0.2.18
[INFO] [stderr]    Compiling tracing-error v0.1.2
[INFO] [stderr]    Compiling fishrock_lambda_runtime v0.3.0-patched.1 (/opt/rustwide/workdir)
[INFO] [stderr]     Finished dev [unoptimized + debuginfo] target(s) in 21.71s
[INFO] running `Command { std: "docker" "inspect" "b8922ef9cce7a4eba18ef17497fe989f8c2f7fb9d56787ba8573666da115c176", kill_on_drop: false }`
[INFO] running `Command { std: "docker" "rm" "-f" "b8922ef9cce7a4eba18ef17497fe989f8c2f7fb9d56787ba8573666da115c176", kill_on_drop: false }`
[INFO] [stdout] b8922ef9cce7a4eba18ef17497fe989f8c2f7fb9d56787ba8573666da115c176
[INFO] running `Command { std: "docker" "create" "-v" "/var/lib/crater-agent-workspace/builds/worker-0-tc1/target:/opt/rustwide/target:rw,Z" "-v" "/var/lib/crater-agent-workspace/builds/worker-0-tc1/source:/opt/rustwide/workdir:ro,Z" "-v" "/var/lib/crater-agent-workspace/cargo-home:/opt/rustwide/cargo-home:ro,Z" "-v" "/var/lib/crater-agent-workspace/rustup-home:/opt/rustwide/rustup-home:ro,Z" "-e" "SOURCE_DIR=/opt/rustwide/workdir" "-e" "CARGO_TARGET_DIR=/opt/rustwide/target" "-e" "CARGO_INCREMENTAL=0" "-e" "RUST_BACKTRACE=full" "-e" "RUSTFLAGS=--cap-lints=warn" "-e" "RUSTDOCFLAGS=--cap-lints=warn" "-e" "CARGO_HOME=/opt/rustwide/cargo-home" "-e" "RUSTUP_HOME=/opt/rustwide/rustup-home" "-w" "/opt/rustwide/workdir" "-m" "1610612736" "--user" "0:0" "--network" "none" "ghcr.io/rust-lang/crates-build-env/linux@sha256:5ff2268d62e97bff2cde7d5815dd6ed5b47097566f13b8d0ca110b04b60e07ed" "/opt/rustwide/cargo-home/bin/cargo" "+1.69.0" "test" "--frozen" "--no-run" "--message-format=json", kill_on_drop: false }`
[INFO] [stdout] 6c12a6de455130870672ce0ce1fa9604dd20cdf22c3f33390cc866976e5280e5
[INFO] running `Command { std: "docker" "start" "-a" "6c12a6de455130870672ce0ce1fa9604dd20cdf22c3f33390cc866976e5280e5", kill_on_drop: false }`
[INFO] [stderr]    Compiling atty v0.2.14
[INFO] [stderr]    Compiling simple-error v0.2.3
[INFO] [stderr]    Compiling colored v1.9.3
[INFO] [stderr]    Compiling simple_logger v1.11.0
[INFO] [stderr]    Compiling fishrock_lambda_runtime v0.3.0-patched.1 (/opt/rustwide/workdir)
[INFO] [stderr]     Finished test [unoptimized + debuginfo] target(s) in 5.25s
[INFO] running `Command { std: "docker" "inspect" "6c12a6de455130870672ce0ce1fa9604dd20cdf22c3f33390cc866976e5280e5", kill_on_drop: false }`
[INFO] running `Command { std: "docker" "rm" "-f" "6c12a6de455130870672ce0ce1fa9604dd20cdf22c3f33390cc866976e5280e5", kill_on_drop: false }`
[INFO] [stdout] 6c12a6de455130870672ce0ce1fa9604dd20cdf22c3f33390cc866976e5280e5
[INFO] running `Command { std: "docker" "create" "-v" "/var/lib/crater-agent-workspace/builds/worker-0-tc1/target:/opt/rustwide/target:rw,Z" "-v" "/var/lib/crater-agent-workspace/builds/worker-0-tc1/source:/opt/rustwide/workdir:ro,Z" "-v" "/var/lib/crater-agent-workspace/cargo-home:/opt/rustwide/cargo-home:ro,Z" "-v" "/var/lib/crater-agent-workspace/rustup-home:/opt/rustwide/rustup-home:ro,Z" "-e" "SOURCE_DIR=/opt/rustwide/workdir" "-e" "CARGO_TARGET_DIR=/opt/rustwide/target" "-e" "CARGO_INCREMENTAL=0" "-e" "RUST_BACKTRACE=full" "-e" "RUSTFLAGS=--cap-lints=warn" "-e" "RUSTDOCFLAGS=--cap-lints=warn" "-e" "CARGO_HOME=/opt/rustwide/cargo-home" "-e" "RUSTUP_HOME=/opt/rustwide/rustup-home" "-w" "/opt/rustwide/workdir" "-m" "1610612736" "--user" "0:0" "--network" "none" "ghcr.io/rust-lang/crates-build-env/linux@sha256:5ff2268d62e97bff2cde7d5815dd6ed5b47097566f13b8d0ca110b04b60e07ed" "/opt/rustwide/cargo-home/bin/cargo" "+1.69.0" "test" "--frozen", kill_on_drop: false }`
[INFO] [stdout] 291652a5446c6ebd38d36cb16cbd7e93fb2fd28e54c74b4c20da6c12170a182a
[INFO] running `Command { std: "docker" "start" "-a" "291652a5446c6ebd38d36cb16cbd7e93fb2fd28e54c74b4c20da6c12170a182a", kill_on_drop: false }`
[INFO] [stderr]     Finished test [unoptimized + debuginfo] target(s) in 0.08s
[INFO] [stderr]      Running unittests src/lib.rs (/opt/rustwide/target/debug/deps/fishrock_lambda_runtime-376d6ec00c7468ea)
[INFO] [stdout] 
[INFO] [stdout] running 10 tests
[INFO] [stdout] test requests::test_event_completion_request ... ok
[INFO] [stdout] test requests::test_event_error_request ... ok
[INFO] [stdout] test requests::test_init_error_request ... ok
[INFO] [stdout] test test_builder ... ok
[INFO] [stdout] test requests::test_next_event_request ... ok
[INFO] [stdout] test types::round_trip_lambda_error ... ok
[INFO] [stdout] test client::endpoint_tests::test_ok_response ... ok
[INFO] [stdout] test client::endpoint_tests::test_error_response ... ok
[INFO] [stdout] test client::endpoint_tests::test_next_event ... ok
[INFO] [stdout] test client::endpoint_tests::successful_end_to_end_run ... ok
[INFO] [stdout] 
[INFO] [stdout] test result: ok. 10 passed; 0 failed; 0 ignored; 0 measured; 0 filtered out; finished in 0.00s
[INFO] [stdout] 
[INFO] [stderr]    Doc-tests fishrock_lambda_runtime
[INFO] [stdout] 
[INFO] [stdout] running 1 test
[INFO] [stdout] test src/lib.rs - run (line 282) - compile ... FAILED
[INFO] [stdout] 
[INFO] [stdout] failures:
[INFO] [stdout] 
[INFO] [stdout] ---- src/lib.rs - run (line 282) stdout ----
[INFO] [stdout] error[E0432]: unresolved import `lambda_runtime`
[INFO] [stdout]  --> src/lib.rs:283:5
[INFO] [stdout]   |
[INFO] [stdout] 2 | use lambda_runtime::{handler_fn, Context};
[INFO] [stdout]   |     ^^^^^^^^^^^^^^ use of undeclared crate or module `lambda_runtime`
[INFO] [stdout] 
[INFO] [stdout] error[E0433]: failed to resolve: use of undeclared crate or module `lambda_runtime`
[INFO] [stdout]   --> src/lib.rs:291:5
[INFO] [stdout]    |
[INFO] [stdout] 10 |     lambda_runtime::run(func).await?;
[INFO] [stdout]    |     ^^^^^^^^^^^^^^ use of undeclared crate or module `lambda_runtime`
[INFO] [stdout] 
[INFO] [stdout] error: aborting due to 2 previous errors
[INFO] [stdout] 
[INFO] [stdout] Some errors have detailed explanations: E0432, E0433.
[INFO] [stdout] For more information about an error, try `rustc --explain E0432`.
[INFO] [stdout] Couldn't compile the test.
[INFO] [stdout] 
[INFO] [stdout] failures:
[INFO] [stdout]     src/lib.rs - run (line 282)
[INFO] [stdout] 
[INFO] [stdout] test result: FAILED. 0 passed; 1 failed; 0 ignored; 0 measured; 0 filtered out; finished in 0.07s
[INFO] [stdout] 
[INFO] [stderr] error: doctest failed, to rerun pass `--doc`
[INFO] running `Command { std: "docker" "inspect" "291652a5446c6ebd38d36cb16cbd7e93fb2fd28e54c74b4c20da6c12170a182a", kill_on_drop: false }`
[INFO] running `Command { std: "docker" "rm" "-f" "291652a5446c6ebd38d36cb16cbd7e93fb2fd28e54c74b4c20da6c12170a182a", kill_on_drop: false }`
[INFO] [stdout] 291652a5446c6ebd38d36cb16cbd7e93fb2fd28e54c74b4c20da6c12170a182a
