[INFO] fetching crate fish1_chapter14 0.1.0...
[INFO] testing fish1_chapter14-0.1.0 against 1.69.0 for beta-1.70-1
[INFO] extracting crate fish1_chapter14 0.1.0 into /workspace/builds/worker-6-tc1/source
[INFO] validating manifest of crates.io crate fish1_chapter14 0.1.0 on toolchain 1.69.0
[INFO] running `Command { std: CARGO_HOME="/workspace/cargo-home" RUSTUP_HOME="/workspace/rustup-home" "/workspace/cargo-home/bin/cargo" "+1.69.0" "metadata" "--manifest-path" "Cargo.toml" "--no-deps", kill_on_drop: false }`
[INFO] started tweaking crates.io crate fish1_chapter14 0.1.0
[INFO] finished tweaking crates.io crate fish1_chapter14 0.1.0
[INFO] tweaked toml for crates.io crate fish1_chapter14 0.1.0 written to /workspace/builds/worker-6-tc1/source/Cargo.toml
[INFO] crate crates.io crate fish1_chapter14 0.1.0 already has a lockfile, it will not be regenerated
[INFO] running `Command { std: CARGO_HOME="/workspace/cargo-home" RUSTUP_HOME="/workspace/rustup-home" "/workspace/cargo-home/bin/cargo" "+1.69.0" "fetch" "--manifest-path" "Cargo.toml", kill_on_drop: false }`
[INFO] running `Command { std: "docker" "create" "-v" "/var/lib/crater-agent-workspace/builds/worker-6-tc1/target:/opt/rustwide/target:rw,Z" "-v" "/var/lib/crater-agent-workspace/builds/worker-6-tc1/source:/opt/rustwide/workdir:ro,Z" "-v" "/var/lib/crater-agent-workspace/cargo-home:/opt/rustwide/cargo-home:ro,Z" "-v" "/var/lib/crater-agent-workspace/rustup-home:/opt/rustwide/rustup-home:ro,Z" "-e" "SOURCE_DIR=/opt/rustwide/workdir" "-e" "CARGO_TARGET_DIR=/opt/rustwide/target" "-e" "CARGO_HOME=/opt/rustwide/cargo-home" "-e" "RUSTUP_HOME=/opt/rustwide/rustup-home" "-w" "/opt/rustwide/workdir" "-m" "1610612736" "--user" "0:0" "--network" "none" "ghcr.io/rust-lang/crates-build-env/linux@sha256:97d61d7686bf65f8ecb15491ab51835e82dc9176a96a831f143a431b191fc501" "/opt/rustwide/cargo-home/bin/cargo" "+1.69.0" "metadata" "--no-deps" "--format-version=1", kill_on_drop: false }`
[INFO] [stdout] b49c150ea183ec16d6733cd90d5c979476230d3adb7430d9aeccf313d2ae546e
[INFO] running `Command { std: "docker" "start" "-a" "b49c150ea183ec16d6733cd90d5c979476230d3adb7430d9aeccf313d2ae546e", kill_on_drop: false }`
[INFO] running `Command { std: "docker" "inspect" "b49c150ea183ec16d6733cd90d5c979476230d3adb7430d9aeccf313d2ae546e", kill_on_drop: false }`
[INFO] running `Command { std: "docker" "rm" "-f" "b49c150ea183ec16d6733cd90d5c979476230d3adb7430d9aeccf313d2ae546e", kill_on_drop: false }`
[INFO] [stdout] b49c150ea183ec16d6733cd90d5c979476230d3adb7430d9aeccf313d2ae546e
[INFO] running `Command { std: "docker" "create" "-v" "/var/lib/crater-agent-workspace/builds/worker-6-tc1/target:/opt/rustwide/target:rw,Z" "-v" "/var/lib/crater-agent-workspace/builds/worker-6-tc1/source:/opt/rustwide/workdir:ro,Z" "-v" "/var/lib/crater-agent-workspace/cargo-home:/opt/rustwide/cargo-home:ro,Z" "-v" "/var/lib/crater-agent-workspace/rustup-home:/opt/rustwide/rustup-home:ro,Z" "-e" "SOURCE_DIR=/opt/rustwide/workdir" "-e" "CARGO_TARGET_DIR=/opt/rustwide/target" "-e" "CARGO_INCREMENTAL=0" "-e" "RUST_BACKTRACE=full" "-e" "RUSTFLAGS=--cap-lints=warn" "-e" "RUSTDOCFLAGS=--cap-lints=warn" "-e" "CARGO_HOME=/opt/rustwide/cargo-home" "-e" "RUSTUP_HOME=/opt/rustwide/rustup-home" "-w" "/opt/rustwide/workdir" "-m" "1610612736" "--user" "0:0" "--network" "none" "ghcr.io/rust-lang/crates-build-env/linux@sha256:97d61d7686bf65f8ecb15491ab51835e82dc9176a96a831f143a431b191fc501" "/opt/rustwide/cargo-home/bin/cargo" "+1.69.0" "build" "--frozen" "--message-format=json", kill_on_drop: false }`
[INFO] [stdout] d12dd3eccff21fada27511c20254294026edd08d35125f9424c36226a21dd35c
[INFO] running `Command { std: "docker" "start" "-a" "d12dd3eccff21fada27511c20254294026edd08d35125f9424c36226a21dd35c", kill_on_drop: false }`
[INFO] [stderr]    Compiling fish1_chapter14 v0.1.0 (/opt/rustwide/workdir)
[INFO] [stdout] warning: unused variable: `color1`
[INFO] [stdout]   --> src/lib.rs:35:16
[INFO] [stdout]    |
[INFO] [stdout] 35 |     pub fn mix(color1: PrimaryColor, color2: PrimaryColor) -> SecondaryColor {
[INFO] [stdout]    |                ^^^^^^ help: if this is intentional, prefix it with an underscore: `_color1`
[INFO] [stdout]    |
[INFO] [stdout]    = note: `#[warn(unused_variables)]` on by default
[INFO] [stdout] 
[INFO] [stdout] 
[INFO] [stdout] warning: unused variable: `color2`
[INFO] [stdout]   --> src/lib.rs:35:38
[INFO] [stdout]    |
[INFO] [stdout] 35 |     pub fn mix(color1: PrimaryColor, color2: PrimaryColor) -> SecondaryColor {
[INFO] [stdout]    |                                      ^^^^^^ help: if this is intentional, prefix it with an underscore: `_color2`
[INFO] [stdout] 
[INFO] [stdout] 
[INFO] [stdout] warning: 2 warnings emitted
[INFO] [stdout] 
[INFO] [stdout] 
[INFO] [stderr]     Finished dev [unoptimized + debuginfo] target(s) in 0.67s
[INFO] running `Command { std: "docker" "inspect" "d12dd3eccff21fada27511c20254294026edd08d35125f9424c36226a21dd35c", kill_on_drop: false }`
[INFO] running `Command { std: "docker" "rm" "-f" "d12dd3eccff21fada27511c20254294026edd08d35125f9424c36226a21dd35c", kill_on_drop: false }`
[INFO] [stdout] d12dd3eccff21fada27511c20254294026edd08d35125f9424c36226a21dd35c
[INFO] running `Command { std: "docker" "create" "-v" "/var/lib/crater-agent-workspace/builds/worker-6-tc1/target:/opt/rustwide/target:rw,Z" "-v" "/var/lib/crater-agent-workspace/builds/worker-6-tc1/source:/opt/rustwide/workdir:ro,Z" "-v" "/var/lib/crater-agent-workspace/cargo-home:/opt/rustwide/cargo-home:ro,Z" "-v" "/var/lib/crater-agent-workspace/rustup-home:/opt/rustwide/rustup-home:ro,Z" "-e" "SOURCE_DIR=/opt/rustwide/workdir" "-e" "CARGO_TARGET_DIR=/opt/rustwide/target" "-e" "CARGO_INCREMENTAL=0" "-e" "RUST_BACKTRACE=full" "-e" "RUSTFLAGS=--cap-lints=warn" "-e" "RUSTDOCFLAGS=--cap-lints=warn" "-e" "CARGO_HOME=/opt/rustwide/cargo-home" "-e" "RUSTUP_HOME=/opt/rustwide/rustup-home" "-w" "/opt/rustwide/workdir" "-m" "1610612736" "--user" "0:0" "--network" "none" "ghcr.io/rust-lang/crates-build-env/linux@sha256:97d61d7686bf65f8ecb15491ab51835e82dc9176a96a831f143a431b191fc501" "/opt/rustwide/cargo-home/bin/cargo" "+1.69.0" "test" "--frozen" "--no-run" "--message-format=json", kill_on_drop: false }`
[INFO] [stdout] 9c3488bb1e460ae690c798e1c1b125b72b92b670985017d0fff33a0ac22ea371
[INFO] running `Command { std: "docker" "start" "-a" "9c3488bb1e460ae690c798e1c1b125b72b92b670985017d0fff33a0ac22ea371", kill_on_drop: false }`
[INFO] [stdout] warning: unused variable: `color1`
[INFO] [stdout]   --> src/lib.rs:35:16
[INFO] [stdout]    |
[INFO] [stdout] 35 |     pub fn mix(color1: PrimaryColor, color2: PrimaryColor) -> SecondaryColor {
[INFO] [stdout]    |                ^^^^^^ help: if this is intentional, prefix it with an underscore: `_color1`
[INFO] [stdout]    |
[INFO] [stdout]    = note: `#[warn(unused_variables)]` on by default
[INFO] [stdout] 
[INFO] [stdout] 
[INFO] [stderr]    Compiling fish1_chapter14 v0.1.0 (/opt/rustwide/workdir)
[INFO] [stdout] warning: unused variable: `color2`
[INFO] [stdout]   --> src/lib.rs:35:38
[INFO] [stdout]    |
[INFO] [stdout] 35 |     pub fn mix(color1: PrimaryColor, color2: PrimaryColor) -> SecondaryColor {
[INFO] [stdout]    |                                      ^^^^^^ help: if this is intentional, prefix it with an underscore: `_color2`
[INFO] [stdout] 
[INFO] [stdout] 
[INFO] [stdout] warning: 2 warnings emitted
[INFO] [stdout] 
[INFO] [stdout] 
[INFO] [stdout] warning: unused variable: `color1`
[INFO] [stdout]   --> src/lib.rs:35:16
[INFO] [stdout]    |
[INFO] [stdout] 35 |     pub fn mix(color1: PrimaryColor, color2: PrimaryColor) -> SecondaryColor {
[INFO] [stdout]    |                ^^^^^^ help: if this is intentional, prefix it with an underscore: `_color1`
[INFO] [stdout]    |
[INFO] [stdout]    = note: `#[warn(unused_variables)]` on by default
[INFO] [stdout] 
[INFO] [stdout] 
[INFO] [stdout] warning: unused variable: `color2`
[INFO] [stdout]   --> src/lib.rs:35:38
[INFO] [stdout]    |
[INFO] [stdout] 35 |     pub fn mix(color1: PrimaryColor, color2: PrimaryColor) -> SecondaryColor {
[INFO] [stdout]    |                                      ^^^^^^ help: if this is intentional, prefix it with an underscore: `_color2`
[INFO] [stdout] 
[INFO] [stdout] 
[INFO] [stdout] warning: 2 warnings emitted
[INFO] [stdout] 
[INFO] [stdout] 
[INFO] [stderr]     Finished test [unoptimized + debuginfo] target(s) in 0.72s
[INFO] running `Command { std: "docker" "inspect" "9c3488bb1e460ae690c798e1c1b125b72b92b670985017d0fff33a0ac22ea371", kill_on_drop: false }`
[INFO] running `Command { std: "docker" "rm" "-f" "9c3488bb1e460ae690c798e1c1b125b72b92b670985017d0fff33a0ac22ea371", kill_on_drop: false }`
[INFO] [stdout] 9c3488bb1e460ae690c798e1c1b125b72b92b670985017d0fff33a0ac22ea371
[INFO] running `Command { std: "docker" "create" "-v" "/var/lib/crater-agent-workspace/builds/worker-6-tc1/target:/opt/rustwide/target:rw,Z" "-v" "/var/lib/crater-agent-workspace/builds/worker-6-tc1/source:/opt/rustwide/workdir:ro,Z" "-v" "/var/lib/crater-agent-workspace/cargo-home:/opt/rustwide/cargo-home:ro,Z" "-v" "/var/lib/crater-agent-workspace/rustup-home:/opt/rustwide/rustup-home:ro,Z" "-e" "SOURCE_DIR=/opt/rustwide/workdir" "-e" "CARGO_TARGET_DIR=/opt/rustwide/target" "-e" "CARGO_INCREMENTAL=0" "-e" "RUST_BACKTRACE=full" "-e" "RUSTFLAGS=--cap-lints=warn" "-e" "RUSTDOCFLAGS=--cap-lints=warn" "-e" "CARGO_HOME=/opt/rustwide/cargo-home" "-e" "RUSTUP_HOME=/opt/rustwide/rustup-home" "-w" "/opt/rustwide/workdir" "-m" "1610612736" "--user" "0:0" "--network" "none" "ghcr.io/rust-lang/crates-build-env/linux@sha256:97d61d7686bf65f8ecb15491ab51835e82dc9176a96a831f143a431b191fc501" "/opt/rustwide/cargo-home/bin/cargo" "+1.69.0" "test" "--frozen", kill_on_drop: false }`
[INFO] [stdout] c6e4b870ef3b086693babbc3225acf5a62052d507f750717e771522394113963
[INFO] running `Command { std: "docker" "start" "-a" "c6e4b870ef3b086693babbc3225acf5a62052d507f750717e771522394113963", kill_on_drop: false }`
[INFO] [stderr] warning: unused variable: `color1`
[INFO] [stderr]   --> src/lib.rs:35:16
[INFO] [stderr]    |
[INFO] [stderr] 35 |     pub fn mix(color1: PrimaryColor, color2: PrimaryColor) -> SecondaryColor {
[INFO] [stderr]    |                ^^^^^^ help: if this is intentional, prefix it with an underscore: `_color1`
[INFO] [stderr]    |
[INFO] [stderr]    = note: `#[warn(unused_variables)]` on by default
[INFO] [stderr] 
[INFO] [stderr] warning: unused variable: `color2`
[INFO] [stderr]   --> src/lib.rs:35:38
[INFO] [stderr]    |
[INFO] [stderr] 35 |     pub fn mix(color1: PrimaryColor, color2: PrimaryColor) -> SecondaryColor {
[INFO] [stderr]    |                                      ^^^^^^ help: if this is intentional, prefix it with an underscore: `_color2`
[INFO] [stderr] 
[INFO] [stderr] warning: `fish1_chapter14` (lib) generated 2 warnings (run `cargo fix --lib -p fish1_chapter14` to apply 2 suggestions)
[INFO] [stderr] warning: `fish1_chapter14` (lib test) generated 2 warnings (2 duplicates)
[INFO] [stderr]     Finished test [unoptimized + debuginfo] target(s) in 0.01s
[INFO] [stderr]      Running unittests src/lib.rs (/opt/rustwide/target/debug/deps/fish1_chapter14-18c9ebd66f0566c8)
[INFO] [stdout] 
[INFO] [stdout] running 1 test
[INFO] [stdout] test test::add_one_test ... ok
[INFO] [stdout] 
[INFO] [stdout] test result: ok. 1 passed; 0 failed; 0 ignored; 0 measured; 0 filtered out; finished in 0.01s
[INFO] [stdout] 
[INFO] [stderr]      Running unittests src/main.rs (/opt/rustwide/target/debug/deps/fish1_chapter14-12a85fdd30f3a7e6)
[INFO] [stderr]    Doc-tests fish1_chapter14
[INFO] [stdout] 
[INFO] [stdout] running 0 tests
[INFO] [stdout] 
[INFO] [stdout] test result: ok. 0 passed; 0 failed; 0 ignored; 0 measured; 0 filtered out; finished in 0.00s
[INFO] [stdout] 
[INFO] [stdout] 
[INFO] [stdout] running 1 test
[INFO] [stdout] test src/lib.rs - add_one (line 12) ... FAILED
[INFO] [stdout] 
[INFO] [stdout] failures:
[INFO] [stdout] 
[INFO] [stdout] ---- src/lib.rs - add_one (line 12) stdout ----
[INFO] [stdout] error[E0433]: failed to resolve: use of undeclared crate or module `chapter14`
[INFO] [stdout]  --> src/lib.rs:14:14
[INFO] [stdout]   |
[INFO] [stdout] 4 | let answer = chapter14::add_one(arg);
[INFO] [stdout]   |              ^^^^^^^^^ use of undeclared crate or module `chapter14`
[INFO] [stdout] 
[INFO] [stdout] error: aborting due to previous error
[INFO] [stdout] 
[INFO] [stdout] For more information about this error, try `rustc --explain E0433`.
[INFO] [stdout] Couldn't compile the test.
[INFO] [stdout] 
[INFO] [stdout] failures:
[INFO] [stdout]     src/lib.rs - add_one (line 12)
[INFO] [stdout] 
[INFO] [stdout] test result: FAILED. 0 passed; 1 failed; 0 ignored; 0 measured; 0 filtered out; finished in 0.12s
[INFO] [stdout] 
[INFO] [stderr] error: doctest failed, to rerun pass `--doc`
[INFO] running `Command { std: "docker" "inspect" "c6e4b870ef3b086693babbc3225acf5a62052d507f750717e771522394113963", kill_on_drop: false }`
[INFO] running `Command { std: "docker" "rm" "-f" "c6e4b870ef3b086693babbc3225acf5a62052d507f750717e771522394113963", kill_on_drop: false }`
[INFO] [stdout] c6e4b870ef3b086693babbc3225acf5a62052d507f750717e771522394113963
