[INFO] fetching crate firespine 0.1.3...
[INFO] testing firespine-0.1.3 against 1.69.0 for beta-1.70-1
[INFO] extracting crate firespine 0.1.3 into /workspace/builds/worker-0-tc1/source
[INFO] validating manifest of crates.io crate firespine 0.1.3 on toolchain 1.69.0
[INFO] running `Command { std: CARGO_HOME="/workspace/cargo-home" RUSTUP_HOME="/workspace/rustup-home" "/workspace/cargo-home/bin/cargo" "+1.69.0" "metadata" "--manifest-path" "Cargo.toml" "--no-deps", kill_on_drop: false }`
[INFO] started tweaking crates.io crate firespine 0.1.3
[INFO] finished tweaking crates.io crate firespine 0.1.3
[INFO] tweaked toml for crates.io crate firespine 0.1.3 written to /workspace/builds/worker-0-tc1/source/Cargo.toml
[INFO] running `Command { std: CARGO_HOME="/workspace/cargo-home" RUSTUP_HOME="/workspace/rustup-home" __CARGO_TEST_CHANNEL_OVERRIDE_DO_NOT_USE_THIS="nightly" "/workspace/cargo-home/bin/cargo" "+1.69.0" "generate-lockfile" "--manifest-path" "Cargo.toml" "-Zno-index-update", kill_on_drop: false }`
[INFO] [stderr]     Blocking waiting for file lock on package cache
[INFO] running `Command { std: CARGO_HOME="/workspace/cargo-home" RUSTUP_HOME="/workspace/rustup-home" "/workspace/cargo-home/bin/cargo" "+1.69.0" "fetch" "--manifest-path" "Cargo.toml", kill_on_drop: false }`
[INFO] running `Command { std: "docker" "create" "-v" "/var/lib/crater-agent-workspace/builds/worker-0-tc1/target:/opt/rustwide/target:rw,Z" "-v" "/var/lib/crater-agent-workspace/builds/worker-0-tc1/source:/opt/rustwide/workdir:ro,Z" "-v" "/var/lib/crater-agent-workspace/cargo-home:/opt/rustwide/cargo-home:ro,Z" "-v" "/var/lib/crater-agent-workspace/rustup-home:/opt/rustwide/rustup-home:ro,Z" "-e" "SOURCE_DIR=/opt/rustwide/workdir" "-e" "CARGO_TARGET_DIR=/opt/rustwide/target" "-e" "CARGO_HOME=/opt/rustwide/cargo-home" "-e" "RUSTUP_HOME=/opt/rustwide/rustup-home" "-w" "/opt/rustwide/workdir" "-m" "1610612736" "--user" "0:0" "--network" "none" "ghcr.io/rust-lang/crates-build-env/linux@sha256:5ff2268d62e97bff2cde7d5815dd6ed5b47097566f13b8d0ca110b04b60e07ed" "/opt/rustwide/cargo-home/bin/cargo" "+1.69.0" "metadata" "--no-deps" "--format-version=1", kill_on_drop: false }`
[INFO] [stdout] 1e7adcf55a568cc9c4c30777731c5c494d683f6f90a593c1552e67b84438199c
[INFO] running `Command { std: "docker" "start" "-a" "1e7adcf55a568cc9c4c30777731c5c494d683f6f90a593c1552e67b84438199c", kill_on_drop: false }`
[INFO] running `Command { std: "docker" "inspect" "1e7adcf55a568cc9c4c30777731c5c494d683f6f90a593c1552e67b84438199c", kill_on_drop: false }`
[INFO] running `Command { std: "docker" "rm" "-f" "1e7adcf55a568cc9c4c30777731c5c494d683f6f90a593c1552e67b84438199c", kill_on_drop: false }`
[INFO] [stdout] 1e7adcf55a568cc9c4c30777731c5c494d683f6f90a593c1552e67b84438199c
[INFO] running `Command { std: "docker" "create" "-v" "/var/lib/crater-agent-workspace/builds/worker-0-tc1/target:/opt/rustwide/target:rw,Z" "-v" "/var/lib/crater-agent-workspace/builds/worker-0-tc1/source:/opt/rustwide/workdir:ro,Z" "-v" "/var/lib/crater-agent-workspace/cargo-home:/opt/rustwide/cargo-home:ro,Z" "-v" "/var/lib/crater-agent-workspace/rustup-home:/opt/rustwide/rustup-home:ro,Z" "-e" "SOURCE_DIR=/opt/rustwide/workdir" "-e" "CARGO_TARGET_DIR=/opt/rustwide/target" "-e" "CARGO_INCREMENTAL=0" "-e" "RUST_BACKTRACE=full" "-e" "RUSTFLAGS=--cap-lints=warn" "-e" "RUSTDOCFLAGS=--cap-lints=warn" "-e" "CARGO_HOME=/opt/rustwide/cargo-home" "-e" "RUSTUP_HOME=/opt/rustwide/rustup-home" "-w" "/opt/rustwide/workdir" "-m" "1610612736" "--user" "0:0" "--network" "none" "ghcr.io/rust-lang/crates-build-env/linux@sha256:5ff2268d62e97bff2cde7d5815dd6ed5b47097566f13b8d0ca110b04b60e07ed" "/opt/rustwide/cargo-home/bin/cargo" "+1.69.0" "build" "--frozen" "--message-format=json", kill_on_drop: false }`
[INFO] [stdout] d460e4acc9a393a5dfa1cbdf956a7505af4148f8f9b2991d66e0f80019a83a39
[INFO] running `Command { std: "docker" "start" "-a" "d460e4acc9a393a5dfa1cbdf956a7505af4148f8f9b2991d66e0f80019a83a39", kill_on_drop: false }`
[INFO] [stderr]     Blocking waiting for file lock on package cache
[INFO] [stderr]    Compiling futures-channel v0.3.28
[INFO] [stderr]    Compiling futures-sink v0.3.28
[INFO] [stderr]    Compiling futures-util v0.3.28
[INFO] [stderr]    Compiling downcast-rs v1.2.0
[INFO] [stderr]    Compiling syn v2.0.15
[INFO] [stderr]    Compiling futures-macro v0.3.28
[INFO] [stderr]    Compiling futures-executor v0.3.28
[INFO] [stderr]    Compiling futures v0.3.28
[INFO] [stderr]    Compiling firespine v0.1.3 (/opt/rustwide/workdir)
[INFO] [stdout] warning: method `get_subcontext_before` is never used
[INFO] [stdout]    --> src/ctx.rs:288:19
[INFO] [stdout]     |
[INFO] [stdout] 288 |     pub(crate) fn get_subcontext_before(&mut self, at: usize) -> Option<OuterNodeContext> {
[INFO] [stdout]     |                   ^^^^^^^^^^^^^^^^^^^^^
[INFO] [stdout]     |
[INFO] [stdout]     = note: `#[warn(dead_code)]` on by default
[INFO] [stdout] 
[INFO] [stdout] 
[INFO] [stdout] warning: 1 warning emitted
[INFO] [stdout] 
[INFO] [stdout] 
[INFO] [stderr]     Finished dev [unoptimized + debuginfo] target(s) in 6.66s
[INFO] running `Command { std: "docker" "inspect" "d460e4acc9a393a5dfa1cbdf956a7505af4148f8f9b2991d66e0f80019a83a39", kill_on_drop: false }`
[INFO] running `Command { std: "docker" "rm" "-f" "d460e4acc9a393a5dfa1cbdf956a7505af4148f8f9b2991d66e0f80019a83a39", kill_on_drop: false }`
[INFO] [stdout] d460e4acc9a393a5dfa1cbdf956a7505af4148f8f9b2991d66e0f80019a83a39
[INFO] running `Command { std: "docker" "create" "-v" "/var/lib/crater-agent-workspace/builds/worker-0-tc1/target:/opt/rustwide/target:rw,Z" "-v" "/var/lib/crater-agent-workspace/builds/worker-0-tc1/source:/opt/rustwide/workdir:ro,Z" "-v" "/var/lib/crater-agent-workspace/cargo-home:/opt/rustwide/cargo-home:ro,Z" "-v" "/var/lib/crater-agent-workspace/rustup-home:/opt/rustwide/rustup-home:ro,Z" "-e" "SOURCE_DIR=/opt/rustwide/workdir" "-e" "CARGO_TARGET_DIR=/opt/rustwide/target" "-e" "CARGO_INCREMENTAL=0" "-e" "RUST_BACKTRACE=full" "-e" "RUSTFLAGS=--cap-lints=warn" "-e" "RUSTDOCFLAGS=--cap-lints=warn" "-e" "CARGO_HOME=/opt/rustwide/cargo-home" "-e" "RUSTUP_HOME=/opt/rustwide/rustup-home" "-w" "/opt/rustwide/workdir" "-m" "1610612736" "--user" "0:0" "--network" "none" "ghcr.io/rust-lang/crates-build-env/linux@sha256:5ff2268d62e97bff2cde7d5815dd6ed5b47097566f13b8d0ca110b04b60e07ed" "/opt/rustwide/cargo-home/bin/cargo" "+1.69.0" "test" "--frozen" "--no-run" "--message-format=json", kill_on_drop: false }`
[INFO] [stdout] 91e2778ab87b871ec44b122b447352fbba9119a7d68070fb26c3cc72a975f5be
[INFO] running `Command { std: "docker" "start" "-a" "91e2778ab87b871ec44b122b447352fbba9119a7d68070fb26c3cc72a975f5be", kill_on_drop: false }`
[INFO] [stderr]    Compiling firespine v0.1.3 (/opt/rustwide/workdir)
[INFO] [stdout] warning: method `get_subcontext_before` is never used
[INFO] [stdout]    --> src/ctx.rs:288:19
[INFO] [stdout]     |
[INFO] [stdout] 288 |     pub(crate) fn get_subcontext_before(&mut self, at: usize) -> Option<OuterNodeContext> {
[INFO] [stdout]     |                   ^^^^^^^^^^^^^^^^^^^^^
[INFO] [stdout]     |
[INFO] [stdout]     = note: `#[warn(dead_code)]` on by default
[INFO] [stdout] 
[INFO] [stdout] 
[INFO] [stdout] warning: 1 warning emitted
[INFO] [stdout] 
[INFO] [stdout] 
[INFO] [stdout] warning: method `get_subcontext_before` is never used
[INFO] [stdout]    --> src/ctx.rs:288:19
[INFO] [stdout]     |
[INFO] [stdout] 288 |     pub(crate) fn get_subcontext_before(&mut self, at: usize) -> Option<OuterNodeContext> {
[INFO] [stdout]     |                   ^^^^^^^^^^^^^^^^^^^^^
[INFO] [stdout]     |
[INFO] [stdout]     = note: `#[warn(dead_code)]` on by default
[INFO] [stdout] 
[INFO] [stdout] 
[INFO] [stdout] warning: 1 warning emitted
[INFO] [stdout] 
[INFO] [stdout] 
[INFO] [stderr]     Finished test [unoptimized + debuginfo] target(s) in 0.49s
[INFO] running `Command { std: "docker" "inspect" "91e2778ab87b871ec44b122b447352fbba9119a7d68070fb26c3cc72a975f5be", kill_on_drop: false }`
[INFO] running `Command { std: "docker" "rm" "-f" "91e2778ab87b871ec44b122b447352fbba9119a7d68070fb26c3cc72a975f5be", kill_on_drop: false }`
[INFO] [stdout] 91e2778ab87b871ec44b122b447352fbba9119a7d68070fb26c3cc72a975f5be
[INFO] running `Command { std: "docker" "create" "-v" "/var/lib/crater-agent-workspace/builds/worker-0-tc1/target:/opt/rustwide/target:rw,Z" "-v" "/var/lib/crater-agent-workspace/builds/worker-0-tc1/source:/opt/rustwide/workdir:ro,Z" "-v" "/var/lib/crater-agent-workspace/cargo-home:/opt/rustwide/cargo-home:ro,Z" "-v" "/var/lib/crater-agent-workspace/rustup-home:/opt/rustwide/rustup-home:ro,Z" "-e" "SOURCE_DIR=/opt/rustwide/workdir" "-e" "CARGO_TARGET_DIR=/opt/rustwide/target" "-e" "CARGO_INCREMENTAL=0" "-e" "RUST_BACKTRACE=full" "-e" "RUSTFLAGS=--cap-lints=warn" "-e" "RUSTDOCFLAGS=--cap-lints=warn" "-e" "CARGO_HOME=/opt/rustwide/cargo-home" "-e" "RUSTUP_HOME=/opt/rustwide/rustup-home" "-w" "/opt/rustwide/workdir" "-m" "1610612736" "--user" "0:0" "--network" "none" "ghcr.io/rust-lang/crates-build-env/linux@sha256:5ff2268d62e97bff2cde7d5815dd6ed5b47097566f13b8d0ca110b04b60e07ed" "/opt/rustwide/cargo-home/bin/cargo" "+1.69.0" "test" "--frozen", kill_on_drop: false }`
[INFO] [stdout] 9ee9298997e11c2652983d0eaee719e95bdf811c40dfa87fede855dd9883d392
[INFO] running `Command { std: "docker" "start" "-a" "9ee9298997e11c2652983d0eaee719e95bdf811c40dfa87fede855dd9883d392", kill_on_drop: false }`
[INFO] [stderr] warning: method `get_subcontext_before` is never used
[INFO] [stderr]    --> src/ctx.rs:288:19
[INFO] [stderr]     |
[INFO] [stderr] 288 |     pub(crate) fn get_subcontext_before(&mut self, at: usize) -> Option<OuterNodeContext> {
[INFO] [stderr]     |                   ^^^^^^^^^^^^^^^^^^^^^
[INFO] [stderr]     |
[INFO] [stderr]     = note: `#[warn(dead_code)]` on by default
[INFO] [stderr] 
[INFO] [stderr] warning: `firespine` (lib) generated 1 warning
[INFO] [stderr] warning: `firespine` (lib test) generated 1 warning (1 duplicate)
[INFO] [stderr]     Finished test [unoptimized + debuginfo] target(s) in 0.02s
[INFO] [stderr]      Running unittests src/lib.rs (/opt/rustwide/target/debug/deps/firespine-79bdcf26d05397b7)
[INFO] [stdout] 
[INFO] [stdout] running 1 test
[INFO] [stdout] test node::cstore::test_cstore ... ok
[INFO] [stdout] 
[INFO] [stdout] test result: ok. 1 passed; 0 failed; 0 ignored; 0 measured; 0 filtered out; finished in 0.00s
[INFO] [stdout] 
[INFO] [stderr]    Doc-tests firespine
[INFO] [stdout] 
[INFO] [stdout] running 2 tests
[INFO] [stdout] test src/lib.rs - (line 7) ... FAILED
[INFO] [stdout] test src/node.rs - node::NodeHandler::handle_event (line 24) ... FAILED
[INFO] [stdout] 
[INFO] [stdout] failures:
[INFO] [stdout] 
[INFO] [stdout] ---- src/lib.rs - (line 7) stdout ----
[INFO] [stdout] error[E0412]: cannot find type `EventWrapper` in this scope
[INFO] [stdout]   --> src/lib.rs:18:24
[INFO] [stdout]    |
[INFO] [stdout] 13 |         event: &'e mut EventWrapper,
[INFO] [stdout]    |                        ^^^^^^^^^^^^ not found in this scope
[INFO] [stdout]    |
[INFO] [stdout] help: consider importing this struct
[INFO] [stdout]    |
[INFO] [stdout] 3  | use firespine::event::EventWrapper;
[INFO] [stdout]    |
[INFO] [stdout] 
[INFO] [stdout] error[E0412]: cannot find type `NodeContext` in this scope
[INFO] [stdout]   --> src/lib.rs:19:26
[INFO] [stdout]    |
[INFO] [stdout] 14 |         context: &'e mut NodeContext,
[INFO] [stdout]    |                          ^^^^^^^^^^^ not found in this scope
[INFO] [stdout]    |
[INFO] [stdout] help: consider importing this struct
[INFO] [stdout]    |
[INFO] [stdout] 3  | use firespine::ctx::NodeContext;
[INFO] [stdout]    |
[INFO] [stdout] 
[INFO] [stdout] error[E0405]: cannot find trait `Event` in this scope
[INFO] [stdout]   --> src/lib.rs:29:6
[INFO] [stdout]    |
[INFO] [stdout] 24 | impl Event for MyEvent {}
[INFO] [stdout]    |      ^^^^^ not found in this scope
[INFO] [stdout]    |
[INFO] [stdout] help: consider importing this trait
[INFO] [stdout]    |
[INFO] [stdout] 3  | use firespine::event::Event;
[INFO] [stdout]    |
[INFO] [stdout] 
[INFO] [stdout] error[E0603]: trait `NodeHandler` is private
[INFO] [stdout]   --> src/lib.rs:8:27
[INFO] [stdout]    |
[INFO] [stdout] 3  | use firespine::{Backbone, NodeHandler};
[INFO] [stdout]    |                           ^^^^^^^^^^^ private trait
[INFO] [stdout]    |
[INFO] [stdout] note: the trait `NodeHandler` is defined here
[INFO] [stdout]   --> /opt/rustwide/workdir/src/lib.rs:40:16
[INFO] [stdout]    |
[INFO] [stdout] 40 | pub(crate) use node::*;
[INFO] [stdout]    |                ^^^^^^^
[INFO] [stdout] 
[INFO] [stdout] error: aborting due to 4 previous errors
[INFO] [stdout] 
[INFO] [stdout] Some errors have detailed explanations: E0405, E0412, E0603.
[INFO] [stdout] For more information about an error, try `rustc --explain E0405`.
[INFO] [stdout] Couldn't compile the test.
[INFO] [stdout] ---- src/node.rs - node::NodeHandler::handle_event (line 24) stdout ----
[INFO] [stdout] error: `self` parameter is only allowed in associated functions
[INFO] [stdout]  --> src/node.rs:26:5
[INFO] [stdout]   |
[INFO] [stdout] 4 |     &'e mut self,
[INFO] [stdout]   |     ^^^^^^^^^^^^ not semantically valid as function parameter
[INFO] [stdout]   |
[INFO] [stdout]   = note: associated functions are those in `impl` or `trait` definitions
[INFO] [stdout] 
[INFO] [stdout] error[E0412]: cannot find type `EventWrapper` in this scope
[INFO] [stdout]  --> src/node.rs:27:20
[INFO] [stdout]   |
[INFO] [stdout] 5 |     event: &'e mut EventWrapper,
[INFO] [stdout]   |                    ^^^^^^^^^^^^ not found in this scope
[INFO] [stdout]   |
[INFO] [stdout] help: consider importing this struct
[INFO] [stdout]   |
[INFO] [stdout] 2 | use firespine::event::EventWrapper;
[INFO] [stdout]   |
[INFO] [stdout] 
[INFO] [stdout] error[E0412]: cannot find type `NodeContext` in this scope
[INFO] [stdout]  --> src/node.rs:28:22
[INFO] [stdout]   |
[INFO] [stdout] 6 |     context: &'e mut NodeContext,
[INFO] [stdout]   |                      ^^^^^^^^^^^ not found in this scope
[INFO] [stdout]   |
[INFO] [stdout] help: consider importing this struct
[INFO] [stdout]   |
[INFO] [stdout] 2 | use firespine::ctx::NodeContext;
[INFO] [stdout]   |
[INFO] [stdout] 
[INFO] [stdout] error[E0412]: cannot find type `MyEvent` in this scope
[INFO] [stdout]  --> src/node.rs:30:50
[INFO] [stdout]   |
[INFO] [stdout] 8 |     if let Some(my_event) = event.downcast_ref::<MyEvent>() {
[INFO] [stdout]   |                                                  ^^^^^^^ not found in this scope
[INFO] [stdout]   |
[INFO] [stdout] help: you might be missing a type parameter
[INFO] [stdout]   |
[INFO] [stdout] 3 | fn handle_event<'e, MyEvent>(
[INFO] [stdout]   |                   +++++++++
[INFO] [stdout] 
[INFO] [stdout] error: aborting due to 4 previous errors
[INFO] [stdout] 
[INFO] [stdout] For more information about this error, try `rustc --explain E0412`.
[INFO] [stdout] Couldn't compile the test.
[INFO] [stdout] 
[INFO] [stdout] failures:
[INFO] [stdout]     src/lib.rs - (line 7)
[INFO] [stdout]     src/node.rs - node::NodeHandler::handle_event (line 24)
[INFO] [stdout] 
[INFO] [stdout] test result: FAILED. 0 passed; 2 failed; 0 ignored; 0 measured; 0 filtered out; finished in 0.06s
[INFO] [stdout] 
[INFO] [stderr] error: doctest failed, to rerun pass `--doc`
[INFO] running `Command { std: "docker" "inspect" "9ee9298997e11c2652983d0eaee719e95bdf811c40dfa87fede855dd9883d392", kill_on_drop: false }`
[INFO] running `Command { std: "docker" "rm" "-f" "9ee9298997e11c2652983d0eaee719e95bdf811c40dfa87fede855dd9883d392", kill_on_drop: false }`
[INFO] [stdout] 9ee9298997e11c2652983d0eaee719e95bdf811c40dfa87fede855dd9883d392
